60.15.65.70 - - [09/May/2025:15:04:34 -0400] "GET /www.tar.tgz HTTP/1.1" 500 276 "-" "Mozilla/5.0 (Windows NT 6.0; WOW64; rv:60.0.1) Gecko/20100101 Firefox/60.0.1"
60.15.65.67 - - [09/May/2025:15:04:34 -0400] "GET /jenniferflo.com.tar.gz HTTP/1.1" 500 276 "-" "Mozilla/5.0 (X11; Linux x86_64; rv:64.0.2) Gecko/20100101 Firefox/64.0.2"
60.15.65.67 - - [09/May/2025:15:04:34 -0400] "GET /log.gz HTTP/1.1" 500 276 "-" "Mozilla/5.0 (Macintosh; Intel Mac OS X 10_10_5; rv:66.0.2) Gecko/20100101 Firefox/66.0.2"
60.15.65.58 - - [09/May/2025:15:04:34 -0400] "GET /jenniferflo_com.rar HTTP/1.1" 500 276 "-" "Mozilla/5.0 (X11; Linux i686 on x86_64) AppleWebKit/537.36 (KHTML, like Gecko) Chrome/63.0.3239.83 Safari/537.36"
60.15.65.56 - - [09/May/2025:15:04:34 -0400] "GET /jenniferflo.com.tar.bz2 HTTP/1.1" 500 276 "-" "Mozilla/5.0 (X11; Linux i686; rv:67.0.2) Gecko/20100101 Firefox/67.0.2"
60.15.65.81 - - [09/May/2025:15:04:34 -0400] "GET /wordpress.tgz HTTP/1.1" 500 276 "-" "Mozilla/5.0 (Windows NT 10.0; Win64; x64) AppleWebKit/537.36 (KHTML, like Gecko) Chrome/71.0.3578.98 Safari/537.36"
60.15.65.53 - - [09/May/2025:15:04:34 -0400] "GET /wwwroot.tar.gz HTTP/1.1" 500 276 "-" "Mozilla/5.0 (Windows NT 6.2) AppleWebKit/537.36 (KHTML, like Gecko) Chrome/66.0.3359.170 Safari/537.36"
60.15.65.62 - - [09/May/2025:15:04:34 -0400] "GET /www_jenniferflo_com.zip HTTP/1.1" 500 276 "-" "Mozilla/5.0 (Macintosh; Intel Mac OS X 10_10_3) AppleWebKit/537.36 (KHTML, like Gecko) Chrome/71.0.3578.98 Safari/537.36"
60.15.65.70 - - [09/May/2025:15:04:34 -0400] "GET /wp.tar.bz2 HTTP/1.1" 500 21 "-" "Mozilla/5.0 (Windows NT 6.0; rv:66.0.3) Gecko/20100101 Firefox/66.0.3"
60.15.65.65 - - [09/May/2025:15:04:34 -0400] "GET /jenniferflo.com.gz HTTP/1.1" 500 21 "-" "Mozilla/5.0 (Macintosh; Intel Mac OS X 10_13_5) AppleWebKit/537.36 (KHTML, like Gecko) Chrome/69.0.3497.92 Safari/537.36 OPR/55.0.2994.44"
221.210.252.132 - - [09/May/2025:15:04:34 -0400] "GET /root.sql HTTP/1.1" 500 276 "-" "Mozilla/5.0 (Macintosh; Intel Mac OS X 10_12_6; rv:54.0.1) Gecko/20100101 Firefox/54.0.1"
60.15.65.77 - - [09/May/2025:15:04:34 -0400] "GET /www_jenniferflo_com.gz HTTP/1.1" 500 276 "-" "Mozilla/5.0 (Macintosh; Intel Mac OS X 10_10_2; rv:52.8.0) Gecko/20100101 Firefox/52.8.0"
60.15.65.54 - - [09/May/2025:15:04:34 -0400] "GET /jenniferflo.sql HTTP/1.1" 500 21 "-" "Mozilla/5.0 (X11; Linux i686 on x86_64) AppleWebKit/537.36 (KHTML, like Gecko) Chrome/62.0.3202.62 Safari/537.36"
60.15.65.62 - - [09/May/2025:15:04:34 -0400] "GET /root.tar.tgz HTTP/1.1" 500 276 "-" "Mozilla/5.0 (Windows NT 6.2) AppleWebKit/537.36 (KHTML, like Gecko) Chrome/71.0.3578.80 Safari/537.36"
60.15.65.55 - - [09/May/2025:15:04:34 -0400] "GET /www.jenniferflo.com.bak HTTP/1.1" 500 276 "-" "Mozilla/5.0 (X11; Linux x86_64) AppleWebKit/537.36 (KHTML, like Gecko) Chrome/66.0.3359.117 Safari/537.36 OPR/53.0.2907.99"
60.15.65.95 - - [09/May/2025:15:04:34 -0400] "GET /www.jar HTTP/1.1" 500 276 "-" "Mozilla/5.0 (X11; Linux i686) AppleWebKit/537.36 (KHTML, like Gecko) Chrome/70.0.3538.102 Safari/537.36 OPR/56.0.3051.116"
60.15.65.58 - - [09/May/2025:15:04:34 -0400] "GET /wwwroot.tar.tgz HTTP/1.1" 500 276 "-" "Mozilla/5.0 (Macintosh; Intel Mac OS X 10_11_4) AppleWebKit/537.36 (KHTML, like Gecko) Chrome/66.0.3359.139 Safari/537.36 OPR/53.0.2907.106"
60.15.65.66 - - [09/May/2025:15:04:34 -0400] "GET /jenniferflo.com.tgz HTTP/1.1" 500 276 "-" "Mozilla/5.0 (Macintosh; Intel Mac OS X 10_12_6) AppleWebKit/537.36 (KHTML, like Gecko) Chrome/66.0.3359.158 Safari/537.36"
60.15.65.58 - - [09/May/2025:15:04:34 -0400] "GET /www.jenniferflo.com.tar.tgz HTTP/1.1" 500 21 "-" "Mozilla/5.0 (Macintosh; Intel Mac OS X 10_11_3; rv:57.0.1) Gecko/20100101 Firefox/57.0.1"
60.15.65.64 - - [09/May/2025:15:04:34 -0400] "GET /www_jenniferflo_com.tar HTTP/1.1" 500 276 "-" "Mozilla/5.0 (X11; Linux x86_64; rv:57.0.4) Gecko/20100101 Firefox/57.0.4"
60.15.65.65 - - [09/May/2025:15:04:34 -0400] "GET /www.jenniferflo.com.gz HTTP/1.1" 500 276 "-" "Mozilla/5.0 (X11; Linux i686 on x86_64) AppleWebKit/537.36 (KHTML, like Gecko) Chrome/62.0.3202.94 Safari/537.36"
60.15.65.54 - - [09/May/2025:15:04:34 -0400] "GET /wwwjenniferflocom.7z HTTP/1.1" 500 276 "-" "Mozilla/5.0 (Windows NT 6.0; WOW64) AppleWebKit/537.36 (KHTML, like Gecko) Chrome/68.0.3440.75 Safari/537.36 OPR/54.0.2952.64"
60.15.65.66 - - [09/May/2025:15:04:34 -0400] "GET /wordpress.rar HTTP/1.1" 500 276 "-" "Mozilla/5.0 (X11; Linux i686) AppleWebKit/537.36 (KHTML, like Gecko) Chrome/63.0.3239.84 Safari/537.36"
60.15.65.56 - - [09/May/2025:15:04:34 -0400] "GET /www.jenniferflo.com.tar.gz HTTP/1.1" 500 276 "-" "Mozilla/5.0 (Windows NT 6.2; WOW64) AppleWebKit/537.36 (KHTML, like Gecko) Chrome/70.0.3538.102 Safari/537.36 OPR/56.0.3051.116"
60.15.65.84 - - [09/May/2025:15:04:34 -0400] "GET /wp.sql HTTP/1.1" 500 276 "-" "Mozilla/5.0 (Windows NT 10.0; Win64; x64; rv:57.0.2) Gecko/20100101 Firefox/57.0.2"
60.15.65.62 - - [09/May/2025:15:04:34 -0400] "GET /root.sql.gz HTTP/1.1" 500 21 "-" "Mozilla/5.0 (Windows NT 10.0; WOW64) AppleWebKit/537.36 (KHTML, like Gecko) Chrome/68.0.3440.75 Safari/537.36 OPR/54.0.2952.64"
60.15.65.63 - - [09/May/2025:15:04:34 -0400] "GET /jenniferflo.backup HTTP/1.1" 500 276 "-" "Mozilla/5.0 (Macintosh; Intel Mac OS X 10_13_6) AppleWebKit/537.36 (KHTML, like Gecko) Chrome/74.0.3729 Safari/537.36"
60.15.65.62 - - [09/May/2025:15:04:34 -0400] "GET /jenniferflo.7z HTTP/1.1" 500 276 "-" "Mozilla/5.0 (X11; Linux i686; rv:60.5.0) Gecko/20100101 Firefox/60.5.0"
60.15.65.95 - - [09/May/2025:15:04:34 -0400] "GET /www.jenniferflo.com.backup HTTP/1.1" 500 21 "-" "Mozilla/5.0 (Macintosh; Intel Mac OS X 10_14_2) AppleWebKit/537.36 (KHTML, like Gecko) Chrome/70.0.3538.67 Safari/537.36"
60.15.65.66 - - [09/May/2025:15:04:34 -0400] "GET /jenniferflo_com.7z HTTP/1.1" 500 276 "-" "Mozilla/5.0 (Macintosh; Intel Mac OS X 10_13_5; rv:52.8.1) Gecko/20100101 Firefox/52.8.1"
60.15.65.54 - - [09/May/2025:15:04:34 -0400] "GET /www_jenniferflo_com.7z HTTP/1.1" 500 276 "-" "Mozilla/5.0 (Macintosh; Intel Mac OS X 10_11_4; rv:52.3.0) Gecko/20100101 Firefox/52.3.0"
60.15.65.66 - - [09/May/2025:15:04:34 -0400] "GET /jenniferflo.gz HTTP/1.1" 500 276 "-" "Mozilla/5.0 (Windows NT 10.0; Win64; x64) AppleWebKit/537.36 (KHTML, like Gecko) Chrome/77.0 Safari/537.36 OPR/58.0.3135.127"
60.15.65.76 - - [09/May/2025:15:04:34 -0400] "GET /jenniferflo_com.zip HTTP/1.1" 500 21 "-" "Mozilla/5.0 (X11; Linux i686 on x86_64) AppleWebKit/537.36 (KHTML, like Gecko) Chrome/62.0.3202.62 Safari/537.36"
60.15.65.65 - - [09/May/2025:15:04:34 -0400] "GET /jenniferflocom.tar.bz2 HTTP/1.1" 500 276 "-" "Mozilla/5.0 (Windows NT 10.0; WOW64; rv:60.1.0) Gecko/20100101 Firefox/60.1.0"
60.15.65.76 - - [09/May/2025:15:04:34 -0400] "GET /jenniferflocom.tar HTTP/1.1" 500 276 "-" "Mozilla/5.0 (Macintosh; Intel Mac OS X 10_11_5) AppleWebKit/537.36 (KHTML, like Gecko) Chrome/62.0.3202.89 Safari/537.36"
60.15.65.64 - - [09/May/2025:15:04:34 -0400] "GET /wp.rar HTTP/1.1" 500 276 "-" "Mozilla/5.0 (Macintosh; Intel Mac OS X 10_13_5) AppleWebKit/537.36 (KHTML, like Gecko) Chrome/68.0.3440.91 Safari/537.36 OPR/55.0.2994.61"
60.15.65.58 - - [09/May/2025:15:04:34 -0400] "GET /jenniferflo.jar HTTP/1.1" 500 276 "-" "Mozilla/5.0 (Macintosh; Intel Mac OS X 10_14_1) AppleWebKit/537.36 (KHTML, like Gecko) Chrome/66.0.3359.117 Safari/537.36"
60.15.65.55 - - [09/May/2025:15:04:34 -0400] "GET /root.bak HTTP/1.1" 500 21 "-" "Mozilla/5.0 (Macintosh; Intel Mac OS X 10_11_2) AppleWebKit/537.36 (KHTML, like Gecko) Chrome/66.0.3359.170 Safari/537.36"
60.15.65.52 - - [09/May/2025:15:04:34 -0400] "GET /jenniferflocom.sql HTTP/1.1" 500 21 "-" "Mozilla/5.0 (Windows NT 6.1; Win64; x64; rv:50.0.2) Gecko/20100101 Firefox/50.0.2"
60.15.65.65 - - [09/May/2025:15:04:34 -0400] "GET /www_jenniferflo_com.tgz HTTP/1.1" 500 276 "-" "Mozilla/5.0 (Windows NT 10.0; WOW64) AppleWebKit/537.36 (KHTML, like Gecko) Chrome/61.0.3163.98 Safari/537.36"
60.15.65.76 - - [09/May/2025:15:04:34 -0400] "GET /www.jenniferflo.com.sql.gz HTTP/1.1" 500 276 "-" "Mozilla/5.0 (X11; Linux x86_64; rv:52.5.3) Gecko/20100101 Firefox/52.5.3"
60.15.65.66 - - [09/May/2025:15:04:34 -0400] "GET /www_jenniferflo_com.jar HTTP/1.1" 500 21 "-" "Mozilla/5.0 (Windows NT 6.0; rv:67.0.2) Gecko/20100101 Firefox/67.0.2"
60.15.65.55 - - [09/May/2025:15:04:34 -0400] "GET /jenniferflo.tar.tgz HTTP/1.1" 500 276 "-" "Mozilla/5.0 (Windows NT 10.0; Win64; x64) AppleWebKit/537.36 (KHTML, like Gecko) Chrome/60.0.3112.116 Safari/537.36"
60.15.65.95 - - [09/May/2025:15:04:34 -0400] "GET /www.jar HTTP/1.1" 500 276 "-" "Mozilla/5.0 (Macintosh; Intel Mac OS X 10_14_2; rv:50.0.2) Gecko/20100101 Firefox/50.0.2"
60.15.65.52 - - [09/May/2025:15:04:34 -0400] "GET /jenniferflocom.sql.gz HTTP/1.1" 500 276 "-" "Mozilla/5.0 (Macintosh; Intel Mac OS X 10_10_1; rv:56.0) Gecko/20100101 Firefox/56.0"
60.15.65.81 - - [09/May/2025:15:04:34 -0400] "GET /jenniferflo_com.bak HTTP/1.1" 500 21 "-" "Mozilla/5.0 (Windows NT 10.0; Win64; x64) AppleWebKit/537.36 (KHTML, like Gecko) Chrome/70.0.3538.77 Safari/537.36"
60.15.65.84 - - [09/May/2025:15:04:34 -0400] "GET /www.jenniferflo.com.zip HTTP/1.1" 500 276 "-" "Mozilla/5.0 (X11; Linux x86_64; rv:57.0.4) Gecko/20100101 Firefox/57.0.4"
60.15.65.77 - - [09/May/2025:15:04:34 -0400] "GET /www.jenniferflo.com.tgz HTTP/1.1" 500 276 "-" "Mozilla/5.0 (Windows NT 10.0; Win64; x64) AppleWebKit/537.36 (KHTML, like Gecko) Chrome/66.0.3359.139 Safari/537.36 OPR/53.0.2907.106"
60.15.65.63 - - [09/May/2025:15:04:34 -0400] "GET /www.war HTTP/1.1" 500 276 "-" "Mozilla/5.0 (Windows NT 6.0; WOW64; rv:66.0.2) Gecko/20100101 Firefox/66.0.2"
221.210.252.132 - - [09/May/2025:15:04:34 -0400] "GET /wp.tar HTTP/1.1" 500 276 "-" "Mozilla/5.0 (X11; Linux i686 on x86_64) AppleWebKit/537.36 (KHTML, like Gecko) Chrome/76.0.3809 Safari/537.36 OPR/58.0.3135.107"
60.15.65.95 - - [09/May/2025:15:04:34 -0400] "GET /www_jenniferflo_com.tar.tgz HTTP/1.1" 500 276 "-" "Mozilla/5.0 (Windows NT 6.1) AppleWebKit/537.36 (KHTML, like Gecko) Chrome/64.0.3282.137 Safari/537.36"
60.15.65.76 - - [09/May/2025:15:04:34 -0400] "GET /log.sql.gz HTTP/1.1" 500 21 "-" "Mozilla/5.0 (Macintosh; Intel Mac OS X 10_14_1) AppleWebKit/537.36 (KHTML, like Gecko) Chrome/64.0.3282.137 Safari/537.36"
60.15.65.76 - - [09/May/2025:15:04:34 -0400] "GET /www_jenniferflo_com.sql.gz HTTP/1.1" 500 276 "-" "Mozilla/5.0 (X11; Linux i686 on x86_64) AppleWebKit/537.36 (KHTML, like Gecko) Chrome/67.0.3396.79 Safari/537.36"
60.15.65.76 - - [09/May/2025:15:04:34 -0400] "GET /wordpress.sql HTTP/1.1" 500 276 "-" "Mozilla/5.0 (X11; Linux i686 on x86_64) AppleWebKit/537.36 (KHTML, like Gecko) Chrome/70.0.3538.110 Safari/537.36"
60.15.65.67 - - [09/May/2025:15:04:34 -0400] "GET /jenniferflo.com.tar HTTP/1.1" 500 21 "-" "Mozilla/5.0 (Macintosh; Intel Mac OS X 10_12_5) AppleWebKit/537.36 (KHTML, like Gecko) Chrome/68.0.3440.84 Safari/537.36"
60.15.65.56 - - [09/May/2025:15:04:34 -0400] "GET /www.backup HTTP/1.1" 500 21 "-" "Mozilla/5.0 (Macintosh; Intel Mac OS X 10_14_2) AppleWebKit/537.36 (KHTML, like Gecko) Chrome/60.0.3112.116 Safari/537.36"
60.15.65.77 - - [09/May/2025:15:04:34 -0400] "GET /jenniferflocom.7z HTTP/1.1" 500 21 "-" "Mozilla/5.0 (Windows NT 6.1) AppleWebKit/537.36 (KHTML, like Gecko) Chrome/68.0.3440.75 Safari/537.36"
60.15.65.58 - - [09/May/2025:15:04:34 -0400] "GET /jenniferflo.com.tar.tgz HTTP/1.1" 500 21 "-" "Mozilla/5.0 (X11; Linux x86_64) AppleWebKit/537.36 (KHTML, like Gecko) Chrome/65.0.3325.109 Safari/537.36 OPR/51.0.2830.34"
60.15.65.95 - - [09/May/2025:15:04:34 -0400] "GET /wwwroot.war HTTP/1.1" 500 276 "-" "Mozilla/5.0 (X11; Linux i686; rv:53.0) Gecko/20100101 Firefox/53.0"
221.210.252.132 - - [09/May/2025:15:04:34 -0400] "GET /wwwjenniferflocom.tar.bz2 HTTP/1.1" 500 21 "-" "Mozilla/5.0 (Windows NT 6.2; rv:52.8.1) Gecko/20100101 Firefox/52.8.1"
60.15.65.76 - - [09/May/2025:15:04:34 -0400] "GET /www.jenniferflo.com.sql HTTP/1.1" 500 276 "-" "Mozilla/5.0 (Macintosh; Intel Mac OS X 10_11_1) AppleWebKit/537.36 (KHTML, like Gecko) Chrome/68.0.3440.1805 Safari/537.36 OPR/54.0.2952.51"
60.15.65.53 - - [09/May/2025:15:04:34 -0400] "GET /jenniferflo_com.war HTTP/1.1" 500 276 "-" "Mozilla/5.0 (Windows NT 6.2) AppleWebKit/537.36 (KHTML, like Gecko) Chrome/70.0.3538.67 Safari/537.36 OPR/56.0.3051.99"
60.15.65.56 - - [09/May/2025:15:04:34 -0400] "GET /jenniferflo.com.jar HTTP/1.1" 500 276 "-" "Mozilla/5.0 (Macintosh; Intel Mac OS X 10_13_1; rv:52.1.2) Gecko/20100101 Firefox/52.1.2"
60.15.65.64 - - [09/May/2025:15:04:34 -0400] "GET /wwwroot.zip HTTP/1.1" 500 276 "-" "Mozilla/5.0 (X11; Linux i686) AppleWebKit/537.36 (KHTML, like Gecko) Chrome/71.0.3578.80 Safari/537.36 OPR/56.0.3051.104"
60.15.65.64 - - [09/May/2025:15:04:34 -0400] "GET /www_jenniferflo_com.sql HTTP/1.1" 500 276 "-" "Mozilla/5.0 (Macintosh; Intel Mac OS X 10_10_6; rv:62.0.2) Gecko/20100101 Firefox/62.0.2"
60.15.65.52 - - [09/May/2025:15:04:34 -0400] "GET /wordpress.zip HTTP/1.1" 500 21 "-" "Mozilla/5.0 (Windows NT 6.0; WOW64; rv:53.0.2) Gecko/20100101 Firefox/53.0.2"
60.15.65.58 - - [09/May/2025:15:04:34 -0400] "GET /www.jenniferflo.com.7z HTTP/1.1" 500 276 "-" "Mozilla/5.0 (Windows NT 6.1; Win64; x64) AppleWebKit/537.36 (KHTML, like Gecko) Chrome/65.0.3325.109 Safari/537.36 OPR/51.0.2830.34"
60.15.65.62 - - [09/May/2025:15:04:34 -0400] "GET /www.tar HTTP/1.1" 500 276 "-" "Mozilla/5.0 (X11; Linux x86_64) AppleWebKit/537.36 (KHTML, like Gecko) Chrome/64.0.3282.186 Safari/537.36"
60.15.65.63 - - [09/May/2025:15:04:34 -0400] "GET /wp.war HTTP/1.1" 500 276 "-" "Mozilla/5.0 (Windows NT 10.0; WOW64) AppleWebKit/537.36 (KHTML, like Gecko) Chrome/62.0.3202.62 Safari/537.36"
60.15.65.56 - - [09/May/2025:15:04:34 -0400] "GET /www.tar HTTP/1.1" 500 276 "-" "Mozilla/5.0 (Windows NT 6.2; WOW64) AppleWebKit/537.36 (KHTML, like Gecko) Chrome/68.0.3440.75 Safari/537.36 OPR/54.0.2952.64"
60.15.65.64 - - [09/May/2025:15:04:34 -0400] "GET /wordpress.7z HTTP/1.1" 500 276 "-" "Mozilla/5.0 (Macintosh; Intel Mac OS X 10_14_2; rv:66.0.2) Gecko/20100101 Firefox/66.0.2"
60.15.65.95 - - [09/May/2025:15:04:34 -0400] "GET /www.tar.gz HTTP/1.1" 500 276 "-" "Mozilla/5.0 (Windows NT 6.0; WOW64) AppleWebKit/537.36 (KHTML, like Gecko) Chrome/63.0.3239.108 Safari/537.36"
60.15.65.66 - - [09/May/2025:15:04:34 -0400] "GET /log.tar.tgz HTTP/1.1" 500 276 "-" "Mozilla/5.0 (Macintosh; Intel Mac OS X 10_12_4) AppleWebKit/537.36 (KHTML, like Gecko) Chrome/66.0.3359.139 Safari/537.36 OPR/53.0.2907.106"
60.15.65.65 - - [09/May/2025:15:04:34 -0400] "GET /log.zip HTTP/1.1" 500 276 "-" "Mozilla/5.0 (Windows NT 10.0; Win64; x64) AppleWebKit/537.36 (KHTML, like Gecko) Chrome/77.0 Safari/537.36 OPR/58.0.3135.127"
60.15.65.58 - - [09/May/2025:15:04:34 -0400] "GET /jenniferflocom.tar.tgz HTTP/1.1" 500 276 "-" "Mozilla/5.0 (Macintosh; Intel Mac OS X 10_12_6) AppleWebKit/537.36 (KHTML, like Gecko) Chrome/69.0.3497.100 Safari/537.36 OPR/55.0.2994.37"
60.15.65.76 - - [09/May/2025:15:04:34 -0400] "GET /wordpress.tar HTTP/1.1" 500 276 "-" "Mozilla/5.0 (Windows NT 6.0) AppleWebKit/537.36 (KHTML, like Gecko) Chrome/66.0.3359.139 Safari/537.36 OPR/53.0.2907.106"
60.15.65.56 - - [09/May/2025:15:04:34 -0400] "GET /root.tar HTTP/1.1" 500 276 "-" "Mozilla/5.0 (Windows NT 6.2) AppleWebKit/537.36 (KHTML, like Gecko) Chrome/65.0.3325.109 Safari/537.36"
60.15.65.63 - - [09/May/2025:15:04:34 -0400] "GET /jenniferflo.tar.gz HTTP/1.1" 500 276 "-" "Mozilla/5.0 (Windows NT 10.0; Win64; x64; rv:52.8.0) Gecko/20100101 Firefox/52.8.0"
60.15.65.76 - - [09/May/2025:15:04:34 -0400] "GET /jenniferflo_com.tar.bz2 HTTP/1.1" 500 276 "-" "Mozilla/5.0 (Macintosh; Intel Mac OS X 10_10_1) AppleWebKit/537.36 (KHTML, like Gecko) Chrome/68.0.3440.75 Safari/537.36"
60.15.65.76 - - [09/May/2025:15:04:34 -0400] "GET /jenniferflocom.bak HTTP/1.1" 500 276 "-" "Mozilla/5.0 (X11; Linux i686) AppleWebKit/537.36 (KHTML, like Gecko) Chrome/64.0.3282.137 Safari/537.36"
221.210.252.132 - - [09/May/2025:15:04:34 -0400] "GET /www.tgz HTTP/1.1" 500 21 "-" "Mozilla/5.0 (X11; Linux i686) AppleWebKit/537.36 (KHTML, like Gecko) Chrome/65.0.3325.181 Safari/537.36 OPR/52.0.2871.40"
60.15.65.84 - - [09/May/2025:15:04:34 -0400] "GET /wwwjenniferflocom.sql.gz HTTP/1.1" 500 21 "-" "Mozilla/5.0 (Windows NT 10.0; Win64; x64) AppleWebKit/537.36 (KHTML, like Gecko) Chrome/76.0.3809 Safari/537.36"
60.15.65.70 - - [09/May/2025:15:04:34 -0400] "GET /wwwroot.sql.gz HTTP/1.1" 500 276 "-" "Mozilla/5.0 (Windows NT 10.0; Win64; x64) AppleWebKit/537.36 (KHTML, like Gecko) Chrome/70.0.3538.110 Safari/537.36"
60.15.65.56 - - [09/May/2025:15:04:34 -0400] "GET /wwwjenniferflocom.tar HTTP/1.1" 500 276 "-" "Mozilla/5.0 (Windows NT 6.2; WOW64; rv:52.0.1) Gecko/20100101 Firefox/52.0.1"
60.15.65.65 - - [09/May/2025:15:04:34 -0400] "GET /wwwjenniferflocom.war HTTP/1.1" 500 276 "-" "Mozilla/5.0 (X11; Linux x86_64; rv:60.5.0) Gecko/20100101 Firefox/60.5.0"
60.15.65.76 - - [09/May/2025:15:04:34 -0400] "GET /www.sql.gz HTTP/1.1" 500 276 "-" "Mozilla/5.0 (Macintosh; Intel Mac OS X 10_10_4) AppleWebKit/537.36 (KHTML, like Gecko) Chrome/73.0.3683 Safari/537.36"
60.15.65.81 - - [09/May/2025:15:04:34 -0400] "GET /www.rar HTTP/1.1" 500 276 "-" "Mozilla/5.0 (Macintosh; Intel Mac OS X 10_11_2; rv:65.0.1) Gecko/20100101 Firefox/65.0.1"
60.15.65.55 - - [09/May/2025:15:04:34 -0400] "GET /wwwroot.tgz HTTP/1.1" 500 276 "-" "Mozilla/5.0 (Windows NT 6.2) AppleWebKit/537.36 (KHTML, like Gecko) Chrome/68.0.3440.1805 Safari/537.36 OPR/54.0.2952.51"
60.15.65.77 - - [09/May/2025:15:04:34 -0400] "GET /jenniferflocom.backup HTTP/1.1" 500 276 "-" "Mozilla/5.0 (Windows NT 10.0; Win64; x64) AppleWebKit/537.36 (KHTML, like Gecko) Chrome/67.0.3396.62 Safari/537.36"
60.15.65.84 - - [09/May/2025:15:04:34 -0400] "GET /jenniferflo.war HTTP/1.1" 500 21 "-" "Mozilla/5.0 (Macintosh; Intel Mac OS X 10_13_6) AppleWebKit/537.36 (KHTML, like Gecko) Chrome/69.0.3497.81 Safari/537.36 OPR/55.0.2994.47"
60.15.65.52 - - [09/May/2025:15:04:34 -0400] "GET /wordpress.gz HTTP/1.1" 500 276 "-" "Mozilla/5.0 (X11; Linux i686 on x86_64) AppleWebKit/537.36 (KHTML, like Gecko) Chrome/66.0.3359.139 Safari/537.36"
60.15.65.95 - - [09/May/2025:15:04:34 -0400] "GET /jenniferflo.com.bak HTTP/1.1" 500 21 "-" "Mozilla/5.0 (Windows NT 10.0; WOW64) AppleWebKit/537.36 (KHTML, like Gecko) Chrome/63.0.3239.83 Safari/537.36"
60.15.65.66 - - [09/May/2025:15:04:34 -0400] "GET /wordpress.tar.tgz HTTP/1.1" 500 21 "-" "Mozilla/5.0 (Windows NT 6.2; Win64; x64) AppleWebKit/537.36 (KHTML, like Gecko) Chrome/62.0.3202.94 Safari/537.36"
60.15.65.53 - - [09/May/2025:15:04:34 -0400] "GET /jenniferflo.com.7z HTTP/1.1" 500 276 "-" "Mozilla/5.0 (Macintosh; Intel Mac OS X 10_12_2; rv:62.0.2) Gecko/20100101 Firefox/62.0.2"
60.15.65.70 - - [09/May/2025:15:04:34 -0400] "GET /jenniferflo.sql.gz HTTP/1.1" 500 276 "-" "Mozilla/5.0 (X11; Linux x86_64; rv:52.7.1) Gecko/20100101 Firefox/52.7.1"
60.15.65.53 - - [09/May/2025:15:04:34 -0400] "GET /jenniferflo_com.tar.tgz HTTP/1.1" 500 276 "-" "Mozilla/5.0 (Windows NT 6.0; Win64; x64) AppleWebKit/537.36 (KHTML, like Gecko) Chrome/66.0.3359.139 Safari/537.36 OPR/53.0.2907.106"
60.15.65.54 - - [09/May/2025:15:04:34 -0400] "GET /wp.jar HTTP/1.1" 500 21 "-" "Mozilla/5.0 (Macintosh; Intel Mac OS X 10_11_5) AppleWebKit/537.36 (KHTML, like Gecko) Chrome/77.0 Safari/537.36"
60.15.65.84 - - [09/May/2025:15:04:34 -0400] "GET /wordpress.tar.bz2 HTTP/1.1" 500 21 "-" "Mozilla/5.0 (X11; Linux x86_64) AppleWebKit/537.36 (KHTML, like Gecko) Chrome/74.0.3729 Safari/537.36 OPR/57.0.3098.106"
60.15.65.76 - - [09/May/2025:15:04:34 -0400] "GET /jenniferflo.tar HTTP/1.1" 500 276 "-" "Mozilla/5.0 (Macintosh; Intel Mac OS X 10_10_5; rv:58.0.2) Gecko/20100101 Firefox/58.0.2"
60.15.65.70 - - [09/May/2025:15:04:34 -0400] "GET /wwwjenniferflocom.jar HTTP/1.1" 500 276 "-" "Mozilla/5.0 (Windows NT 10.0; Win64; x64) AppleWebKit/537.36 (KHTML, like Gecko) Chrome/62.0.3202.94 Safari/537.36"
60.15.65.84 - - [09/May/2025:15:04:34 -0400] "GET /jenniferflo.com.war HTTP/1.1" 500 276 "-" "Mozilla/5.0 (Macintosh; Intel Mac OS X 10_11_2) AppleWebKit/537.36 (KHTML, like Gecko) Chrome/69.0.3497.100 Safari/537.36 OPR/55.0.2994.37"
60.15.65.55 - - [09/May/2025:15:04:37 -0400] "GET /jenniferflo_com.tgz HTTP/1.1" 500 275 "-" "Mozilla/5.0 (Windows NT 10.0; WOW64) AppleWebKit/537.36 (KHTML, like Gecko) Chrome/68.0.3440.91 Safari/537.36 OPR/55.0.2994.61"
198.204.226.18 - - [09/May/2025:15:04:50 -0400] "GET /wp-content/install.php HTTP/1.1" 200 10 "http://jenniferflo.com/wp-content/install.php" "Mozilla/5.0 (Windows NT 10.0; Win64; x64) AppleWebKit/537.36 (KHTML, like Gecko) Chrome/58.0.3029.110 Safari/537.3"
47.238.13.0 - - [09/May/2025:15:07:01 -0400] "GET /sitemap-subkey-1275.xml HTTP/1.1" 200 99455 "-" "Mozilla/5.0 (Macintosh; Intel Mac OS X 10_15_7) AppleWebKit/537.36 (KHTML, like Gecko) Chrome/109.0.0.0 Safari/537.36"
198.204.226.18 - - [09/May/2025:15:07:04 -0400] "GET /wp-content/install.php HTTP/1.1" 200 10 "http://jenniferflo.com/wp-content/install.php" "Mozilla/5.0 (Windows NT 10.0; Win64; x64) AppleWebKit/537.36 (KHTML, like Gecko) Chrome/58.0.3029.110 Safari/537.3"
198.204.226.18 - - [09/May/2025:15:07:01 -0400] "GET /wp-content/install.php HTTP/1.1" 200 0 "http://jenniferflo.com/wp-content/install.php" "Mozilla/5.0 (Windows NT 10.0; Win64; x64) AppleWebKit/537.36 (KHTML, like Gecko) Chrome/58.0.3029.110 Safari/537.3"
47.238.13.9 - - [09/May/2025:15:08:05 -0400] "GET /clay/e24?pid=658 HTTP/1.1" 500 271 "-" "Mozilla/5.0 (Macintosh; Intel Mac OS X 10_15_7) AppleWebKit/537.36 (KHTML, like Gecko) Chrome/109.0.0.0 Safari/537.36"
47.242.77.69 - - [09/May/2025:15:08:06 -0400] "GET /laser/q59?pid=16737 HTTP/1.1" 500 271 "-" "Mozilla/5.0 (Macintosh; Intel Mac OS X 10_15_7) AppleWebKit/537.36 (KHTML, like Gecko) Chrome/109.0.0.0 Safari/537.36"
198.204.226.18 - - [09/May/2025:15:08:31 -0400] "GET /wp-content/install.php HTTP/1.1" 200 10 "http://jenniferflo.com/wp-content/install.php" "Mozilla/5.0 (Windows NT 10.0; Win64; x64) AppleWebKit/537.36 (KHTML, like Gecko) Chrome/58.0.3029.110 Safari/537.3"
198.204.226.18 - - [09/May/2025:15:08:26 -0400] "GET /wp-content/install.php HTTP/1.1" 200 0 "http://jenniferflo.com/wp-content/install.php" "Mozilla/5.0 (Windows NT 10.0; Win64; x64) AppleWebKit/537.36 (KHTML, like Gecko) Chrome/58.0.3029.110 Safari/537.3"
47.238.13.11 - - [09/May/2025:15:09:08 -0400] "GET /page/j79?pid=22213 HTTP/1.1" 500 271 "-" "Mozilla/5.0 (Macintosh; Intel Mac OS X 10_15_7) AppleWebKit/537.36 (KHTML, like Gecko) Chrome/109.0.0.0 Safari/537.36"
198.204.226.18 - - [09/May/2025:15:09:43 -0400] "GET /wp-content/install.php HTTP/1.1" 200 10 "http://jenniferflo.com/wp-content/install.php" "Mozilla/5.0 (Windows NT 10.0; Win64; x64) AppleWebKit/537.36 (KHTML, like Gecko) Chrome/58.0.3029.110 Safari/537.3"
198.204.226.18 - - [09/May/2025:15:09:39 -0400] "GET /wp-content/install.php HTTP/1.1" 200 0 "http://jenniferflo.com/wp-content/install.php" "Mozilla/5.0 (Windows NT 10.0; Win64; x64) AppleWebKit/537.36 (KHTML, like Gecko) Chrome/58.0.3029.110 Safari/537.3"
194.87.29.57 - - [09/May/2025:15:09:59 -0400] "GET /wp-json/wp/v2/give_forms/ HTTP/1.1" 500 271 "-" "Mozilla/5.0 (X11; Linux x86_64) AppleWebKit/537.36 (KHTML, like Gecko) Chrome/50.0.2681.20 Safari/537.36"
194.87.29.57 - - [09/May/2025:15:09:59 -0400] "POST /wp-admin/admin-ajax.php HTTP/1.1" 500 271 "http://jenniferflo.com/wp-json/wp/v2/give_forms/" "Mozilla/5.0 (X11; Linux x86_64) AppleWebKit/537.36 (KHTML, like Gecko) Chrome/50.0.2681.20 Safari/537.36"
47.242.77.69 - - [09/May/2025:15:10:00 -0400] "GET /items/gasbn60/41415?key=hide HTTP/1.1" 500 271 "-" "Mozilla/5.0 (Macintosh; Intel Mac OS X 10_15_7) AppleWebKit/537.36 (KHTML, like Gecko) Chrome/109.0.0.0 Safari/537.36"
198.204.226.18 - - [09/May/2025:15:10:40 -0400] "GET /wp-content/install.php HTTP/1.1" 200 10 "http://jenniferflo.com/wp-content/install.php" "Mozilla/5.0 (Windows NT 10.0; Win64; x64) AppleWebKit/537.36 (KHTML, like Gecko) Chrome/58.0.3029.110 Safari/537.3"
198.204.226.18 - - [09/May/2025:15:10:36 -0400] "GET /wp-content/install.php HTTP/1.1" 200 0 "http://jenniferflo.com/wp-content/install.php" "Mozilla/5.0 (Windows NT 10.0; Win64; x64) AppleWebKit/537.36 (KHTML, like Gecko) Chrome/58.0.3029.110 Safari/537.3"
47.238.13.13 - - [09/May/2025:15:11:00 -0400] "GET /items/pygzr40/537?key=banker HTTP/1.1" 500 271 "-" "Mozilla/5.0 (Macintosh; Intel Mac OS X 10_15_7) AppleWebKit/537.36 (KHTML, like Gecko) Chrome/109.0.0.0 Safari/537.36"
49.51.50.147 - - [09/May/2025:15:11:29 -0400] "GET / HTTP/1.1" 500 275 "-" "Mozilla/5.0 (iPhone; CPU iPhone OS 13_2_3 like Mac OS X) AppleWebKit/605.1.15 (KHTML, like Gecko) Version/13.0.3 Mobile/15E148 Safari/604.1"
47.238.13.10 - - [09/May/2025:15:12:15 -0400] "GET /jail/i57?pid=5347 HTTP/1.1" 500 271 "-" "Mozilla/5.0 (Macintosh; Intel Mac OS X 10_15_7) AppleWebKit/537.36 (KHTML, like Gecko) Chrome/109.0.0.0 Safari/537.36"
69.171.231.10 - - [09/May/2025:15:12:17 -0400] "GET /robots.txt HTTP/1.1" 206 371 "-" "facebookexternalhit/1.1 (+http://www.facebook.com/externalhit_uatext.php)"
198.204.226.18 - - [09/May/2025:15:13:08 -0400] "GET /wp-content/install.php HTTP/1.1" 200 10 "http://jenniferflo.com/wp-content/install.php" "Mozilla/5.0 (Windows NT 10.0; Win64; x64) AppleWebKit/537.36 (KHTML, like Gecko) Chrome/58.0.3029.110 Safari/537.3"
198.204.226.18 - - [09/May/2025:15:13:04 -0400] "GET /wp-content/install.php HTTP/1.1" 200 0 "http://jenniferflo.com/wp-content/install.php" "Mozilla/5.0 (Windows NT 10.0; Win64; x64) AppleWebKit/537.36 (KHTML, like Gecko) Chrome/58.0.3029.110 Safari/537.3"
8.210.218.201 - - [09/May/2025:15:13:35 -0400] "GET /substantially/u133?pid=69 HTTP/1.1" 500 271 "-" "Mozilla/5.0 (Macintosh; Intel Mac OS X 10_15_7) AppleWebKit/537.36 (KHTML, like Gecko) Chrome/109.0.0.0 Safari/537.36"
198.204.226.18 - - [09/May/2025:15:14:12 -0400] "GET /wp-content/install.php HTTP/1.1" 200 10 "http://jenniferflo.com/wp-content/install.php" "Mozilla/5.0 (Windows NT 10.0; Win64; x64) AppleWebKit/537.36 (KHTML, like Gecko) Chrome/58.0.3029.110 Safari/537.3"
198.204.226.18 - - [09/May/2025:15:14:09 -0400] "GET /wp-content/install.php HTTP/1.1" 200 0 "http://jenniferflo.com/wp-content/install.php" "Mozilla/5.0 (Windows NT 10.0; Win64; x64) AppleWebKit/537.36 (KHTML, like Gecko) Chrome/58.0.3029.110 Safari/537.3"
198.204.226.18 - - [09/May/2025:15:15:11 -0400] "GET /wp-content/install.php HTTP/1.1" 200 10 "http://jenniferflo.com/wp-content/install.php" "Mozilla/5.0 (Windows NT 10.0; Win64; x64) AppleWebKit/537.36 (KHTML, like Gecko) Chrome/58.0.3029.110 Safari/537.3"
198.204.226.18 - - [09/May/2025:15:15:27 -0400] "GET /wp-content/install.php HTTP/1.1" 200 10 "http://jenniferflo.com/wp-content/install.php" "Mozilla/5.0 (Windows NT 10.0; Win64; x64) AppleWebKit/537.36 (KHTML, like Gecko) Chrome/58.0.3029.110 Safari/537.3"
47.238.13.6 - - [09/May/2025:15:15:41 -0400] "GET /sitemap-subkey-2651.xml HTTP/1.1" 200 101278 "-" "Mozilla/5.0 (Macintosh; Intel Mac OS X 10_15_7) AppleWebKit/537.36 (KHTML, like Gecko) Chrome/109.0.0.0 Safari/537.36"
198.204.226.18 - - [09/May/2025:15:16:18 -0400] "GET /wp-content/install.php HTTP/1.1" 200 10 "http://jenniferflo.com/wp-content/install.php" "Mozilla/5.0 (Windows NT 10.0; Win64; x64) AppleWebKit/537.36 (KHTML, like Gecko) Chrome/58.0.3029.110 Safari/537.3"
8.210.10.143 - - [09/May/2025:15:16:25 -0400] "GET /oclock/g33?pid=43391 HTTP/1.1" 500 271 "-" "Mozilla/5.0 (Macintosh; Intel Mac OS X 10_15_7) AppleWebKit/537.36 (KHTML, like Gecko) Chrome/109.0.0.0 Safari/537.36"
198.204.226.18 - - [09/May/2025:15:16:42 -0400] "GET /wp-content/install.php HTTP/1.1" 200 10 "http://jenniferflo.com/wp-content/install.php" "Mozilla/5.0 (Windows NT 10.0; Win64; x64) AppleWebKit/537.36 (KHTML, like Gecko) Chrome/58.0.3029.110 Safari/537.3"
69.171.249.5 - - [09/May/2025:15:17:07 -0400] "GET /robots.txt HTTP/1.1" 206 371 "-" "facebookexternalhit/1.1 (+http://www.facebook.com/externalhit_uatext.php)"
198.204.226.18 - - [09/May/2025:15:17:41 -0400] "GET /wp-content/install.php HTTP/1.1" 200 10 "http://jenniferflo.com/wp-content/install.php" "Mozilla/5.0 (Windows NT 10.0; Win64; x64) AppleWebKit/537.36 (KHTML, like Gecko) Chrome/58.0.3029.110 Safari/537.3"
47.238.13.18 - - [09/May/2025:15:18:44 -0400] "GET /bug/q18?pid=20594 HTTP/1.1" 500 271 "-" "Mozilla/5.0 (Macintosh; Intel Mac OS X 10_15_7) AppleWebKit/537.36 (KHTML, like Gecko) Chrome/109.0.0.0 Safari/537.36"
198.204.226.18 - - [09/May/2025:15:18:51 -0400] "GET /wp-content/install.php HTTP/1.1" 200 10 "http://jenniferflo.com/wp-content/install.php" "Mozilla/5.0 (Windows NT 10.0; Win64; x64) AppleWebKit/537.36 (KHTML, like Gecko) Chrome/58.0.3029.110 Safari/537.3"
47.238.13.12 - - [09/May/2025:15:19:26 -0400] "GET /items/iihwz145/45798?key=vulnerable HTTP/1.1" 500 271 "-" "Mozilla/5.0 (Macintosh; Intel Mac OS X 10_15_7) AppleWebKit/537.36 (KHTML, like Gecko) Chrome/109.0.0.0 Safari/537.36"
198.204.226.18 - - [09/May/2025:15:20:12 -0400] "GET /wp-content/install.php HTTP/1.1" 200 10 "http://jenniferflo.com/wp-content/install.php" "Mozilla/5.0 (Windows NT 10.0; Win64; x64) AppleWebKit/537.36 (KHTML, like Gecko) Chrome/58.0.3029.110 Safari/537.3"
198.204.226.18 - - [09/May/2025:15:20:09 -0400] "GET /wp-content/install.php HTTP/1.1" 200 0 "http://jenniferflo.com/wp-content/install.php" "Mozilla/5.0 (Windows NT 10.0; Win64; x64) AppleWebKit/537.36 (KHTML, like Gecko) Chrome/58.0.3029.110 Safari/537.3"
198.204.226.18 - - [09/May/2025:15:20:33 -0400] "GET /wp-content/install.php HTTP/1.1" 200 10 "http://jenniferflo.com/wp-content/install.php" "Mozilla/5.0 (Windows NT 10.0; Win64; x64) AppleWebKit/537.36 (KHTML, like Gecko) Chrome/58.0.3029.110 Safari/537.3"
198.204.226.18 - - [09/May/2025:15:20:30 -0400] "GET /wp-content/install.php HTTP/1.1" 200 0 "http://jenniferflo.com/wp-content/install.php" "Mozilla/5.0 (Windows NT 10.0; Win64; x64) AppleWebKit/537.36 (KHTML, like Gecko) Chrome/58.0.3029.110 Safari/537.3"
198.204.226.18 - - [09/May/2025:15:21:16 -0400] "GET /wp-content/install.php HTTP/1.1" 200 10 "http://jenniferflo.com/wp-content/install.php" "Mozilla/5.0 (Windows NT 10.0; Win64; x64) AppleWebKit/537.36 (KHTML, like Gecko) Chrome/58.0.3029.110 Safari/537.3"
198.204.226.18 - - [09/May/2025:15:21:26 -0400] "GET /wp-content/install.php HTTP/1.1" 200 0 "http://jenniferflo.com/wp-content/install.php" "Mozilla/5.0 (Windows NT 10.0; Win64; x64) AppleWebKit/537.36 (KHTML, like Gecko) Chrome/58.0.3029.110 Safari/537.3"
47.238.13.6 - - [09/May/2025:15:22:05 -0400] "GET /sitemap-subkey-2842.xml HTTP/1.1" 200 100203 "-" "Mozilla/5.0 (Macintosh; Intel Mac OS X 10_15_7) AppleWebKit/537.36 (KHTML, like Gecko) Chrome/109.0.0.0 Safari/537.36"
198.204.226.18 - - [09/May/2025:15:22:31 -0400] "GET /wp-content/install.php HTTP/1.1" 200 10 "http://jenniferflo.com/wp-content/install.php" "Mozilla/5.0 (Windows NT 10.0; Win64; x64) AppleWebKit/537.36 (KHTML, like Gecko) Chrome/58.0.3029.110 Safari/537.3"
198.204.226.18 - - [09/May/2025:15:22:39 -0400] "GET /wp-content/install.php HTTP/1.1" 200 10 "http://jenniferflo.com/wp-content/install.php" "Mozilla/5.0 (Windows NT 10.0; Win64; x64) AppleWebKit/537.36 (KHTML, like Gecko) Chrome/58.0.3029.110 Safari/537.3"
198.204.226.18 - - [09/May/2025:15:23:17 -0400] "GET /wp-content/install.php HTTP/1.1" 200 0 "http://jenniferflo.com/wp-content/install.php" "Mozilla/5.0 (Windows NT 10.0; Win64; x64) AppleWebKit/537.36 (KHTML, like Gecko) Chrome/58.0.3029.110 Safari/537.3"
198.204.226.18 - - [09/May/2025:15:23:32 -0400] "GET /wp-content/install.php HTTP/1.1" 200 10 "http://jenniferflo.com/wp-content/install.php" "Mozilla/5.0 (Windows NT 10.0; Win64; x64) AppleWebKit/537.36 (KHTML, like Gecko) Chrome/58.0.3029.110 Safari/537.3"
198.204.226.18 - - [09/May/2025:15:23:29 -0400] "GET /wp-content/install.php HTTP/1.1" 200 0 "http://jenniferflo.com/wp-content/install.php" "Mozilla/5.0 (Windows NT 10.0; Win64; x64) AppleWebKit/537.36 (KHTML, like Gecko) Chrome/58.0.3029.110 Safari/537.3"
8.210.230.104 - - [09/May/2025:15:23:41 -0400] "GET /distribute/v30?pid=34972 HTTP/1.1" 500 271 "-" "Mozilla/5.0 (Macintosh; Intel Mac OS X 10_15_7) AppleWebKit/537.36 (KHTML, like Gecko) Chrome/109.0.0.0 Safari/537.36"
47.238.13.15 - - [09/May/2025:15:24:00 -0400] "GET /items/umhin38/43485?key=sorry HTTP/1.1" 500 271 "-" "Mozilla/5.0 (Macintosh; Intel Mac OS X 10_15_7) AppleWebKit/537.36 (KHTML, like Gecko) Chrome/109.0.0.0 Safari/537.36"
198.204.226.18 - - [09/May/2025:15:24:33 -0400] "GET /wp-content/install.php HTTP/1.1" 200 10 "http://jenniferflo.com/wp-content/install.php" "Mozilla/5.0 (Windows NT 10.0; Win64; x64) AppleWebKit/537.36 (KHTML, like Gecko) Chrome/58.0.3029.110 Safari/537.3"
198.204.226.18 - - [09/May/2025:15:25:20 -0400] "GET /wp-content/install.php HTTP/1.1" 200 10 "http://jenniferflo.com/wp-content/install.php" "Mozilla/5.0 (Windows NT 10.0; Win64; x64) AppleWebKit/537.36 (KHTML, like Gecko) Chrome/58.0.3029.110 Safari/537.3"
198.204.226.18 - - [09/May/2025:15:25:16 -0400] "GET /wp-content/install.php HTTP/1.1" 200 0 "http://jenniferflo.com/wp-content/install.php" "Mozilla/5.0 (Windows NT 10.0; Win64; x64) AppleWebKit/537.36 (KHTML, like Gecko) Chrome/58.0.3029.110 Safari/537.3"
198.204.226.18 - - [09/May/2025:15:25:39 -0400] "GET /wp-content/install.php HTTP/1.1" 200 0 "http://jenniferflo.com/wp-content/install.php" "Mozilla/5.0 (Windows NT 10.0; Win64; x64) AppleWebKit/537.36 (KHTML, like Gecko) Chrome/58.0.3029.110 Safari/537.3"
198.204.226.18 - - [09/May/2025:15:26:02 -0400] "GET /wp-content/install.php HTTP/1.1" 200 10 "http://jenniferflo.com/wp-content/install.php" "Mozilla/5.0 (Windows NT 10.0; Win64; x64) AppleWebKit/537.36 (KHTML, like Gecko) Chrome/58.0.3029.110 Safari/537.3"
198.204.226.18 - - [09/May/2025:15:25:59 -0400] "GET /wp-content/install.php HTTP/1.1" 200 0 "http://jenniferflo.com/wp-content/install.php" "Mozilla/5.0 (Windows NT 10.0; Win64; x64) AppleWebKit/537.36 (KHTML, like Gecko) Chrome/58.0.3029.110 Safari/537.3"
47.242.77.69 - - [09/May/2025:15:26:24 -0400] "GET /basically/j6?pid=26774 HTTP/1.1" 500 271 "-" "Mozilla/5.0 (Macintosh; Intel Mac OS X 10_15_7) AppleWebKit/537.36 (KHTML, like Gecko) Chrome/109.0.0.0 Safari/537.36"
198.204.226.18 - - [09/May/2025:15:26:25 -0400] "GET /wp-content/install.php HTTP/1.1" 200 10 "http://jenniferflo.com/wp-content/install.php" "Mozilla/5.0 (Windows NT 10.0; Win64; x64) AppleWebKit/537.36 (KHTML, like Gecko) Chrome/58.0.3029.110 Safari/537.3"
198.204.226.18 - - [09/May/2025:15:26:47 -0400] "GET /wp-content/install.php HTTP/1.1" 200 10 "http://jenniferflo.com/wp-content/install.php" "Mozilla/5.0 (Windows NT 10.0; Win64; x64) AppleWebKit/537.36 (KHTML, like Gecko) Chrome/58.0.3029.110 Safari/537.3"
198.204.226.18 - - [09/May/2025:15:26:42 -0400] "GET /wp-content/install.php HTTP/1.1" 200 0 "http://jenniferflo.com/wp-content/install.php" "Mozilla/5.0 (Windows NT 10.0; Win64; x64) AppleWebKit/537.36 (KHTML, like Gecko) Chrome/58.0.3029.110 Safari/537.3"
47.243.178.179 - - [09/May/2025:15:27:18 -0400] "GET /items/qbecj28/4979?key=response HTTP/1.1" 500 271 "-" "Mozilla/5.0 (Macintosh; Intel Mac OS X 10_15_7) AppleWebKit/537.36 (KHTML, like Gecko) Chrome/109.0.0.0 Safari/537.36"
8.210.218.201 - - [09/May/2025:15:28:00 -0400] "GET /items/uaiye2/29643?key=incredible HTTP/1.1" 500 271 "-" "Mozilla/5.0 (Macintosh; Intel Mac OS X 10_15_7) AppleWebKit/537.36 (KHTML, like Gecko) Chrome/109.0.0.0 Safari/537.36"
198.204.226.18 - - [09/May/2025:15:28:38 -0400] "GET /wp-content/install.php HTTP/1.1" 200 10 "http://jenniferflo.com/wp-content/install.php" "Mozilla/5.0 (Windows NT 10.0; Win64; x64) AppleWebKit/537.36 (KHTML, like Gecko) Chrome/58.0.3029.110 Safari/537.3"
198.204.226.18 - - [09/May/2025:15:28:35 -0400] "GET /wp-content/install.php HTTP/1.1" 200 0 "http://jenniferflo.com/wp-content/install.php" "Mozilla/5.0 (Windows NT 10.0; Win64; x64) AppleWebKit/537.36 (KHTML, like Gecko) Chrome/58.0.3029.110 Safari/537.3"
47.238.13.10 - - [09/May/2025:15:29:03 -0400] "GET /crop/o8?pid=47008 HTTP/1.1" 500 271 "-" "Mozilla/5.0 (Macintosh; Intel Mac OS X 10_15_7) AppleWebKit/537.36 (KHTML, like Gecko) Chrome/109.0.0.0 Safari/537.36"
47.238.13.8 - - [09/May/2025:15:29:26 -0400] "GET /items/xkaww13/44226?key=cigarette HTTP/1.1" 500 271 "-" "Mozilla/5.0 (Macintosh; Intel Mac OS X 10_15_7) AppleWebKit/537.36 (KHTML, like Gecko) Chrome/109.0.0.0 Safari/537.36"
47.238.13.15 - - [09/May/2025:15:29:31 -0400] "GET /convey/x43?pid=609 HTTP/1.1" 500 271 "-" "Mozilla/5.0 (Macintosh; Intel Mac OS X 10_15_7) AppleWebKit/537.36 (KHTML, like Gecko) Chrome/109.0.0.0 Safari/537.36"
198.204.226.18 - - [09/May/2025:15:31:12 -0400] "GET /wp-content/install.php HTTP/1.1" 200 10 "http://jenniferflo.com/wp-content/install.php" "Mozilla/5.0 (Windows NT 10.0; Win64; x64) AppleWebKit/537.36 (KHTML, like Gecko) Chrome/58.0.3029.110 Safari/537.3"
198.204.226.18 - - [09/May/2025:15:31:08 -0400] "GET /wp-content/install.php HTTP/1.1" 200 0 "http://jenniferflo.com/wp-content/install.php" "Mozilla/5.0 (Windows NT 10.0; Win64; x64) AppleWebKit/537.36 (KHTML, like Gecko) Chrome/58.0.3029.110 Safari/537.3"
47.242.230.146 - - [09/May/2025:15:31:42 -0400] "GET /illustrate/q11?pid=41503 HTTP/1.1" 500 271 "-" "Mozilla/5.0 (Macintosh; Intel Mac OS X 10_15_7) AppleWebKit/537.36 (KHTML, like Gecko) Chrome/109.0.0.0 Safari/537.36"
198.204.226.18 - - [09/May/2025:15:32:25 -0400] "GET /wp-content/install.php HTTP/1.1" 200 10 "http://jenniferflo.com/wp-content/install.php" "Mozilla/5.0 (Windows NT 10.0; Win64; x64) AppleWebKit/537.36 (KHTML, like Gecko) Chrome/58.0.3029.110 Safari/537.3"
198.204.226.18 - - [09/May/2025:15:32:44 -0400] "GET /wp-content/install.php HTTP/1.1" 200 10 "http://jenniferflo.com/wp-content/install.php" "Mozilla/5.0 (Windows NT 10.0; Win64; x64) AppleWebKit/537.36 (KHTML, like Gecko) Chrome/58.0.3029.110 Safari/537.3"
198.204.226.18 - - [09/May/2025:15:32:40 -0400] "GET /wp-content/install.php HTTP/1.1" 200 0 "http://jenniferflo.com/wp-content/install.php" "Mozilla/5.0 (Windows NT 10.0; Win64; x64) AppleWebKit/537.36 (KHTML, like Gecko) Chrome/58.0.3029.110 Safari/537.3"
198.204.226.18 - - [09/May/2025:15:33:19 -0400] "GET /wp-content/install.php HTTP/1.1" 200 10 "http://jenniferflo.com/wp-content/install.php" "Mozilla/5.0 (Windows NT 10.0; Win64; x64) AppleWebKit/537.36 (KHTML, like Gecko) Chrome/58.0.3029.110 Safari/537.3"
8.218.186.1 - - [09/May/2025:15:33:22 -0400] "GET /items/jemiu13/288?key=compromise HTTP/1.1" 500 271 "-" "Mozilla/5.0 (Macintosh; Intel Mac OS X 10_15_7) AppleWebKit/537.36 (KHTML, like Gecko) Chrome/109.0.0.0 Safari/537.36"
198.204.226.18 - - [09/May/2025:15:34:34 -0400] "GET /wp-content/install.php HTTP/1.1" 200 10 "http://jenniferflo.com/wp-content/install.php" "Mozilla/5.0 (Windows NT 10.0; Win64; x64) AppleWebKit/537.36 (KHTML, like Gecko) Chrome/58.0.3029.110 Safari/537.3"
198.204.226.18 - - [09/May/2025:15:34:24 -0400] "GET /wp-content/install.php HTTP/1.1" 200 0 "http://jenniferflo.com/wp-content/install.php" "Mozilla/5.0 (Windows NT 10.0; Win64; x64) AppleWebKit/537.36 (KHTML, like Gecko) Chrome/58.0.3029.110 Safari/537.3"
198.204.226.18 - - [09/May/2025:15:35:24 -0400] "GET /wp-content/install.php HTTP/1.1" 200 10 "http://jenniferflo.com/wp-content/install.php" "Mozilla/5.0 (Windows NT 10.0; Win64; x64) AppleWebKit/537.36 (KHTML, like Gecko) Chrome/58.0.3029.110 Safari/537.3"
208.110.64.178 - - [09/May/2025:15:35:35 -0400] "GET /wp-includes/install.php HTTP/1.1" 200 10 "http://jenniferflo.com/wp-includes/install.php" "Mozilla/5.0 (Windows NT 10.0; Win64; x64) AppleWebKit/537.36 (KHTML, like Gecko) Chrome/58.0.3029.110 Safari/537.3"
66.249.64.102 - - [09/May/2025:15:35:58 -0400] "GET /sitemapmobileindex.xml HTTP/1.1" 200 42306 "-" "Mozilla/5.0 (compatible; Googlebot/2.1; +http://www.google.com/bot.html)"
198.204.226.18 - - [09/May/2025:15:36:08 -0400] "GET /wp-content/install.php HTTP/1.1" 200 10 "http://jenniferflo.com/wp-content/install.php" "Mozilla/5.0 (Windows NT 10.0; Win64; x64) AppleWebKit/537.36 (KHTML, like Gecko) Chrome/58.0.3029.110 Safari/537.3"
198.204.226.18 - - [09/May/2025:15:36:04 -0400] "GET /wp-content/install.php HTTP/1.1" 200 0 "http://jenniferflo.com/wp-content/install.php" "Mozilla/5.0 (Windows NT 10.0; Win64; x64) AppleWebKit/537.36 (KHTML, like Gecko) Chrome/58.0.3029.110 Safari/537.3"
47.238.13.1 - - [09/May/2025:15:37:03 -0400] "GET /prosecutor/h136?pid=42096 HTTP/1.1" 500 271 "-" "Mozilla/5.0 (Macintosh; Intel Mac OS X 10_15_7) AppleWebKit/537.36 (KHTML, like Gecko) Chrome/109.0.0.0 Safari/537.36"
198.204.226.18 - - [09/May/2025:15:37:50 -0400] "GET /wp-content/install.php HTTP/1.1" 200 0 "http://jenniferflo.com/wp-content/install.php" "Mozilla/5.0 (Windows NT 10.0; Win64; x64) AppleWebKit/537.36 (KHTML, like Gecko) Chrome/58.0.3029.110 Safari/537.3"
8.210.152.184 - - [09/May/2025:15:38:14 -0400] "GET /items/lttbe58/993?key=factor HTTP/1.1" 500 271 "-" "Mozilla/5.0 (Macintosh; Intel Mac OS X 10_15_7) AppleWebKit/537.36 (KHTML, like Gecko) Chrome/109.0.0.0 Safari/537.36"
8.210.146.98 - - [09/May/2025:15:39:06 -0400] "GET /items/pphix43/606?key=economic HTTP/1.1" 500 271 "-" "Mozilla/5.0 (Macintosh; Intel Mac OS X 10_15_7) AppleWebKit/537.36 (KHTML, like Gecko) Chrome/109.0.0.0 Safari/537.36"
198.204.226.18 - - [09/May/2025:15:39:37 -0400] "GET /wp-content/install.php HTTP/1.1" 200 10 "http://jenniferflo.com/wp-content/install.php" "Mozilla/5.0 (Windows NT 10.0; Win64; x64) AppleWebKit/537.36 (KHTML, like Gecko) Chrome/58.0.3029.110 Safari/537.3"
198.204.226.18 - - [09/May/2025:15:39:32 -0400] "GET /wp-content/install.php HTTP/1.1" 200 0 "http://jenniferflo.com/wp-content/install.php" "Mozilla/5.0 (Windows NT 10.0; Win64; x64) AppleWebKit/537.36 (KHTML, like Gecko) Chrome/58.0.3029.110 Safari/537.3"
47.238.13.7 - - [09/May/2025:15:39:54 -0400] "GET /consequently/g41?pid=47555 HTTP/1.1" 500 271 "-" "Mozilla/5.0 (Macintosh; Intel Mac OS X 10_15_7) AppleWebKit/537.36 (KHTML, like Gecko) Chrome/109.0.0.0 Safari/537.36"
47.238.14.12 - - [09/May/2025:15:40:18 -0400] "GET /items/raryg15/1510?key=immune HTTP/1.1" 500 271 "-" "Mozilla/5.0 (Macintosh; Intel Mac OS X 10_15_7) AppleWebKit/537.36 (KHTML, like Gecko) Chrome/109.0.0.0 Safari/537.36"
198.204.226.18 - - [09/May/2025:15:40:39 -0400] "GET /wp-content/install.php HTTP/1.1" 200 10 "http://jenniferflo.com/wp-content/install.php" "Mozilla/5.0 (Windows NT 10.0; Win64; x64) AppleWebKit/537.36 (KHTML, like Gecko) Chrome/58.0.3029.110 Safari/537.3"
198.204.226.18 - - [09/May/2025:15:41:22 -0400] "GET /wp-content/install.php HTTP/1.1" 200 10 "http://jenniferflo.com/wp-content/install.php" "Mozilla/5.0 (Windows NT 10.0; Win64; x64) AppleWebKit/537.36 (KHTML, like Gecko) Chrome/58.0.3029.110 Safari/537.3"
198.204.226.18 - - [09/May/2025:15:41:19 -0400] "GET /wp-content/install.php HTTP/1.1" 200 0 "http://jenniferflo.com/wp-content/install.php" "Mozilla/5.0 (Windows NT 10.0; Win64; x64) AppleWebKit/537.36 (KHTML, like Gecko) Chrome/58.0.3029.110 Safari/537.3"
198.204.226.18 - - [09/May/2025:15:41:35 -0400] "GET /wp-content/install.php HTTP/1.1" 200 10 "http://jenniferflo.com/wp-content/install.php" "Mozilla/5.0 (Windows NT 10.0; Win64; x64) AppleWebKit/537.36 (KHTML, like Gecko) Chrome/58.0.3029.110 Safari/537.3"
47.238.13.5 - - [09/May/2025:15:41:39 -0400] "GET /items/tgrdq51/31790?key=commitment HTTP/1.1" 500 271 "-" "Mozilla/5.0 (Macintosh; Intel Mac OS X 10_15_7) AppleWebKit/537.36 (KHTML, like Gecko) Chrome/109.0.0.0 Safari/537.36"
198.204.226.18 - - [09/May/2025:15:41:32 -0400] "GET /wp-content/install.php HTTP/1.1" 200 0 "http://jenniferflo.com/wp-content/install.php" "Mozilla/5.0 (Windows NT 10.0; Win64; x64) AppleWebKit/537.36 (KHTML, like Gecko) Chrome/58.0.3029.110 Safari/537.3"
198.204.226.18 - - [09/May/2025:15:41:45 -0400] "GET /wp-content/install.php HTTP/1.1" 200 10 "http://jenniferflo.com/wp-content/install.php" "Mozilla/5.0 (Windows NT 10.0; Win64; x64) AppleWebKit/537.36 (KHTML, like Gecko) Chrome/58.0.3029.110 Safari/537.3"
8.210.230.104 - - [09/May/2025:15:42:52 -0400] "GET /category/390519/1/listing HTTP/1.1" 500 271 "-" "Mozilla/5.0 (Macintosh; Intel Mac OS X 10_15_7) AppleWebKit/537.36 (KHTML, like Gecko) Chrome/109.0.0.0 Safari/537.36"
47.242.200.220 - - [09/May/2025:15:43:03 -0400] "GET /bone/w88?pid=33426 HTTP/1.1" 500 271 "-" "Mozilla/5.0 (Macintosh; Intel Mac OS X 10_15_7) AppleWebKit/537.36 (KHTML, like Gecko) Chrome/109.0.0.0 Safari/537.36"
198.204.226.18 - - [09/May/2025:15:43:16 -0400] "GET /wp-content/install.php HTTP/1.1" 200 10 "http://jenniferflo.com/wp-content/install.php" "Mozilla/5.0 (Windows NT 10.0; Win64; x64) AppleWebKit/537.36 (KHTML, like Gecko) Chrome/58.0.3029.110 Safari/537.3"
198.204.226.18 - - [09/May/2025:15:43:11 -0400] "GET /wp-content/install.php HTTP/1.1" 200 0 "http://jenniferflo.com/wp-content/install.php" "Mozilla/5.0 (Windows NT 10.0; Win64; x64) AppleWebKit/537.36 (KHTML, like Gecko) Chrome/58.0.3029.110 Safari/537.3"
198.204.226.18 - - [09/May/2025:15:43:50 -0400] "GET /wp-content/install.php HTTP/1.1" 200 10 "http://jenniferflo.com/wp-content/install.php" "Mozilla/5.0 (Windows NT 10.0; Win64; x64) AppleWebKit/537.36 (KHTML, like Gecko) Chrome/58.0.3029.110 Safari/537.3"
83.219.248.170 - - [09/May/2025:15:44:39 -0400] "GET /wp-content/plugins/give/readme.txt HTTP/1.1" 403 1242 "-" "Mozilla/5.0 (X11; Linux i686 on x86_64; rv:51.0) Gecko/20100101 Firefox/51.0"
83.219.248.170 - - [09/May/2025:15:44:40 -0400] "GET /wp-json/wp/v2/give_forms/ HTTP/1.1" 500 271 "http://jenniferflo.com/wp-content/plugins/give/readme.txt" "Mozilla/5.0 (X11; Linux i686 on x86_64; rv:51.0) Gecko/20100101 Firefox/51.0"
47.238.13.9 - - [09/May/2025:15:44:45 -0400] "GET /sitemap-subkey-1447.xml HTTP/1.1" 200 99945 "-" "Mozilla/5.0 (Macintosh; Intel Mac OS X 10_15_7) AppleWebKit/537.36 (KHTML, like Gecko) Chrome/109.0.0.0 Safari/537.36"
83.219.248.170 - - [09/May/2025:15:44:51 -0400] "POST /wp-admin/admin-ajax.php HTTP/1.1" 500 271 "http://jenniferflo.com/wp-json/wp/v2/give_forms/" "Mozilla/5.0 (X11; Linux i686 on x86_64; rv:51.0) Gecko/20100101 Firefox/51.0"
198.204.226.18 - - [09/May/2025:15:44:55 -0400] "GET /wp-content/install.php HTTP/1.1" 200 10 "http://jenniferflo.com/wp-content/install.php" "Mozilla/5.0 (Windows NT 10.0; Win64; x64) AppleWebKit/537.36 (KHTML, like Gecko) Chrome/58.0.3029.110 Safari/537.3"
198.204.226.18 - - [09/May/2025:15:44:52 -0400] "GET /wp-content/install.php HTTP/1.1" 200 0 "http://jenniferflo.com/wp-content/install.php" "Mozilla/5.0 (Windows NT 10.0; Win64; x64) AppleWebKit/537.36 (KHTML, like Gecko) Chrome/58.0.3029.110 Safari/537.3"
198.204.226.18 - - [09/May/2025:15:45:11 -0400] "GET /wp-content/install.php HTTP/1.1" 200 10 "http://jenniferflo.com/wp-content/install.php" "Mozilla/5.0 (Windows NT 10.0; Win64; x64) AppleWebKit/537.36 (KHTML, like Gecko) Chrome/58.0.3029.110 Safari/537.3"
89.248.165.91 - - [09/May/2025:15:46:11 -0400] "GET / HTTP/1.0" 500 360 "http://jenniferflo.com/" "Mozilla/5.0 (Windows NT 6.3) AppleWebKit/537.36 (KHTML, like Gecko) Chrome/103.0.0.0 Safari/537.36"
198.204.226.18 - - [09/May/2025:15:46:36 -0400] "GET /wp-content/install.php HTTP/1.1" 200 10 "http://jenniferflo.com/wp-content/install.php" "Mozilla/5.0 (Windows NT 10.0; Win64; x64) AppleWebKit/537.36 (KHTML, like Gecko) Chrome/58.0.3029.110 Safari/537.3"
198.204.226.18 - - [09/May/2025:15:46:33 -0400] "GET /wp-content/install.php HTTP/1.1" 200 0 "http://jenniferflo.com/wp-content/install.php" "Mozilla/5.0 (Windows NT 10.0; Win64; x64) AppleWebKit/537.36 (KHTML, like Gecko) Chrome/58.0.3029.110 Safari/537.3"
47.238.13.12 - - [09/May/2025:15:46:56 -0400] "GET /items/uvttt81/21282?key=care HTTP/1.1" 500 271 "-" "Mozilla/5.0 (Macintosh; Intel Mac OS X 10_15_7) AppleWebKit/537.36 (KHTML, like Gecko) Chrome/109.0.0.0 Safari/537.36"
198.204.226.18 - - [09/May/2025:15:47:06 -0400] "GET /wp-content/install.php HTTP/1.1" 200 10 "http://jenniferflo.com/wp-content/install.php" "Mozilla/5.0 (Windows NT 10.0; Win64; x64) AppleWebKit/537.36 (KHTML, like Gecko) Chrome/58.0.3029.110 Safari/537.3"
198.204.226.18 - - [09/May/2025:15:47:01 -0400] "GET /wp-content/install.php HTTP/1.1" 200 0 "http://jenniferflo.com/wp-content/install.php" "Mozilla/5.0 (Windows NT 10.0; Win64; x64) AppleWebKit/537.36 (KHTML, like Gecko) Chrome/58.0.3029.110 Safari/537.3"
198.204.226.18 - - [09/May/2025:15:47:17 -0400] "GET /wp-content/install.php HTTP/1.1" 200 10 "http://jenniferflo.com/wp-content/install.php" "Mozilla/5.0 (Windows NT 10.0; Win64; x64) AppleWebKit/537.36 (KHTML, like Gecko) Chrome/58.0.3029.110 Safari/537.3"
47.238.13.18 - - [09/May/2025:15:47:56 -0400] "GET /items/qmgsg130/21859?key=source HTTP/1.1" 500 271 "-" "Mozilla/5.0 (Macintosh; Intel Mac OS X 10_15_7) AppleWebKit/537.36 (KHTML, like Gecko) Chrome/109.0.0.0 Safari/537.36"
198.204.226.18 - - [09/May/2025:15:48:33 -0400] "GET /wp-content/install.php HTTP/1.1" 200 10 "http://jenniferflo.com/wp-content/install.php" "Mozilla/5.0 (Windows NT 10.0; Win64; x64) AppleWebKit/537.36 (KHTML, like Gecko) Chrome/58.0.3029.110 Safari/537.3"
198.204.226.18 - - [09/May/2025:15:48:30 -0400] "GET /wp-content/install.php HTTP/1.1" 200 0 "http://jenniferflo.com/wp-content/install.php" "Mozilla/5.0 (Windows NT 10.0; Win64; x64) AppleWebKit/537.36 (KHTML, like Gecko) Chrome/58.0.3029.110 Safari/537.3"
198.204.226.18 - - [09/May/2025:15:49:05 -0400] "GET /wp-content/install.php HTTP/1.1" 200 10 "http://jenniferflo.com/wp-content/install.php" "Mozilla/5.0 (Windows NT 10.0; Win64; x64) AppleWebKit/537.36 (KHTML, like Gecko) Chrome/58.0.3029.110 Safari/537.3"
47.238.13.18 - - [09/May/2025:15:49:43 -0400] "GET /pages.php?products/54aq7643 HTTP/1.1" 200 10205 "-" "Mozilla/5.0 (Macintosh; Intel Mac OS X 10_15_7) AppleWebKit/537.36 (KHTML, like Gecko) Chrome/109.0.0.0 Safari/537.36"
204.12.252.98 - - [09/May/2025:15:50:04 -0400] "GET /wp-includes/install.php HTTP/1.1" 200 10 "http://jenniferflo.com/wp-includes/install.php" "Mozilla/5.0 (Windows NT 10.0; Win64; x64) AppleWebKit/537.36 (KHTML, like Gecko) Chrome/58.0.3029.110 Safari/537.3"
