47.238.13.14 - - [10/May/2025:19:59:36 -0400] "GET /sitemap-subkey-369.xml HTTP/1.1" 200 100087 "-" "Mozilla/5.0 (Macintosh; Intel Mac OS X 10_15_7) AppleWebKit/537.36 (KHTML, like Gecko) Chrome/109.0.0.0 Safari/537.36"
198.204.226.18 - - [10/May/2025:19:59:47 -0400] "GET /wp-content/install.php?id=727767 HTTP/1.1" 200 0 "http://jenniferflo.com/wp-content/install.php?id=727767" "Mozilla/5.0 (Windows NT 10.0; Win64; x64) AppleWebKit/537.36 (KHTML, like Gecko) Chrome/58.0.3029.110 Safari/537.3"
198.204.226.18 - - [10/May/2025:20:00:11 -0400] "GET /wp-content/install.php?id=727767 HTTP/1.1" 200 10 "http://jenniferflo.com/wp-content/install.php?id=727767" "Mozilla/5.0 (Windows NT 10.0; Win64; x64) AppleWebKit/537.36 (KHTML, like Gecko) Chrome/58.0.3029.110 Safari/537.3"
47.238.13.17 - - [10/May/2025:20:01:05 -0400] "GET /items/vwuhe293/31586?key=running HTTP/1.1" 500 271 "-" "Mozilla/5.0 (Macintosh; Intel Mac OS X 10_15_7) AppleWebKit/537.36 (KHTML, like Gecko) Chrome/109.0.0.0 Safari/537.36"
198.204.226.18 - - [10/May/2025:20:01:12 -0400] "GET /wp-content/install.php?id=727767 HTTP/1.1" 200 10 "http://jenniferflo.com/wp-content/install.php?id=727767" "Mozilla/5.0 (Windows NT 10.0; Win64; x64) AppleWebKit/537.36 (KHTML, like Gecko) Chrome/58.0.3029.110 Safari/537.3"
69.197.135.226 - - [10/May/2025:20:01:21 -0400] "GET /wp-includes/install.php HTTP/1.1" 200 10 "http://jenniferflo.com/wp-includes/install.php" "Mozilla/5.0 (Windows NT 10.0; Win64; x64) AppleWebKit/537.36 (KHTML, like Gecko) Chrome/58.0.3029.110 Safari/537.3"
198.204.226.18 - - [10/May/2025:20:01:47 -0400] "GET /wp-content/install.php?id=727767 HTTP/1.1" 200 10 "http://jenniferflo.com/wp-content/install.php?id=727767" "Mozilla/5.0 (Windows NT 10.0; Win64; x64) AppleWebKit/537.36 (KHTML, like Gecko) Chrome/58.0.3029.110 Safari/537.3"
198.204.226.18 - - [10/May/2025:20:01:44 -0400] "GET /wp-content/install.php?id=727767 HTTP/1.1" 200 0 "http://jenniferflo.com/wp-content/install.php?id=727767" "Mozilla/5.0 (Windows NT 10.0; Win64; x64) AppleWebKit/537.36 (KHTML, like Gecko) Chrome/58.0.3029.110 Safari/537.3"
198.204.226.18 - - [10/May/2025:20:02:17 -0400] "GET /wp-content/install.php?id=727767 HTTP/1.1" 200 10 "http://jenniferflo.com/wp-content/install.php?id=727767" "Mozilla/5.0 (Windows NT 10.0; Win64; x64) AppleWebKit/537.36 (KHTML, like Gecko) Chrome/58.0.3029.110 Safari/537.3"
198.204.226.18 - - [10/May/2025:20:02:14 -0400] "GET /wp-content/install.php?id=727767 HTTP/1.1" 200 0 "http://jenniferflo.com/wp-content/install.php?id=727767" "Mozilla/5.0 (Windows NT 10.0; Win64; x64) AppleWebKit/537.36 (KHTML, like Gecko) Chrome/58.0.3029.110 Safari/537.3"
198.204.226.18 - - [10/May/2025:20:03:17 -0400] "GET /wp-content/install.php?id=727767 HTTP/1.1" 200 10 "http://jenniferflo.com/wp-content/install.php?id=727767" "Mozilla/5.0 (Windows NT 10.0; Win64; x64) AppleWebKit/537.36 (KHTML, like Gecko) Chrome/58.0.3029.110 Safari/537.3"
47.238.13.17 - - [10/May/2025:20:03:20 -0400] "GET /survive/s70?pid=130 HTTP/1.1" 500 271 "-" "Mozilla/5.0 (Macintosh; Intel Mac OS X 10_15_7) AppleWebKit/537.36 (KHTML, like Gecko) Chrome/109.0.0.0 Safari/537.36"
47.238.13.13 - - [10/May/2025:20:03:42 -0400] "GET /items/ignyb32/1563?key=unit HTTP/1.1" 500 271 "-" "Mozilla/5.0 (Macintosh; Intel Mac OS X 10_15_7) AppleWebKit/537.36 (KHTML, like Gecko) Chrome/109.0.0.0 Safari/537.36"
198.204.226.18 - - [10/May/2025:20:03:44 -0400] "GET /wp-content/install.php?id=727767 HTTP/1.1" 200 10 "http://jenniferflo.com/wp-content/install.php?id=727767" "Mozilla/5.0 (Windows NT 10.0; Win64; x64) AppleWebKit/537.36 (KHTML, like Gecko) Chrome/58.0.3029.110 Safari/537.3"
198.204.226.18 - - [10/May/2025:20:03:41 -0400] "GET /wp-content/install.php?id=727767 HTTP/1.1" 200 0 "http://jenniferflo.com/wp-content/install.php?id=727767" "Mozilla/5.0 (Windows NT 10.0; Win64; x64) AppleWebKit/537.36 (KHTML, like Gecko) Chrome/58.0.3029.110 Safari/537.3"
198.204.226.18 - - [10/May/2025:20:03:53 -0400] "GET /wp-content/install.php?id=727767 HTTP/1.1" 200 10 "http://jenniferflo.com/wp-content/install.php?id=727767" "Mozilla/5.0 (Windows NT 10.0; Win64; x64) AppleWebKit/537.36 (KHTML, like Gecko) Chrome/58.0.3029.110 Safari/537.3"
47.82.61.160 - - [10/May/2025:20:03:58 -0400] "GET /index.php/tag/health HTTP/1.1" 500 271 "http://jenniferflo.com/index.php/tag/health" "Mozilla/5.0 (Windows NT 10.0; Win64; x64) AppleWebKit/537.36 (KHTML, like Gecko) Chrome/114.0.0.0 Safari/537.36 Edg/114.0.1823.43"
47.238.13.18 - - [10/May/2025:20:04:07 -0400] "GET /date/x11?pid=909 HTTP/1.1" 500 271 "-" "Mozilla/5.0 (Macintosh; Intel Mac OS X 10_15_7) AppleWebKit/537.36 (KHTML, like Gecko) Chrome/109.0.0.0 Safari/537.36"
198.204.226.18 - - [10/May/2025:20:05:22 -0400] "GET /wp-content/install.php?id=727767 HTTP/1.1" 200 10 "http://jenniferflo.com/wp-content/install.php?id=727767" "Mozilla/5.0 (Windows NT 10.0; Win64; x64) AppleWebKit/537.36 (KHTML, like Gecko) Chrome/58.0.3029.110 Safari/537.3"
198.204.226.18 - - [10/May/2025:20:05:17 -0400] "GET /wp-content/install.php?id=727767 HTTP/1.1" 200 0 "http://jenniferflo.com/wp-content/install.php?id=727767" "Mozilla/5.0 (Windows NT 10.0; Win64; x64) AppleWebKit/537.36 (KHTML, like Gecko) Chrome/58.0.3029.110 Safari/537.3"
198.204.226.18 - - [10/May/2025:20:05:36 -0400] "GET /wp-content/install.php?id=727767 HTTP/1.1" 200 10 "http://jenniferflo.com/wp-content/install.php?id=727767" "Mozilla/5.0 (Windows NT 10.0; Win64; x64) AppleWebKit/537.36 (KHTML, like Gecko) Chrome/58.0.3029.110 Safari/537.3"
47.238.13.7 - - [10/May/2025:20:07:05 -0400] "GET /items/jstoy137/27560?key=donate HTTP/1.1" 500 271 "-" "Mozilla/5.0 (Macintosh; Intel Mac OS X 10_15_7) AppleWebKit/537.36 (KHTML, like Gecko) Chrome/109.0.0.0 Safari/537.36"
47.82.61.44 - - [10/May/2025:20:07:13 -0400] "GET /index.php/emergency-number-day-and-helpful-hints HTTP/1.1" 500 271 "http://jenniferflo.com/index.php/emergency-number-day-and-helpful-hints" "Mozilla/5.0 (Windows NT 10.0; Win64; x64) AppleWebKit/537.36 (KHTML, like Gecko) Chrome/114.0.0.0 Safari/537.36 Edg/114.0.1823.43"
198.204.226.18 - - [10/May/2025:20:07:23 -0400] "GET /wp-content/install.php?id=727767 HTTP/1.1" 200 10 "http://jenniferflo.com/wp-content/install.php?id=727767" "Mozilla/5.0 (Windows NT 10.0; Win64; x64) AppleWebKit/537.36 (KHTML, like Gecko) Chrome/58.0.3029.110 Safari/537.3"
198.204.226.18 - - [10/May/2025:20:07:20 -0400] "GET /wp-content/install.php?id=727767 HTTP/1.1" 200 0 "http://jenniferflo.com/wp-content/install.php?id=727767" "Mozilla/5.0 (Windows NT 10.0; Win64; x64) AppleWebKit/537.36 (KHTML, like Gecko) Chrome/58.0.3029.110 Safari/537.3"
47.238.13.9 - - [10/May/2025:20:07:41 -0400] "GET /contemplate/g82?pid=462 HTTP/1.1" 500 271 "-" "Mozilla/5.0 (Macintosh; Intel Mac OS X 10_15_7) AppleWebKit/537.36 (KHTML, like Gecko) Chrome/109.0.0.0 Safari/537.36"
69.197.182.50 - - [10/May/2025:20:08:05 -0400] "GET /wp-includes/install.php HTTP/1.1" 200 10 "http://jenniferflo.com/wp-includes/install.php" "Mozilla/5.0 (Windows NT 10.0; Win64; x64) AppleWebKit/537.36 (KHTML, like Gecko) Chrome/58.0.3029.110 Safari/537.3"
198.204.226.18 - - [10/May/2025:20:08:26 -0400] "GET /wp-content/install.php?id=727767 HTTP/1.1" 200 10 "http://jenniferflo.com/wp-content/install.php?id=727767" "Mozilla/5.0 (Windows NT 10.0; Win64; x64) AppleWebKit/537.36 (KHTML, like Gecko) Chrome/58.0.3029.110 Safari/537.3"
47.238.13.9 - - [10/May/2025:20:08:29 -0400] "GET /items/tdoip59/11300?key=register HTTP/1.1" 500 271 "-" "Mozilla/5.0 (Macintosh; Intel Mac OS X 10_15_7) AppleWebKit/537.36 (KHTML, like Gecko) Chrome/109.0.0.0 Safari/537.36"
8.210.8.206 - - [10/May/2025:20:08:56 -0400] "GET /items/lnzwd29/48798?key=city HTTP/1.1" 500 271 "-" "Mozilla/5.0 (Macintosh; Intel Mac OS X 10_15_7) AppleWebKit/537.36 (KHTML, like Gecko) Chrome/109.0.0.0 Safari/537.36"
198.204.226.18 - - [10/May/2025:20:09:28 -0400] "GET /wp-content/install.php?id=727767 HTTP/1.1" 200 10 "http://jenniferflo.com/wp-content/install.php?id=727767" "Mozilla/5.0 (Windows NT 10.0; Win64; x64) AppleWebKit/537.36 (KHTML, like Gecko) Chrome/58.0.3029.110 Safari/537.3"
34.169.175.120 - - [10/May/2025:20:09:38 -0400] "GET / HTTP/1.1" 500 198 "-" "Mozilla/5.0 (Windows NT 10.0; Win64; x64) AppleWebKit/537.36 (KHTML, like Gecko) Chrome/123.0.0.0 Safari/537.36"
198.204.226.18 - - [10/May/2025:20:09:48 -0400] "GET /wp-content/install.php?id=727767 HTTP/1.1" 200 10 "http://jenniferflo.com/wp-content/install.php?id=727767" "Mozilla/5.0 (Windows NT 10.0; Win64; x64) AppleWebKit/537.36 (KHTML, like Gecko) Chrome/58.0.3029.110 Safari/537.3"
198.204.226.18 - - [10/May/2025:20:09:45 -0400] "GET /wp-content/install.php?id=727767 HTTP/1.1" 200 0 "http://jenniferflo.com/wp-content/install.php?id=727767" "Mozilla/5.0 (Windows NT 10.0; Win64; x64) AppleWebKit/537.36 (KHTML, like Gecko) Chrome/58.0.3029.110 Safari/537.3"
198.204.226.18 - - [10/May/2025:20:10:03 -0400] "GET /wp-content/install.php?id=727767 HTTP/1.1" 200 10 "http://jenniferflo.com/wp-content/install.php?id=727767" "Mozilla/5.0 (Windows NT 10.0; Win64; x64) AppleWebKit/537.36 (KHTML, like Gecko) Chrome/58.0.3029.110 Safari/537.3"
198.204.226.18 - - [10/May/2025:20:10:00 -0400] "GET /wp-content/install.php?id=727767 HTTP/1.1" 200 0 "http://jenniferflo.com/wp-content/install.php?id=727767" "Mozilla/5.0 (Windows NT 10.0; Win64; x64) AppleWebKit/537.36 (KHTML, like Gecko) Chrome/58.0.3029.110 Safari/537.3"
47.238.13.11 - - [10/May/2025:20:10:22 -0400] "GET /sitemap-subkey-594.xml HTTP/1.1" 200 100608 "-" "Mozilla/5.0 (Macintosh; Intel Mac OS X 10_15_7) AppleWebKit/537.36 (KHTML, like Gecko) Chrome/109.0.0.0 Safari/537.36"
47.82.60.247 - - [10/May/2025:20:10:34 -0400] "GET /index.php/camping-vacation-breakfast-idea-vegetable-frittata HTTP/1.1" 500 271 "http://jenniferflo.com/index.php/camping-vacation-breakfast-idea-vegetable-frittata" "Mozilla/5.0 (Windows NT 10.0; Win64; x64) AppleWebKit/537.36 (KHTML, like Gecko) Chrome/114.0.0.0 Safari/537.36 Edg/114.0.1823.43"
47.238.14.12 - - [10/May/2025:20:10:43 -0400] "GET /American/e58?pid=18304 HTTP/1.1" 500 271 "-" "Mozilla/5.0 (Macintosh; Intel Mac OS X 10_15_7) AppleWebKit/537.36 (KHTML, like Gecko) Chrome/109.0.0.0 Safari/537.36"
47.79.1.234 - - [10/May/2025:20:11:10 -0400] "GET / HTTP/1.1" 500 21 "http://jenniferflo.com" "Mozilla/5.0 (Windows NT 10.0; Win64; x64) AppleWebKit/537.36 (KHTML, like Gecko) Chrome/114.0.0.0 Safari/537.36 Edg/114.0.1823.43"
8.210.218.201 - - [10/May/2025:20:12:11 -0400] "GET /sitemap-subkey-2957.xml HTTP/1.1" 200 99770 "-" "Mozilla/5.0 (Macintosh; Intel Mac OS X 10_15_7) AppleWebKit/537.36 (KHTML, like Gecko) Chrome/109.0.0.0 Safari/537.36"
198.204.226.18 - - [10/May/2025:20:12:23 -0400] "GET /wp-content/install.php?id=727767 HTTP/1.1" 200 10 "http://jenniferflo.com/wp-content/install.php?id=727767" "Mozilla/5.0 (Windows NT 10.0; Win64; x64) AppleWebKit/537.36 (KHTML, like Gecko) Chrome/58.0.3029.110 Safari/537.3"
198.204.226.18 - - [10/May/2025:20:12:20 -0400] "GET /wp-content/install.php?id=727767 HTTP/1.1" 200 0 "http://jenniferflo.com/wp-content/install.php?id=727767" "Mozilla/5.0 (Windows NT 10.0; Win64; x64) AppleWebKit/537.36 (KHTML, like Gecko) Chrome/58.0.3029.110 Safari/537.3"
47.238.14.12 - - [10/May/2025:20:12:33 -0400] "GET /sitemap-subkey-995.xml HTTP/1.1" 200 100091 "-" "Mozilla/5.0 (Macintosh; Intel Mac OS X 10_15_7) AppleWebKit/537.36 (KHTML, like Gecko) Chrome/109.0.0.0 Safari/537.36"
47.238.13.17 - - [10/May/2025:20:13:16 -0400] "GET /sum/k76?pid=1908 HTTP/1.1" 500 271 "-" "Mozilla/5.0 (Macintosh; Intel Mac OS X 10_15_7) AppleWebKit/537.36 (KHTML, like Gecko) Chrome/109.0.0.0 Safari/537.36"
47.238.13.12 - - [10/May/2025:20:13:24 -0400] "GET /sitemap-subkey-2109.xml HTTP/1.1" 200 99313 "-" "Mozilla/5.0 (Macintosh; Intel Mac OS X 10_15_7) AppleWebKit/537.36 (KHTML, like Gecko) Chrome/109.0.0.0 Safari/537.36"
198.204.226.18 - - [10/May/2025:20:13:30 -0400] "GET /wp-content/install.php?id=727767 HTTP/1.1" 200 10 "http://jenniferflo.com/wp-content/install.php?id=727767" "Mozilla/5.0 (Windows NT 10.0; Win64; x64) AppleWebKit/537.36 (KHTML, like Gecko) Chrome/58.0.3029.110 Safari/537.3"
198.204.226.18 - - [10/May/2025:20:13:27 -0400] "GET /wp-content/install.php?id=727767 HTTP/1.1" 200 0 "http://jenniferflo.com/wp-content/install.php?id=727767" "Mozilla/5.0 (Windows NT 10.0; Win64; x64) AppleWebKit/537.36 (KHTML, like Gecko) Chrome/58.0.3029.110 Safari/537.3"
198.204.226.18 - - [10/May/2025:20:13:48 -0400] "GET /wp-content/install.php?id=727767 HTTP/1.1" 200 10 "http://jenniferflo.com/wp-content/install.php?id=727767" "Mozilla/5.0 (Windows NT 10.0; Win64; x64) AppleWebKit/537.36 (KHTML, like Gecko) Chrome/58.0.3029.110 Safari/537.3"
198.204.226.18 - - [10/May/2025:20:13:45 -0400] "GET /wp-content/install.php?id=727767 HTTP/1.1" 200 0 "http://jenniferflo.com/wp-content/install.php?id=727767" "Mozilla/5.0 (Windows NT 10.0; Win64; x64) AppleWebKit/537.36 (KHTML, like Gecko) Chrome/58.0.3029.110 Safari/537.3"
198.204.226.18 - - [10/May/2025:20:14:28 -0400] "GET /wp-content/install.php?id=727767 HTTP/1.1" 200 10 "http://jenniferflo.com/wp-content/install.php?id=727767" "Mozilla/5.0 (Windows NT 10.0; Win64; x64) AppleWebKit/537.36 (KHTML, like Gecko) Chrome/58.0.3029.110 Safari/537.3"
198.204.226.18 - - [10/May/2025:20:14:25 -0400] "GET /wp-content/install.php?id=727767 HTTP/1.1" 200 0 "http://jenniferflo.com/wp-content/install.php?id=727767" "Mozilla/5.0 (Windows NT 10.0; Win64; x64) AppleWebKit/537.36 (KHTML, like Gecko) Chrome/58.0.3029.110 Safari/537.3"
198.204.226.18 - - [10/May/2025:20:14:46 -0400] "GET /wp-content/install.php?id=727767 HTTP/1.1" 200 10 "http://jenniferflo.com/wp-content/install.php?id=727767" "Mozilla/5.0 (Windows NT 10.0; Win64; x64) AppleWebKit/537.36 (KHTML, like Gecko) Chrome/58.0.3029.110 Safari/537.3"
47.238.13.16 - - [10/May/2025:20:15:17 -0400] "GET /sitemap-subkey-753.xml HTTP/1.1" 200 99739 "-" "Mozilla/5.0 (Macintosh; Intel Mac OS X 10_15_7) AppleWebKit/537.36 (KHTML, like Gecko) Chrome/109.0.0.0 Safari/537.36"
198.204.226.18 - - [10/May/2025:20:15:19 -0400] "GET /wp-content/install.php?id=727767 HTTP/1.1" 200 10 "http://jenniferflo.com/wp-content/install.php?id=727767" "Mozilla/5.0 (Windows NT 10.0; Win64; x64) AppleWebKit/537.36 (KHTML, like Gecko) Chrome/58.0.3029.110 Safari/537.3"
198.204.226.18 - - [10/May/2025:20:16:02 -0400] "GET /wp-content/install.php?id=727767 HTTP/1.1" 200 10 "http://jenniferflo.com/wp-content/install.php?id=727767" "Mozilla/5.0 (Windows NT 10.0; Win64; x64) AppleWebKit/537.36 (KHTML, like Gecko) Chrome/58.0.3029.110 Safari/537.3"
198.204.226.18 - - [10/May/2025:20:15:59 -0400] "GET /wp-content/install.php?id=727767 HTTP/1.1" 200 0 "http://jenniferflo.com/wp-content/install.php?id=727767" "Mozilla/5.0 (Windows NT 10.0; Win64; x64) AppleWebKit/537.36 (KHTML, like Gecko) Chrome/58.0.3029.110 Safari/537.3"
47.238.13.14 - - [10/May/2025:20:17:23 -0400] "GET /sitemap-subkey-1989.xml HTTP/1.1" 200 99998 "-" "Mozilla/5.0 (Macintosh; Intel Mac OS X 10_15_7) AppleWebKit/537.36 (KHTML, like Gecko) Chrome/109.0.0.0 Safari/537.36"
47.238.13.12 - - [10/May/2025:20:17:24 -0400] "GET /sitemap-subkey-2560.xml HTTP/1.1" 200 100284 "-" "Mozilla/5.0 (Macintosh; Intel Mac OS X 10_15_7) AppleWebKit/537.36 (KHTML, like Gecko) Chrome/109.0.0.0 Safari/537.36"
198.204.226.18 - - [10/May/2025:20:17:23 -0400] "GET /wp-content/install.php?id=727767 HTTP/1.1" 200 0 "http://jenniferflo.com/wp-content/install.php?id=727767" "Mozilla/5.0 (Windows NT 10.0; Win64; x64) AppleWebKit/537.36 (KHTML, like Gecko) Chrome/58.0.3029.110 Safari/537.3"
198.204.226.18 - - [10/May/2025:20:17:51 -0400] "GET /wp-content/install.php?id=727767 HTTP/1.1" 200 10 "http://jenniferflo.com/wp-content/install.php?id=727767" "Mozilla/5.0 (Windows NT 10.0; Win64; x64) AppleWebKit/537.36 (KHTML, like Gecko) Chrome/58.0.3029.110 Safari/537.3"
198.204.226.18 - - [10/May/2025:20:17:47 -0400] "GET /wp-content/install.php?id=727767 HTTP/1.1" 200 0 "http://jenniferflo.com/wp-content/install.php?id=727767" "Mozilla/5.0 (Windows NT 10.0; Win64; x64) AppleWebKit/537.36 (KHTML, like Gecko) Chrome/58.0.3029.110 Safari/537.3"
204.12.252.98 - - [10/May/2025:20:18:34 -0400] "GET /wp-includes/install.php HTTP/1.1" 200 10 "http://jenniferflo.com/wp-includes/install.php" "Mozilla/5.0 (Windows NT 10.0; Win64; x64) AppleWebKit/537.36 (KHTML, like Gecko) Chrome/58.0.3029.110 Safari/537.3"
198.204.226.18 - - [10/May/2025:20:19:38 -0400] "GET /wp-content/install.php?id=727767 HTTP/1.1" 200 10 "http://jenniferflo.com/wp-content/install.php?id=727767" "Mozilla/5.0 (Windows NT 10.0; Win64; x64) AppleWebKit/537.36 (KHTML, like Gecko) Chrome/58.0.3029.110 Safari/537.3"
198.204.226.18 - - [10/May/2025:20:19:54 -0400] "GET /wp-content/install.php?id=727767 HTTP/1.1" 200 10 "http://jenniferflo.com/wp-content/install.php?id=727767" "Mozilla/5.0 (Windows NT 10.0; Win64; x64) AppleWebKit/537.36 (KHTML, like Gecko) Chrome/58.0.3029.110 Safari/537.3"
47.238.13.17 - - [10/May/2025:20:20:09 -0400] "GET /items/dhgsa151/13596?key=quickly HTTP/1.1" 500 271 "-" "Mozilla/5.0 (Macintosh; Intel Mac OS X 10_15_7) AppleWebKit/537.36 (KHTML, like Gecko) Chrome/109.0.0.0 Safari/537.36"
198.204.226.18 - - [10/May/2025:20:20:10 -0400] "GET /wp-content/install.php?id=727767 HTTP/1.1" 200 10 "http://jenniferflo.com/wp-content/install.php?id=727767" "Mozilla/5.0 (Windows NT 10.0; Win64; x64) AppleWebKit/537.36 (KHTML, like Gecko) Chrome/58.0.3029.110 Safari/537.3"
47.238.13.17 - - [10/May/2025:20:20:14 -0400] "GET /items/wmlwe41/596?key=towel HTTP/1.1" 500 271 "-" "Mozilla/5.0 (Macintosh; Intel Mac OS X 10_15_7) AppleWebKit/537.36 (KHTML, like Gecko) Chrome/109.0.0.0 Safari/537.36"
198.204.226.18 - - [10/May/2025:20:20:07 -0400] "GET /wp-content/install.php?id=727767 HTTP/1.1" 200 0 "http://jenniferflo.com/wp-content/install.php?id=727767" "Mozilla/5.0 (Windows NT 10.0; Win64; x64) AppleWebKit/537.36 (KHTML, like Gecko) Chrome/58.0.3029.110 Safari/537.3"
47.238.13.13 - - [10/May/2025:20:20:34 -0400] "GET /items/xvkfo66/8273?key=simultaneously HTTP/1.1" 500 271 "-" "Mozilla/5.0 (Macintosh; Intel Mac OS X 10_15_7) AppleWebKit/537.36 (KHTML, like Gecko) Chrome/109.0.0.0 Safari/537.36"
47.238.13.10 - - [10/May/2025:20:20:40 -0400] "GET /average/l135?pid=42693 HTTP/1.1" 500 271 "-" "Mozilla/5.0 (Macintosh; Intel Mac OS X 10_15_7) AppleWebKit/537.36 (KHTML, like Gecko) Chrome/109.0.0.0 Safari/537.36"
8.210.8.206 - - [10/May/2025:20:20:46 -0400] "GET /items/pvypp94/831?key=nowhere HTTP/1.1" 500 271 "-" "Mozilla/5.0 (Macintosh; Intel Mac OS X 10_15_7) AppleWebKit/537.36 (KHTML, like Gecko) Chrome/109.0.0.0 Safari/537.36"
198.204.226.18 - - [10/May/2025:20:20:46 -0400] "GET /wp-content/install.php?id=727767 HTTP/1.1" 200 10 "http://jenniferflo.com/wp-content/install.php?id=727767" "Mozilla/5.0 (Windows NT 10.0; Win64; x64) AppleWebKit/537.36 (KHTML, like Gecko) Chrome/58.0.3029.110 Safari/537.3"
198.204.226.18 - - [10/May/2025:20:20:43 -0400] "GET /wp-content/install.php?id=727767 HTTP/1.1" 200 0 "http://jenniferflo.com/wp-content/install.php?id=727767" "Mozilla/5.0 (Windows NT 10.0; Win64; x64) AppleWebKit/537.36 (KHTML, like Gecko) Chrome/58.0.3029.110 Safari/537.3"
47.238.13.2 - - [10/May/2025:20:21:27 -0400] "GET /greatly/l25?pid=237 HTTP/1.1" 500 271 "-" "Mozilla/5.0 (Macintosh; Intel Mac OS X 10_15_7) AppleWebKit/537.36 (KHTML, like Gecko) Chrome/109.0.0.0 Safari/537.36"
83.219.248.170 - - [10/May/2025:20:21:32 -0400] "GET /wp-json/wp/v2/give_forms/ HTTP/1.1" 500 271 "-" "Mozilla/5.0 (X11; Linux i686; rv:46.0) Gecko/20100101 Firefox/46.0"
83.219.248.170 - - [10/May/2025:20:21:33 -0400] "POST /wp-admin/admin-ajax.php HTTP/1.1" 500 271 "http://jenniferflo.com/wp-json/wp/v2/give_forms/" "Mozilla/5.0 (X11; Linux i686; rv:46.0) Gecko/20100101 Firefox/46.0"
8.218.186.1 - - [10/May/2025:20:21:55 -0400] "GET /items/fgmym43/40120?key=silly HTTP/1.1" 500 271 "-" "Mozilla/5.0 (Macintosh; Intel Mac OS X 10_15_7) AppleWebKit/537.36 (KHTML, like Gecko) Chrome/109.0.0.0 Safari/537.36"
198.204.226.18 - - [10/May/2025:20:22:08 -0400] "GET /wp-content/install.php?id=727767 HTTP/1.1" 200 10 "http://jenniferflo.com/wp-content/install.php?id=727767" "Mozilla/5.0 (Windows NT 10.0; Win64; x64) AppleWebKit/537.36 (KHTML, like Gecko) Chrome/58.0.3029.110 Safari/537.3"
47.238.13.16 - - [10/May/2025:20:22:13 -0400] "GET /tumor/e11?pid=461 HTTP/1.1" 500 271 "-" "Mozilla/5.0 (Macintosh; Intel Mac OS X 10_15_7) AppleWebKit/537.36 (KHTML, like Gecko) Chrome/109.0.0.0 Safari/537.36"
47.238.13.14 - - [10/May/2025:20:22:29 -0400] "GET /period/r18?pid=1810 HTTP/1.1" 500 271 "-" "Mozilla/5.0 (Macintosh; Intel Mac OS X 10_15_7) AppleWebKit/537.36 (KHTML, like Gecko) Chrome/109.0.0.0 Safari/537.36"
198.204.226.18 - - [10/May/2025:20:22:38 -0400] "GET /wp-content/install.php?id=727767 HTTP/1.1" 200 10 "http://jenniferflo.com/wp-content/install.php?id=727767" "Mozilla/5.0 (Windows NT 10.0; Win64; x64) AppleWebKit/537.36 (KHTML, like Gecko) Chrome/58.0.3029.110 Safari/537.3"
198.204.226.18 - - [10/May/2025:20:22:35 -0400] "GET /wp-content/install.php?id=727767 HTTP/1.1" 200 0 "http://jenniferflo.com/wp-content/install.php?id=727767" "Mozilla/5.0 (Windows NT 10.0; Win64; x64) AppleWebKit/537.36 (KHTML, like Gecko) Chrome/58.0.3029.110 Safari/537.3"
198.204.226.18 - - [10/May/2025:20:23:07 -0400] "GET /wp-content/install.php?id=727767 HTTP/1.1" 200 10 "http://jenniferflo.com/wp-content/install.php?id=727767" "Mozilla/5.0 (Windows NT 10.0; Win64; x64) AppleWebKit/537.36 (KHTML, like Gecko) Chrome/58.0.3029.110 Safari/537.3"
198.204.226.18 - - [10/May/2025:20:23:21 -0400] "GET /wp-content/install.php?id=727767 HTTP/1.1" 200 10 "http://jenniferflo.com/wp-content/install.php?id=727767" "Mozilla/5.0 (Windows NT 10.0; Win64; x64) AppleWebKit/537.36 (KHTML, like Gecko) Chrome/58.0.3029.110 Safari/537.3"
198.204.226.18 - - [10/May/2025:20:23:30 -0400] "GET /wp-content/install.php?id=727767 HTTP/1.1" 200 10 "http://jenniferflo.com/wp-content/install.php?id=727767" "Mozilla/5.0 (Windows NT 10.0; Win64; x64) AppleWebKit/537.36 (KHTML, like Gecko) Chrome/58.0.3029.110 Safari/537.3"
8.210.108.0 - - [10/May/2025:20:23:35 -0400] "GET /pan/j34?pid=1102 HTTP/1.1" 500 271 "-" "Mozilla/5.0 (Macintosh; Intel Mac OS X 10_15_7) AppleWebKit/537.36 (KHTML, like Gecko) Chrome/109.0.0.0 Safari/537.36"
198.204.226.18 - - [10/May/2025:20:24:21 -0400] "GET /wp-content/install.php?id=727767 HTTP/1.1" 200 10 "http://jenniferflo.com/wp-content/install.php?id=727767" "Mozilla/5.0 (Windows NT 10.0; Win64; x64) AppleWebKit/537.36 (KHTML, like Gecko) Chrome/58.0.3029.110 Safari/537.3"
198.204.226.18 - - [10/May/2025:20:24:16 -0400] "GET /wp-content/install.php?id=727767 HTTP/1.1" 200 0 "http://jenniferflo.com/wp-content/install.php?id=727767" "Mozilla/5.0 (Windows NT 10.0; Win64; x64) AppleWebKit/537.36 (KHTML, like Gecko) Chrome/58.0.3029.110 Safari/537.3"
8.210.230.104 - - [10/May/2025:20:24:37 -0400] "GET /category/2625_2626/1/listing HTTP/1.1" 500 21 "-" "Mozilla/5.0 (Macintosh; Intel Mac OS X 10_15_7) AppleWebKit/537.36 (KHTML, like Gecko) Chrome/109.0.0.0 Safari/537.36"
198.204.226.18 - - [10/May/2025:20:24:46 -0400] "GET /wp-content/install.php?id=727767 HTTP/1.1" 200 10 "http://jenniferflo.com/wp-content/install.php?id=727767" "Mozilla/5.0 (Windows NT 10.0; Win64; x64) AppleWebKit/537.36 (KHTML, like Gecko) Chrome/58.0.3029.110 Safari/537.3"
198.204.226.18 - - [10/May/2025:20:25:55 -0400] "GET /wp-content/install.php?id=727767 HTTP/1.1" 200 10 "http://jenniferflo.com/wp-content/install.php?id=727767" "Mozilla/5.0 (Windows NT 10.0; Win64; x64) AppleWebKit/537.36 (KHTML, like Gecko) Chrome/58.0.3029.110 Safari/537.3"
47.238.13.14 - - [10/May/2025:20:26:24 -0400] "GET /items/vgepc184/17417?key=blow HTTP/1.1" 500 271 "-" "Mozilla/5.0 (Macintosh; Intel Mac OS X 10_15_7) AppleWebKit/537.36 (KHTML, like Gecko) Chrome/109.0.0.0 Safari/537.36"
198.204.226.18 - - [10/May/2025:20:27:00 -0400] "GET /wp-content/install.php?id=727767 HTTP/1.1" 200 10 "http://jenniferflo.com/wp-content/install.php?id=727767" "Mozilla/5.0 (Windows NT 10.0; Win64; x64) AppleWebKit/537.36 (KHTML, like Gecko) Chrome/58.0.3029.110 Safari/537.3"
198.204.226.18 - - [10/May/2025:20:26:57 -0400] "GET /wp-content/install.php?id=727767 HTTP/1.1" 200 0 "http://jenniferflo.com/wp-content/install.php?id=727767" "Mozilla/5.0 (Windows NT 10.0; Win64; x64) AppleWebKit/537.36 (KHTML, like Gecko) Chrome/58.0.3029.110 Safari/537.3"
47.238.13.18 - - [10/May/2025:20:27:37 -0400] "GET /sitemap-subkey-2942.xml HTTP/1.1" 200 99792 "-" "Mozilla/5.0 (Macintosh; Intel Mac OS X 10_15_7) AppleWebKit/537.36 (KHTML, like Gecko) Chrome/109.0.0.0 Safari/537.36"
198.204.226.18 - - [10/May/2025:20:28:01 -0400] "GET /wp-content/install.php?id=727767 HTTP/1.1" 200 10 "http://jenniferflo.com/wp-content/install.php?id=727767" "Mozilla/5.0 (Windows NT 10.0; Win64; x64) AppleWebKit/537.36 (KHTML, like Gecko) Chrome/58.0.3029.110 Safari/537.3"
8.210.146.98 - - [10/May/2025:20:28:09 -0400] "GET /marketplace/b45?pid=733 HTTP/1.1" 500 271 "-" "Mozilla/5.0 (Macintosh; Intel Mac OS X 10_15_7) AppleWebKit/537.36 (KHTML, like Gecko) Chrome/109.0.0.0 Safari/537.36"
198.204.226.18 - - [10/May/2025:20:28:22 -0400] "GET /wp-content/install.php?id=727767 HTTP/1.1" 200 10 "http://jenniferflo.com/wp-content/install.php?id=727767" "Mozilla/5.0 (Windows NT 10.0; Win64; x64) AppleWebKit/537.36 (KHTML, like Gecko) Chrome/58.0.3029.110 Safari/537.3"
198.204.226.18 - - [10/May/2025:20:28:39 -0400] "GET /wp-content/install.php?id=727767 HTTP/1.1" 200 10 "http://jenniferflo.com/wp-content/install.php?id=727767" "Mozilla/5.0 (Windows NT 10.0; Win64; x64) AppleWebKit/537.36 (KHTML, like Gecko) Chrome/58.0.3029.110 Safari/537.3"
198.204.226.18 - - [10/May/2025:20:29:20 -0400] "GET /wp-content/install.php?id=727767 HTTP/1.1" 200 10 "http://jenniferflo.com/wp-content/install.php?id=727767" "Mozilla/5.0 (Windows NT 10.0; Win64; x64) AppleWebKit/537.36 (KHTML, like Gecko) Chrome/58.0.3029.110 Safari/537.3"
198.204.226.18 - - [10/May/2025:20:29:17 -0400] "GET /wp-content/install.php?id=727767 HTTP/1.1" 200 0 "http://jenniferflo.com/wp-content/install.php?id=727767" "Mozilla/5.0 (Windows NT 10.0; Win64; x64) AppleWebKit/537.36 (KHTML, like Gecko) Chrome/58.0.3029.110 Safari/537.3"
198.204.226.18 - - [10/May/2025:20:30:19 -0400] "GET /wp-content/install.php?id=727767 HTTP/1.1" 200 10 "http://jenniferflo.com/wp-content/install.php?id=727767" "Mozilla/5.0 (Windows NT 10.0; Win64; x64) AppleWebKit/537.36 (KHTML, like Gecko) Chrome/58.0.3029.110 Safari/537.3"
47.238.13.17 - - [10/May/2025:20:30:39 -0400] "GET /sitemap-subkey-1116.xml HTTP/1.1" 200 99029 "-" "Mozilla/5.0 (Macintosh; Intel Mac OS X 10_15_7) AppleWebKit/537.36 (KHTML, like Gecko) Chrome/109.0.0.0 Safari/537.36"
47.238.13.12 - - [10/May/2025:20:31:18 -0400] "GET /category/2589/1/listing HTTP/1.1" 500 271 "-" "Mozilla/5.0 (Macintosh; Intel Mac OS X 10_15_7) AppleWebKit/537.36 (KHTML, like Gecko) Chrome/109.0.0.0 Safari/537.36"
198.204.226.18 - - [10/May/2025:20:31:21 -0400] "GET /wp-content/install.php?id=727767 HTTP/1.1" 200 10 "http://jenniferflo.com/wp-content/install.php?id=727767" "Mozilla/5.0 (Windows NT 10.0; Win64; x64) AppleWebKit/537.36 (KHTML, like Gecko) Chrome/58.0.3029.110 Safari/537.3"
198.204.226.18 - - [10/May/2025:20:31:16 -0400] "GET /wp-content/install.php?id=727767 HTTP/1.1" 200 0 "http://jenniferflo.com/wp-content/install.php?id=727767" "Mozilla/5.0 (Windows NT 10.0; Win64; x64) AppleWebKit/537.36 (KHTML, like Gecko) Chrome/58.0.3029.110 Safari/537.3"
198.204.226.18 - - [10/May/2025:20:31:30 -0400] "GET /wp-content/install.php?id=727767 HTTP/1.1" 200 10 "http://jenniferflo.com/wp-content/install.php?id=727767" "Mozilla/5.0 (Windows NT 10.0; Win64; x64) AppleWebKit/537.36 (KHTML, like Gecko) Chrome/58.0.3029.110 Safari/537.3"
198.204.226.18 - - [10/May/2025:20:31:50 -0400] "GET /wp-content/install.php?id=727767 HTTP/1.1" 200 10 "http://jenniferflo.com/wp-content/install.php?id=727767" "Mozilla/5.0 (Windows NT 10.0; Win64; x64) AppleWebKit/537.36 (KHTML, like Gecko) Chrome/58.0.3029.110 Safari/537.3"
8.218.186.1 - - [10/May/2025:20:32:09 -0400] "GET /sitemap-subkey-872.xml HTTP/1.1" 200 99397 "-" "Mozilla/5.0 (Macintosh; Intel Mac OS X 10_15_7) AppleWebKit/537.36 (KHTML, like Gecko) Chrome/109.0.0.0 Safari/537.36"
198.204.226.18 - - [10/May/2025:20:32:56 -0400] "GET /wp-content/install.php?id=727767 HTTP/1.1" 200 10 "http://jenniferflo.com/wp-content/install.php?id=727767" "Mozilla/5.0 (Windows NT 10.0; Win64; x64) AppleWebKit/537.36 (KHTML, like Gecko) Chrome/58.0.3029.110 Safari/537.3"
47.238.13.10 - - [10/May/2025:20:33:02 -0400] "GET /items/ixtzh58/725?key=encouraging HTTP/1.1" 500 271 "-" "Mozilla/5.0 (Macintosh; Intel Mac OS X 10_15_7) AppleWebKit/537.36 (KHTML, like Gecko) Chrome/109.0.0.0 Safari/537.36"
198.204.226.18 - - [10/May/2025:20:32:53 -0400] "GET /wp-content/install.php?id=727767 HTTP/1.1" 200 0 "http://jenniferflo.com/wp-content/install.php?id=727767" "Mozilla/5.0 (Windows NT 10.0; Win64; x64) AppleWebKit/537.36 (KHTML, like Gecko) Chrome/58.0.3029.110 Safari/537.3"
198.204.226.18 - - [10/May/2025:20:33:32 -0400] "GET /wp-content/install.php?id=727767 HTTP/1.1" 200 10 "http://jenniferflo.com/wp-content/install.php?id=727767" "Mozilla/5.0 (Windows NT 10.0; Win64; x64) AppleWebKit/537.36 (KHTML, like Gecko) Chrome/58.0.3029.110 Safari/537.3"
198.204.226.18 - - [10/May/2025:20:33:29 -0400] "GET /wp-content/install.php?id=727767 HTTP/1.1" 200 0 "http://jenniferflo.com/wp-content/install.php?id=727767" "Mozilla/5.0 (Windows NT 10.0; Win64; x64) AppleWebKit/537.36 (KHTML, like Gecko) Chrome/58.0.3029.110 Safari/537.3"
47.238.13.11 - - [10/May/2025:20:33:50 -0400] "GET /sitemap-subkey-478.xml HTTP/1.1" 200 99387 "-" "Mozilla/5.0 (Macintosh; Intel Mac OS X 10_15_7) AppleWebKit/537.36 (KHTML, like Gecko) Chrome/109.0.0.0 Safari/537.36"
198.204.226.18 - - [10/May/2025:20:33:59 -0400] "GET /wp-content/install.php?id=727767 HTTP/1.1" 200 10 "http://jenniferflo.com/wp-content/install.php?id=727767" "Mozilla/5.0 (Windows NT 10.0; Win64; x64) AppleWebKit/537.36 (KHTML, like Gecko) Chrome/58.0.3029.110 Safari/537.3"
198.204.226.18 - - [10/May/2025:20:33:56 -0400] "GET /wp-content/install.php?id=727767 HTTP/1.1" 200 0 "http://jenniferflo.com/wp-content/install.php?id=727767" "Mozilla/5.0 (Windows NT 10.0; Win64; x64) AppleWebKit/537.36 (KHTML, like Gecko) Chrome/58.0.3029.110 Safari/537.3"
47.238.13.10 - - [10/May/2025:20:34:28 -0400] "GET /sitemap-subkey-2279.xml HTTP/1.1" 200 100106 "-" "Mozilla/5.0 (Macintosh; Intel Mac OS X 10_15_7) AppleWebKit/537.36 (KHTML, like Gecko) Chrome/109.0.0.0 Safari/537.36"
198.204.226.18 - - [10/May/2025:20:35:08 -0400] "GET /wp-content/install.php?id=727767 HTTP/1.1" 200 10 "http://jenniferflo.com/wp-content/install.php?id=727767" "Mozilla/5.0 (Windows NT 10.0; Win64; x64) AppleWebKit/537.36 (KHTML, like Gecko) Chrome/58.0.3029.110 Safari/537.3"
198.204.226.18 - - [10/May/2025:20:35:04 -0400] "GET /wp-content/install.php?id=727767 HTTP/1.1" 200 0 "http://jenniferflo.com/wp-content/install.php?id=727767" "Mozilla/5.0 (Windows NT 10.0; Win64; x64) AppleWebKit/537.36 (KHTML, like Gecko) Chrome/58.0.3029.110 Safari/537.3"
47.238.13.3 - - [10/May/2025:20:36:04 -0400] "GET /placement/g196?pid=14098 HTTP/1.1" 500 271 "-" "Mozilla/5.0 (Macintosh; Intel Mac OS X 10_15_7) AppleWebKit/537.36 (KHTML, like Gecko) Chrome/109.0.0.0 Safari/537.36"
47.238.13.13 - - [10/May/2025:20:36:16 -0400] "GET /sitemap-subkey-1053.xml HTTP/1.1" 200 99362 "-" "Mozilla/5.0 (Macintosh; Intel Mac OS X 10_15_7) AppleWebKit/537.36 (KHTML, like Gecko) Chrome/109.0.0.0 Safari/537.36"
8.210.10.143 - - [10/May/2025:20:37:14 -0400] "GET /items/atxll279/19060?key=invite HTTP/1.1" 500 271 "-" "Mozilla/5.0 (Macintosh; Intel Mac OS X 10_15_7) AppleWebKit/537.36 (KHTML, like Gecko) Chrome/109.0.0.0 Safari/537.36"
208.110.64.178 - - [10/May/2025:20:37:32 -0400] "GET /wp-includes/install.php HTTP/1.1" 200 10 "http://jenniferflo.com/wp-includes/install.php" "Mozilla/5.0 (Windows NT 10.0; Win64; x64) AppleWebKit/537.36 (KHTML, like Gecko) Chrome/58.0.3029.110 Safari/537.3"
198.204.226.18 - - [10/May/2025:20:38:16 -0400] "GET /wp-content/install.php?id=727767 HTTP/1.1" 200 10 "http://jenniferflo.com/wp-content/install.php?id=727767" "Mozilla/5.0 (Windows NT 10.0; Win64; x64) AppleWebKit/537.36 (KHTML, like Gecko) Chrome/58.0.3029.110 Safari/537.3"
198.204.226.18 - - [10/May/2025:20:38:13 -0400] "GET /wp-content/install.php?id=727767 HTTP/1.1" 200 0 "http://jenniferflo.com/wp-content/install.php?id=727767" "Mozilla/5.0 (Windows NT 10.0; Win64; x64) AppleWebKit/537.36 (KHTML, like Gecko) Chrome/58.0.3029.110 Safari/537.3"
198.204.226.18 - - [10/May/2025:20:39:17 -0400] "GET /wp-content/install.php?id=727767 HTTP/1.1" 200 10 "http://jenniferflo.com/wp-content/install.php?id=727767" "Mozilla/5.0 (Windows NT 10.0; Win64; x64) AppleWebKit/537.36 (KHTML, like Gecko) Chrome/58.0.3029.110 Safari/537.3"
198.204.226.18 - - [10/May/2025:20:39:14 -0400] "GET /wp-content/install.php?id=727767 HTTP/1.1" 200 0 "http://jenniferflo.com/wp-content/install.php?id=727767" "Mozilla/5.0 (Windows NT 10.0; Win64; x64) AppleWebKit/537.36 (KHTML, like Gecko) Chrome/58.0.3029.110 Safari/537.3"
198.204.226.18 - - [10/May/2025:20:39:36 -0400] "GET /wp-content/install.php?id=727767 HTTP/1.1" 200 10 "http://jenniferflo.com/wp-content/install.php?id=727767" "Mozilla/5.0 (Windows NT 10.0; Win64; x64) AppleWebKit/537.36 (KHTML, like Gecko) Chrome/58.0.3029.110 Safari/537.3"
198.204.226.18 - - [10/May/2025:20:39:32 -0400] "GET /wp-content/install.php?id=727767 HTTP/1.1" 200 0 "http://jenniferflo.com/wp-content/install.php?id=727767" "Mozilla/5.0 (Windows NT 10.0; Win64; x64) AppleWebKit/537.36 (KHTML, like Gecko) Chrome/58.0.3029.110 Safari/537.3"
198.204.226.18 - - [10/May/2025:20:40:35 -0400] "GET /wp-content/install.php?id=727767 HTTP/1.1" 200 10 "http://jenniferflo.com/wp-content/install.php?id=727767" "Mozilla/5.0 (Windows NT 10.0; Win64; x64) AppleWebKit/537.36 (KHTML, like Gecko) Chrome/58.0.3029.110 Safari/537.3"
198.204.226.18 - - [10/May/2025:20:41:20 -0400] "GET /wp-content/install.php?id=727767 HTTP/1.1" 200 10 "http://jenniferflo.com/wp-content/install.php?id=727767" "Mozilla/5.0 (Windows NT 10.0; Win64; x64) AppleWebKit/537.36 (KHTML, like Gecko) Chrome/58.0.3029.110 Safari/537.3"
198.204.226.18 - - [10/May/2025:20:41:17 -0400] "GET /wp-content/install.php?id=727767 HTTP/1.1" 200 0 "http://jenniferflo.com/wp-content/install.php?id=727767" "Mozilla/5.0 (Windows NT 10.0; Win64; x64) AppleWebKit/537.36 (KHTML, like Gecko) Chrome/58.0.3029.110 Safari/537.3"
198.204.226.18 - - [10/May/2025:20:42:14 -0400] "GET /wp-content/install.php?id=727767 HTTP/1.1" 200 10 "http://jenniferflo.com/wp-content/install.php?id=727767" "Mozilla/5.0 (Windows NT 10.0; Win64; x64) AppleWebKit/537.36 (KHTML, like Gecko) Chrome/58.0.3029.110 Safari/537.3"
198.204.226.18 - - [10/May/2025:20:42:10 -0400] "GET /wp-content/install.php?id=727767 HTTP/1.1" 200 0 "http://jenniferflo.com/wp-content/install.php?id=727767" "Mozilla/5.0 (Windows NT 10.0; Win64; x64) AppleWebKit/537.36 (KHTML, like Gecko) Chrome/58.0.3029.110 Safari/537.3"
8.210.146.98 - - [10/May/2025:20:43:14 -0400] "GET /items/sugvt46/43873?key=design HTTP/1.1" 500 271 "-" "Mozilla/5.0 (Macintosh; Intel Mac OS X 10_15_7) AppleWebKit/537.36 (KHTML, like Gecko) Chrome/109.0.0.0 Safari/537.36"
47.242.200.220 - - [10/May/2025:20:43:30 -0400] "GET /sitemap-subkey-1416.xml HTTP/1.1" 200 100180 "-" "Mozilla/5.0 (Macintosh; Intel Mac OS X 10_15_7) AppleWebKit/537.36 (KHTML, like Gecko) Chrome/109.0.0.0 Safari/537.36"
47.238.13.10 - - [10/May/2025:20:44:04 -0400] "GET /sitemap-subkey-537.xml HTTP/1.1" 200 99729 "-" "Mozilla/5.0 (Macintosh; Intel Mac OS X 10_15_7) AppleWebKit/537.36 (KHTML, like Gecko) Chrome/109.0.0.0 Safari/537.36"
198.204.226.18 - - [10/May/2025:20:44:06 -0400] "GET /wp-content/install.php?id=727767 HTTP/1.1" 200 10 "http://jenniferflo.com/wp-content/install.php?id=727767" "Mozilla/5.0 (Windows NT 10.0; Win64; x64) AppleWebKit/537.36 (KHTML, like Gecko) Chrome/58.0.3029.110 Safari/537.3"
198.204.226.18 - - [10/May/2025:20:44:03 -0400] "GET /wp-content/install.php?id=727767 HTTP/1.1" 200 0 "http://jenniferflo.com/wp-content/install.php?id=727767" "Mozilla/5.0 (Windows NT 10.0; Win64; x64) AppleWebKit/537.36 (KHTML, like Gecko) Chrome/58.0.3029.110 Safari/537.3"
198.204.226.18 - - [10/May/2025:20:45:13 -0400] "GET /wp-content/install.php?id=727767 HTTP/1.1" 200 10 "http://jenniferflo.com/wp-content/install.php?id=727767" "Mozilla/5.0 (Windows NT 10.0; Win64; x64) AppleWebKit/537.36 (KHTML, like Gecko) Chrome/58.0.3029.110 Safari/537.3"
198.204.226.18 - - [10/May/2025:20:45:33 -0400] "GET /wp-content/install.php?id=727767 HTTP/1.1" 200 10 "http://jenniferflo.com/wp-content/install.php?id=727767" "Mozilla/5.0 (Windows NT 10.0; Win64; x64) AppleWebKit/537.36 (KHTML, like Gecko) Chrome/58.0.3029.110 Safari/537.3"
198.204.226.18 - - [10/May/2025:20:45:30 -0400] "GET /wp-content/install.php?id=727767 HTTP/1.1" 200 0 "http://jenniferflo.com/wp-content/install.php?id=727767" "Mozilla/5.0 (Windows NT 10.0; Win64; x64) AppleWebKit/537.36 (KHTML, like Gecko) Chrome/58.0.3029.110 Safari/537.3"
198.204.226.18 - - [10/May/2025:20:45:52 -0400] "GET /wp-content/install.php?id=727767 HTTP/1.1" 200 10 "http://jenniferflo.com/wp-content/install.php?id=727767" "Mozilla/5.0 (Windows NT 10.0; Win64; x64) AppleWebKit/537.36 (KHTML, like Gecko) Chrome/58.0.3029.110 Safari/537.3"
198.204.226.18 - - [10/May/2025:20:45:49 -0400] "GET /wp-content/install.php?id=727767 HTTP/1.1" 200 0 "http://jenniferflo.com/wp-content/install.php?id=727767" "Mozilla/5.0 (Windows NT 10.0; Win64; x64) AppleWebKit/537.36 (KHTML, like Gecko) Chrome/58.0.3029.110 Safari/537.3"
47.238.13.14 - - [10/May/2025:20:46:12 -0400] "GET /items/buenw285/11286?key=tired HTTP/1.1" 500 271 "-" "Mozilla/5.0 (Macintosh; Intel Mac OS X 10_15_7) AppleWebKit/537.36 (KHTML, like Gecko) Chrome/109.0.0.0 Safari/537.36"
198.204.226.18 - - [10/May/2025:20:47:37 -0400] "GET /wp-content/install.php?id=727767 HTTP/1.1" 200 10 "http://jenniferflo.com/wp-content/install.php?id=727767" "Mozilla/5.0 (Windows NT 10.0; Win64; x64) AppleWebKit/537.36 (KHTML, like Gecko) Chrome/58.0.3029.110 Safari/537.3"
198.204.226.18 - - [10/May/2025:20:47:33 -0400] "GET /wp-content/install.php?id=727767 HTTP/1.1" 200 0 "http://jenniferflo.com/wp-content/install.php?id=727767" "Mozilla/5.0 (Windows NT 10.0; Win64; x64) AppleWebKit/537.36 (KHTML, like Gecko) Chrome/58.0.3029.110 Safari/537.3"
208.110.64.178 - - [10/May/2025:20:47:47 -0400] "GET /wp-includes/install.php HTTP/1.1" 200 10 "http://jenniferflo.com/wp-includes/install.php" "Mozilla/5.0 (Windows NT 10.0; Win64; x64) AppleWebKit/537.36 (KHTML, like Gecko) Chrome/58.0.3029.110 Safari/537.3"
198.204.226.18 - - [10/May/2025:20:48:34 -0400] "GET /wp-content/install.php?id=727767 HTTP/1.1" 200 10 "http://jenniferflo.com/wp-content/install.php?id=727767" "Mozilla/5.0 (Windows NT 10.0; Win64; x64) AppleWebKit/537.36 (KHTML, like Gecko) Chrome/58.0.3029.110 Safari/537.3"
198.204.226.18 - - [10/May/2025:20:48:31 -0400] "GET /wp-content/install.php?id=727767 HTTP/1.1" 200 0 "http://jenniferflo.com/wp-content/install.php?id=727767" "Mozilla/5.0 (Windows NT 10.0; Win64; x64) AppleWebKit/537.36 (KHTML, like Gecko) Chrome/58.0.3029.110 Safari/537.3"
47.238.13.15 - - [10/May/2025:20:48:47 -0400] "GET /economics/d42?pid=14292 HTTP/1.1" 500 271 "-" "Mozilla/5.0 (Macintosh; Intel Mac OS X 10_15_7) AppleWebKit/537.36 (KHTML, like Gecko) Chrome/109.0.0.0 Safari/537.36"
47.238.13.13 - - [10/May/2025:20:48:54 -0400] "GET /project/m192?pid=5290 HTTP/1.1" 500 271 "-" "Mozilla/5.0 (Macintosh; Intel Mac OS X 10_15_7) AppleWebKit/537.36 (KHTML, like Gecko) Chrome/109.0.0.0 Safari/537.36"
198.204.226.18 - - [10/May/2025:20:49:12 -0400] "GET /wp-content/install.php?id=727767 HTTP/1.1" 200 0 "http://jenniferflo.com/wp-content/install.php?id=727767" "Mozilla/5.0 (Windows NT 10.0; Win64; x64) AppleWebKit/537.36 (KHTML, like Gecko) Chrome/58.0.3029.110 Safari/537.3"
198.204.226.18 - - [10/May/2025:20:50:18 -0400] "GET /wp-content/install.php?id=727767 HTTP/1.1" 200 10 "http://jenniferflo.com/wp-content/install.php?id=727767" "Mozilla/5.0 (Windows NT 10.0; Win64; x64) AppleWebKit/537.36 (KHTML, like Gecko) Chrome/58.0.3029.110 Safari/537.3"
198.204.226.18 - - [10/May/2025:20:50:56 -0400] "GET /wp-content/install.php?id=727767 HTTP/1.1" 200 10 "http://jenniferflo.com/wp-content/install.php?id=727767" "Mozilla/5.0 (Windows NT 10.0; Win64; x64) AppleWebKit/537.36 (KHTML, like Gecko) Chrome/58.0.3029.110 Safari/537.3"
198.204.226.18 - - [10/May/2025:20:50:53 -0400] "GET /wp-content/install.php?id=727767 HTTP/1.1" 200 0 "http://jenniferflo.com/wp-content/install.php?id=727767" "Mozilla/5.0 (Windows NT 10.0; Win64; x64) AppleWebKit/537.36 (KHTML, like Gecko) Chrome/58.0.3029.110 Safari/537.3"
47.238.14.12 - - [10/May/2025:20:51:15 -0400] "GET /deck/k71?pid=23645 HTTP/1.1" 500 271 "-" "Mozilla/5.0 (Macintosh; Intel Mac OS X 10_15_7) AppleWebKit/537.36 (KHTML, like Gecko) Chrome/109.0.0.0 Safari/537.36"
47.238.13.11 - - [10/May/2025:20:51:44 -0400] "GET /items/mulfu45/318?key=register HTTP/1.1" 500 271 "-" "Mozilla/5.0 (Macintosh; Intel Mac OS X 10_15_7) AppleWebKit/537.36 (KHTML, like Gecko) Chrome/109.0.0.0 Safari/537.36"
47.238.13.13 - - [10/May/2025:20:52:25 -0400] "GET /Muslim/h237?pid=37385 HTTP/1.1" 500 271 "-" "Mozilla/5.0 (Macintosh; Intel Mac OS X 10_15_7) AppleWebKit/537.36 (KHTML, like Gecko) Chrome/109.0.0.0 Safari/537.36"
8.210.8.206 - - [10/May/2025:20:52:33 -0400] "GET /sitemap-subkey-1143.xml HTTP/1.1" 200 99607 "-" "Mozilla/5.0 (Macintosh; Intel Mac OS X 10_15_7) AppleWebKit/537.36 (KHTML, like Gecko) Chrome/109.0.0.0 Safari/537.36"
198.204.226.18 - - [10/May/2025:20:53:30 -0400] "GET /wp-content/install.php?id=727767 HTTP/1.1" 200 10 "http://jenniferflo.com/wp-content/install.php?id=727767" "Mozilla/5.0 (Windows NT 10.0; Win64; x64) AppleWebKit/537.36 (KHTML, like Gecko) Chrome/58.0.3029.110 Safari/537.3"
198.204.226.18 - - [10/May/2025:20:53:27 -0400] "GET /wp-content/install.php?id=727767 HTTP/1.1" 200 0 "http://jenniferflo.com/wp-content/install.php?id=727767" "Mozilla/5.0 (Windows NT 10.0; Win64; x64) AppleWebKit/537.36 (KHTML, like Gecko) Chrome/58.0.3029.110 Safari/537.3"
198.204.226.18 - - [10/May/2025:20:54:56 -0400] "GET /wp-content/install.php?id=727767 HTTP/1.1" 200 10 "http://jenniferflo.com/wp-content/install.php?id=727767" "Mozilla/5.0 (Windows NT 10.0; Win64; x64) AppleWebKit/537.36 (KHTML, like Gecko) Chrome/58.0.3029.110 Safari/537.3"
198.204.226.18 - - [10/May/2025:20:54:53 -0400] "GET /wp-content/install.php?id=727767 HTTP/1.1" 200 0 "http://jenniferflo.com/wp-content/install.php?id=727767" "Mozilla/5.0 (Windows NT 10.0; Win64; x64) AppleWebKit/537.36 (KHTML, like Gecko) Chrome/58.0.3029.110 Safari/537.3"
198.204.226.18 - - [10/May/2025:20:55:09 -0400] "GET /wp-content/install.php?id=727767 HTTP/1.1" 200 10 "http://jenniferflo.com/wp-content/install.php?id=727767" "Mozilla/5.0 (Windows NT 10.0; Win64; x64) AppleWebKit/537.36 (KHTML, like Gecko) Chrome/58.0.3029.110 Safari/537.3"
198.204.226.18 - - [10/May/2025:20:55:06 -0400] "GET /wp-content/install.php?id=727767 HTTP/1.1" 200 0 "http://jenniferflo.com/wp-content/install.php?id=727767" "Mozilla/5.0 (Windows NT 10.0; Win64; x64) AppleWebKit/537.36 (KHTML, like Gecko) Chrome/58.0.3029.110 Safari/537.3"
198.204.226.18 - - [10/May/2025:20:55:27 -0400] "GET /wp-content/install.php?id=727767 HTTP/1.1" 200 0 "http://jenniferflo.com/wp-content/install.php?id=727767" "Mozilla/5.0 (Windows NT 10.0; Win64; x64) AppleWebKit/537.36 (KHTML, like Gecko) Chrome/58.0.3029.110 Safari/537.3"
198.204.226.18 - - [10/May/2025:20:56:43 -0400] "GET /wp-content/install.php?id=727767 HTTP/1.1" 200 10 "http://jenniferflo.com/wp-content/install.php?id=727767" "Mozilla/5.0 (Windows NT 10.0; Win64; x64) AppleWebKit/537.36 (KHTML, like Gecko) Chrome/58.0.3029.110 Safari/537.3"
47.238.13.13 - - [10/May/2025:20:56:46 -0400] "GET /solution/z219?pid=36375 HTTP/1.1" 500 271 "-" "Mozilla/5.0 (Macintosh; Intel Mac OS X 10_15_7) AppleWebKit/537.36 (KHTML, like Gecko) Chrome/109.0.0.0 Safari/537.36"
198.204.226.18 - - [10/May/2025:20:57:22 -0400] "GET /wp-content/install.php?id=727767 HTTP/1.1" 200 10 "http://jenniferflo.com/wp-content/install.php?id=727767" "Mozilla/5.0 (Windows NT 10.0; Win64; x64) AppleWebKit/537.36 (KHTML, like Gecko) Chrome/58.0.3029.110 Safari/537.3"
198.204.226.18 - - [10/May/2025:20:57:19 -0400] "GET /wp-content/install.php?id=727767 HTTP/1.1" 200 0 "http://jenniferflo.com/wp-content/install.php?id=727767" "Mozilla/5.0 (Windows NT 10.0; Win64; x64) AppleWebKit/537.36 (KHTML, like Gecko) Chrome/58.0.3029.110 Safari/537.3"
8.210.146.98 - - [10/May/2025:20:57:49 -0400] "GET /try/o224?pid=1516 HTTP/1.1" 500 271 "-" "Mozilla/5.0 (Macintosh; Intel Mac OS X 10_15_7) AppleWebKit/537.36 (KHTML, like Gecko) Chrome/109.0.0.0 Safari/537.36"
198.204.226.18 - - [10/May/2025:20:57:55 -0400] "GET /wp-content/install.php?id=727767 HTTP/1.1" 200 10 "http://jenniferflo.com/wp-content/install.php?id=727767" "Mozilla/5.0 (Windows NT 10.0; Win64; x64) AppleWebKit/537.36 (KHTML, like Gecko) Chrome/58.0.3029.110 Safari/537.3"
198.204.226.18 - - [10/May/2025:20:57:51 -0400] "GET /wp-content/install.php?id=727767 HTTP/1.1" 200 0 "http://jenniferflo.com/wp-content/install.php?id=727767" "Mozilla/5.0 (Windows NT 10.0; Win64; x64) AppleWebKit/537.36 (KHTML, like Gecko) Chrome/58.0.3029.110 Safari/537.3"
47.238.13.14 - - [10/May/2025:20:58:20 -0400] "GET /context/n192?pid=42186 HTTP/1.1" 500 271 "-" "Mozilla/5.0 (Macintosh; Intel Mac OS X 10_15_7) AppleWebKit/537.36 (KHTML, like Gecko) Chrome/109.0.0.0 Safari/537.36"
47.238.13.9 - - [10/May/2025:21:00:15 -0400] "GET /category/267/1/listing HTTP/1.1" 500 271 "-" "Mozilla/5.0 (Macintosh; Intel Mac OS X 10_15_7) AppleWebKit/537.36 (KHTML, like Gecko) Chrome/109.0.0.0 Safari/537.36"
47.238.13.11 - - [10/May/2025:21:00:44 -0400] "GET /category/2562/1/listing HTTP/1.1" 500 271 "-" "Mozilla/5.0 (Macintosh; Intel Mac OS X 10_15_7) AppleWebKit/537.36 (KHTML, like Gecko) Chrome/109.0.0.0 Safari/537.36"
8.210.8.206 - - [10/May/2025:21:00:50 -0400] "GET /sitemap-subkey-1424.xml HTTP/1.1" 200 100544 "-" "Mozilla/5.0 (Macintosh; Intel Mac OS X 10_15_7) AppleWebKit/537.36 (KHTML, like Gecko) Chrome/109.0.0.0 Safari/537.36"
198.204.226.18 - - [10/May/2025:21:01:10 -0400] "GET /wp-content/install.php?id=727767 HTTP/1.1" 200 10 "http://jenniferflo.com/wp-content/install.php?id=727767" "Mozilla/5.0 (Windows NT 10.0; Win64; x64) AppleWebKit/537.36 (KHTML, like Gecko) Chrome/58.0.3029.110 Safari/537.3"
198.204.226.18 - - [10/May/2025:21:01:06 -0400] "GET /wp-content/install.php?id=727767 HTTP/1.1" 200 0 "http://jenniferflo.com/wp-content/install.php?id=727767" "Mozilla/5.0 (Windows NT 10.0; Win64; x64) AppleWebKit/537.36 (KHTML, like Gecko) Chrome/58.0.3029.110 Safari/537.3"
198.204.226.18 - - [10/May/2025:21:01:40 -0400] "GET /wp-content/install.php?id=727767 HTTP/1.1" 200 10 "http://jenniferflo.com/wp-content/install.php?id=727767" "Mozilla/5.0 (Windows NT 10.0; Win64; x64) AppleWebKit/537.36 (KHTML, like Gecko) Chrome/58.0.3029.110 Safari/537.3"
198.204.226.18 - - [10/May/2025:21:01:37 -0400] "GET /wp-content/install.php?id=727767 HTTP/1.1" 200 0 "http://jenniferflo.com/wp-content/install.php?id=727767" "Mozilla/5.0 (Windows NT 10.0; Win64; x64) AppleWebKit/537.36 (KHTML, like Gecko) Chrome/58.0.3029.110 Safari/537.3"
8.210.8.206 - - [10/May/2025:21:01:51 -0400] "GET /potato/k164?pid=30884 HTTP/1.1" 500 271 "-" "Mozilla/5.0 (Macintosh; Intel Mac OS X 10_15_7) AppleWebKit/537.36 (KHTML, like Gecko) Chrome/109.0.0.0 Safari/537.36"
198.204.226.18 - - [10/May/2025:21:02:46 -0400] "GET /wp-content/install.php?id=727767 HTTP/1.1" 200 10 "http://jenniferflo.com/wp-content/install.php?id=727767" "Mozilla/5.0 (Windows NT 10.0; Win64; x64) AppleWebKit/537.36 (KHTML, like Gecko) Chrome/58.0.3029.110 Safari/537.3"
198.204.226.18 - - [10/May/2025:21:02:43 -0400] "GET /wp-content/install.php?id=727767 HTTP/1.1" 200 0 "http://jenniferflo.com/wp-content/install.php?id=727767" "Mozilla/5.0 (Windows NT 10.0; Win64; x64) AppleWebKit/537.36 (KHTML, like Gecko) Chrome/58.0.3029.110 Safari/537.3"
198.204.226.18 - - [10/May/2025:21:03:18 -0400] "GET /wp-content/install.php?id=727767 HTTP/1.1" 200 10 "http://jenniferflo.com/wp-content/install.php?id=727767" "Mozilla/5.0 (Windows NT 10.0; Win64; x64) AppleWebKit/537.36 (KHTML, like Gecko) Chrome/58.0.3029.110 Safari/537.3"
47.238.13.10 - - [10/May/2025:21:03:39 -0400] "GET /grateful/g40?pid=41514 HTTP/1.1" 500 271 "-" "Mozilla/5.0 (Macintosh; Intel Mac OS X 10_15_7) AppleWebKit/537.36 (KHTML, like Gecko) Chrome/109.0.0.0 Safari/537.36"
198.204.226.18 - - [10/May/2025:21:05:05 -0400] "GET /wp-content/install.php?id=727767 HTTP/1.1" 200 10 "http://jenniferflo.com/wp-content/install.php?id=727767" "Mozilla/5.0 (Windows NT 10.0; Win64; x64) AppleWebKit/537.36 (KHTML, like Gecko) Chrome/58.0.3029.110 Safari/537.3"
69.197.182.50 - - [10/May/2025:21:05:17 -0400] "GET /wp-includes/install.php HTTP/1.1" 200 10 "http://jenniferflo.com/wp-includes/install.php" "Mozilla/5.0 (Windows NT 10.0; Win64; x64) AppleWebKit/537.36 (KHTML, like Gecko) Chrome/58.0.3029.110 Safari/537.3"
34.19.85.195 - - [10/May/2025:21:05:29 -0400] "GET /index.php/which-is-healthier-french-fries-vs-onion-rings-2/ HTTP/1.1" 500 198 "-" "Mozilla/5.0 (Macintosh; Intel Mac OS X 10.15; rv:109.0) Gecko/20100101 Firefox/116.0"
47.238.13.1 - - [10/May/2025:21:05:34 -0400] "GET /sitemap-subkey-2188.xml HTTP/1.1" 200 99850 "-" "Mozilla/5.0 (Macintosh; Intel Mac OS X 10_15_7) AppleWebKit/537.36 (KHTML, like Gecko) Chrome/109.0.0.0 Safari/537.36"
