36.70.254.167 - - [10/May/2025:00:51:15 -0400] "POST /wp-includes/widgets/ HTTP/1.1" 200 42925 "-" "-"
36.70.254.167 - - [10/May/2025:00:51:17 -0400] "POST /wp-includes/widgets/index.php HTTP/1.1" 200 42925 "-" "-"
36.70.254.167 - - [10/May/2025:00:51:17 -0400] "POST /wp-includes/widgets/ HTTP/1.1" 200 42925 "-" "-"
36.70.254.167 - - [10/May/2025:00:51:18 -0400] "POST /wp-includes/widgets/index.php HTTP/1.1" 200 42925 "-" "-"
36.70.254.167 - - [10/May/2025:00:51:19 -0400] "POST /wp-includes/widgets/ HTTP/1.1" 200 42925 "-" "-"
198.204.226.18 - - [10/May/2025:00:51:11 -0400] "GET /wp-content/install.php HTTP/1.1" 200 0 "http://jenniferflo.com/wp-content/install.php" "Mozilla/5.0 (Windows NT 10.0; Win64; x64) AppleWebKit/537.36 (KHTML, like Gecko) Chrome/58.0.3029.110 Safari/537.3"
36.70.254.167 - - [10/May/2025:00:51:20 -0400] "POST /wp-includes/widgets/index.php HTTP/1.1" 200 42925 "-" "-"
36.70.254.167 - - [10/May/2025:00:51:21 -0400] "POST /wp-includes/widgets/ HTTP/1.1" 200 42925 "-" "-"
36.70.254.167 - - [10/May/2025:00:51:24 -0400] "POST /wp-includes/widgets/index.php HTTP/1.1" 200 42925 "-" "-"
36.70.254.167 - - [10/May/2025:00:51:26 -0400] "POST /wp-includes/widgets/ HTTP/1.1" 200 42925 "-" "-"
36.70.254.167 - - [10/May/2025:00:51:28 -0400] "POST /wp-includes/widgets/index.php HTTP/1.1" 200 42925 "-" "-"
36.70.254.167 - - [10/May/2025:00:51:31 -0400] "POST /wp-includes/widgets/ HTTP/1.1" 200 42925 "-" "-"
36.70.254.167 - - [10/May/2025:00:51:32 -0400] "POST /wp-includes/widgets/index.php HTTP/1.1" 200 42925 "-" "-"
36.70.254.167 - - [10/May/2025:00:51:36 -0400] "POST /wp-includes/widgets/ HTTP/1.1" 200 42925 "-" "-"
36.70.254.167 - - [10/May/2025:00:51:37 -0400] "POST /wp-includes/widgets/index.php HTTP/1.1" 200 42925 "-" "-"
36.70.254.167 - - [10/May/2025:00:51:42 -0400] "POST /wp-includes/widgets/index.php HTTP/1.1" 200 42925 "-" "-"
36.70.254.167 - - [10/May/2025:00:51:40 -0400] "POST /wp-includes/widgets/ HTTP/1.1" 200 42925 "-" "-"
36.70.254.167 - - [10/May/2025:00:51:45 -0400] "POST /wp-includes/widgets/index.php HTTP/1.1" 200 42925 "-" "-"
36.70.254.167 - - [10/May/2025:00:51:45 -0400] "POST /wp-includes/widgets/ HTTP/1.1" 200 42925 "-" "-"
36.70.254.167 - - [10/May/2025:00:51:48 -0400] "POST /wp-includes/widgets/index.php HTTP/1.1" 200 42925 "-" "-"
36.70.254.167 - - [10/May/2025:00:51:51 -0400] "POST /wp-includes/widgets/index.php HTTP/1.1" 200 42925 "-" "-"
36.70.254.167 - - [10/May/2025:00:51:52 -0400] "POST /wp-includes/widgets/index.php HTTP/1.1" 200 42925 "-" "-"
36.70.254.167 - - [10/May/2025:00:51:53 -0400] "POST /wp-includes/widgets/index.php HTTP/1.1" 200 42925 "-" "-"
36.70.254.167 - - [10/May/2025:00:51:53 -0400] "POST /wp-includes/widgets/index.php HTTP/1.1" 200 42925 "-" "-"
36.70.254.167 - - [10/May/2025:00:51:53 -0400] "POST /wp-includes/widgets/index.php HTTP/1.1" 200 42925 "-" "-"
36.70.254.167 - - [10/May/2025:00:51:53 -0400] "POST /wp-includes/widgets/index.php HTTP/1.1" 200 42925 "-" "-"
36.70.254.167 - - [10/May/2025:00:51:51 -0400] "POST /wp-includes/widgets/ HTTP/1.1" 200 42925 "-" "-"
36.70.254.167 - - [10/May/2025:00:51:54 -0400] "POST /wp-includes/widgets/index.php HTTP/1.1" 200 42925 "-" "-"
36.70.254.167 - - [10/May/2025:00:51:55 -0400] "POST /wp-includes/widgets/index.php HTTP/1.1" 200 42925 "-" "-"
36.70.254.167 - - [10/May/2025:00:51:56 -0400] "POST /wp-includes/widgets/index.php HTTP/1.1" 200 42925 "-" "-"
36.70.254.167 - - [10/May/2025:00:51:57 -0400] "POST /wp-includes/widgets/index.php HTTP/1.1" 200 42925 "-" "-"
36.70.254.167 - - [10/May/2025:00:51:54 -0400] "POST /wp-includes/widgets/ HTTP/1.1" 200 42925 "-" "-"
36.70.254.167 - - [10/May/2025:00:51:59 -0400] "POST /wp-includes/widgets/ HTTP/1.1" 200 42925 "-" "-"
36.70.254.167 - - [10/May/2025:00:52:03 -0400] "POST /wp-includes/widgets/ HTTP/1.1" 200 42925 "-" "-"
36.70.254.167 - - [10/May/2025:00:52:03 -0400] "POST /wp-includes/widgets/ HTTP/1.1" 200 42925 "-" "-"
36.70.254.167 - - [10/May/2025:00:52:03 -0400] "POST /wp-includes/widgets/ HTTP/1.1" 200 42925 "-" "-"
198.204.226.18 - - [10/May/2025:00:52:09 -0400] "GET /wp-content/install.php HTTP/1.1" 200 10 "http://jenniferflo.com/wp-content/install.php" "Mozilla/5.0 (Windows NT 10.0; Win64; x64) AppleWebKit/537.36 (KHTML, like Gecko) Chrome/58.0.3029.110 Safari/537.3"
47.238.13.2 - - [10/May/2025:00:52:23 -0400] "GET /pages.php?category/ctgy00102 HTTP/1.1" 200 9719 "-" "Mozilla/5.0 (Macintosh; Intel Mac OS X 10_15_7) AppleWebKit/537.36 (KHTML, like Gecko) Chrome/109.0.0.0 Safari/537.36"
198.204.226.18 - - [10/May/2025:00:53:21 -0400] "GET /wp-content/install.php HTTP/1.1" 200 10 "http://jenniferflo.com/wp-content/install.php" "Mozilla/5.0 (Windows NT 10.0; Win64; x64) AppleWebKit/537.36 (KHTML, like Gecko) Chrome/58.0.3029.110 Safari/537.3"
47.238.13.16 - - [10/May/2025:00:53:24 -0400] "GET /look/f83?pid=22761 HTTP/1.1" 500 271 "-" "Mozilla/5.0 (Macintosh; Intel Mac OS X 10_15_7) AppleWebKit/537.36 (KHTML, like Gecko) Chrome/109.0.0.0 Safari/537.36"
198.204.226.18 - - [10/May/2025:00:53:18 -0400] "GET /wp-content/install.php HTTP/1.1" 200 0 "http://jenniferflo.com/wp-content/install.php" "Mozilla/5.0 (Windows NT 10.0; Win64; x64) AppleWebKit/537.36 (KHTML, like Gecko) Chrome/58.0.3029.110 Safari/537.3"
198.204.226.18 - - [10/May/2025:00:53:33 -0400] "GET /wp-content/install.php HTTP/1.1" 200 0 "http://jenniferflo.com/wp-content/install.php" "Mozilla/5.0 (Windows NT 10.0; Win64; x64) AppleWebKit/537.36 (KHTML, like Gecko) Chrome/58.0.3029.110 Safari/537.3"
47.238.13.1 - - [10/May/2025:00:54:10 -0400] "GET /now/r14?pid=9698 HTTP/1.1" 500 271 "-" "Mozilla/5.0 (Macintosh; Intel Mac OS X 10_15_7) AppleWebKit/537.36 (KHTML, like Gecko) Chrome/109.0.0.0 Safari/537.36"
198.204.226.18 - - [10/May/2025:00:54:29 -0400] "GET /wp-content/install.php HTTP/1.1" 200 10 "http://jenniferflo.com/wp-content/install.php" "Mozilla/5.0 (Windows NT 10.0; Win64; x64) AppleWebKit/537.36 (KHTML, like Gecko) Chrome/58.0.3029.110 Safari/537.3"
43.166.245.250 - - [10/May/2025:00:54:36 -0400] "GET / HTTP/1.1" 500 271 "-" "Mozilla/5.0 (iPhone; CPU iPhone OS 13_2_3 like Mac OS X) AppleWebKit/605.1.15 (KHTML, like Gecko) Version/13.0.3 Mobile/15E148 Safari/604.1"
47.238.14.12 - - [10/May/2025:00:54:49 -0400] "GET /sitemap-subkey-1554.xml HTTP/1.1" 200 98931 "-" "Mozilla/5.0 (Macintosh; Intel Mac OS X 10_15_7) AppleWebKit/537.36 (KHTML, like Gecko) Chrome/109.0.0.0 Safari/537.36"
198.204.226.18 - - [10/May/2025:00:55:33 -0400] "GET /wp-content/install.php HTTP/1.1" 200 10 "http://jenniferflo.com/wp-content/install.php" "Mozilla/5.0 (Windows NT 10.0; Win64; x64) AppleWebKit/537.36 (KHTML, like Gecko) Chrome/58.0.3029.110 Safari/537.3"
198.204.226.18 - - [10/May/2025:00:55:30 -0400] "GET /wp-content/install.php HTTP/1.1" 200 0 "http://jenniferflo.com/wp-content/install.php" "Mozilla/5.0 (Windows NT 10.0; Win64; x64) AppleWebKit/537.36 (KHTML, like Gecko) Chrome/58.0.3029.110 Safari/537.3"
47.238.14.12 - - [10/May/2025:00:55:55 -0400] "GET /Dutch/a111?pid=39721 HTTP/1.1" 500 271 "-" "Mozilla/5.0 (Macintosh; Intel Mac OS X 10_15_7) AppleWebKit/537.36 (KHTML, like Gecko) Chrome/109.0.0.0 Safari/537.36"
198.204.226.18 - - [10/May/2025:00:55:58 -0400] "GET /wp-content/install.php HTTP/1.1" 200 10 "http://jenniferflo.com/wp-content/install.php" "Mozilla/5.0 (Windows NT 10.0; Win64; x64) AppleWebKit/537.36 (KHTML, like Gecko) Chrome/58.0.3029.110 Safari/537.3"
47.238.13.16 - - [10/May/2025:00:56:00 -0400] "GET /wow/g198?pid=3294 HTTP/1.1" 500 271 "-" "Mozilla/5.0 (Macintosh; Intel Mac OS X 10_15_7) AppleWebKit/537.36 (KHTML, like Gecko) Chrome/109.0.0.0 Safari/537.36"
198.204.226.18 - - [10/May/2025:00:55:54 -0400] "GET /wp-content/install.php HTTP/1.1" 200 0 "http://jenniferflo.com/wp-content/install.php" "Mozilla/5.0 (Windows NT 10.0; Win64; x64) AppleWebKit/537.36 (KHTML, like Gecko) Chrome/58.0.3029.110 Safari/537.3"
47.238.13.11 - - [10/May/2025:00:57:15 -0400] "GET /items/jtidq5/27076?key=known HTTP/1.1" 500 271 "-" "Mozilla/5.0 (Macintosh; Intel Mac OS X 10_15_7) AppleWebKit/537.36 (KHTML, like Gecko) Chrome/109.0.0.0 Safari/537.36"
198.204.226.18 - - [10/May/2025:00:57:44 -0400] "GET /wp-content/install.php HTTP/1.1" 200 10 "http://jenniferflo.com/wp-content/install.php" "Mozilla/5.0 (Windows NT 10.0; Win64; x64) AppleWebKit/537.36 (KHTML, like Gecko) Chrome/58.0.3029.110 Safari/537.3"
198.204.226.18 - - [10/May/2025:00:57:40 -0400] "GET /wp-content/install.php HTTP/1.1" 200 0 "http://jenniferflo.com/wp-content/install.php" "Mozilla/5.0 (Windows NT 10.0; Win64; x64) AppleWebKit/537.36 (KHTML, like Gecko) Chrome/58.0.3029.110 Safari/537.3"
47.238.13.12 - - [10/May/2025:00:58:15 -0400] "GET /basic/a69?pid=41977 HTTP/1.1" 500 271 "-" "Mozilla/5.0 (Macintosh; Intel Mac OS X 10_15_7) AppleWebKit/537.36 (KHTML, like Gecko) Chrome/109.0.0.0 Safari/537.36"
47.238.13.9 - - [10/May/2025:00:58:29 -0400] "GET /items/avnvc10/12785?key=regulatory HTTP/1.1" 500 271 "-" "Mozilla/5.0 (Macintosh; Intel Mac OS X 10_15_7) AppleWebKit/537.36 (KHTML, like Gecko) Chrome/109.0.0.0 Safari/537.36"
198.204.226.18 - - [10/May/2025:00:58:43 -0400] "GET /wp-content/install.php HTTP/1.1" 200 10 "http://jenniferflo.com/wp-content/install.php" "Mozilla/5.0 (Windows NT 10.0; Win64; x64) AppleWebKit/537.36 (KHTML, like Gecko) Chrome/58.0.3029.110 Safari/537.3"
198.204.226.18 - - [10/May/2025:00:58:40 -0400] "GET /wp-content/install.php HTTP/1.1" 200 0 "http://jenniferflo.com/wp-content/install.php" "Mozilla/5.0 (Windows NT 10.0; Win64; x64) AppleWebKit/537.36 (KHTML, like Gecko) Chrome/58.0.3029.110 Safari/537.3"
198.204.226.18 - - [10/May/2025:00:59:11 -0400] "GET /wp-content/install.php HTTP/1.1" 200 10 "http://jenniferflo.com/wp-content/install.php" "Mozilla/5.0 (Windows NT 10.0; Win64; x64) AppleWebKit/537.36 (KHTML, like Gecko) Chrome/58.0.3029.110 Safari/537.3"
198.204.226.18 - - [10/May/2025:00:59:08 -0400] "GET /wp-content/install.php HTTP/1.1" 200 0 "http://jenniferflo.com/wp-content/install.php" "Mozilla/5.0 (Windows NT 10.0; Win64; x64) AppleWebKit/537.36 (KHTML, like Gecko) Chrome/58.0.3029.110 Safari/537.3"
198.204.226.18 - - [10/May/2025:00:59:25 -0400] "GET /wp-content/install.php HTTP/1.1" 200 10 "http://jenniferflo.com/wp-content/install.php" "Mozilla/5.0 (Windows NT 10.0; Win64; x64) AppleWebKit/537.36 (KHTML, like Gecko) Chrome/58.0.3029.110 Safari/537.3"
198.204.226.18 - - [10/May/2025:01:00:33 -0400] "GET /wp-content/install.php HTTP/1.1" 200 10 "http://jenniferflo.com/wp-content/install.php" "Mozilla/5.0 (Windows NT 10.0; Win64; x64) AppleWebKit/537.36 (KHTML, like Gecko) Chrome/58.0.3029.110 Safari/537.3"
198.204.226.18 - - [10/May/2025:01:01:27 -0400] "GET /wp-content/install.php HTTP/1.1" 200 10 "http://jenniferflo.com/wp-content/install.php" "Mozilla/5.0 (Windows NT 10.0; Win64; x64) AppleWebKit/537.36 (KHTML, like Gecko) Chrome/58.0.3029.110 Safari/537.3"
198.204.226.18 - - [10/May/2025:01:01:22 -0400] "GET /wp-content/install.php HTTP/1.1" 200 0 "http://jenniferflo.com/wp-content/install.php" "Mozilla/5.0 (Windows NT 10.0; Win64; x64) AppleWebKit/537.36 (KHTML, like Gecko) Chrome/58.0.3029.110 Safari/537.3"
198.204.226.18 - - [10/May/2025:01:01:52 -0400] "GET /wp-content/install.php HTTP/1.1" 200 10 "http://jenniferflo.com/wp-content/install.php" "Mozilla/5.0 (Windows NT 10.0; Win64; x64) AppleWebKit/537.36 (KHTML, like Gecko) Chrome/58.0.3029.110 Safari/537.3"
47.238.13.18 - - [10/May/2025:01:02:01 -0400] "GET /flat/d57?pid=353 HTTP/1.1" 500 271 "-" "Mozilla/5.0 (Macintosh; Intel Mac OS X 10_15_7) AppleWebKit/537.36 (KHTML, like Gecko) Chrome/109.0.0.0 Safari/537.36"
47.243.56.196 - - [10/May/2025:01:02:21 -0400] "GET /items/dpwps40/129?key=likewise HTTP/1.1" 500 271 "-" "Mozilla/5.0 (Macintosh; Intel Mac OS X 10_15_7) AppleWebKit/537.36 (KHTML, like Gecko) Chrome/109.0.0.0 Safari/537.36"
198.204.226.18 - - [10/May/2025:01:03:04 -0400] "GET /wp-content/install.php HTTP/1.1" 200 10 "http://jenniferflo.com/wp-content/install.php" "Mozilla/5.0 (Windows NT 10.0; Win64; x64) AppleWebKit/537.36 (KHTML, like Gecko) Chrome/58.0.3029.110 Safari/537.3"
198.204.226.18 - - [10/May/2025:01:03:09 -0400] "GET /wp-content/install.php HTTP/1.1" 200 10 "http://jenniferflo.com/wp-content/install.php" "Mozilla/5.0 (Windows NT 10.0; Win64; x64) AppleWebKit/537.36 (KHTML, like Gecko) Chrome/58.0.3029.110 Safari/537.3"
198.204.226.18 - - [10/May/2025:01:03:00 -0400] "GET /wp-content/install.php HTTP/1.1" 200 0 "http://jenniferflo.com/wp-content/install.php" "Mozilla/5.0 (Windows NT 10.0; Win64; x64) AppleWebKit/537.36 (KHTML, like Gecko) Chrome/58.0.3029.110 Safari/537.3"
198.204.226.18 - - [10/May/2025:01:03:31 -0400] "GET /wp-content/install.php HTTP/1.1" 200 10 "http://jenniferflo.com/wp-content/install.php" "Mozilla/5.0 (Windows NT 10.0; Win64; x64) AppleWebKit/537.36 (KHTML, like Gecko) Chrome/58.0.3029.110 Safari/537.3"
198.204.226.18 - - [10/May/2025:01:03:48 -0400] "GET /wp-content/install.php HTTP/1.1" 200 10 "http://jenniferflo.com/wp-content/install.php" "Mozilla/5.0 (Windows NT 10.0; Win64; x64) AppleWebKit/537.36 (KHTML, like Gecko) Chrome/58.0.3029.110 Safari/537.3"
47.238.13.15 - - [10/May/2025:01:03:49 -0400] "GET /sitemap-subkey-2674.xml HTTP/1.1" 200 99639 "-" "Mozilla/5.0 (Macintosh; Intel Mac OS X 10_15_7) AppleWebKit/537.36 (KHTML, like Gecko) Chrome/109.0.0.0 Safari/537.36"
198.204.226.18 - - [10/May/2025:01:04:18 -0400] "GET /wp-content/install.php HTTP/1.1" 200 10 "http://jenniferflo.com/wp-content/install.php" "Mozilla/5.0 (Windows NT 10.0; Win64; x64) AppleWebKit/537.36 (KHTML, like Gecko) Chrome/58.0.3029.110 Safari/537.3"
198.204.226.18 - - [10/May/2025:01:04:32 -0400] "GET /wp-content/install.php HTTP/1.1" 200 10 "http://jenniferflo.com/wp-content/install.php" "Mozilla/5.0 (Windows NT 10.0; Win64; x64) AppleWebKit/537.36 (KHTML, like Gecko) Chrome/58.0.3029.110 Safari/537.3"
198.204.226.18 - - [10/May/2025:01:04:29 -0400] "GET /wp-content/install.php HTTP/1.1" 200 0 "http://jenniferflo.com/wp-content/install.php" "Mozilla/5.0 (Windows NT 10.0; Win64; x64) AppleWebKit/537.36 (KHTML, like Gecko) Chrome/58.0.3029.110 Safari/537.3"
47.238.13.13 - - [10/May/2025:01:04:56 -0400] "GET /items/ztaud89/26010?key=Supreme HTTP/1.1" 500 271 "-" "Mozilla/5.0 (Macintosh; Intel Mac OS X 10_15_7) AppleWebKit/537.36 (KHTML, like Gecko) Chrome/109.0.0.0 Safari/537.36"
47.238.13.15 - - [10/May/2025:01:05:17 -0400] "GET /credibility/f177?pid=47781 HTTP/1.1" 500 271 "-" "Mozilla/5.0 (Macintosh; Intel Mac OS X 10_15_7) AppleWebKit/537.36 (KHTML, like Gecko) Chrome/109.0.0.0 Safari/537.36"
198.204.226.18 - - [10/May/2025:01:05:34 -0400] "GET /wp-content/install.php HTTP/1.1" 200 10 "http://jenniferflo.com/wp-content/install.php" "Mozilla/5.0 (Windows NT 10.0; Win64; x64) AppleWebKit/537.36 (KHTML, like Gecko) Chrome/58.0.3029.110 Safari/537.3"
47.238.13.11 - - [10/May/2025:01:06:01 -0400] "GET /health/n80?pid=890 HTTP/1.1" 500 271 "-" "Mozilla/5.0 (Macintosh; Intel Mac OS X 10_15_7) AppleWebKit/537.36 (KHTML, like Gecko) Chrome/109.0.0.0 Safari/537.36"
198.204.226.18 - - [10/May/2025:01:06:07 -0400] "GET /wp-content/install.php HTTP/1.1" 200 0 "http://jenniferflo.com/wp-content/install.php" "Mozilla/5.0 (Windows NT 10.0; Win64; x64) AppleWebKit/537.36 (KHTML, like Gecko) Chrome/58.0.3029.110 Safari/537.3"
198.204.226.18 - - [10/May/2025:01:06:33 -0400] "GET /wp-content/install.php HTTP/1.1" 200 10 "http://jenniferflo.com/wp-content/install.php" "Mozilla/5.0 (Windows NT 10.0; Win64; x64) AppleWebKit/537.36 (KHTML, like Gecko) Chrome/58.0.3029.110 Safari/537.3"
8.218.186.1 - - [10/May/2025:01:06:37 -0400] "GET /sitemap-subkey-2566.xml HTTP/1.1" 200 100152 "-" "Mozilla/5.0 (Macintosh; Intel Mac OS X 10_15_7) AppleWebKit/537.36 (KHTML, like Gecko) Chrome/109.0.0.0 Safari/537.36"
8.210.8.206 - - [10/May/2025:01:06:40 -0400] "GET /increasingly/p36?pid=292 HTTP/1.1" 500 271 "-" "Mozilla/5.0 (Macintosh; Intel Mac OS X 10_15_7) AppleWebKit/537.36 (KHTML, like Gecko) Chrome/109.0.0.0 Safari/537.36"
47.238.13.11 - - [10/May/2025:01:06:41 -0400] "GET /could/q35?pid=593 HTTP/1.1" 500 271 "-" "Mozilla/5.0 (Macintosh; Intel Mac OS X 10_15_7) AppleWebKit/537.36 (KHTML, like Gecko) Chrome/109.0.0.0 Safari/537.36"
47.238.13.17 - - [10/May/2025:01:07:39 -0400] "GET /items/ghndx60/913?key=forever HTTP/1.1" 500 271 "-" "Mozilla/5.0 (Macintosh; Intel Mac OS X 10_15_7) AppleWebKit/537.36 (KHTML, like Gecko) Chrome/109.0.0.0 Safari/537.36"
8.210.108.0 - - [10/May/2025:01:08:02 -0400] "GET /pregnant/s4?pid=906 HTTP/1.1" 500 271 "-" "Mozilla/5.0 (Macintosh; Intel Mac OS X 10_15_7) AppleWebKit/537.36 (KHTML, like Gecko) Chrome/109.0.0.0 Safari/537.36"
47.238.13.10 - - [10/May/2025:01:08:12 -0400] "GET /items/twjqg37/598?key=works HTTP/1.1" 500 271 "-" "Mozilla/5.0 (Macintosh; Intel Mac OS X 10_15_7) AppleWebKit/537.36 (KHTML, like Gecko) Chrome/109.0.0.0 Safari/537.36"
47.238.13.12 - - [10/May/2025:01:08:17 -0400] "GET /negotiate/g76?pid=2424 HTTP/1.1" 500 271 "-" "Mozilla/5.0 (Macintosh; Intel Mac OS X 10_15_7) AppleWebKit/537.36 (KHTML, like Gecko) Chrome/109.0.0.0 Safari/537.36"
198.204.226.18 - - [10/May/2025:01:08:35 -0400] "GET /wp-content/install.php HTTP/1.1" 200 10 "http://jenniferflo.com/wp-content/install.php" "Mozilla/5.0 (Windows NT 10.0; Win64; x64) AppleWebKit/537.36 (KHTML, like Gecko) Chrome/58.0.3029.110 Safari/537.3"
8.210.8.206 - - [10/May/2025:01:08:52 -0400] "GET /items/ekbap32/689?key=painting HTTP/1.1" 500 271 "-" "Mozilla/5.0 (Macintosh; Intel Mac OS X 10_15_7) AppleWebKit/537.36 (KHTML, like Gecko) Chrome/109.0.0.0 Safari/537.36"
47.238.13.11 - - [10/May/2025:01:09:33 -0400] "GET /sitemap-subkey-980.xml HTTP/1.1" 200 99404 "-" "Mozilla/5.0 (Macintosh; Intel Mac OS X 10_15_7) AppleWebKit/537.36 (KHTML, like Gecko) Chrome/109.0.0.0 Safari/537.36"
198.204.226.18 - - [10/May/2025:01:09:40 -0400] "GET /wp-content/install.php HTTP/1.1" 200 10 "http://jenniferflo.com/wp-content/install.php" "Mozilla/5.0 (Windows NT 10.0; Win64; x64) AppleWebKit/537.36 (KHTML, like Gecko) Chrome/58.0.3029.110 Safari/537.3"
198.204.226.18 - - [10/May/2025:01:09:55 -0400] "GET /wp-content/install.php HTTP/1.1" 200 10 "http://jenniferflo.com/wp-content/install.php" "Mozilla/5.0 (Windows NT 10.0; Win64; x64) AppleWebKit/537.36 (KHTML, like Gecko) Chrome/58.0.3029.110 Safari/537.3"
198.204.226.18 - - [10/May/2025:01:09:51 -0400] "GET /wp-content/install.php HTTP/1.1" 200 0 "http://jenniferflo.com/wp-content/install.php" "Mozilla/5.0 (Windows NT 10.0; Win64; x64) AppleWebKit/537.36 (KHTML, like Gecko) Chrome/58.0.3029.110 Safari/537.3"
198.204.226.18 - - [10/May/2025:01:11:27 -0400] "GET /wp-content/install.php HTTP/1.1" 200 10 "http://jenniferflo.com/wp-content/install.php" "Mozilla/5.0 (Windows NT 10.0; Win64; x64) AppleWebKit/537.36 (KHTML, like Gecko) Chrome/58.0.3029.110 Safari/537.3"
47.238.13.18 - - [10/May/2025:01:11:35 -0400] "GET /items/kvfel133/8?key=shorts HTTP/1.1" 500 271 "-" "Mozilla/5.0 (Macintosh; Intel Mac OS X 10_15_7) AppleWebKit/537.36 (KHTML, like Gecko) Chrome/109.0.0.0 Safari/537.36"
47.238.13.10 - - [10/May/2025:01:11:53 -0400] "GET /items/eurbw185/12112?key=lid HTTP/1.1" 500 271 "-" "Mozilla/5.0 (Macintosh; Intel Mac OS X 10_15_7) AppleWebKit/537.36 (KHTML, like Gecko) Chrome/109.0.0.0 Safari/537.36"
57.141.6.18 - - [10/May/2025:01:11:59 -0400] "GET /?_g=2932527 HTTP/1.1" 500 360 "-" "meta-externalagent/1.1 (+https://developers.facebook.com/docs/sharing/webmasters/crawler)"
198.204.226.18 - - [10/May/2025:01:12:12 -0400] "GET /wp-content/install.php HTTP/1.1" 200 10 "http://jenniferflo.com/wp-content/install.php" "Mozilla/5.0 (Windows NT 10.0; Win64; x64) AppleWebKit/537.36 (KHTML, like Gecko) Chrome/58.0.3029.110 Safari/537.3"
198.204.226.18 - - [10/May/2025:01:12:26 -0400] "GET /wp-content/install.php HTTP/1.1" 200 10 "http://jenniferflo.com/wp-content/install.php" "Mozilla/5.0 (Windows NT 10.0; Win64; x64) AppleWebKit/537.36 (KHTML, like Gecko) Chrome/58.0.3029.110 Safari/537.3"
198.204.226.18 - - [10/May/2025:01:12:56 -0400] "GET /wp-content/install.php HTTP/1.1" 200 10 "http://jenniferflo.com/wp-content/install.php" "Mozilla/5.0 (Windows NT 10.0; Win64; x64) AppleWebKit/537.36 (KHTML, like Gecko) Chrome/58.0.3029.110 Safari/537.3"
198.204.226.18 - - [10/May/2025:01:12:53 -0400] "GET /wp-content/install.php HTTP/1.1" 200 0 "http://jenniferflo.com/wp-content/install.php" "Mozilla/5.0 (Windows NT 10.0; Win64; x64) AppleWebKit/537.36 (KHTML, like Gecko) Chrome/58.0.3029.110 Safari/537.3"
47.238.13.2 - - [10/May/2025:01:13:40 -0400] "GET /us/m1?pid=42703 HTTP/1.1" 500 271 "-" "Mozilla/5.0 (Macintosh; Intel Mac OS X 10_15_7) AppleWebKit/537.36 (KHTML, like Gecko) Chrome/109.0.0.0 Safari/537.36"
47.238.13.10 - - [10/May/2025:01:14:23 -0400] "GET /department/e90?pid=492 HTTP/1.1" 500 271 "-" "Mozilla/5.0 (Macintosh; Intel Mac OS X 10_15_7) AppleWebKit/537.36 (KHTML, like Gecko) Chrome/109.0.0.0 Safari/537.36"
47.238.13.14 - - [10/May/2025:01:14:25 -0400] "GET /sitemap-subkey-2410.xml HTTP/1.1" 200 100964 "-" "Mozilla/5.0 (Macintosh; Intel Mac OS X 10_15_7) AppleWebKit/537.36 (KHTML, like Gecko) Chrome/109.0.0.0 Safari/537.36"
198.204.226.18 - - [10/May/2025:01:14:30 -0400] "GET /wp-content/install.php HTTP/1.1" 200 10 "http://jenniferflo.com/wp-content/install.php" "Mozilla/5.0 (Windows NT 10.0; Win64; x64) AppleWebKit/537.36 (KHTML, like Gecko) Chrome/58.0.3029.110 Safari/537.3"
198.204.226.18 - - [10/May/2025:01:15:54 -0400] "GET /wp-content/install.php HTTP/1.1" 200 10 "http://jenniferflo.com/wp-content/install.php" "Mozilla/5.0 (Windows NT 10.0; Win64; x64) AppleWebKit/537.36 (KHTML, like Gecko) Chrome/58.0.3029.110 Safari/537.3"
198.204.226.18 - - [10/May/2025:01:16:59 -0400] "GET /wp-content/install.php HTTP/1.1" 200 10 "http://jenniferflo.com/wp-content/install.php" "Mozilla/5.0 (Windows NT 10.0; Win64; x64) AppleWebKit/537.36 (KHTML, like Gecko) Chrome/58.0.3029.110 Safari/537.3"
198.204.226.18 - - [10/May/2025:01:16:56 -0400] "GET /wp-content/install.php HTTP/1.1" 200 0 "http://jenniferflo.com/wp-content/install.php" "Mozilla/5.0 (Windows NT 10.0; Win64; x64) AppleWebKit/537.36 (KHTML, like Gecko) Chrome/58.0.3029.110 Safari/537.3"
47.238.13.13 - - [10/May/2025:01:17:15 -0400] "GET /items/rbdgm44/789?key=uh HTTP/1.1" 500 271 "-" "Mozilla/5.0 (Macintosh; Intel Mac OS X 10_15_7) AppleWebKit/537.36 (KHTML, like Gecko) Chrome/109.0.0.0 Safari/537.36"
198.204.226.18 - - [10/May/2025:01:17:16 -0400] "GET /wp-content/install.php HTTP/1.1" 200 10 "http://jenniferflo.com/wp-content/install.php" "Mozilla/5.0 (Windows NT 10.0; Win64; x64) AppleWebKit/537.36 (KHTML, like Gecko) Chrome/58.0.3029.110 Safari/537.3"
198.204.226.18 - - [10/May/2025:01:17:36 -0400] "GET /wp-content/install.php HTTP/1.1" 200 10 "http://jenniferflo.com/wp-content/install.php" "Mozilla/5.0 (Windows NT 10.0; Win64; x64) AppleWebKit/537.36 (KHTML, like Gecko) Chrome/58.0.3029.110 Safari/537.3"
2.58.56.50 - - [10/May/2025:01:17:49 -0400] "GET / HTTP/1.1" 500 360 "-" "Mozilla/5.0 (Windows NT 10.0; Win64; x64) AppleWebKit/537.36 (KHTML, like Gecko) Chrome/89.0.4389.114 Safari/537.36"
2.58.56.50 - - [10/May/2025:01:17:49 -0400] "GET / HTTP/1.1" 500 360 "-" "Mozilla/5.0 (Windows NT 10.0; Win64; x64) AppleWebKit/537.36 (KHTML, like Gecko) Chrome/89.0.4389.114 Safari/537.36"
2.58.56.50 - - [10/May/2025:01:17:49 -0400] "GET /wp-includes/wlwmanifest.xml HTTP/1.1" 200 134698 "-" "Mozilla/5.0 (Windows NT 10.0; Win64; x64) AppleWebKit/537.36 (KHTML, like Gecko) Chrome/89.0.4389.114 Safari/537.36"
2.58.56.50 - - [10/May/2025:01:17:50 -0400] "GET /xmlrpc.php?rsd HTTP/1.1" 500 360 "-" "Mozilla/5.0 (Windows NT 10.0; Win64; x64) AppleWebKit/537.36 (KHTML, like Gecko) Chrome/89.0.4389.114 Safari/537.36"
2.58.56.50 - - [10/May/2025:01:17:50 -0400] "GET / HTTP/1.1" 500 360 "-" "Mozilla/5.0 (Windows NT 10.0; Win64; x64) AppleWebKit/537.36 (KHTML, like Gecko) Chrome/89.0.4389.114 Safari/537.36"
2.58.56.50 - - [10/May/2025:01:17:50 -0400] "GET /blog/wp-includes/wlwmanifest.xml HTTP/1.1" 200 134902 "-" "Mozilla/5.0 (Windows NT 10.0; Win64; x64) AppleWebKit/537.36 (KHTML, like Gecko) Chrome/89.0.4389.114 Safari/537.36"
2.58.56.50 - - [10/May/2025:01:17:51 -0400] "GET /web/wp-includes/wlwmanifest.xml HTTP/1.1" 200 134698 "-" "Mozilla/5.0 (Windows NT 10.0; Win64; x64) AppleWebKit/537.36 (KHTML, like Gecko) Chrome/89.0.4389.114 Safari/537.36"
2.58.56.50 - - [10/May/2025:01:17:51 -0400] "GET /wordpress/wp-includes/wlwmanifest.xml HTTP/1.1" 200 134737 "-" "Mozilla/5.0 (Windows NT 10.0; Win64; x64) AppleWebKit/537.36 (KHTML, like Gecko) Chrome/89.0.4389.114 Safari/537.36"
2.58.56.50 - - [10/May/2025:01:17:51 -0400] "GET /website/wp-includes/wlwmanifest.xml HTTP/1.1" 200 134813 "-" "Mozilla/5.0 (Windows NT 10.0; Win64; x64) AppleWebKit/537.36 (KHTML, like Gecko) Chrome/89.0.4389.114 Safari/537.36"
2.58.56.50 - - [10/May/2025:01:17:52 -0400] "GET /wp/wp-includes/wlwmanifest.xml HTTP/1.1" 200 134718 "-" "Mozilla/5.0 (Windows NT 10.0; Win64; x64) AppleWebKit/537.36 (KHTML, like Gecko) Chrome/89.0.4389.114 Safari/537.36"
2.58.56.50 - - [10/May/2025:01:17:52 -0400] "GET /news/wp-includes/wlwmanifest.xml HTTP/1.1" 200 134816 "-" "Mozilla/5.0 (Windows NT 10.0; Win64; x64) AppleWebKit/537.36 (KHTML, like Gecko) Chrome/89.0.4389.114 Safari/537.36"
2.58.56.50 - - [10/May/2025:01:17:52 -0400] "GET /2020/wp-includes/wlwmanifest.xml HTTP/1.1" 200 134698 "-" "Mozilla/5.0 (Windows NT 10.0; Win64; x64) AppleWebKit/537.36 (KHTML, like Gecko) Chrome/89.0.4389.114 Safari/537.36"
2.58.56.50 - - [10/May/2025:01:17:52 -0400] "GET /2019/wp-includes/wlwmanifest.xml HTTP/1.1" 200 134826 "-" "Mozilla/5.0 (Windows NT 10.0; Win64; x64) AppleWebKit/537.36 (KHTML, like Gecko) Chrome/89.0.4389.114 Safari/537.36"
2.58.56.50 - - [10/May/2025:01:17:53 -0400] "GET /shop/wp-includes/wlwmanifest.xml HTTP/1.1" 200 134957 "-" "Mozilla/5.0 (Windows NT 10.0; Win64; x64) AppleWebKit/537.36 (KHTML, like Gecko) Chrome/89.0.4389.114 Safari/537.36"
2.58.56.50 - - [10/May/2025:01:17:53 -0400] "GET /wp1/wp-includes/wlwmanifest.xml HTTP/1.1" 200 134905 "-" "Mozilla/5.0 (Windows NT 10.0; Win64; x64) AppleWebKit/537.36 (KHTML, like Gecko) Chrome/89.0.4389.114 Safari/537.36"
2.58.56.50 - - [10/May/2025:01:17:53 -0400] "GET /test/wp-includes/wlwmanifest.xml HTTP/1.1" 200 134698 "-" "Mozilla/5.0 (Windows NT 10.0; Win64; x64) AppleWebKit/537.36 (KHTML, like Gecko) Chrome/89.0.4389.114 Safari/537.36"
2.58.56.50 - - [10/May/2025:01:17:54 -0400] "GET /wp2/wp-includes/wlwmanifest.xml HTTP/1.1" 200 134698 "-" "Mozilla/5.0 (Windows NT 10.0; Win64; x64) AppleWebKit/537.36 (KHTML, like Gecko) Chrome/89.0.4389.114 Safari/537.36"
2.58.56.50 - - [10/May/2025:01:17:54 -0400] "GET /site/wp-includes/wlwmanifest.xml HTTP/1.1" 200 134721 "-" "Mozilla/5.0 (Windows NT 10.0; Win64; x64) AppleWebKit/537.36 (KHTML, like Gecko) Chrome/89.0.4389.114 Safari/537.36"
2.58.56.50 - - [10/May/2025:01:17:54 -0400] "GET /cms/wp-includes/wlwmanifest.xml HTTP/1.1" 200 134698 "-" "Mozilla/5.0 (Windows NT 10.0; Win64; x64) AppleWebKit/537.36 (KHTML, like Gecko) Chrome/89.0.4389.114 Safari/537.36"
2.58.56.50 - - [10/May/2025:01:17:55 -0400] "GET /sito/wp-includes/wlwmanifest.xml HTTP/1.1" 200 134982 "-" "Mozilla/5.0 (Windows NT 10.0; Win64; x64) AppleWebKit/537.36 (KHTML, like Gecko) Chrome/89.0.4389.114 Safari/537.36"
47.238.13.5 - - [10/May/2025:01:18:18 -0400] "GET /rub/c59?pid=41113 HTTP/1.1" 500 271 "-" "Mozilla/5.0 (Macintosh; Intel Mac OS X 10_15_7) AppleWebKit/537.36 (KHTML, like Gecko) Chrome/109.0.0.0 Safari/537.36"
198.204.226.18 - - [10/May/2025:01:18:34 -0400] "GET /wp-content/install.php HTTP/1.1" 200 0 "http://jenniferflo.com/wp-content/install.php" "Mozilla/5.0 (Windows NT 10.0; Win64; x64) AppleWebKit/537.36 (KHTML, like Gecko) Chrome/58.0.3029.110 Safari/537.3"
47.243.178.179 - - [10/May/2025:01:18:47 -0400] "GET /steak/y90?pid=334 HTTP/1.1" 500 271 "-" "Mozilla/5.0 (Macintosh; Intel Mac OS X 10_15_7) AppleWebKit/537.36 (KHTML, like Gecko) Chrome/109.0.0.0 Safari/537.36"
47.238.14.12 - - [10/May/2025:01:20:01 -0400] "GET /sitemap-subkey-2760.xml HTTP/1.1" 200 99058 "-" "Mozilla/5.0 (Macintosh; Intel Mac OS X 10_15_7) AppleWebKit/537.36 (KHTML, like Gecko) Chrome/109.0.0.0 Safari/537.36"
198.204.226.18 - - [10/May/2025:01:20:58 -0400] "GET /wp-content/install.php HTTP/1.1" 200 10 "http://jenniferflo.com/wp-content/install.php" "Mozilla/5.0 (Windows NT 10.0; Win64; x64) AppleWebKit/537.36 (KHTML, like Gecko) Chrome/58.0.3029.110 Safari/537.3"
198.204.226.18 - - [10/May/2025:01:20:55 -0400] "GET /wp-content/install.php HTTP/1.1" 200 0 "http://jenniferflo.com/wp-content/install.php" "Mozilla/5.0 (Windows NT 10.0; Win64; x64) AppleWebKit/537.36 (KHTML, like Gecko) Chrome/58.0.3029.110 Safari/537.3"
47.238.13.9 - - [10/May/2025:01:21:14 -0400] "GET /south/d69?pid=38413 HTTP/1.1" 500 271 "-" "Mozilla/5.0 (Macintosh; Intel Mac OS X 10_15_7) AppleWebKit/537.36 (KHTML, like Gecko) Chrome/109.0.0.0 Safari/537.36"
198.204.226.18 - - [10/May/2025:01:21:26 -0400] "GET /wp-content/install.php HTTP/1.1" 200 10 "http://jenniferflo.com/wp-content/install.php" "Mozilla/5.0 (Windows NT 10.0; Win64; x64) AppleWebKit/537.36 (KHTML, like Gecko) Chrome/58.0.3029.110 Safari/537.3"
198.204.226.18 - - [10/May/2025:01:22:59 -0400] "GET /wp-content/install.php HTTP/1.1" 200 10 "http://jenniferflo.com/wp-content/install.php" "Mozilla/5.0 (Windows NT 10.0; Win64; x64) AppleWebKit/537.36 (KHTML, like Gecko) Chrome/58.0.3029.110 Safari/537.3"
198.204.226.18 - - [10/May/2025:01:22:55 -0400] "GET /wp-content/install.php HTTP/1.1" 200 0 "http://jenniferflo.com/wp-content/install.php" "Mozilla/5.0 (Windows NT 10.0; Win64; x64) AppleWebKit/537.36 (KHTML, like Gecko) Chrome/58.0.3029.110 Safari/537.3"
198.204.226.18 - - [10/May/2025:01:24:33 -0400] "GET /wp-content/install.php HTTP/1.1" 200 10 "http://jenniferflo.com/wp-content/install.php" "Mozilla/5.0 (Windows NT 10.0; Win64; x64) AppleWebKit/537.36 (KHTML, like Gecko) Chrome/58.0.3029.110 Safari/537.3"
198.204.226.18 - - [10/May/2025:01:24:30 -0400] "GET /wp-content/install.php HTTP/1.1" 200 0 "http://jenniferflo.com/wp-content/install.php" "Mozilla/5.0 (Windows NT 10.0; Win64; x64) AppleWebKit/537.36 (KHTML, like Gecko) Chrome/58.0.3029.110 Safari/537.3"
198.204.226.18 - - [10/May/2025:01:24:48 -0400] "GET /wp-content/install.php HTTP/1.1" 200 10 "http://jenniferflo.com/wp-content/install.php" "Mozilla/5.0 (Windows NT 10.0; Win64; x64) AppleWebKit/537.36 (KHTML, like Gecko) Chrome/58.0.3029.110 Safari/537.3"
198.204.226.18 - - [10/May/2025:01:24:45 -0400] "GET /wp-content/install.php HTTP/1.1" 200 0 "http://jenniferflo.com/wp-content/install.php" "Mozilla/5.0 (Windows NT 10.0; Win64; x64) AppleWebKit/537.36 (KHTML, like Gecko) Chrome/58.0.3029.110 Safari/537.3"
47.238.13.10 - - [10/May/2025:01:25:06 -0400] "GET /items/damfq155/45376?key=fairly HTTP/1.1" 500 271 "-" "Mozilla/5.0 (Macintosh; Intel Mac OS X 10_15_7) AppleWebKit/537.36 (KHTML, like Gecko) Chrome/109.0.0.0 Safari/537.36"
198.204.226.18 - - [10/May/2025:01:25:58 -0400] "GET /wp-content/install.php HTTP/1.1" 200 10 "http://jenniferflo.com/wp-content/install.php" "Mozilla/5.0 (Windows NT 10.0; Win64; x64) AppleWebKit/537.36 (KHTML, like Gecko) Chrome/58.0.3029.110 Safari/537.3"
47.238.13.9 - - [10/May/2025:01:26:49 -0400] "GET /82108772 HTTP/1.1" 500 271 "-" "Mozilla/5.0 (Macintosh; Intel Mac OS X 10_15_7) AppleWebKit/537.36 (KHTML, like Gecko) Chrome/109.0.0.0 Safari/537.36"
198.204.226.18 - - [10/May/2025:01:27:19 -0400] "GET /wp-content/install.php HTTP/1.1" 200 10 "http://jenniferflo.com/wp-content/install.php" "Mozilla/5.0 (Windows NT 10.0; Win64; x64) AppleWebKit/537.36 (KHTML, like Gecko) Chrome/58.0.3029.110 Safari/537.3"
198.204.226.18 - - [10/May/2025:01:27:45 -0400] "GET /wp-content/install.php HTTP/1.1" 200 10 "http://jenniferflo.com/wp-content/install.php" "Mozilla/5.0 (Windows NT 10.0; Win64; x64) AppleWebKit/537.36 (KHTML, like Gecko) Chrome/58.0.3029.110 Safari/537.3"
198.204.226.18 - - [10/May/2025:01:27:52 -0400] "GET /wp-content/install.php HTTP/1.1" 200 10 "http://jenniferflo.com/wp-content/install.php" "Mozilla/5.0 (Windows NT 10.0; Win64; x64) AppleWebKit/537.36 (KHTML, like Gecko) Chrome/58.0.3029.110 Safari/537.3"
47.238.14.12 - - [10/May/2025:01:27:54 -0400] "GET /items/hkxef67/27794?key=money HTTP/1.1" 500 271 "-" "Mozilla/5.0 (Macintosh; Intel Mac OS X 10_15_7) AppleWebKit/537.36 (KHTML, like Gecko) Chrome/109.0.0.0 Safari/537.36"
198.204.226.18 - - [10/May/2025:01:28:03 -0400] "GET /wp-content/install.php HTTP/1.1" 200 10 "http://jenniferflo.com/wp-content/install.php" "Mozilla/5.0 (Windows NT 10.0; Win64; x64) AppleWebKit/537.36 (KHTML, like Gecko) Chrome/58.0.3029.110 Safari/537.3"
47.238.13.16 - - [10/May/2025:01:28:25 -0400] "GET /category/19040_19041/1/listing HTTP/1.1" 500 271 "-" "Mozilla/5.0 (Macintosh; Intel Mac OS X 10_15_7) AppleWebKit/537.36 (KHTML, like Gecko) Chrome/109.0.0.0 Safari/537.36"
194.87.29.57 - - [10/May/2025:01:28:33 -0400] "GET /wp-content/plugins/give/readme.txt HTTP/1.1" 403 1242 "-" "Mozilla/5.0 (compatible; MSIE 9.0; Windows NT 5.1; Win64; x64; Trident/5.0)"
194.87.29.57 - - [10/May/2025:01:28:33 -0400] "GET /wp-json/wp/v2/give_forms/ HTTP/1.1" 500 271 "http://jenniferflo.com/wp-content/plugins/give/readme.txt" "Mozilla/5.0 (compatible; MSIE 9.0; Windows NT 5.1; Win64; x64; Trident/5.0)"
194.87.29.57 - - [10/May/2025:01:28:33 -0400] "POST /wp-admin/admin-ajax.php HTTP/1.1" 500 271 "http://jenniferflo.com/wp-json/wp/v2/give_forms/" "Mozilla/5.0 (compatible; MSIE 9.0; Windows NT 5.1; Win64; x64; Trident/5.0)"
198.204.226.18 - - [10/May/2025:01:29:13 -0400] "GET /wp-content/install.php HTTP/1.1" 200 10 "http://jenniferflo.com/wp-content/install.php" "Mozilla/5.0 (Windows NT 10.0; Win64; x64) AppleWebKit/537.36 (KHTML, like Gecko) Chrome/58.0.3029.110 Safari/537.3"
47.238.13.17 - - [10/May/2025:01:29:16 -0400] "GET /sitemap-subkey-687.xml HTTP/1.1" 200 99030 "-" "Mozilla/5.0 (Macintosh; Intel Mac OS X 10_15_7) AppleWebKit/537.36 (KHTML, like Gecko) Chrome/109.0.0.0 Safari/537.36"
47.238.13.16 - - [10/May/2025:01:29:20 -0400] "GET /spot/g165?pid=6191 HTTP/1.1" 500 271 "-" "Mozilla/5.0 (Macintosh; Intel Mac OS X 10_15_7) AppleWebKit/537.36 (KHTML, like Gecko) Chrome/109.0.0.0 Safari/537.36"
47.238.13.3 - - [10/May/2025:01:29:31 -0400] "GET /delicate/z95?pid=623 HTTP/1.1" 500 271 "-" "Mozilla/5.0 (Macintosh; Intel Mac OS X 10_15_7) AppleWebKit/537.36 (KHTML, like Gecko) Chrome/109.0.0.0 Safari/537.36"
213.136.93.171 - - [10/May/2025:01:30:46 -0400] "GET /wp-login.php HTTP/1.1" 500 271 "-" "GRequests/0.10"
213.136.93.171 - - [10/May/2025:01:30:46 -0400] "POST /wp-login.php HTTP/1.1" 500 271 "-" "GRequests/0.10"
213.136.93.171 - - [10/May/2025:01:30:46 -0400] "GET /wp-admin/ HTTP/1.1" 200 1779 "-" "GRequests/0.10"
172.190.142.176 - - [10/May/2025:01:30:48 -0400] "GET /wp-content/plugins/hellopress/wp_filemanager.php HTTP/1.1" 403 1242 "-" "-"
172.190.142.176 - - [10/May/2025:01:30:48 -0400] "GET /wp-includes/Text/network.php HTTP/1.1" 500 360 "-" "-"
172.190.142.176 - - [10/May/2025:01:30:48 -0400] "GET /wp-content/upgrade-temp-backup/wp-login.php HTTP/1.1" 500 360 "-" "-"
172.190.142.176 - - [10/May/2025:01:30:48 -0400] "GET /js/fm.php HTTP/1.1" 500 360 "-" "-"
172.190.142.176 - - [10/May/2025:01:30:48 -0400] "GET /wp-content/themes/astra/inc/ki1k.php HTTP/1.1" 500 360 "-" "-"
172.190.142.176 - - [10/May/2025:01:30:48 -0400] "GET /WordPress/wp-admin/includes/zmFM.php HTTP/1.1" 500 360 "-" "-"
172.190.142.176 - - [10/May/2025:01:30:48 -0400] "GET /default.php HTTP/1.1" 500 360 "-" "-"
172.190.142.176 - - [10/May/2025:01:30:48 -0400] "GET /ty.php HTTP/1.1" 500 360 "-" "-"
172.190.142.176 - - [10/May/2025:01:30:48 -0400] "GET /wp-content/themes/cay-van-phong/filemanager.php HTTP/1.1" 500 360 "-" "-"
172.190.142.176 - - [10/May/2025:01:30:48 -0400] "GET /fm.php HTTP/1.1" 500 360 "-" "-"
172.190.142.176 - - [10/May/2025:01:30:48 -0400] "GET /wp-content/plugins/seoplugins/index.php HTTP/1.1" 500 360 "-" "-"
172.190.142.176 - - [10/May/2025:01:30:48 -0400] "GET /ini.php HTTP/1.1" 500 360 "-" "-"
172.190.142.176 - - [10/May/2025:01:30:48 -0400] "GET /libraries/legacy/info.php HTTP/1.1" 500 360 "-" "-"
172.190.142.176 - - [10/May/2025:01:30:48 -0400] "GET /wp-content/themes/include.php HTTP/1.1" 500 360 "-" "-"
172.190.142.176 - - [10/May/2025:01:30:48 -0400] "GET /wp-admin/network/about.php HTTP/1.1" 500 359 "-" "-"
172.190.142.176 - - [10/May/2025:01:30:48 -0400] "GET /alfa.php HTTP/1.1" 500 360 "-" "-"
172.190.142.176 - - [10/May/2025:01:30:48 -0400] "GET /wp-mail.php/wp-includes/ID3/rk2.php HTTP/1.1" 500 360 "-" "-"
172.190.142.176 - - [10/May/2025:01:30:48 -0400] "GET /assets/images/28c5400b0b.php HTTP/1.1" 500 360 "-" "-"
172.190.142.176 - - [10/May/2025:01:30:48 -0400] "GET /wordpress/wp-includes/wp-config-sample.php HTTP/1.1" 500 360 "-" "-"
172.190.142.176 - - [10/May/2025:01:30:48 -0400] "GET /wp-mail.php/wp-includes/ID3/.info.php HTTP/1.1" 500 360 "-" "-"
172.190.142.176 - - [10/May/2025:01:30:48 -0400] "GET /wp-includes/Text/Diff/Engine/about.php HTTP/1.1" 500 360 "-" "-"
172.190.142.176 - - [10/May/2025:01:30:48 -0400] "GET /wp-includes/js/tinymce/skins/lightgray/img/about.php HTTP/1.1" 500 360 "-" "-"
172.190.142.176 - - [10/May/2025:01:30:49 -0400] "GET /wp-includes/block-supports/autoload_classmap.php HTTP/1.1" 500 360 "-" "-"
172.190.142.176 - - [10/May/2025:01:30:49 -0400] "GET /wp-content/uploads/classwithtostring.php HTTP/1.1" 500 360 "-" "-"
172.190.142.176 - - [10/May/2025:01:30:49 -0400] "GET /wp-admin/images/install.php HTTP/1.1" 500 360 "-" "-"
172.190.142.176 - - [10/May/2025:01:30:49 -0400] "GET /.well-known/link.php HTTP/1.1" 500 360 "-" "-"
172.190.142.176 - - [10/May/2025:01:30:49 -0400] "GET /wp-admin/chosen.php HTTP/1.1" 500 360 "-" "-"
172.190.142.176 - - [10/May/2025:01:30:49 -0400] "GET /info.php HTTP/1.1" 500 360 "-" "-"
172.190.142.176 - - [10/May/2025:01:30:49 -0400] "GET /wp-includes/assets/about.php HTTP/1.1" 500 360 "-" "-"
172.190.142.176 - - [10/May/2025:01:30:49 -0400] "GET /test.php HTTP/1.1" 500 360 "-" "-"
172.190.142.176 - - [10/May/2025:01:30:49 -0400] "GET /wp-admin/css/colors/ectoplasm/wp-login.php HTTP/1.1" 500 360 "-" "-"
172.190.142.176 - - [10/May/2025:01:30:49 -0400] "GET /Assets/item.php HTTP/1.1" 500 360 "-" "-"
172.190.142.176 - - [10/May/2025:01:30:49 -0400] "GET /shop/lock.php HTTP/1.1" 500 360 "-" "-"
172.190.142.176 - - [10/May/2025:01:30:49 -0400] "GET /th/plugins/phpThumb/404.php HTTP/1.1" 500 360 "-" "-"
172.190.142.176 - - [10/May/2025:01:30:49 -0400] "GET /wp-includes/css/dist/preferences/index.php HTTP/1.1" 500 360 "-" "-"
172.190.142.176 - - [10/May/2025:01:30:50 -0400] "GET /files/log.php HTTP/1.1" 500 360 "-" "-"
172.190.142.176 - - [10/May/2025:01:30:50 -0400] "GET /wp-includes/html-api/index.php HTTP/1.1" 500 360 "-" "-"
172.190.142.176 - - [10/May/2025:01:30:50 -0400] "GET /x.php HTTP/1.1" 500 360 "-" "-"
172.190.142.176 - - [10/May/2025:01:30:50 -0400] "GET /wp-includes/assets/index.php HTTP/1.1" 500 360 "-" "-"
172.190.142.176 - - [10/May/2025:01:30:51 -0400] "GET /wp-includes/block-patterns/vuln.php HTTP/1.1" 500 360 "-" "-"
172.190.142.176 - - [10/May/2025:01:30:51 -0400] "GET /wp-includes/rest-api/fields/index.php HTTP/1.1" 200 360 "-" "-"
172.190.142.176 - - [10/May/2025:01:30:51 -0400] "GET /wp-includes/images/media/wp-login.php HTTP/1.1" 500 360 "-" "-"
172.190.142.176 - - [10/May/2025:01:30:51 -0400] "GET /wp-content/uploads/autoload_classmap.php HTTP/1.1" 500 360 "-" "-"
172.190.142.176 - - [10/May/2025:01:30:51 -0400] "GET /images/404.php HTTP/1.1" 500 360 "-" "-"
172.190.142.176 - - [10/May/2025:01:30:51 -0400] "GET /wp-content/languages/asus.php HTTP/1.1" 500 360 "-" "-"
172.190.142.176 - - [10/May/2025:01:30:51 -0400] "GET /admin.php HTTP/1.1" 500 360 "-" "-"
172.190.142.176 - - [10/May/2025:01:30:51 -0400] "GET /.well-known/pki-validation/parx.php HTTP/1.1" 404 1251 "-" "-"
172.190.142.176 - - [10/May/2025:01:30:51 -0400] "GET /wp-content/plugins/wp-login.php HTTP/1.1" 500 360 "-" "-"
172.190.142.176 - - [10/May/2025:01:30:51 -0400] "GET /12wudscz.php HTTP/1.1" 500 360 "-" "-"
172.190.142.176 - - [10/May/2025:01:30:51 -0400] "GET /wp-content/themes/wp-pridmag/admin.php HTTP/1.1" 500 360 "-" "-"
172.190.142.176 - - [10/May/2025:01:30:51 -0400] "GET /wp-includes/Text/wp-conflg.php HTTP/1.1" 500 360 "-" "-"
172.190.142.176 - - [10/May/2025:01:30:51 -0400] "GET /wp-content/plugins/background-image-cropper/plugins.php HTTP/1.1" 500 360 "-" "-"
172.190.142.176 - - [10/May/2025:01:30:51 -0400] "GET /classwithtostring.php HTTP/1.1" 500 360 "-" "-"
172.190.142.176 - - [10/May/2025:01:30:51 -0400] "GET /wp-includes/Text/Diff/Renderer/wp-login.php HTTP/1.1" 500 360 "-" "-"
172.190.142.176 - - [10/May/2025:01:30:51 -0400] "GET /wp-admin/images/users.php HTTP/1.1" 500 360 "-" "-"
172.190.142.176 - - [10/May/2025:01:30:51 -0400] "GET /wp-includes/rest-api/endpoints/index.php HTTP/1.1" 500 360 "-" "-"
172.190.142.176 - - [10/May/2025:01:30:51 -0400] "GET /wp-includes/random_compat/about.php HTTP/1.1" 500 360 "-" "-"
172.190.142.176 - - [10/May/2025:01:30:51 -0400] "GET /index/about.php HTTP/1.1" 500 360 "-" "-"
172.190.142.176 - - [10/May/2025:01:30:51 -0400] "GET /manager.php HTTP/1.1" 500 360 "-" "-"
172.190.142.176 - - [10/May/2025:01:30:51 -0400] "GET /.well-known/pki-validation/about.php HTTP/1.1" 404 1251 "-" "-"
172.190.142.176 - - [10/May/2025:01:30:51 -0400] "GET /wp-admin/user/content.php HTTP/1.1" 500 360 "-" "-"
172.190.142.176 - - [10/May/2025:01:30:51 -0400] "GET /modules/mod_simplefileuploadv1.3/elements/filemanager.php HTTP/1.1" 500 360 "-" "-"
172.190.142.176 - - [10/May/2025:01:30:52 -0400] "GET /about/function.php HTTP/1.1" 500 360 "-" "-"
172.190.142.176 - - [10/May/2025:01:30:52 -0400] "GET /wp-content/plugins/wp.php HTTP/1.1" 500 360 "-" "-"
172.190.142.176 - - [10/May/2025:01:30:52 -0400] "GET /wp-admin/includes/index.php HTTP/1.1" 500 360 "-" "-"
172.190.142.176 - - [10/May/2025:01:30:52 -0400] "GET /wp-includes/SimplePie/Cache/content.php HTTP/1.1" 500 360 "-" "-"
172.190.142.176 - - [10/May/2025:01:30:52 -0400] "GET /wp-content/themes/xmrlpc.php HTTP/1.1" 500 360 "-" "-"
172.190.142.176 - - [10/May/2025:01:30:52 -0400] "GET /wp-includes/js/wp-login.php HTTP/1.1" 500 360 "-" "-"
172.190.142.176 - - [10/May/2025:01:30:52 -0400] "GET /wp-mail.php/wp-includes/ID3/taptap-null.php HTTP/1.1" 500 360 "-" "-"
172.190.142.176 - - [10/May/2025:01:30:52 -0400] "GET /.well-known/as.php HTTP/1.1" 500 360 "-" "-"
172.190.142.176 - - [10/May/2025:01:30:52 -0400] "GET /wp-includes/customize/wp-login.php HTTP/1.1" 500 360 "-" "-"
172.190.142.176 - - [10/May/2025:01:30:52 -0400] "GET /.well-known/lv.php HTTP/1.1" 500 360 "-" "-"
172.190.142.176 - - [10/May/2025:01:30:52 -0400] "GET /themes.php HTTP/1.1" 500 360 "-" "-"
172.190.142.176 - - [10/May/2025:01:30:52 -0400] "GET /wp-content/plugins/duplicator/assets/about.php HTTP/1.1" 500 360 "-" "-"
172.190.142.176 - - [10/May/2025:01:30:52 -0400] "GET /wp-admin/network/upfile.php HTTP/1.1" 500 360 "-" "-"
172.190.142.176 - - [10/May/2025:01:30:52 -0400] "GET /wp-content/plugins/index.php HTTP/1.1" 200 359 "-" "-"
172.190.142.176 - - [10/May/2025:01:30:52 -0400] "GET /wp-includes/sitemaps/providers/about.php HTTP/1.1" 500 360 "-" "-"
172.190.142.176 - - [10/May/2025:01:30:52 -0400] "GET /wp-content/upgrade/autoload_classmap.php HTTP/1.1" 500 360 "-" "-"
172.190.142.176 - - [10/May/2025:01:30:52 -0400] "GET /images/cjfuns.php HTTP/1.1" 500 360 "-" "-"
172.190.142.176 - - [10/May/2025:01:30:52 -0400] "GET /wp-includes/sodium_compat/src/content.php HTTP/1.1" 500 360 "-" "-"
172.190.142.176 - - [10/May/2025:01:30:52 -0400] "GET /wp-includes/rest-api/admin.php HTTP/1.1" 500 360 "-" "-"
172.190.142.176 - - [10/May/2025:01:30:52 -0400] "GET /wp-includes/js/crop/zmFM.php HTTP/1.1" 500 360 "-" "-"
172.190.142.176 - - [10/May/2025:01:30:52 -0400] "GET /wp-2019.php HTTP/1.1" 500 360 "-" "-"
172.190.142.176 - - [10/May/2025:01:30:52 -0400] "GET /wp-includes/js/about.php HTTP/1.1" 500 360 "-" "-"
172.190.142.176 - - [10/May/2025:01:30:52 -0400] "GET /wp-content/plugin.php HTTP/1.1" 500 360 "-" "-"
172.190.142.176 - - [10/May/2025:01:30:52 -0400] "GET /wp-admin/js/widgets/xmrlpc.php HTTP/1.1" 500 360 "-" "-"
172.190.142.176 - - [10/May/2025:01:30:52 -0400] "GET /wp-configs.php HTTP/1.1" 500 360 "-" "-"
172.190.142.176 - - [10/May/2025:01:30:52 -0400] "GET /wp-includes/Text/wp.php HTTP/1.1" 500 360 "-" "-"
172.190.142.176 - - [10/May/2025:01:30:53 -0400] "GET /inputs.php HTTP/1.1" 403 1242 "-" "-"
172.190.142.176 - - [10/May/2025:01:30:53 -0400] "GET /wp-includes/block-supports/about.php HTTP/1.1" 500 360 "-" "-"
172.190.142.176 - - [10/May/2025:01:30:53 -0400] "GET /wp-admin/network/chosen.php HTTP/1.1" 500 360 "-" "-"
172.190.142.176 - - [10/May/2025:01:30:53 -0400] "GET /wp-includes/images/chosen.php HTTP/1.1" 500 360 "-" "-"
172.190.142.176 - - [10/May/2025:01:30:53 -0400] "GET /.well-known/acme-challenge/parx.php HTTP/1.1" 500 360 "-" "-"
172.190.142.176 - - [10/May/2025:01:30:53 -0400] "GET /wp-includes/sodium_compat/src/Core32/Curve25519/Ge/about.php HTTP/1.1" 500 360 "-" "-"
172.190.142.176 - - [10/May/2025:01:30:53 -0400] "GET /index/function.php HTTP/1.1" 500 360 "-" "-"
172.190.142.176 - - [10/May/2025:01:30:53 -0400] "GET /css.php HTTP/1.1" 500 360 "-" "-"
172.190.142.176 - - [10/May/2025:01:30:53 -0400] "GET /wp-content/languages/index.php HTTP/1.1" 500 360 "-" "-"
172.190.142.176 - - [10/May/2025:01:30:53 -0400] "GET /network.php HTTP/1.1" 500 360 "-" "-"
172.190.142.176 - - [10/May/2025:01:30:53 -0400] "GET /wp-admin/css/colors/blue/wp-login.php HTTP/1.1" 500 360 "-" "-"
172.190.142.176 - - [10/May/2025:01:30:53 -0400] "GET /admin/fckeditor/editor/filemanager/updates.php HTTP/1.1" 500 360 "-" "-"
172.190.142.176 - - [10/May/2025:01:30:53 -0400] "GET /wp-content/uploads/file.php HTTP/1.1" 500 360 "-" "-"
172.190.142.176 - - [10/May/2025:01:30:53 -0400] "GET /wp-includes/Requests/Response/wp-login.php HTTP/1.1" 500 360 "-" "-"
172.190.142.176 - - [10/May/2025:01:30:53 -0400] "GET /wp-admin/css/colors/coffee/alfa-rex.php HTTP/1.1" 500 360 "-" "-"
172.190.142.176 - - [10/May/2025:01:30:53 -0400] "GET /wp-includes/SimplePie/Cache/about.php HTTP/1.1" 500 360 "-" "-"
172.190.142.176 - - [10/May/2025:01:30:53 -0400] "GET /wp-includes/sodium_compat/src/alfa-rex.php HTTP/1.1" 500 360 "-" "-"
172.190.142.176 - - [10/May/2025:01:30:53 -0400] "GET /wp-admin/css/colors/blue/index.php HTTP/1.1" 500 360 "-" "-"
172.190.142.176 - - [10/May/2025:01:30:53 -0400] "GET /wp-mail.php/wp-includes/ID3/wp-mail.php HTTP/1.1" 500 360 "-" "-"
172.190.142.176 - - [10/May/2025:01:30:53 -0400] "GET /wp-content/plugins/revslider/public/assets/assets/sources/wp-login.php HTTP/1.1" 500 360 "-" "-"
172.190.142.176 - - [10/May/2025:01:30:53 -0400] "GET /wp.php HTTP/1.1" 500 360 "-" "-"
172.190.142.176 - - [10/May/2025:01:30:53 -0400] "GET /wp-content/themes/file.php HTTP/1.1" 500 360 "-" "-"
172.190.142.176 - - [10/May/2025:01:30:53 -0400] "GET /css/item.php HTTP/1.1" 500 360 "-" "-"
172.190.142.176 - - [10/May/2025:01:30:54 -0400] "GET /wp-content/uploads/2020/admin.php HTTP/1.1" 500 360 "-" "-"
172.190.142.176 - - [10/May/2025:01:30:54 -0400] "GET /wp-admin/includes/xmrlpc.php HTTP/1.1" 500 360 "-" "-"
172.190.142.176 - - [10/May/2025:01:30:54 -0400] "GET /assets/images/wp-login.php HTTP/1.1" 500 360 "-" "-"
172.190.142.176 - - [10/May/2025:01:30:54 -0400] "GET /css/xp.php HTTP/1.1" 500 360 "-" "-"
172.190.142.176 - - [10/May/2025:01:30:54 -0400] "GET /wp-includes/assets/themes.php HTTP/1.1" 500 360 "-" "-"
172.190.142.176 - - [10/May/2025:01:30:54 -0400] "GET /wp-content/plugins/dummyyummy/wp-signup.php HTTP/1.1" 500 360 "-" "-"
172.190.142.176 - - [10/May/2025:01:30:54 -0400] "GET /wp-content/uploads/chosen.php HTTP/1.1" 500 360 "-" "-"
172.190.142.176 - - [10/May/2025:01:30:54 -0400] "GET /wp-includes/style-engine/autoload_classmap.php HTTP/1.1" 500 360 "-" "-"
172.190.142.176 - - [10/May/2025:01:30:54 -0400] "GET /wp-includes/SimplePie/Content/Type/wp-login.php HTTP/1.1" 500 360 "-" "-"
172.190.142.176 - - [10/May/2025:01:30:54 -0400] "GET /js/style.php HTTP/1.1" 500 360 "-" "-"
172.190.142.176 - - [10/May/2025:01:30:54 -0400] "GET /wp-content/languages/wp-login.php HTTP/1.1" 500 360 "-" "-"
172.190.142.176 - - [10/May/2025:01:30:54 -0400] "GET /lock.php HTTP/1.1" 500 360 "-" "-"
172.190.142.176 - - [10/May/2025:01:30:54 -0400] "GET /wp-includes/js/tinymce/skins/wordpress/images/about.php HTTP/1.1" 500 360 "-" "-"
172.190.142.176 - - [10/May/2025:01:30:54 -0400] "GET /wp-includes/SimplePie/Content/Type/index.php HTTP/1.1" 500 360 "-" "-"
172.190.142.176 - - [10/May/2025:01:30:54 -0400] "GET /.well-known/dropdown.php HTTP/1.1" 500 360 "-" "-"
172.190.142.176 - - [10/May/2025:01:30:54 -0400] "GET /wp-includes/rest-api/autoload_classmap.php HTTP/1.1" 500 360 "-" "-"
172.190.142.176 - - [10/May/2025:01:30:54 -0400] "GET /readme.php HTTP/1.1" 500 360 "-" "-"
172.190.142.176 - - [10/May/2025:01:30:54 -0400] "GET /edit.php HTTP/1.1" 500 360 "-" "-"
172.190.142.176 - - [10/May/2025:01:30:54 -0400] "GET /wp-content/themes/travelscape/json.php HTTP/1.1" 500 360 "-" "-"
172.190.142.176 - - [10/May/2025:01:30:54 -0400] "GET /wp-admin/wp-admin.php HTTP/1.1" 500 360 "-" "-"
172.190.142.176 - - [10/May/2025:01:30:55 -0400] "GET /wp-content/upgrade/shell.php HTTP/1.1" 500 360 "-" "-"
172.190.142.176 - - [10/May/2025:01:30:55 -0400] "GET /wp-admin/user/bak.php HTTP/1.1" 500 360 "-" "-"
172.190.142.176 - - [10/May/2025:01:30:55 -0400] "GET /wp-content/plugins/admin.php HTTP/1.1" 500 360 "-" "-"
172.190.142.176 - - [10/May/2025:01:30:55 -0400] "GET /wp-admin/css/about.php HTTP/1.1" 500 360 "-" "-"
172.190.142.176 - - [10/May/2025:01:30:55 -0400] "GET /wp-admin/date.php HTTP/1.1" 500 360 "-" "-"
172.190.142.176 - - [10/May/2025:01:30:55 -0400] "GET /index/x.php HTTP/1.1" 500 360 "-" "-"
