74.225.162.36 - - [10/May/2025:14:48:12 -0400] "GET /wp-includes/fonts/class-wp-font-face-resolver.php HTTP/1.1" 403 1242 "binance.com" "Mozilla/5.0 (Windows NT 10.0; Win64; x64) AppleWebKit/537.36 (KHTML, like Gecko) Chrome/90.0.4430.85 Safari/537.36"
74.225.162.36 - - [10/May/2025:14:48:16 -0400] "GET /wp-includes/fonts/class-wp-font-face.php HTTP/1.1" 403 1242 "binance.com" "Mozilla/5.0 (Windows NT 10.0; Win64; x64) AppleWebKit/537.36 (KHTML, like Gecko) Chrome/90.0.4430.85 Safari/537.36"
74.225.162.36 - - [10/May/2025:14:48:19 -0400] "GET /wp-includes/fonts/class-wp-font-library.php HTTP/1.1" 403 1242 "binance.com" "Mozilla/5.0 (Windows NT 10.0; Win64; x64) AppleWebKit/537.36 (KHTML, like Gecko) Chrome/90.0.4430.85 Safari/537.36"
74.225.162.36 - - [10/May/2025:14:48:25 -0400] "GET /wp-includes/fonts/class-wp-font-utils.php HTTP/1.1" 403 1242 "binance.com" "Mozilla/5.0 (Windows NT 10.0; Win64; x64) AppleWebKit/537.36 (KHTML, like Gecko) Chrome/90.0.4430.85 Safari/537.36"
74.225.162.36 - - [10/May/2025:14:48:28 -0400] "GET /wp-includes/images/ HTTP/1.1" 200 2085 "binance.com" "Mozilla/5.0 (Windows NT 10.0; Win64; x64) AppleWebKit/537.36 (KHTML, like Gecko) Chrome/90.0.4430.85 Safari/537.36"
74.225.162.36 - - [10/May/2025:14:48:33 -0400] "GET /wp-includes/images/crystal/ HTTP/1.1" 200 1405 "binance.com" "Mozilla/5.0 (Windows NT 10.0; Win64; x64) AppleWebKit/537.36 (KHTML, like Gecko) Chrome/90.0.4430.85 Safari/537.36"
74.225.162.36 - - [10/May/2025:14:48:51 -0400] "GET /wp-includes/images/media/ HTTP/1.1" 200 1515 "binance.com" "Mozilla/5.0 (Windows NT 10.0; Win64; x64) AppleWebKit/537.36 (KHTML, like Gecko) Chrome/90.0.4430.85 Safari/537.36"
66.249.64.102 - - [10/May/2025:14:48:56 -0400] "GET /index.php?jypki/c587339.html HTTP/1.1" 200 81954 "-" "Mozilla/5.0 (Linux; Android 6.0.1; Nexus 5X Build/MMB29P) AppleWebKit/537.36 (KHTML, like Gecko) Chrome/136.0.7103.59 Mobile Safari/537.36 (compatible; Googlebot/2.1; +http://www.google.com/bot.html)"
74.225.162.36 - - [10/May/2025:14:48:57 -0400] "GET /wp-includes/images/smilies/ HTTP/1.1" 200 1715 "binance.com" "Mozilla/5.0 (Windows NT 10.0; Win64; x64) AppleWebKit/537.36 (KHTML, like Gecko) Chrome/90.0.4430.85 Safari/537.36"
47.238.13.11 - - [10/May/2025:14:49:02 -0400] "GET /myself/d176?pid=25872 HTTP/1.1" 500 271 "-" "Mozilla/5.0 (Macintosh; Intel Mac OS X 10_15_7) AppleWebKit/537.36 (KHTML, like Gecko) Chrome/109.0.0.0 Safari/537.36"
74.225.162.36 - - [10/May/2025:14:49:04 -0400] "GET /wp-includes/images/wlw/ HTTP/1.1" 500 271 "binance.com" "Mozilla/5.0 (Windows NT 10.0; Win64; x64) AppleWebKit/537.36 (KHTML, like Gecko) Chrome/90.0.4430.85 Safari/537.36"
74.225.162.36 - - [10/May/2025:14:49:08 -0400] "GET /wp-includes/js/%20 HTTP/1.1" 500 271 "binance.com" "Mozilla/5.0 (Windows NT 10.0; Win64; x64) AppleWebKit/537.36 (KHTML, like Gecko) Chrome/90.0.4430.85 Safari/537.36"
74.225.162.36 - - [10/May/2025:14:49:11 -0400] "GET /wp-includes/js/codemirror/ HTTP/1.1" 200 1341 "binance.com" "Mozilla/5.0 (Windows NT 10.0; Win64; x64) AppleWebKit/537.36 (KHTML, like Gecko) Chrome/90.0.4430.85 Safari/537.36"
198.204.226.18 - - [10/May/2025:14:49:12 -0400] "GET /wp-content/install.php?id=727767 HTTP/1.1" 200 10 "http://jenniferflo.com/wp-content/install.php?id=727767" "Mozilla/5.0 (Windows NT 10.0; Win64; x64) AppleWebKit/537.36 (KHTML, like Gecko) Chrome/58.0.3029.110 Safari/537.3"
74.225.162.36 - - [10/May/2025:14:49:15 -0400] "GET /wp-includes/js/plupload/ HTTP/1.1" 200 1374 "binance.com" "Mozilla/5.0 (Windows NT 10.0; Win64; x64) AppleWebKit/537.36 (KHTML, like Gecko) Chrome/90.0.4430.85 Safari/537.36"
47.242.77.69 - - [10/May/2025:14:49:17 -0400] "GET /administrative/v16?pid=670 HTTP/1.1" 500 271 "-" "Mozilla/5.0 (Macintosh; Intel Mac OS X 10_15_7) AppleWebKit/537.36 (KHTML, like Gecko) Chrome/109.0.0.0 Safari/537.36"
74.225.162.36 - - [10/May/2025:14:49:29 -0400] "GET /.well-known/ HTTP/1.1" 200 806 "binance.com" "Mozilla/5.0 (Windows NT 10.0; Win64; x64) AppleWebKit/537.36 (KHTML, like Gecko) Chrome/90.0.4430.85 Safari/537.36"
8.210.8.206 - - [10/May/2025:14:49:36 -0400] "GET /items/tddaq16/21025?key=prompt HTTP/1.1" 500 271 "-" "Mozilla/5.0 (Macintosh; Intel Mac OS X 10_15_7) AppleWebKit/537.36 (KHTML, like Gecko) Chrome/109.0.0.0 Safari/537.36"
198.204.226.18 - - [10/May/2025:14:49:50 -0400] "GET /wp-content/install.php?id=727767 HTTP/1.1" 200 10 "http://jenniferflo.com/wp-content/install.php?id=727767" "Mozilla/5.0 (Windows NT 10.0; Win64; x64) AppleWebKit/537.36 (KHTML, like Gecko) Chrome/58.0.3029.110 Safari/537.3"
66.249.64.104 - - [10/May/2025:14:50:15 -0400] "GET /index.php?siteinfo/service HTTP/1.1" 200 82279 "-" "Mozilla/5.0 (Linux; Android 6.0.1; Nexus 5X Build/MMB29P) AppleWebKit/537.36 (KHTML, like Gecko) Chrome/136.0.7103.59 Mobile Safari/537.36 (compatible; Googlebot/2.1; +http://www.google.com/bot.html)"
47.242.77.69 - - [10/May/2025:14:50:42 -0400] "GET /items/lfjey152/1879?key=shot HTTP/1.1" 500 271 "-" "Mozilla/5.0 (Macintosh; Intel Mac OS X 10_15_7) AppleWebKit/537.36 (KHTML, like Gecko) Chrome/109.0.0.0 Safari/537.36"
198.204.226.18 - - [10/May/2025:14:50:49 -0400] "GET /wp-content/install.php?id=727767 HTTP/1.1" 200 10 "http://jenniferflo.com/wp-content/install.php?id=727767" "Mozilla/5.0 (Windows NT 10.0; Win64; x64) AppleWebKit/537.36 (KHTML, like Gecko) Chrome/58.0.3029.110 Safari/537.3"
47.238.13.0 - - [10/May/2025:14:50:52 -0400] "GET /items/ukswx31/10344?key=crawl HTTP/1.1" 500 270 "-" "Mozilla/5.0 (Macintosh; Intel Mac OS X 10_15_7) AppleWebKit/537.36 (KHTML, like Gecko) Chrome/109.0.0.0 Safari/537.36"
47.238.13.18 - - [10/May/2025:14:51:56 -0400] "GET /category/2512_2513_2514/1/listing HTTP/1.1" 500 271 "-" "Mozilla/5.0 (Macintosh; Intel Mac OS X 10_15_7) AppleWebKit/537.36 (KHTML, like Gecko) Chrome/109.0.0.0 Safari/537.36"
66.249.64.102 - - [10/May/2025:14:52:10 -0400] "GET /index.php?recruit HTTP/1.1" 200 81579 "-" "Mozilla/5.0 (Linux; Android 6.0.1; Nexus 5X Build/MMB29P) AppleWebKit/537.36 (KHTML, like Gecko) Chrome/136.0.7103.59 Mobile Safari/537.36 (compatible; Googlebot/2.1; +http://www.google.com/bot.html)"
66.249.64.102 - - [10/May/2025:14:52:49 -0400] "GET /index.php?hnhwi/b786316.html HTTP/1.1" 200 83092 "-" "Mozilla/5.0 (Linux; Android 6.0.1; Nexus 5X Build/MMB29P) AppleWebKit/537.36 (KHTML, like Gecko) Chrome/136.0.7103.59 Mobile Safari/537.36 (compatible; Googlebot/2.1; +http://www.google.com/bot.html)"
66.249.64.104 - - [10/May/2025:14:53:17 -0400] "GET /index.php?gpyyh/j437040.html HTTP/1.1" 200 84982 "-" "Mozilla/5.0 (Linux; Android 6.0.1; Nexus 5X Build/MMB29P) AppleWebKit/537.36 (KHTML, like Gecko) Chrome/136.0.7103.59 Mobile Safari/537.36 (compatible; Googlebot/2.1; +http://www.google.com/bot.html)"
198.204.226.18 - - [10/May/2025:14:53:27 -0400] "GET /wp-content/install.php?id=727767 HTTP/1.1" 200 10 "http://jenniferflo.com/wp-content/install.php?id=727767" "Mozilla/5.0 (Windows NT 10.0; Win64; x64) AppleWebKit/537.36 (KHTML, like Gecko) Chrome/58.0.3029.110 Safari/537.3"
198.204.226.18 - - [10/May/2025:14:53:24 -0400] "GET /wp-content/install.php?id=727767 HTTP/1.1" 200 0 "http://jenniferflo.com/wp-content/install.php?id=727767" "Mozilla/5.0 (Windows NT 10.0; Win64; x64) AppleWebKit/537.36 (KHTML, like Gecko) Chrome/58.0.3029.110 Safari/537.3"
47.238.13.16 - - [10/May/2025:14:53:42 -0400] "GET /sitemap-subkey-396.xml HTTP/1.1" 200 100018 "-" "Mozilla/5.0 (Macintosh; Intel Mac OS X 10_15_7) AppleWebKit/537.36 (KHTML, like Gecko) Chrome/109.0.0.0 Safari/537.36"
47.238.13.16 - - [10/May/2025:14:53:52 -0400] "GET /items/afdhu184/28597?key=society HTTP/1.1" 500 271 "-" "Mozilla/5.0 (Macintosh; Intel Mac OS X 10_15_7) AppleWebKit/537.36 (KHTML, like Gecko) Chrome/109.0.0.0 Safari/537.36"
198.204.226.18 - - [10/May/2025:14:54:25 -0400] "GET /wp-content/install.php?id=727767 HTTP/1.1" 200 10 "http://jenniferflo.com/wp-content/install.php?id=727767" "Mozilla/5.0 (Windows NT 10.0; Win64; x64) AppleWebKit/537.36 (KHTML, like Gecko) Chrome/58.0.3029.110 Safari/537.3"
198.204.226.18 - - [10/May/2025:14:54:43 -0400] "GET /wp-content/install.php?id=727767 HTTP/1.1" 200 10 "http://jenniferflo.com/wp-content/install.php?id=727767" "Mozilla/5.0 (Windows NT 10.0; Win64; x64) AppleWebKit/537.36 (KHTML, like Gecko) Chrome/58.0.3029.110 Safari/537.3"
198.204.226.18 - - [10/May/2025:14:55:11 -0400] "GET /wp-content/install.php?id=727767 HTTP/1.1" 200 10 "http://jenniferflo.com/wp-content/install.php?id=727767" "Mozilla/5.0 (Windows NT 10.0; Win64; x64) AppleWebKit/537.36 (KHTML, like Gecko) Chrome/58.0.3029.110 Safari/537.3"
8.218.186.1 - - [10/May/2025:14:56:27 -0400] "GET /critical/b13?pid=41995 HTTP/1.1" 500 271 "-" "Mozilla/5.0 (Macintosh; Intel Mac OS X 10_15_7) AppleWebKit/537.36 (KHTML, like Gecko) Chrome/109.0.0.0 Safari/537.36"
69.197.135.226 - - [10/May/2025:14:56:41 -0400] "GET /wp-includes/install.php HTTP/1.1" 200 10 "http://jenniferflo.com/wp-includes/install.php" "Mozilla/5.0 (Windows NT 10.0; Win64; x64) AppleWebKit/537.36 (KHTML, like Gecko) Chrome/58.0.3029.110 Safari/537.3"
66.249.64.104 - - [10/May/2025:14:57:00 -0400] "GET /sitemapmobileindex.xml HTTP/1.1" 200 42346 "-" "Mozilla/5.0 (compatible; Googlebot/2.1; +http://www.google.com/bot.html)"
198.204.226.18 - - [10/May/2025:14:57:36 -0400] "GET /wp-content/install.php?id=727767 HTTP/1.1" 200 10 "http://jenniferflo.com/wp-content/install.php?id=727767" "Mozilla/5.0 (Windows NT 10.0; Win64; x64) AppleWebKit/537.36 (KHTML, like Gecko) Chrome/58.0.3029.110 Safari/537.3"
198.204.226.18 - - [10/May/2025:14:57:29 -0400] "GET /wp-content/install.php?id=727767 HTTP/1.1" 200 0 "http://jenniferflo.com/wp-content/install.php?id=727767" "Mozilla/5.0 (Windows NT 10.0; Win64; x64) AppleWebKit/537.36 (KHTML, like Gecko) Chrome/58.0.3029.110 Safari/537.3"
47.242.200.220 - - [10/May/2025:14:57:41 -0400] "GET /category/1100_2420_2421/1/listing HTTP/1.1" 500 271 "-" "Mozilla/5.0 (Macintosh; Intel Mac OS X 10_15_7) AppleWebKit/537.36 (KHTML, like Gecko) Chrome/109.0.0.0 Safari/537.36"
47.242.77.69 - - [10/May/2025:14:58:05 -0400] "GET /items/hbfqu41/560?key=clothing HTTP/1.1" 500 271 "-" "Mozilla/5.0 (Macintosh; Intel Mac OS X 10_15_7) AppleWebKit/537.36 (KHTML, like Gecko) Chrome/109.0.0.0 Safari/537.36"
47.238.13.15 - - [10/May/2025:14:58:20 -0400] "GET /campus/m44?pid=44340 HTTP/1.1" 500 271 "-" "Mozilla/5.0 (Macintosh; Intel Mac OS X 10_15_7) AppleWebKit/537.36 (KHTML, like Gecko) Chrome/109.0.0.0 Safari/537.36"
198.204.226.18 - - [10/May/2025:14:58:34 -0400] "GET /wp-content/install.php?id=727767 HTTP/1.1" 200 10 "http://jenniferflo.com/wp-content/install.php?id=727767" "Mozilla/5.0 (Windows NT 10.0; Win64; x64) AppleWebKit/537.36 (KHTML, like Gecko) Chrome/58.0.3029.110 Safari/537.3"
47.238.13.3 - - [10/May/2025:14:58:41 -0400] "GET /sitemap-subkey-959.xml HTTP/1.1" 200 100640 "-" "Mozilla/5.0 (Macintosh; Intel Mac OS X 10_15_7) AppleWebKit/537.36 (KHTML, like Gecko) Chrome/109.0.0.0 Safari/537.36"
198.204.226.18 - - [10/May/2025:14:59:08 -0400] "GET /wp-content/install.php?id=727767 HTTP/1.1" 200 10 "http://jenniferflo.com/wp-content/install.php?id=727767" "Mozilla/5.0 (Windows NT 10.0; Win64; x64) AppleWebKit/537.36 (KHTML, like Gecko) Chrome/58.0.3029.110 Safari/537.3"
198.204.226.18 - - [10/May/2025:14:59:03 -0400] "GET /wp-content/install.php?id=727767 HTTP/1.1" 200 0 "http://jenniferflo.com/wp-content/install.php?id=727767" "Mozilla/5.0 (Windows NT 10.0; Win64; x64) AppleWebKit/537.36 (KHTML, like Gecko) Chrome/58.0.3029.110 Safari/537.3"
47.238.13.12 - - [10/May/2025:14:59:31 -0400] "GET /items/huwem63/20162?key=maker HTTP/1.1" 500 271 "-" "Mozilla/5.0 (Macintosh; Intel Mac OS X 10_15_7) AppleWebKit/537.36 (KHTML, like Gecko) Chrome/109.0.0.0 Safari/537.36"
198.204.226.18 - - [10/May/2025:14:59:42 -0400] "GET /wp-content/install.php?id=727767 HTTP/1.1" 200 10 "http://jenniferflo.com/wp-content/install.php?id=727767" "Mozilla/5.0 (Windows NT 10.0; Win64; x64) AppleWebKit/537.36 (KHTML, like Gecko) Chrome/58.0.3029.110 Safari/537.3"
198.204.226.18 - - [10/May/2025:15:00:46 -0400] "GET /wp-content/install.php?id=727767 HTTP/1.1" 200 10 "http://jenniferflo.com/wp-content/install.php?id=727767" "Mozilla/5.0 (Windows NT 10.0; Win64; x64) AppleWebKit/537.36 (KHTML, like Gecko) Chrome/58.0.3029.110 Safari/537.3"
198.204.226.18 - - [10/May/2025:15:00:42 -0400] "GET /wp-content/install.php?id=727767 HTTP/1.1" 200 0 "http://jenniferflo.com/wp-content/install.php?id=727767" "Mozilla/5.0 (Windows NT 10.0; Win64; x64) AppleWebKit/537.36 (KHTML, like Gecko) Chrome/58.0.3029.110 Safari/537.3"
198.204.226.18 - - [10/May/2025:15:01:06 -0400] "GET /wp-content/install.php?id=727767 HTTP/1.1" 200 10 "http://jenniferflo.com/wp-content/install.php?id=727767" "Mozilla/5.0 (Windows NT 10.0; Win64; x64) AppleWebKit/537.36 (KHTML, like Gecko) Chrome/58.0.3029.110 Safari/537.3"
8.210.146.98 - - [10/May/2025:15:01:30 -0400] "GET /night/i232?pid=542 HTTP/1.1" 500 271 "-" "Mozilla/5.0 (Macintosh; Intel Mac OS X 10_15_7) AppleWebKit/537.36 (KHTML, like Gecko) Chrome/109.0.0.0 Safari/537.36"
198.204.226.18 - - [10/May/2025:15:02:33 -0400] "GET /wp-content/install.php?id=727767 HTTP/1.1" 200 10 "http://jenniferflo.com/wp-content/install.php?id=727767" "Mozilla/5.0 (Windows NT 10.0; Win64; x64) AppleWebKit/537.36 (KHTML, like Gecko) Chrome/58.0.3029.110 Safari/537.3"
198.204.226.18 - - [10/May/2025:15:02:30 -0400] "GET /wp-content/install.php?id=727767 HTTP/1.1" 200 0 "http://jenniferflo.com/wp-content/install.php?id=727767" "Mozilla/5.0 (Windows NT 10.0; Win64; x64) AppleWebKit/537.36 (KHTML, like Gecko) Chrome/58.0.3029.110 Safari/537.3"
8.210.146.98 - - [10/May/2025:15:02:48 -0400] "GET /items/zpgss20/1?key=cling HTTP/1.1" 500 271 "-" "Mozilla/5.0 (Macintosh; Intel Mac OS X 10_15_7) AppleWebKit/537.36 (KHTML, like Gecko) Chrome/109.0.0.0 Safari/537.36"
198.204.226.18 - - [10/May/2025:15:03:14 -0400] "GET /wp-content/install.php?id=727767 HTTP/1.1" 200 0 "http://jenniferflo.com/wp-content/install.php?id=727767" "Mozilla/5.0 (Windows NT 10.0; Win64; x64) AppleWebKit/537.36 (KHTML, like Gecko) Chrome/58.0.3029.110 Safari/537.3"
198.204.226.18 - - [10/May/2025:15:04:08 -0400] "GET /wp-content/install.php?id=727767 HTTP/1.1" 200 10 "http://jenniferflo.com/wp-content/install.php?id=727767" "Mozilla/5.0 (Windows NT 10.0; Win64; x64) AppleWebKit/537.36 (KHTML, like Gecko) Chrome/58.0.3029.110 Safari/537.3"
66.220.149.12 - - [10/May/2025:15:04:16 -0400] "GET /index.php/camping-vacation-breakfast-idea-cheesy-grits-and-sausage/ HTTP/1.1" 500 360 "-" "facebookexternalhit/1.1 (+http://www.facebook.com/externalhit_uatext.php)"
66.220.149.15 - - [10/May/2025:15:04:16 -0400] "GET /wp-content/uploads/5things1-1.png HTTP/1.1" 500 360 "-" "facebookexternalhit/1.1 (+http://www.facebook.com/externalhit_uatext.php)"
66.220.149.113 - - [10/May/2025:15:04:17 -0400] "GET /wp-content/uploads/5things1-1.png HTTP/1.1" 500 360 "-" "facebookexternalhit/1.1 (+http://www.facebook.com/externalhit_uatext.php)"
198.204.226.18 - - [10/May/2025:15:04:22 -0400] "GET /wp-content/install.php?id=727767 HTTP/1.1" 200 10 "http://jenniferflo.com/wp-content/install.php?id=727767" "Mozilla/5.0 (Windows NT 10.0; Win64; x64) AppleWebKit/537.36 (KHTML, like Gecko) Chrome/58.0.3029.110 Safari/537.3"
198.204.226.18 - - [10/May/2025:15:04:55 -0400] "GET /wp-content/install.php?id=727767 HTTP/1.1" 200 10 "http://jenniferflo.com/wp-content/install.php?id=727767" "Mozilla/5.0 (Windows NT 10.0; Win64; x64) AppleWebKit/537.36 (KHTML, like Gecko) Chrome/58.0.3029.110 Safari/537.3"
8.210.8.206 - - [10/May/2025:15:05:02 -0400] "GET /sitemap-subkey-1892.xml HTTP/1.1" 200 99878 "-" "Mozilla/5.0 (Macintosh; Intel Mac OS X 10_15_7) AppleWebKit/537.36 (KHTML, like Gecko) Chrome/109.0.0.0 Safari/537.36"
198.204.226.18 - - [10/May/2025:15:04:52 -0400] "GET /wp-content/install.php?id=727767 HTTP/1.1" 200 0 "http://jenniferflo.com/wp-content/install.php?id=727767" "Mozilla/5.0 (Windows NT 10.0; Win64; x64) AppleWebKit/537.36 (KHTML, like Gecko) Chrome/58.0.3029.110 Safari/537.3"
198.204.226.18 - - [10/May/2025:15:05:16 -0400] "GET /wp-content/install.php?id=727767 HTTP/1.1" 200 10 "http://jenniferflo.com/wp-content/install.php?id=727767" "Mozilla/5.0 (Windows NT 10.0; Win64; x64) AppleWebKit/537.36 (KHTML, like Gecko) Chrome/58.0.3029.110 Safari/537.3"
198.204.226.18 - - [10/May/2025:15:05:11 -0400] "GET /wp-content/install.php?id=727767 HTTP/1.1" 200 0 "http://jenniferflo.com/wp-content/install.php?id=727767" "Mozilla/5.0 (Windows NT 10.0; Win64; x64) AppleWebKit/537.36 (KHTML, like Gecko) Chrome/58.0.3029.110 Safari/537.3"
45.94.31.147 - - [10/May/2025:15:05:26 -0400] "GET / HTTP/1.1" 500 360 "-" "Mozilla/5.0 (Windows NT 10.0; Win64; x64) AppleWebKit/537.36 (KHTML, like Gecko) Chrome/89.0.4389.114 Safari/537.36"
45.94.31.147 - - [10/May/2025:15:05:26 -0400] "GET / HTTP/1.1" 500 360 "-" "Mozilla/5.0 (Windows NT 10.0; Win64; x64) AppleWebKit/537.36 (KHTML, like Gecko) Chrome/89.0.4389.114 Safari/537.36"
45.94.31.147 - - [10/May/2025:15:05:26 -0400] "GET /wp-includes/wlwmanifest.xml HTTP/1.1" 200 134700 "-" "Mozilla/5.0 (Windows NT 10.0; Win64; x64) AppleWebKit/537.36 (KHTML, like Gecko) Chrome/89.0.4389.114 Safari/537.36"
45.94.31.147 - - [10/May/2025:15:05:27 -0400] "GET /xmlrpc.php?rsd HTTP/1.1" 500 360 "-" "Mozilla/5.0 (Windows NT 10.0; Win64; x64) AppleWebKit/537.36 (KHTML, like Gecko) Chrome/89.0.4389.114 Safari/537.36"
45.94.31.147 - - [10/May/2025:15:05:27 -0400] "GET / HTTP/1.1" 500 360 "-" "Mozilla/5.0 (Windows NT 10.0; Win64; x64) AppleWebKit/537.36 (KHTML, like Gecko) Chrome/89.0.4389.114 Safari/537.36"
45.94.31.147 - - [10/May/2025:15:05:27 -0400] "GET /blog/wp-includes/wlwmanifest.xml HTTP/1.1" 200 134934 "-" "Mozilla/5.0 (Windows NT 10.0; Win64; x64) AppleWebKit/537.36 (KHTML, like Gecko) Chrome/89.0.4389.114 Safari/537.36"
45.94.31.147 - - [10/May/2025:15:05:28 -0400] "GET /web/wp-includes/wlwmanifest.xml HTTP/1.1" 200 134698 "-" "Mozilla/5.0 (Windows NT 10.0; Win64; x64) AppleWebKit/537.36 (KHTML, like Gecko) Chrome/89.0.4389.114 Safari/537.36"
45.94.31.147 - - [10/May/2025:15:05:28 -0400] "GET /wordpress/wp-includes/wlwmanifest.xml HTTP/1.1" 200 134784 "-" "Mozilla/5.0 (Windows NT 10.0; Win64; x64) AppleWebKit/537.36 (KHTML, like Gecko) Chrome/89.0.4389.114 Safari/537.36"
45.94.31.147 - - [10/May/2025:15:05:29 -0400] "GET /website/wp-includes/wlwmanifest.xml HTTP/1.1" 200 134775 "-" "Mozilla/5.0 (Windows NT 10.0; Win64; x64) AppleWebKit/537.36 (KHTML, like Gecko) Chrome/89.0.4389.114 Safari/537.36"
45.94.31.147 - - [10/May/2025:15:05:29 -0400] "GET /wp/wp-includes/wlwmanifest.xml HTTP/1.1" 200 134941 "-" "Mozilla/5.0 (Windows NT 10.0; Win64; x64) AppleWebKit/537.36 (KHTML, like Gecko) Chrome/89.0.4389.114 Safari/537.36"
45.94.31.147 - - [10/May/2025:15:05:29 -0400] "GET /news/wp-includes/wlwmanifest.xml HTTP/1.1" 200 134853 "-" "Mozilla/5.0 (Windows NT 10.0; Win64; x64) AppleWebKit/537.36 (KHTML, like Gecko) Chrome/89.0.4389.114 Safari/537.36"
45.94.31.147 - - [10/May/2025:15:05:30 -0400] "GET /2020/wp-includes/wlwmanifest.xml HTTP/1.1" 200 134700 "-" "Mozilla/5.0 (Windows NT 10.0; Win64; x64) AppleWebKit/537.36 (KHTML, like Gecko) Chrome/89.0.4389.114 Safari/537.36"
45.94.31.147 - - [10/May/2025:15:05:30 -0400] "GET /2019/wp-includes/wlwmanifest.xml HTTP/1.1" 200 134895 "-" "Mozilla/5.0 (Windows NT 10.0; Win64; x64) AppleWebKit/537.36 (KHTML, like Gecko) Chrome/89.0.4389.114 Safari/537.36"
45.94.31.147 - - [10/May/2025:15:05:31 -0400] "GET /shop/wp-includes/wlwmanifest.xml HTTP/1.1" 200 134853 "-" "Mozilla/5.0 (Windows NT 10.0; Win64; x64) AppleWebKit/537.36 (KHTML, like Gecko) Chrome/89.0.4389.114 Safari/537.36"
45.94.31.147 - - [10/May/2025:15:05:31 -0400] "GET /wp1/wp-includes/wlwmanifest.xml HTTP/1.1" 200 134939 "-" "Mozilla/5.0 (Windows NT 10.0; Win64; x64) AppleWebKit/537.36 (KHTML, like Gecko) Chrome/89.0.4389.114 Safari/537.36"
45.94.31.147 - - [10/May/2025:15:05:31 -0400] "GET /test/wp-includes/wlwmanifest.xml HTTP/1.1" 200 134896 "-" "Mozilla/5.0 (Windows NT 10.0; Win64; x64) AppleWebKit/537.36 (KHTML, like Gecko) Chrome/89.0.4389.114 Safari/537.36"
45.94.31.147 - - [10/May/2025:15:05:32 -0400] "GET /wp2/wp-includes/wlwmanifest.xml HTTP/1.1" 200 134959 "-" "Mozilla/5.0 (Windows NT 10.0; Win64; x64) AppleWebKit/537.36 (KHTML, like Gecko) Chrome/89.0.4389.114 Safari/537.36"
45.94.31.147 - - [10/May/2025:15:05:32 -0400] "GET /site/wp-includes/wlwmanifest.xml HTTP/1.1" 200 134700 "-" "Mozilla/5.0 (Windows NT 10.0; Win64; x64) AppleWebKit/537.36 (KHTML, like Gecko) Chrome/89.0.4389.114 Safari/537.36"
45.94.31.147 - - [10/May/2025:15:05:32 -0400] "GET /cms/wp-includes/wlwmanifest.xml HTTP/1.1" 200 134698 "-" "Mozilla/5.0 (Windows NT 10.0; Win64; x64) AppleWebKit/537.36 (KHTML, like Gecko) Chrome/89.0.4389.114 Safari/537.36"
45.94.31.147 - - [10/May/2025:15:05:33 -0400] "GET /sito/wp-includes/wlwmanifest.xml HTTP/1.1" 200 134700 "-" "Mozilla/5.0 (Windows NT 10.0; Win64; x64) AppleWebKit/537.36 (KHTML, like Gecko) Chrome/89.0.4389.114 Safari/537.36"
47.238.13.5 - - [10/May/2025:15:05:46 -0400] "GET /items/wovqw186/12833?key=parental HTTP/1.1" 500 271 "-" "Mozilla/5.0 (Macintosh; Intel Mac OS X 10_15_7) AppleWebKit/537.36 (KHTML, like Gecko) Chrome/109.0.0.0 Safari/537.36"
198.204.226.18 - - [10/May/2025:15:06:14 -0400] "GET /wp-content/install.php?id=727767 HTTP/1.1" 200 10 "http://jenniferflo.com/wp-content/install.php?id=727767" "Mozilla/5.0 (Windows NT 10.0; Win64; x64) AppleWebKit/537.36 (KHTML, like Gecko) Chrome/58.0.3029.110 Safari/537.3"
47.238.13.16 - - [10/May/2025:15:06:30 -0400] "GET /category/474_4786_8936_8937/1/listing HTTP/1.1" 500 271 "-" "Mozilla/5.0 (Macintosh; Intel Mac OS X 10_15_7) AppleWebKit/537.36 (KHTML, like Gecko) Chrome/109.0.0.0 Safari/537.36"
47.238.13.13 - - [10/May/2025:15:06:40 -0400] "GET /drunk/g51?pid=1043 HTTP/1.1" 500 270 "-" "Mozilla/5.0 (Macintosh; Intel Mac OS X 10_15_7) AppleWebKit/537.36 (KHTML, like Gecko) Chrome/109.0.0.0 Safari/537.36"
47.238.13.14 - - [10/May/2025:15:07:37 -0400] "GET /well-being/q82?pid=124 HTTP/1.1" 500 271 "-" "Mozilla/5.0 (Macintosh; Intel Mac OS X 10_15_7) AppleWebKit/537.36 (KHTML, like Gecko) Chrome/109.0.0.0 Safari/537.36"
47.238.13.15 - - [10/May/2025:15:08:38 -0400] "GET /category/732_1041/1/listing HTTP/1.1" 500 271 "-" "Mozilla/5.0 (Macintosh; Intel Mac OS X 10_15_7) AppleWebKit/537.36 (KHTML, like Gecko) Chrome/109.0.0.0 Safari/537.36"
198.204.226.18 - - [10/May/2025:15:08:48 -0400] "GET /wp-content/install.php?id=727767 HTTP/1.1" 200 10 "http://jenniferflo.com/wp-content/install.php?id=727767" "Mozilla/5.0 (Windows NT 10.0; Win64; x64) AppleWebKit/537.36 (KHTML, like Gecko) Chrome/58.0.3029.110 Safari/537.3"
198.204.226.18 - - [10/May/2025:15:09:16 -0400] "GET /wp-content/install.php?id=727767 HTTP/1.1" 200 10 "http://jenniferflo.com/wp-content/install.php?id=727767" "Mozilla/5.0 (Windows NT 10.0; Win64; x64) AppleWebKit/537.36 (KHTML, like Gecko) Chrome/58.0.3029.110 Safari/537.3"
47.238.14.12 - - [10/May/2025:15:09:48 -0400] "GET /items/onydg191/30802?key=left HTTP/1.1" 500 271 "-" "Mozilla/5.0 (Macintosh; Intel Mac OS X 10_15_7) AppleWebKit/537.36 (KHTML, like Gecko) Chrome/109.0.0.0 Safari/537.36"
47.238.14.12 - - [10/May/2025:15:10:06 -0400] "GET /sitemap-subkey-1155.xml HTTP/1.1" 200 100078 "-" "Mozilla/5.0 (Macintosh; Intel Mac OS X 10_15_7) AppleWebKit/537.36 (KHTML, like Gecko) Chrome/109.0.0.0 Safari/537.36"
198.204.226.18 - - [10/May/2025:15:10:27 -0400] "GET /wp-content/install.php?id=727767 HTTP/1.1" 200 10 "http://jenniferflo.com/wp-content/install.php?id=727767" "Mozilla/5.0 (Windows NT 10.0; Win64; x64) AppleWebKit/537.36 (KHTML, like Gecko) Chrome/58.0.3029.110 Safari/537.3"
47.238.13.14 - - [10/May/2025:15:11:01 -0400] "GET /wealthy/g179?pid=45447 HTTP/1.1" 500 271 "-" "Mozilla/5.0 (Macintosh; Intel Mac OS X 10_15_7) AppleWebKit/537.36 (KHTML, like Gecko) Chrome/109.0.0.0 Safari/537.36"
198.204.226.18 - - [10/May/2025:15:11:28 -0400] "GET /wp-content/install.php?id=727767 HTTP/1.1" 200 10 "http://jenniferflo.com/wp-content/install.php?id=727767" "Mozilla/5.0 (Windows NT 10.0; Win64; x64) AppleWebKit/537.36 (KHTML, like Gecko) Chrome/58.0.3029.110 Safari/537.3"
198.204.226.18 - - [10/May/2025:15:11:25 -0400] "GET /wp-content/install.php?id=727767 HTTP/1.1" 200 0 "http://jenniferflo.com/wp-content/install.php?id=727767" "Mozilla/5.0 (Windows NT 10.0; Win64; x64) AppleWebKit/537.36 (KHTML, like Gecko) Chrome/58.0.3029.110 Safari/537.3"
198.204.226.18 - - [10/May/2025:15:12:17 -0400] "GET /wp-content/install.php?id=727767 HTTP/1.1" 200 10 "http://jenniferflo.com/wp-content/install.php?id=727767" "Mozilla/5.0 (Windows NT 10.0; Win64; x64) AppleWebKit/537.36 (KHTML, like Gecko) Chrome/58.0.3029.110 Safari/537.3"
198.204.226.18 - - [10/May/2025:15:13:04 -0400] "GET /wp-content/install.php?id=727767 HTTP/1.1" 200 0 "http://jenniferflo.com/wp-content/install.php?id=727767" "Mozilla/5.0 (Windows NT 10.0; Win64; x64) AppleWebKit/537.36 (KHTML, like Gecko) Chrome/58.0.3029.110 Safari/537.3"
198.204.226.18 - - [10/May/2025:15:13:30 -0400] "GET /wp-content/install.php?id=727767 HTTP/1.1" 200 10 "http://jenniferflo.com/wp-content/install.php?id=727767" "Mozilla/5.0 (Windows NT 10.0; Win64; x64) AppleWebKit/537.36 (KHTML, like Gecko) Chrome/58.0.3029.110 Safari/537.3"
198.204.226.18 - - [10/May/2025:15:13:27 -0400] "GET /wp-content/install.php?id=727767 HTTP/1.1" 200 0 "http://jenniferflo.com/wp-content/install.php?id=727767" "Mozilla/5.0 (Windows NT 10.0; Win64; x64) AppleWebKit/537.36 (KHTML, like Gecko) Chrome/58.0.3029.110 Safari/537.3"
198.204.226.18 - - [10/May/2025:15:14:40 -0400] "GET /wp-content/install.php?id=727767 HTTP/1.1" 200 10 "http://jenniferflo.com/wp-content/install.php?id=727767" "Mozilla/5.0 (Windows NT 10.0; Win64; x64) AppleWebKit/537.36 (KHTML, like Gecko) Chrome/58.0.3029.110 Safari/537.3"
198.204.226.18 - - [10/May/2025:15:15:50 -0400] "GET /wp-content/install.php?id=727767 HTTP/1.1" 200 10 "http://jenniferflo.com/wp-content/install.php?id=727767" "Mozilla/5.0 (Windows NT 10.0; Win64; x64) AppleWebKit/537.36 (KHTML, like Gecko) Chrome/58.0.3029.110 Safari/537.3"
198.204.226.18 - - [10/May/2025:15:15:47 -0400] "GET /wp-content/install.php?id=727767 HTTP/1.1" 200 0 "http://jenniferflo.com/wp-content/install.php?id=727767" "Mozilla/5.0 (Windows NT 10.0; Win64; x64) AppleWebKit/537.36 (KHTML, like Gecko) Chrome/58.0.3029.110 Safari/537.3"
198.204.226.18 - - [10/May/2025:15:16:21 -0400] "GET /wp-content/install.php?id=727767 HTTP/1.1" 200 10 "http://jenniferflo.com/wp-content/install.php?id=727767" "Mozilla/5.0 (Windows NT 10.0; Win64; x64) AppleWebKit/537.36 (KHTML, like Gecko) Chrome/58.0.3029.110 Safari/537.3"
208.110.64.178 - - [10/May/2025:15:16:21 -0400] "GET /wp-includes/install.php HTTP/1.1" 200 10 "http://jenniferflo.com/wp-includes/install.php" "Mozilla/5.0 (Windows NT 10.0; Win64; x64) AppleWebKit/537.36 (KHTML, like Gecko) Chrome/58.0.3029.110 Safari/537.3"
47.238.13.15 - - [10/May/2025:15:16:24 -0400] "GET /items/txckc86/1637?key=capability HTTP/1.1" 500 271 "-" "Mozilla/5.0 (Macintosh; Intel Mac OS X 10_15_7) AppleWebKit/537.36 (KHTML, like Gecko) Chrome/109.0.0.0 Safari/537.36"
47.238.13.13 - - [10/May/2025:15:17:08 -0400] "GET /prohibit/z34?pid=31416 HTTP/1.1" 500 271 "-" "Mozilla/5.0 (Macintosh; Intel Mac OS X 10_15_7) AppleWebKit/537.36 (KHTML, like Gecko) Chrome/109.0.0.0 Safari/537.36"
198.204.226.18 - - [10/May/2025:15:17:32 -0400] "GET /wp-content/install.php?id=727767 HTTP/1.1" 200 10 "http://jenniferflo.com/wp-content/install.php?id=727767" "Mozilla/5.0 (Windows NT 10.0; Win64; x64) AppleWebKit/537.36 (KHTML, like Gecko) Chrome/58.0.3029.110 Safari/537.3"
198.204.226.18 - - [10/May/2025:15:17:28 -0400] "GET /wp-content/install.php?id=727767 HTTP/1.1" 200 0 "http://jenniferflo.com/wp-content/install.php?id=727767" "Mozilla/5.0 (Windows NT 10.0; Win64; x64) AppleWebKit/537.36 (KHTML, like Gecko) Chrome/58.0.3029.110 Safari/537.3"
47.238.13.18 - - [10/May/2025:15:18:00 -0400] "GET /items/vwqcz255/27576?key=solar HTTP/1.1" 500 271 "-" "Mozilla/5.0 (Macintosh; Intel Mac OS X 10_15_7) AppleWebKit/537.36 (KHTML, like Gecko) Chrome/109.0.0.0 Safari/537.36"
47.238.13.16 - - [10/May/2025:15:18:40 -0400] "GET /neighborhood/o182?pid=32912 HTTP/1.1" 500 271 "-" "Mozilla/5.0 (Macintosh; Intel Mac OS X 10_15_7) AppleWebKit/537.36 (KHTML, like Gecko) Chrome/109.0.0.0 Safari/537.36"
47.238.13.18 - - [10/May/2025:15:18:40 -0400] "GET /items/ytxix96/1313?key=sweat HTTP/1.1" 500 271 "-" "Mozilla/5.0 (Macintosh; Intel Mac OS X 10_15_7) AppleWebKit/537.36 (KHTML, like Gecko) Chrome/109.0.0.0 Safari/537.36"
47.238.13.16 - - [10/May/2025:15:18:51 -0400] "GET /sitemap-subkey-997.xml HTTP/1.1" 200 100151 "-" "Mozilla/5.0 (Macintosh; Intel Mac OS X 10_15_7) AppleWebKit/537.36 (KHTML, like Gecko) Chrome/109.0.0.0 Safari/537.36"
47.238.13.16 - - [10/May/2025:15:19:15 -0400] "GET /chronic/d236?pid=13744 HTTP/1.1" 500 271 "-" "Mozilla/5.0 (Macintosh; Intel Mac OS X 10_15_7) AppleWebKit/537.36 (KHTML, like Gecko) Chrome/109.0.0.0 Safari/537.36"
198.204.226.18 - - [10/May/2025:15:20:03 -0400] "GET /wp-content/install.php?id=727767 HTTP/1.1" 200 0 "http://jenniferflo.com/wp-content/install.php?id=727767" "Mozilla/5.0 (Windows NT 10.0; Win64; x64) AppleWebKit/537.36 (KHTML, like Gecko) Chrome/58.0.3029.110 Safari/537.3"
198.204.226.18 - - [10/May/2025:15:20:24 -0400] "GET /wp-content/install.php?id=727767 HTTP/1.1" 200 10 "http://jenniferflo.com/wp-content/install.php?id=727767" "Mozilla/5.0 (Windows NT 10.0; Win64; x64) AppleWebKit/537.36 (KHTML, like Gecko) Chrome/58.0.3029.110 Safari/537.3"
8.210.8.206 - - [10/May/2025:15:20:58 -0400] "GET /existing/a12?pid=1024 HTTP/1.1" 500 271 "-" "Mozilla/5.0 (Macintosh; Intel Mac OS X 10_15_7) AppleWebKit/537.36 (KHTML, like Gecko) Chrome/109.0.0.0 Safari/537.36"
47.238.14.12 - - [10/May/2025:15:21:28 -0400] "GET /items/tdxek199/47786?key=anger HTTP/1.1" 500 271 "-" "Mozilla/5.0 (Macintosh; Intel Mac OS X 10_15_7) AppleWebKit/537.36 (KHTML, like Gecko) Chrome/109.0.0.0 Safari/537.36"
47.238.13.9 - - [10/May/2025:15:21:51 -0400] "GET /items/casoj87/16670?key=rule HTTP/1.1" 500 271 "-" "Mozilla/5.0 (Macintosh; Intel Mac OS X 10_15_7) AppleWebKit/537.36 (KHTML, like Gecko) Chrome/109.0.0.0 Safari/537.36"
198.204.226.18 - - [10/May/2025:15:22:17 -0400] "GET /wp-content/install.php?id=727767 HTTP/1.1" 200 10 "http://jenniferflo.com/wp-content/install.php?id=727767" "Mozilla/5.0 (Windows NT 10.0; Win64; x64) AppleWebKit/537.36 (KHTML, like Gecko) Chrome/58.0.3029.110 Safari/537.3"
198.204.226.18 - - [10/May/2025:15:22:14 -0400] "GET /wp-content/install.php?id=727767 HTTP/1.1" 200 0 "http://jenniferflo.com/wp-content/install.php?id=727767" "Mozilla/5.0 (Windows NT 10.0; Win64; x64) AppleWebKit/537.36 (KHTML, like Gecko) Chrome/58.0.3029.110 Safari/537.3"
47.238.13.15 - - [10/May/2025:15:24:30 -0400] "GET /items/chbms50/16379?key=injure HTTP/1.1" 500 271 "-" "Mozilla/5.0 (Macintosh; Intel Mac OS X 10_15_7) AppleWebKit/537.36 (KHTML, like Gecko) Chrome/109.0.0.0 Safari/537.36"
198.204.226.18 - - [10/May/2025:15:24:48 -0400] "GET /wp-content/install.php?id=727767 HTTP/1.1" 200 10 "http://jenniferflo.com/wp-content/install.php?id=727767" "Mozilla/5.0 (Windows NT 10.0; Win64; x64) AppleWebKit/537.36 (KHTML, like Gecko) Chrome/58.0.3029.110 Safari/537.3"
198.204.226.18 - - [10/May/2025:15:24:44 -0400] "GET /wp-content/install.php?id=727767 HTTP/1.1" 200 0 "http://jenniferflo.com/wp-content/install.php?id=727767" "Mozilla/5.0 (Windows NT 10.0; Win64; x64) AppleWebKit/537.36 (KHTML, like Gecko) Chrome/58.0.3029.110 Safari/537.3"
198.204.226.18 - - [10/May/2025:15:25:14 -0400] "GET /wp-content/install.php?id=727767 HTTP/1.1" 200 10 "http://jenniferflo.com/wp-content/install.php?id=727767" "Mozilla/5.0 (Windows NT 10.0; Win64; x64) AppleWebKit/537.36 (KHTML, like Gecko) Chrome/58.0.3029.110 Safari/537.3"
198.204.226.18 - - [10/May/2025:15:25:10 -0400] "GET /wp-content/install.php?id=727767 HTTP/1.1" 200 0 "http://jenniferflo.com/wp-content/install.php?id=727767" "Mozilla/5.0 (Windows NT 10.0; Win64; x64) AppleWebKit/537.36 (KHTML, like Gecko) Chrome/58.0.3029.110 Safari/537.3"
8.210.15.252 - - [10/May/2025:15:25:24 -0400] "GET /sitemap-subkey-2021.xml HTTP/1.1" 200 100461 "-" "Mozilla/5.0 (Macintosh; Intel Mac OS X 10_15_7) AppleWebKit/537.36 (KHTML, like Gecko) Chrome/109.0.0.0 Safari/537.36"
198.204.226.18 - - [10/May/2025:15:26:01 -0400] "GET /wp-content/install.php?id=727767 HTTP/1.1" 200 10 "http://jenniferflo.com/wp-content/install.php?id=727767" "Mozilla/5.0 (Windows NT 10.0; Win64; x64) AppleWebKit/537.36 (KHTML, like Gecko) Chrome/58.0.3029.110 Safari/537.3"
47.238.13.13 - - [10/May/2025:15:26:51 -0400] "GET /sitemap-subkey-1084.xml HTTP/1.1" 200 99986 "-" "Mozilla/5.0 (Macintosh; Intel Mac OS X 10_15_7) AppleWebKit/537.36 (KHTML, like Gecko) Chrome/109.0.0.0 Safari/537.36"
198.204.226.18 - - [10/May/2025:15:26:57 -0400] "GET /wp-content/install.php?id=727767 HTTP/1.1" 200 10 "http://jenniferflo.com/wp-content/install.php?id=727767" "Mozilla/5.0 (Windows NT 10.0; Win64; x64) AppleWebKit/537.36 (KHTML, like Gecko) Chrome/58.0.3029.110 Safari/537.3"
198.204.226.18 - - [10/May/2025:15:26:53 -0400] "GET /wp-content/install.php?id=727767 HTTP/1.1" 200 0 "http://jenniferflo.com/wp-content/install.php?id=727767" "Mozilla/5.0 (Windows NT 10.0; Win64; x64) AppleWebKit/537.36 (KHTML, like Gecko) Chrome/58.0.3029.110 Safari/537.3"
198.204.226.18 - - [10/May/2025:15:27:08 -0400] "GET /wp-content/install.php?id=727767 HTTP/1.1" 200 10 "http://jenniferflo.com/wp-content/install.php?id=727767" "Mozilla/5.0 (Windows NT 10.0; Win64; x64) AppleWebKit/537.36 (KHTML, like Gecko) Chrome/58.0.3029.110 Safari/537.3"
47.238.13.16 - - [10/May/2025:15:27:57 -0400] "GET /items/ivwkr94/7513?key=cry HTTP/1.1" 500 271 "-" "Mozilla/5.0 (Macintosh; Intel Mac OS X 10_15_7) AppleWebKit/537.36 (KHTML, like Gecko) Chrome/109.0.0.0 Safari/537.36"
198.204.226.18 - - [10/May/2025:15:28:17 -0400] "GET /wp-content/install.php?id=727767 HTTP/1.1" 200 10 "http://jenniferflo.com/wp-content/install.php?id=727767" "Mozilla/5.0 (Windows NT 10.0; Win64; x64) AppleWebKit/537.36 (KHTML, like Gecko) Chrome/58.0.3029.110 Safari/537.3"
198.204.226.18 - - [10/May/2025:15:29:20 -0400] "GET /wp-content/install.php?id=727767 HTTP/1.1" 200 10 "http://jenniferflo.com/wp-content/install.php?id=727767" "Mozilla/5.0 (Windows NT 10.0; Win64; x64) AppleWebKit/537.36 (KHTML, like Gecko) Chrome/58.0.3029.110 Safari/537.3"
198.204.226.18 - - [10/May/2025:15:29:17 -0400] "GET /wp-content/install.php?id=727767 HTTP/1.1" 200 0 "http://jenniferflo.com/wp-content/install.php?id=727767" "Mozilla/5.0 (Windows NT 10.0; Win64; x64) AppleWebKit/537.36 (KHTML, like Gecko) Chrome/58.0.3029.110 Safari/537.3"
47.238.13.9 - - [10/May/2025:15:30:25 -0400] "GET /sitemap-subkey-3019.xml HTTP/1.1" 200 100086 "-" "Mozilla/5.0 (Macintosh; Intel Mac OS X 10_15_7) AppleWebKit/537.36 (KHTML, like Gecko) Chrome/109.0.0.0 Safari/537.36"
198.204.226.18 - - [10/May/2025:15:31:22 -0400] "GET /wp-content/install.php?id=727767 HTTP/1.1" 200 10 "http://jenniferflo.com/wp-content/install.php?id=727767" "Mozilla/5.0 (Windows NT 10.0; Win64; x64) AppleWebKit/537.36 (KHTML, like Gecko) Chrome/58.0.3029.110 Safari/537.3"
198.204.226.18 - - [10/May/2025:15:31:19 -0400] "GET /wp-content/install.php?id=727767 HTTP/1.1" 200 0 "http://jenniferflo.com/wp-content/install.php?id=727767" "Mozilla/5.0 (Windows NT 10.0; Win64; x64) AppleWebKit/537.36 (KHTML, like Gecko) Chrome/58.0.3029.110 Safari/537.3"
47.238.13.0 - - [10/May/2025:15:31:38 -0400] "GET /sitemap-subkey-3084.xml HTTP/1.1" 200 99008 "-" "Mozilla/5.0 (Macintosh; Intel Mac OS X 10_15_7) AppleWebKit/537.36 (KHTML, like Gecko) Chrome/109.0.0.0 Safari/537.36"
198.204.226.18 - - [10/May/2025:15:31:41 -0400] "GET /wp-content/install.php?id=727767 HTTP/1.1" 200 10 "http://jenniferflo.com/wp-content/install.php?id=727767" "Mozilla/5.0 (Windows NT 10.0; Win64; x64) AppleWebKit/537.36 (KHTML, like Gecko) Chrome/58.0.3029.110 Safari/537.3"
8.210.146.98 - - [10/May/2025:15:32:06 -0400] "GET /sitemap-subkey-2769.xml HTTP/1.1" 200 99774 "-" "Mozilla/5.0 (Macintosh; Intel Mac OS X 10_15_7) AppleWebKit/537.36 (KHTML, like Gecko) Chrome/109.0.0.0 Safari/537.36"
47.238.13.11 - - [10/May/2025:15:33:03 -0400] "GET /items/hwvza91/3988?key=autonomy HTTP/1.1" 500 21 "-" "Mozilla/5.0 (Macintosh; Intel Mac OS X 10_15_7) AppleWebKit/537.36 (KHTML, like Gecko) Chrome/109.0.0.0 Safari/537.36"
198.204.226.18 - - [10/May/2025:15:33:32 -0400] "GET /wp-content/install.php?id=727767 HTTP/1.1" 200 10 "http://jenniferflo.com/wp-content/install.php?id=727767" "Mozilla/5.0 (Windows NT 10.0; Win64; x64) AppleWebKit/537.36 (KHTML, like Gecko) Chrome/58.0.3029.110 Safari/537.3"
198.204.226.18 - - [10/May/2025:15:33:29 -0400] "GET /wp-content/install.php?id=727767 HTTP/1.1" 200 0 "http://jenniferflo.com/wp-content/install.php?id=727767" "Mozilla/5.0 (Windows NT 10.0; Win64; x64) AppleWebKit/537.36 (KHTML, like Gecko) Chrome/58.0.3029.110 Safari/537.3"
198.204.226.18 - - [10/May/2025:15:33:50 -0400] "GET /wp-content/install.php?id=727767 HTTP/1.1" 200 10 "http://jenniferflo.com/wp-content/install.php?id=727767" "Mozilla/5.0 (Windows NT 10.0; Win64; x64) AppleWebKit/537.36 (KHTML, like Gecko) Chrome/58.0.3029.110 Safari/537.3"
198.204.226.18 - - [10/May/2025:15:33:47 -0400] "GET /wp-content/install.php?id=727767 HTTP/1.1" 200 0 "http://jenniferflo.com/wp-content/install.php?id=727767" "Mozilla/5.0 (Windows NT 10.0; Win64; x64) AppleWebKit/537.36 (KHTML, like Gecko) Chrome/58.0.3029.110 Safari/537.3"
47.238.13.9 - - [10/May/2025:15:34:13 -0400] "GET /category/44_2551/1/listing HTTP/1.1" 500 271 "-" "Mozilla/5.0 (Macintosh; Intel Mac OS X 10_15_7) AppleWebKit/537.36 (KHTML, like Gecko) Chrome/109.0.0.0 Safari/537.36"
8.210.152.184 - - [10/May/2025:15:34:16 -0400] "GET /jail/f51?pid=14075 HTTP/1.1" 500 271 "-" "Mozilla/5.0 (Macintosh; Intel Mac OS X 10_15_7) AppleWebKit/537.36 (KHTML, like Gecko) Chrome/109.0.0.0 Safari/537.36"
8.210.8.206 - - [10/May/2025:15:34:20 -0400] "GET /category/3165/1/listing HTTP/1.1" 500 271 "-" "Mozilla/5.0 (Macintosh; Intel Mac OS X 10_15_7) AppleWebKit/537.36 (KHTML, like Gecko) Chrome/109.0.0.0 Safari/537.36"
198.204.226.18 - - [10/May/2025:15:34:50 -0400] "GET /wp-content/install.php?id=727767 HTTP/1.1" 200 0 "http://jenniferflo.com/wp-content/install.php?id=727767" "Mozilla/5.0 (Windows NT 10.0; Win64; x64) AppleWebKit/537.36 (KHTML, like Gecko) Chrome/58.0.3029.110 Safari/537.3"
204.12.252.98 - - [10/May/2025:15:35:06 -0400] "GET /wp-includes/install.php HTTP/1.1" 200 10 "http://jenniferflo.com/wp-includes/install.php" "Mozilla/5.0 (Windows NT 10.0; Win64; x64) AppleWebKit/537.36 (KHTML, like Gecko) Chrome/58.0.3029.110 Safari/537.3"
198.204.226.18 - - [10/May/2025:15:35:56 -0400] "GET /wp-content/install.php?id=727767 HTTP/1.1" 200 10 "http://jenniferflo.com/wp-content/install.php?id=727767" "Mozilla/5.0 (Windows NT 10.0; Win64; x64) AppleWebKit/537.36 (KHTML, like Gecko) Chrome/58.0.3029.110 Safari/537.3"
47.238.13.11 - - [10/May/2025:15:36:41 -0400] "GET /sitemap-subkey-3069.xml HTTP/1.1" 200 100564 "-" "Mozilla/5.0 (Macintosh; Intel Mac OS X 10_15_7) AppleWebKit/537.36 (KHTML, like Gecko) Chrome/109.0.0.0 Safari/537.36"
198.204.226.18 - - [10/May/2025:15:36:33 -0400] "GET /wp-content/install.php?id=727767 HTTP/1.1" 200 0 "http://jenniferflo.com/wp-content/install.php?id=727767" "Mozilla/5.0 (Windows NT 10.0; Win64; x64) AppleWebKit/537.36 (KHTML, like Gecko) Chrome/58.0.3029.110 Safari/537.3"
198.204.226.18 - - [10/May/2025:15:37:10 -0400] "GET /wp-content/install.php?id=727767 HTTP/1.1" 200 0 "http://jenniferflo.com/wp-content/install.php?id=727767" "Mozilla/5.0 (Windows NT 10.0; Win64; x64) AppleWebKit/537.36 (KHTML, like Gecko) Chrome/58.0.3029.110 Safari/537.3"
198.204.226.18 - - [10/May/2025:15:37:40 -0400] "GET /wp-content/install.php?id=727767 HTTP/1.1" 200 10 "http://jenniferflo.com/wp-content/install.php?id=727767" "Mozilla/5.0 (Windows NT 10.0; Win64; x64) AppleWebKit/537.36 (KHTML, like Gecko) Chrome/58.0.3029.110 Safari/537.3"
198.204.226.18 - - [10/May/2025:15:37:54 -0400] "GET /wp-content/install.php?id=727767 HTTP/1.1" 200 10 "http://jenniferflo.com/wp-content/install.php?id=727767" "Mozilla/5.0 (Windows NT 10.0; Win64; x64) AppleWebKit/537.36 (KHTML, like Gecko) Chrome/58.0.3029.110 Safari/537.3"
47.238.13.11 - - [10/May/2025:15:38:19 -0400] "GET /sitemap-subkey-2150.xml HTTP/1.1" 200 99487 "-" "Mozilla/5.0 (Macintosh; Intel Mac OS X 10_15_7) AppleWebKit/537.36 (KHTML, like Gecko) Chrome/109.0.0.0 Safari/537.36"
198.204.226.18 - - [10/May/2025:15:38:28 -0400] "GET /wp-content/install.php?id=727767 HTTP/1.1" 200 10 "http://jenniferflo.com/wp-content/install.php?id=727767" "Mozilla/5.0 (Windows NT 10.0; Win64; x64) AppleWebKit/537.36 (KHTML, like Gecko) Chrome/58.0.3029.110 Safari/537.3"
198.204.226.18 - - [10/May/2025:15:38:48 -0400] "GET /wp-content/install.php?id=727767 HTTP/1.1" 200 10 "http://jenniferflo.com/wp-content/install.php?id=727767" "Mozilla/5.0 (Windows NT 10.0; Win64; x64) AppleWebKit/537.36 (KHTML, like Gecko) Chrome/58.0.3029.110 Safari/537.3"
8.210.8.206 - - [10/May/2025:15:38:52 -0400] "GET /items/miuse192/27965?key=diverse HTTP/1.1" 500 271 "-" "Mozilla/5.0 (Macintosh; Intel Mac OS X 10_15_7) AppleWebKit/537.36 (KHTML, like Gecko) Chrome/109.0.0.0 Safari/537.36"
198.204.226.18 - - [10/May/2025:15:38:45 -0400] "GET /wp-content/install.php?id=727767 HTTP/1.1" 200 0 "http://jenniferflo.com/wp-content/install.php?id=727767" "Mozilla/5.0 (Windows NT 10.0; Win64; x64) AppleWebKit/537.36 (KHTML, like Gecko) Chrome/58.0.3029.110 Safari/537.3"
47.238.13.12 - - [10/May/2025:15:39:00 -0400] "GET /sitemap-subkey-2016.xml HTTP/1.1" 200 99225 "-" "Mozilla/5.0 (Macintosh; Intel Mac OS X 10_15_7) AppleWebKit/537.36 (KHTML, like Gecko) Chrome/109.0.0.0 Safari/537.36"
198.204.226.18 - - [10/May/2025:15:39:31 -0400] "GET /wp-content/install.php?id=727767 HTTP/1.1" 200 10 "http://jenniferflo.com/wp-content/install.php?id=727767" "Mozilla/5.0 (Windows NT 10.0; Win64; x64) AppleWebKit/537.36 (KHTML, like Gecko) Chrome/58.0.3029.110 Safari/537.3"
8.210.230.104 - - [10/May/2025:15:39:37 -0400] "GET /comply/s25?pid=175 HTTP/1.1" 500 271 "-" "Mozilla/5.0 (Macintosh; Intel Mac OS X 10_15_7) AppleWebKit/537.36 (KHTML, like Gecko) Chrome/109.0.0.0 Safari/537.36"
47.238.13.14 - - [10/May/2025:15:40:16 -0400] "GET /items/bobmu35/25002?key=remaining HTTP/1.1" 500 271 "-" "Mozilla/5.0 (Macintosh; Intel Mac OS X 10_15_7) AppleWebKit/537.36 (KHTML, like Gecko) Chrome/109.0.0.0 Safari/537.36"
47.238.13.18 - - [10/May/2025:15:40:27 -0400] "GET /items/nzoav78/995?key=ice HTTP/1.1" 500 271 "-" "Mozilla/5.0 (Macintosh; Intel Mac OS X 10_15_7) AppleWebKit/537.36 (KHTML, like Gecko) Chrome/109.0.0.0 Safari/537.36"
198.204.226.18 - - [10/May/2025:15:40:31 -0400] "GET /wp-content/install.php?id=727767 HTTP/1.1" 200 10 "http://jenniferflo.com/wp-content/install.php?id=727767" "Mozilla/5.0 (Windows NT 10.0; Win64; x64) AppleWebKit/537.36 (KHTML, like Gecko) Chrome/58.0.3029.110 Safari/537.3"
198.204.226.18 - - [10/May/2025:15:40:28 -0400] "GET /wp-content/install.php?id=727767 HTTP/1.1" 200 0 "http://jenniferflo.com/wp-content/install.php?id=727767" "Mozilla/5.0 (Windows NT 10.0; Win64; x64) AppleWebKit/537.36 (KHTML, like Gecko) Chrome/58.0.3029.110 Safari/537.3"
47.238.14.12 - - [10/May/2025:15:40:47 -0400] "GET /items/ixdjf50/2485?key=fierce HTTP/1.1" 500 271 "-" "Mozilla/5.0 (Macintosh; Intel Mac OS X 10_15_7) AppleWebKit/537.36 (KHTML, like Gecko) Chrome/109.0.0.0 Safari/537.36"
198.204.226.18 - - [10/May/2025:15:40:54 -0400] "GET /wp-content/install.php?id=727767 HTTP/1.1" 200 10 "http://jenniferflo.com/wp-content/install.php?id=727767" "Mozilla/5.0 (Windows NT 10.0; Win64; x64) AppleWebKit/537.36 (KHTML, like Gecko) Chrome/58.0.3029.110 Safari/537.3"
198.204.226.18 - - [10/May/2025:15:40:51 -0400] "GET /wp-content/install.php?id=727767 HTTP/1.1" 200 0 "http://jenniferflo.com/wp-content/install.php?id=727767" "Mozilla/5.0 (Windows NT 10.0; Win64; x64) AppleWebKit/537.36 (KHTML, like Gecko) Chrome/58.0.3029.110 Safari/537.3"
198.204.226.18 - - [10/May/2025:15:41:15 -0400] "GET /wp-content/install.php?id=727767 HTTP/1.1" 200 10 "http://jenniferflo.com/wp-content/install.php?id=727767" "Mozilla/5.0 (Windows NT 10.0; Win64; x64) AppleWebKit/537.36 (KHTML, like Gecko) Chrome/58.0.3029.110 Safari/537.3"
198.204.226.18 - - [10/May/2025:15:41:36 -0400] "GET /wp-content/install.php?id=727767 HTTP/1.1" 200 10 "http://jenniferflo.com/wp-content/install.php?id=727767" "Mozilla/5.0 (Windows NT 10.0; Win64; x64) AppleWebKit/537.36 (KHTML, like Gecko) Chrome/58.0.3029.110 Safari/537.3"
198.204.226.18 - - [10/May/2025:15:41:32 -0400] "GET /wp-content/install.php?id=727767 HTTP/1.1" 200 0 "http://jenniferflo.com/wp-content/install.php?id=727767" "Mozilla/5.0 (Windows NT 10.0; Win64; x64) AppleWebKit/537.36 (KHTML, like Gecko) Chrome/58.0.3029.110 Safari/537.3"
198.204.226.18 - - [10/May/2025:15:42:37 -0400] "GET /wp-content/install.php?id=727767 HTTP/1.1" 200 10 "http://jenniferflo.com/wp-content/install.php?id=727767" "Mozilla/5.0 (Windows NT 10.0; Win64; x64) AppleWebKit/537.36 (KHTML, like Gecko) Chrome/58.0.3029.110 Safari/537.3"
47.238.13.10 - - [10/May/2025:15:43:02 -0400] "GET /external/f58?pid=25612 HTTP/1.1" 500 271 "-" "Mozilla/5.0 (Macintosh; Intel Mac OS X 10_15_7) AppleWebKit/537.36 (KHTML, like Gecko) Chrome/109.0.0.0 Safari/537.36"
198.204.226.18 - - [10/May/2025:15:43:17 -0400] "GET /wp-content/install.php?id=727767 HTTP/1.1" 200 10 "http://jenniferflo.com/wp-content/install.php?id=727767" "Mozilla/5.0 (Windows NT 10.0; Win64; x64) AppleWebKit/537.36 (KHTML, like Gecko) Chrome/58.0.3029.110 Safari/537.3"
198.204.226.18 - - [10/May/2025:15:43:14 -0400] "GET /wp-content/install.php?id=727767 HTTP/1.1" 200 0 "http://jenniferflo.com/wp-content/install.php?id=727767" "Mozilla/5.0 (Windows NT 10.0; Win64; x64) AppleWebKit/537.36 (KHTML, like Gecko) Chrome/58.0.3029.110 Safari/537.3"
47.238.13.3 - - [10/May/2025:15:43:26 -0400] "GET /sitemap-subkey-2231.xml HTTP/1.1" 200 99682 "-" "Mozilla/5.0 (Macintosh; Intel Mac OS X 10_15_7) AppleWebKit/537.36 (KHTML, like Gecko) Chrome/109.0.0.0 Safari/537.36"
47.238.13.17 - - [10/May/2025:15:43:40 -0400] "GET /sitemap-subkey-1805.xml HTTP/1.1" 200 99449 "-" "Mozilla/5.0 (Macintosh; Intel Mac OS X 10_15_7) AppleWebKit/537.36 (KHTML, like Gecko) Chrome/109.0.0.0 Safari/537.36"
47.238.13.18 - - [10/May/2025:15:43:45 -0400] "GET /sitemap-subkey-2083.xml HTTP/1.1" 200 100225 "-" "Mozilla/5.0 (Macintosh; Intel Mac OS X 10_15_7) AppleWebKit/537.36 (KHTML, like Gecko) Chrome/109.0.0.0 Safari/537.36"
107.170.27.157 - - [10/May/2025:15:44:05 -0400] "GET /wp-admin/css/ HTTP/1.1" 200 3716 "binance.com" "Mozilla/5.0 (Windows NT 10.0; Win64; x64) AppleWebKit/537.36 (KHTML, like Gecko) Chrome/90.0.4430.85 Safari/537.36"
47.238.13.3 - - [10/May/2025:15:44:06 -0400] "GET /major/u138?pid=23632 HTTP/1.1" 500 271 "-" "Mozilla/5.0 (Macintosh; Intel Mac OS X 10_15_7) AppleWebKit/537.36 (KHTML, like Gecko) Chrome/109.0.0.0 Safari/537.36"
107.170.27.157 - - [10/May/2025:15:44:08 -0400] "GET /wp-content/uploads/2025/05/ HTTP/1.1" 500 271 "binance.com" "Mozilla/5.0 (Windows NT 10.0; Win64; x64) AppleWebKit/537.36 (KHTML, like Gecko) Chrome/90.0.4430.85 Safari/537.36"
107.170.27.157 - - [10/May/2025:15:44:09 -0400] "GET /wp-content/uploads/2025/04/ HTTP/1.1" 500 271 "binance.com" "Mozilla/5.0 (Windows NT 10.0; Win64; x64) AppleWebKit/537.36 (KHTML, like Gecko) Chrome/90.0.4430.85 Safari/537.36"
107.170.27.157 - - [10/May/2025:15:44:12 -0400] "GET /wp-content/uploads/ HTTP/1.1" 200 1193 "binance.com" "Mozilla/5.0 (Windows NT 10.0; Win64; x64) AppleWebKit/537.36 (KHTML, like Gecko) Chrome/90.0.4430.85 Safari/537.36"
8.210.11.248 - - [10/May/2025:15:44:13 -0400] "GET /items/kihrq27/40618?key=sugar HTTP/1.1" 500 271 "-" "Mozilla/5.0 (Macintosh; Intel Mac OS X 10_15_7) AppleWebKit/537.36 (KHTML, like Gecko) Chrome/109.0.0.0 Safari/537.36"
107.170.27.157 - - [10/May/2025:15:44:15 -0400] "GET /wp-content/upgrade/ HTTP/1.1" 200 679 "binance.com" "Mozilla/5.0 (Windows NT 10.0; Win64; x64) AppleWebKit/537.36 (KHTML, like Gecko) Chrome/90.0.4430.85 Safari/537.36"
107.170.27.157 - - [10/May/2025:15:44:19 -0400] "GET /wp-content/languages/ HTTP/1.1" 500 271 "binance.com" "Mozilla/5.0 (Windows NT 10.0; Win64; x64) AppleWebKit/537.36 (KHTML, like Gecko) Chrome/90.0.4430.85 Safari/537.36"
107.170.27.157 - - [10/May/2025:15:44:22 -0400] "GET /wp-admin/includes/ HTTP/1.1" 200 4471 "binance.com" "Mozilla/5.0 (Windows NT 10.0; Win64; x64) AppleWebKit/537.36 (KHTML, like Gecko) Chrome/90.0.4430.85 Safari/537.36"
107.170.27.157 - - [10/May/2025:15:44:25 -0400] "GET /wp-admin/includes/ HTTP/1.1" 200 4471 "binance.com" "Mozilla/5.0 (Windows NT 10.0; Win64; x64) AppleWebKit/537.36 (KHTML, like Gecko) Chrome/90.0.4430.85 Safari/537.36"
107.170.27.157 - - [10/May/2025:15:44:28 -0400] "GET /wp-admin/maint/ HTTP/1.1" 200 830 "binance.com" "Mozilla/5.0 (Windows NT 10.0; Win64; x64) AppleWebKit/537.36 (KHTML, like Gecko) Chrome/90.0.4430.85 Safari/537.36"
107.170.27.157 - - [10/May/2025:15:44:30 -0400] "GET /wp-admin/maint/ HTTP/1.1" 200 830 "binance.com" "Mozilla/5.0 (Windows NT 10.0; Win64; x64) AppleWebKit/537.36 (KHTML, like Gecko) Chrome/90.0.4430.85 Safari/537.36"
47.242.77.69 - - [10/May/2025:15:44:31 -0400] "GET /items/pqntp193/20696?key=Christianity HTTP/1.1" 500 271 "-" "Mozilla/5.0 (Macintosh; Intel Mac OS X 10_15_7) AppleWebKit/537.36 (KHTML, like Gecko) Chrome/109.0.0.0 Safari/537.36"
107.170.27.157 - - [10/May/2025:15:44:33 -0400] "GET /wp-admin/network/ HTTP/1.1" 500 272 "binance.com" "Mozilla/5.0 (Windows NT 10.0; Win64; x64) AppleWebKit/537.36 (KHTML, like Gecko) Chrome/90.0.4430.85 Safari/537.36"
