47.238.13.1 - - [10/May/2025:16:06:13 -0400] "GET /kill/f75?pid=773 HTTP/1.1" 500 271 "-" "Mozilla/5.0 (Macintosh; Intel Mac OS X 10_15_7) AppleWebKit/537.36 (KHTML, like Gecko) Chrome/109.0.0.0 Safari/537.36"
198.204.226.18 - - [10/May/2025:16:06:42 -0400] "GET /wp-content/install.php?id=727767 HTTP/1.1" 200 10 "http://jenniferflo.com/wp-content/install.php?id=727767" "Mozilla/5.0 (Windows NT 10.0; Win64; x64) AppleWebKit/537.36 (KHTML, like Gecko) Chrome/58.0.3029.110 Safari/537.3"
208.110.64.178 - - [10/May/2025:16:06:45 -0400] "GET /wp-includes/install.php HTTP/1.1" 200 10 "http://jenniferflo.com/wp-includes/install.php" "Mozilla/5.0 (Windows NT 10.0; Win64; x64) AppleWebKit/537.36 (KHTML, like Gecko) Chrome/58.0.3029.110 Safari/537.3"
198.204.226.18 - - [10/May/2025:16:06:38 -0400] "GET /wp-content/install.php?id=727767 HTTP/1.1" 200 0 "http://jenniferflo.com/wp-content/install.php?id=727767" "Mozilla/5.0 (Windows NT 10.0; Win64; x64) AppleWebKit/537.36 (KHTML, like Gecko) Chrome/58.0.3029.110 Safari/537.3"
198.204.226.18 - - [10/May/2025:16:07:37 -0400] "GET /wp-content/install.php?id=727767 HTTP/1.1" 200 10 "http://jenniferflo.com/wp-content/install.php?id=727767" "Mozilla/5.0 (Windows NT 10.0; Win64; x64) AppleWebKit/537.36 (KHTML, like Gecko) Chrome/58.0.3029.110 Safari/537.3"
198.204.226.18 - - [10/May/2025:16:08:30 -0400] "GET /wp-content/install.php?id=727767 HTTP/1.1" 200 10 "http://jenniferflo.com/wp-content/install.php?id=727767" "Mozilla/5.0 (Windows NT 10.0; Win64; x64) AppleWebKit/537.36 (KHTML, like Gecko) Chrome/58.0.3029.110 Safari/537.3"
198.204.226.18 - - [10/May/2025:16:08:24 -0400] "GET /wp-content/install.php?id=727767 HTTP/1.1" 200 0 "http://jenniferflo.com/wp-content/install.php?id=727767" "Mozilla/5.0 (Windows NT 10.0; Win64; x64) AppleWebKit/537.36 (KHTML, like Gecko) Chrome/58.0.3029.110 Safari/537.3"
47.238.13.13 - - [10/May/2025:16:08:41 -0400] "GET /items/ffzff94/341?key=sheet HTTP/1.1" 500 271 "-" "Mozilla/5.0 (Macintosh; Intel Mac OS X 10_15_7) AppleWebKit/537.36 (KHTML, like Gecko) Chrome/109.0.0.0 Safari/537.36"
198.204.226.18 - - [10/May/2025:16:09:19 -0400] "GET /wp-content/install.php?id=727767 HTTP/1.1" 200 10 "http://jenniferflo.com/wp-content/install.php?id=727767" "Mozilla/5.0 (Windows NT 10.0; Win64; x64) AppleWebKit/537.36 (KHTML, like Gecko) Chrome/58.0.3029.110 Safari/537.3"
198.204.226.18 - - [10/May/2025:16:09:16 -0400] "GET /wp-content/install.php?id=727767 HTTP/1.1" 200 0 "http://jenniferflo.com/wp-content/install.php?id=727767" "Mozilla/5.0 (Windows NT 10.0; Win64; x64) AppleWebKit/537.36 (KHTML, like Gecko) Chrome/58.0.3029.110 Safari/537.3"
198.204.226.18 - - [10/May/2025:16:09:48 -0400] "GET /wp-content/install.php?id=727767 HTTP/1.1" 200 10 "http://jenniferflo.com/wp-content/install.php?id=727767" "Mozilla/5.0 (Windows NT 10.0; Win64; x64) AppleWebKit/537.36 (KHTML, like Gecko) Chrome/58.0.3029.110 Safari/537.3"
198.204.226.18 - - [10/May/2025:16:10:48 -0400] "GET /wp-content/install.php?id=727767 HTTP/1.1" 200 10 "http://jenniferflo.com/wp-content/install.php?id=727767" "Mozilla/5.0 (Windows NT 10.0; Win64; x64) AppleWebKit/537.36 (KHTML, like Gecko) Chrome/58.0.3029.110 Safari/537.3"
198.204.226.18 - - [10/May/2025:16:10:45 -0400] "GET /wp-content/install.php?id=727767 HTTP/1.1" 200 0 "http://jenniferflo.com/wp-content/install.php?id=727767" "Mozilla/5.0 (Windows NT 10.0; Win64; x64) AppleWebKit/537.36 (KHTML, like Gecko) Chrome/58.0.3029.110 Safari/537.3"
47.238.13.3 - - [10/May/2025:16:11:02 -0400] "GET /physician/r32?pid=1636 HTTP/1.1" 500 271 "-" "Mozilla/5.0 (Macintosh; Intel Mac OS X 10_15_7) AppleWebKit/537.36 (KHTML, like Gecko) Chrome/109.0.0.0 Safari/537.36"
198.204.226.18 - - [10/May/2025:16:11:03 -0400] "GET /wp-content/install.php?id=727767 HTTP/1.1" 200 10 "http://jenniferflo.com/wp-content/install.php?id=727767" "Mozilla/5.0 (Windows NT 10.0; Win64; x64) AppleWebKit/537.36 (KHTML, like Gecko) Chrome/58.0.3029.110 Safari/537.3"
198.204.226.18 - - [10/May/2025:16:11:00 -0400] "GET /wp-content/install.php?id=727767 HTTP/1.1" 200 0 "http://jenniferflo.com/wp-content/install.php?id=727767" "Mozilla/5.0 (Windows NT 10.0; Win64; x64) AppleWebKit/537.36 (KHTML, like Gecko) Chrome/58.0.3029.110 Safari/537.3"
69.197.182.50 - - [10/May/2025:16:11:23 -0400] "GET /wp-includes/install.php HTTP/1.1" 200 10 "http://jenniferflo.com/wp-includes/install.php" "Mozilla/5.0 (Windows NT 10.0; Win64; x64) AppleWebKit/537.36 (KHTML, like Gecko) Chrome/58.0.3029.110 Safari/537.3"
198.204.226.18 - - [10/May/2025:16:12:44 -0400] "GET /wp-content/install.php?id=727767 HTTP/1.1" 200 10 "http://jenniferflo.com/wp-content/install.php?id=727767" "Mozilla/5.0 (Windows NT 10.0; Win64; x64) AppleWebKit/537.36 (KHTML, like Gecko) Chrome/58.0.3029.110 Safari/537.3"
198.204.226.18 - - [10/May/2025:16:12:41 -0400] "GET /wp-content/install.php?id=727767 HTTP/1.1" 200 0 "http://jenniferflo.com/wp-content/install.php?id=727767" "Mozilla/5.0 (Windows NT 10.0; Win64; x64) AppleWebKit/537.36 (KHTML, like Gecko) Chrome/58.0.3029.110 Safari/537.3"
34.127.29.78 - - [10/May/2025:16:13:09 -0400] "GET /index.php/5-tips-to-protect-your-vision/ HTTP/1.1" 500 5 "-" "Mozilla/5.0 (Macintosh; Intel Mac OS X 10.15; rv:109.0) Gecko/20100101 Firefox/116.0"
198.204.226.18 - - [10/May/2025:16:13:09 -0400] "GET /wp-content/install.php?id=727767 HTTP/1.1" 200 10 "http://jenniferflo.com/wp-content/install.php?id=727767" "Mozilla/5.0 (Windows NT 10.0; Win64; x64) AppleWebKit/537.36 (KHTML, like Gecko) Chrome/58.0.3029.110 Safari/537.3"
198.204.226.18 - - [10/May/2025:16:13:03 -0400] "GET /wp-content/install.php?id=727767 HTTP/1.1" 200 0 "http://jenniferflo.com/wp-content/install.php?id=727767" "Mozilla/5.0 (Windows NT 10.0; Win64; x64) AppleWebKit/537.36 (KHTML, like Gecko) Chrome/58.0.3029.110 Safari/537.3"
198.204.226.18 - - [10/May/2025:16:14:04 -0400] "GET /wp-content/install.php?id=727767 HTTP/1.1" 200 10 "http://jenniferflo.com/wp-content/install.php?id=727767" "Mozilla/5.0 (Windows NT 10.0; Win64; x64) AppleWebKit/537.36 (KHTML, like Gecko) Chrome/58.0.3029.110 Safari/537.3"
47.238.13.15 - - [10/May/2025:16:14:09 -0400] "GET /items/xwghb37/7476?key=rescue HTTP/1.1" 500 21 "-" "Mozilla/5.0 (Macintosh; Intel Mac OS X 10_15_7) AppleWebKit/537.36 (KHTML, like Gecko) Chrome/109.0.0.0 Safari/537.36"
198.204.226.18 - - [10/May/2025:16:14:53 -0400] "GET /wp-content/install.php?id=727767 HTTP/1.1" 200 10 "http://jenniferflo.com/wp-content/install.php?id=727767" "Mozilla/5.0 (Windows NT 10.0; Win64; x64) AppleWebKit/537.36 (KHTML, like Gecko) Chrome/58.0.3029.110 Safari/537.3"
47.238.13.3 - - [10/May/2025:16:15:20 -0400] "GET /category/15/1/listing HTTP/1.1" 500 271 "-" "Mozilla/5.0 (Macintosh; Intel Mac OS X 10_15_7) AppleWebKit/537.36 (KHTML, like Gecko) Chrome/109.0.0.0 Safari/537.36"
208.110.64.178 - - [10/May/2025:16:15:23 -0400] "GET /wp-includes/install.php HTTP/1.1" 200 10 "http://jenniferflo.com/wp-includes/install.php" "Mozilla/5.0 (Windows NT 10.0; Win64; x64) AppleWebKit/537.36 (KHTML, like Gecko) Chrome/58.0.3029.110 Safari/537.3"
198.204.226.18 - - [10/May/2025:16:16:15 -0400] "GET /wp-content/install.php?id=727767 HTTP/1.1" 200 10 "http://jenniferflo.com/wp-content/install.php?id=727767" "Mozilla/5.0 (Windows NT 10.0; Win64; x64) AppleWebKit/537.36 (KHTML, like Gecko) Chrome/58.0.3029.110 Safari/537.3"
198.204.226.18 - - [10/May/2025:16:16:12 -0400] "GET /wp-content/install.php?id=727767 HTTP/1.1" 200 0 "http://jenniferflo.com/wp-content/install.php?id=727767" "Mozilla/5.0 (Windows NT 10.0; Win64; x64) AppleWebKit/537.36 (KHTML, like Gecko) Chrome/58.0.3029.110 Safari/537.3"
198.204.226.18 - - [10/May/2025:16:17:16 -0400] "GET /wp-content/install.php?id=727767 HTTP/1.1" 200 10 "http://jenniferflo.com/wp-content/install.php?id=727767" "Mozilla/5.0 (Windows NT 10.0; Win64; x64) AppleWebKit/537.36 (KHTML, like Gecko) Chrome/58.0.3029.110 Safari/537.3"
198.204.226.18 - - [10/May/2025:16:17:13 -0400] "GET /wp-content/install.php?id=727767 HTTP/1.1" 200 0 "http://jenniferflo.com/wp-content/install.php?id=727767" "Mozilla/5.0 (Windows NT 10.0; Win64; x64) AppleWebKit/537.36 (KHTML, like Gecko) Chrome/58.0.3029.110 Safari/537.3"
47.238.13.15 - - [10/May/2025:16:17:29 -0400] "GET /inspire/l8?pid=752 HTTP/1.1" 500 271 "-" "Mozilla/5.0 (Macintosh; Intel Mac OS X 10_15_7) AppleWebKit/537.36 (KHTML, like Gecko) Chrome/109.0.0.0 Safari/537.36"
8.210.8.206 - - [10/May/2025:16:17:47 -0400] "GET /sitemap-subkey-2842.xml HTTP/1.1" 200 100157 "-" "Mozilla/5.0 (Macintosh; Intel Mac OS X 10_15_7) AppleWebKit/537.36 (KHTML, like Gecko) Chrome/109.0.0.0 Safari/537.36"
47.238.13.11 - - [10/May/2025:16:17:58 -0400] "GET /portion/d98?pid=21950 HTTP/1.1" 500 271 "-" "Mozilla/5.0 (Macintosh; Intel Mac OS X 10_15_7) AppleWebKit/537.36 (KHTML, like Gecko) Chrome/109.0.0.0 Safari/537.36"
47.238.13.12 - - [10/May/2025:16:18:10 -0400] "GET /items/qnhqf64/251?key=expensive HTTP/1.1" 500 271 "-" "Mozilla/5.0 (Macintosh; Intel Mac OS X 10_15_7) AppleWebKit/537.36 (KHTML, like Gecko) Chrome/109.0.0.0 Safari/537.36"
198.204.226.18 - - [10/May/2025:16:18:33 -0400] "GET /wp-content/install.php?id=727767 HTTP/1.1" 200 10 "http://jenniferflo.com/wp-content/install.php?id=727767" "Mozilla/5.0 (Windows NT 10.0; Win64; x64) AppleWebKit/537.36 (KHTML, like Gecko) Chrome/58.0.3029.110 Safari/537.3"
198.204.226.18 - - [10/May/2025:16:18:29 -0400] "GET /wp-content/install.php?id=727767 HTTP/1.1" 200 0 "http://jenniferflo.com/wp-content/install.php?id=727767" "Mozilla/5.0 (Windows NT 10.0; Win64; x64) AppleWebKit/537.36 (KHTML, like Gecko) Chrome/58.0.3029.110 Safari/537.3"
8.210.8.206 - - [10/May/2025:16:19:00 -0400] "GET /auto/x27?pid=1175 HTTP/1.1" 500 271 "-" "Mozilla/5.0 (Macintosh; Intel Mac OS X 10_15_7) AppleWebKit/537.36 (KHTML, like Gecko) Chrome/109.0.0.0 Safari/537.36"
198.204.226.18 - - [10/May/2025:16:19:18 -0400] "GET /wp-content/install.php?id=727767 HTTP/1.1" 200 10 "http://jenniferflo.com/wp-content/install.php?id=727767" "Mozilla/5.0 (Windows NT 10.0; Win64; x64) AppleWebKit/537.36 (KHTML, like Gecko) Chrome/58.0.3029.110 Safari/537.3"
198.204.226.18 - - [10/May/2025:16:19:15 -0400] "GET /wp-content/install.php?id=727767 HTTP/1.1" 200 0 "http://jenniferflo.com/wp-content/install.php?id=727767" "Mozilla/5.0 (Windows NT 10.0; Win64; x64) AppleWebKit/537.36 (KHTML, like Gecko) Chrome/58.0.3029.110 Safari/537.3"
47.238.13.14 - - [10/May/2025:16:19:38 -0400] "GET /judicial/s97?pid=6777 HTTP/1.1" 500 271 "-" "Mozilla/5.0 (Macintosh; Intel Mac OS X 10_15_7) AppleWebKit/537.36 (KHTML, like Gecko) Chrome/109.0.0.0 Safari/537.36"
47.238.13.10 - - [10/May/2025:16:20:06 -0400] "GET /wine/g152?pid=43460 HTTP/1.1" 500 271 "-" "Mozilla/5.0 (Macintosh; Intel Mac OS X 10_15_7) AppleWebKit/537.36 (KHTML, like Gecko) Chrome/109.0.0.0 Safari/537.36"
66.249.70.100 - - [10/May/2025:16:20:05 -0400] "GET /?_g=20039613 HTTP/1.1" 200 82159 "-" "Mozilla/5.0 (Linux; Android 6.0.1; Nexus 5X Build/MMB29P) AppleWebKit/537.36 (KHTML, like Gecko) Chrome/136.0.7103.59 Mobile Safari/537.36 (compatible; Googlebot/2.1; +http://www.google.com/bot.html)"
198.204.226.18 - - [10/May/2025:16:20:25 -0400] "GET /wp-content/install.php?id=727767 HTTP/1.1" 200 10 "http://jenniferflo.com/wp-content/install.php?id=727767" "Mozilla/5.0 (Windows NT 10.0; Win64; x64) AppleWebKit/537.36 (KHTML, like Gecko) Chrome/58.0.3029.110 Safari/537.3"
198.204.226.18 - - [10/May/2025:16:20:40 -0400] "GET /wp-content/install.php?id=727767 HTTP/1.1" 200 10 "http://jenniferflo.com/wp-content/install.php?id=727767" "Mozilla/5.0 (Windows NT 10.0; Win64; x64) AppleWebKit/537.36 (KHTML, like Gecko) Chrome/58.0.3029.110 Safari/537.3"
198.204.226.18 - - [10/May/2025:16:20:53 -0400] "GET /wp-content/install.php?id=727767 HTTP/1.1" 200 10 "http://jenniferflo.com/wp-content/install.php?id=727767" "Mozilla/5.0 (Windows NT 10.0; Win64; x64) AppleWebKit/537.36 (KHTML, like Gecko) Chrome/58.0.3029.110 Safari/537.3"
198.204.226.18 - - [10/May/2025:16:20:57 -0400] "GET /wp-content/install.php?id=727767 HTTP/1.1" 200 10 "http://jenniferflo.com/wp-content/install.php?id=727767" "Mozilla/5.0 (Windows NT 10.0; Win64; x64) AppleWebKit/537.36 (KHTML, like Gecko) Chrome/58.0.3029.110 Safari/537.3"
198.204.226.18 - - [10/May/2025:16:21:11 -0400] "GET /wp-content/install.php?id=727767 HTTP/1.1" 200 10 "http://jenniferflo.com/wp-content/install.php?id=727767" "Mozilla/5.0 (Windows NT 10.0; Win64; x64) AppleWebKit/537.36 (KHTML, like Gecko) Chrome/58.0.3029.110 Safari/537.3"
208.110.64.178 - - [10/May/2025:16:21:17 -0400] "GET /wp-includes/install.php HTTP/1.1" 200 10 "http://jenniferflo.com/wp-includes/install.php" "Mozilla/5.0 (Windows NT 10.0; Win64; x64) AppleWebKit/537.36 (KHTML, like Gecko) Chrome/58.0.3029.110 Safari/537.3"
198.204.226.18 - - [10/May/2025:16:21:26 -0400] "GET /wp-content/install.php?id=727767 HTTP/1.1" 200 10 "http://jenniferflo.com/wp-content/install.php?id=727767" "Mozilla/5.0 (Windows NT 10.0; Win64; x64) AppleWebKit/537.36 (KHTML, like Gecko) Chrome/58.0.3029.110 Safari/537.3"
47.238.13.16 - - [10/May/2025:16:21:28 -0400] "GET /pages.php?category/84_16398/1/listing HTTP/1.1" 200 11019 "-" "Mozilla/5.0 (Macintosh; Intel Mac OS X 10_15_7) AppleWebKit/537.36 (KHTML, like Gecko) Chrome/109.0.0.0 Safari/537.36"
198.204.226.18 - - [10/May/2025:16:21:33 -0400] "GET /wp-content/install.php?id=727767 HTTP/1.1" 200 10 "http://jenniferflo.com/wp-content/install.php?id=727767" "Mozilla/5.0 (Windows NT 10.0; Win64; x64) AppleWebKit/537.36 (KHTML, like Gecko) Chrome/58.0.3029.110 Safari/537.3"
34.169.175.120 - - [10/May/2025:16:22:26 -0400] "GET /index.php/five-things-diabetes-and-cold-weather/ HTTP/1.1" 500 200 "-" "Mozilla/5.0 (Windows NT 10.0; Win64; x64) AppleWebKit/537.36 (KHTML, like Gecko) Chrome/123.0.0.0 Safari/537.36"
47.238.13.18 - - [10/May/2025:16:22:36 -0400] "GET /180989120 HTTP/1.1" 500 271 "-" "Mozilla/5.0 (Macintosh; Intel Mac OS X 10_15_7) AppleWebKit/537.36 (KHTML, like Gecko) Chrome/109.0.0.0 Safari/537.36"
47.238.13.13 - - [10/May/2025:16:22:43 -0400] "GET /thinking/i31?pid=10307 HTTP/1.1" 500 271 "-" "Mozilla/5.0 (Macintosh; Intel Mac OS X 10_15_7) AppleWebKit/537.36 (KHTML, like Gecko) Chrome/109.0.0.0 Safari/537.36"
198.204.226.18 - - [10/May/2025:16:23:04 -0400] "GET /wp-content/install.php?id=727767 HTTP/1.1" 200 10 "http://jenniferflo.com/wp-content/install.php?id=727767" "Mozilla/5.0 (Windows NT 10.0; Win64; x64) AppleWebKit/537.36 (KHTML, like Gecko) Chrome/58.0.3029.110 Safari/537.3"
8.210.8.206 - - [10/May/2025:16:23:41 -0400] "GET /items/sodii23/19768?key=cooking HTTP/1.1" 500 271 "-" "Mozilla/5.0 (Macintosh; Intel Mac OS X 10_15_7) AppleWebKit/537.36 (KHTML, like Gecko) Chrome/109.0.0.0 Safari/537.36"
47.238.13.18 - - [10/May/2025:16:23:47 -0400] "GET /sitemap-subkey-1682.xml HTTP/1.1" 200 99412 "-" "Mozilla/5.0 (Macintosh; Intel Mac OS X 10_15_7) AppleWebKit/537.36 (KHTML, like Gecko) Chrome/109.0.0.0 Safari/537.36"
47.238.13.7 - - [10/May/2025:16:23:52 -0400] "GET /sitemap-subkey-1569.xml HTTP/1.1" 200 100668 "-" "Mozilla/5.0 (Macintosh; Intel Mac OS X 10_15_7) AppleWebKit/537.36 (KHTML, like Gecko) Chrome/109.0.0.0 Safari/537.36"
198.204.226.18 - - [10/May/2025:16:24:13 -0400] "GET /wp-content/install.php?id=727767 HTTP/1.1" 200 10 "http://jenniferflo.com/wp-content/install.php?id=727767" "Mozilla/5.0 (Windows NT 10.0; Win64; x64) AppleWebKit/537.36 (KHTML, like Gecko) Chrome/58.0.3029.110 Safari/537.3"
198.204.226.18 - - [10/May/2025:16:24:10 -0400] "GET /wp-content/install.php?id=727767 HTTP/1.1" 200 0 "http://jenniferflo.com/wp-content/install.php?id=727767" "Mozilla/5.0 (Windows NT 10.0; Win64; x64) AppleWebKit/537.36 (KHTML, like Gecko) Chrome/58.0.3029.110 Safari/537.3"
208.110.64.178 - - [10/May/2025:16:24:45 -0400] "GET /wp-includes/install.php HTTP/1.1" 200 10 "http://jenniferflo.com/wp-includes/install.php" "Mozilla/5.0 (Windows NT 10.0; Win64; x64) AppleWebKit/537.36 (KHTML, like Gecko) Chrome/58.0.3029.110 Safari/537.3"
47.242.77.69 - - [10/May/2025:16:25:18 -0400] "GET /items/ysidb66/3389?key=mortgage HTTP/1.1" 500 271 "-" "Mozilla/5.0 (Macintosh; Intel Mac OS X 10_15_7) AppleWebKit/537.36 (KHTML, like Gecko) Chrome/109.0.0.0 Safari/537.36"
198.204.226.18 - - [10/May/2025:16:25:25 -0400] "GET /wp-content/install.php?id=727767 HTTP/1.1" 200 10 "http://jenniferflo.com/wp-content/install.php?id=727767" "Mozilla/5.0 (Windows NT 10.0; Win64; x64) AppleWebKit/537.36 (KHTML, like Gecko) Chrome/58.0.3029.110 Safari/537.3"
47.238.13.12 - - [10/May/2025:16:25:41 -0400] "GET /valid/o268?pid=15416 HTTP/1.1" 500 271 "-" "Mozilla/5.0 (Macintosh; Intel Mac OS X 10_15_7) AppleWebKit/537.36 (KHTML, like Gecko) Chrome/109.0.0.0 Safari/537.36"
198.204.226.18 - - [10/May/2025:16:25:53 -0400] "GET /wp-content/install.php?id=727767 HTTP/1.1" 200 10 "http://jenniferflo.com/wp-content/install.php?id=727767" "Mozilla/5.0 (Windows NT 10.0; Win64; x64) AppleWebKit/537.36 (KHTML, like Gecko) Chrome/58.0.3029.110 Safari/537.3"
198.204.226.18 - - [10/May/2025:16:25:48 -0400] "GET /wp-content/install.php?id=727767 HTTP/1.1" 200 0 "http://jenniferflo.com/wp-content/install.php?id=727767" "Mozilla/5.0 (Windows NT 10.0; Win64; x64) AppleWebKit/537.36 (KHTML, like Gecko) Chrome/58.0.3029.110 Safari/537.3"
198.204.226.18 - - [10/May/2025:16:26:28 -0400] "GET /wp-content/install.php?id=727767 HTTP/1.1" 200 10 "http://jenniferflo.com/wp-content/install.php?id=727767" "Mozilla/5.0 (Windows NT 10.0; Win64; x64) AppleWebKit/537.36 (KHTML, like Gecko) Chrome/58.0.3029.110 Safari/537.3"
198.204.226.18 - - [10/May/2025:16:26:58 -0400] "GET /wp-content/install.php?id=727767 HTTP/1.1" 200 10 "http://jenniferflo.com/wp-content/install.php?id=727767" "Mozilla/5.0 (Windows NT 10.0; Win64; x64) AppleWebKit/537.36 (KHTML, like Gecko) Chrome/58.0.3029.110 Safari/537.3"
204.12.252.98 - - [10/May/2025:16:27:08 -0400] "GET /wp-includes/install.php HTTP/1.1" 200 10 "http://jenniferflo.com/wp-includes/install.php" "Mozilla/5.0 (Windows NT 10.0; Win64; x64) AppleWebKit/537.36 (KHTML, like Gecko) Chrome/58.0.3029.110 Safari/537.3"
198.204.226.18 - - [10/May/2025:16:27:26 -0400] "GET /wp-content/install.php?id=727767 HTTP/1.1" 200 10 "http://jenniferflo.com/wp-content/install.php?id=727767" "Mozilla/5.0 (Windows NT 10.0; Win64; x64) AppleWebKit/537.36 (KHTML, like Gecko) Chrome/58.0.3029.110 Safari/537.3"
198.204.226.18 - - [10/May/2025:16:27:23 -0400] "GET /wp-content/install.php?id=727767 HTTP/1.1" 200 0 "http://jenniferflo.com/wp-content/install.php?id=727767" "Mozilla/5.0 (Windows NT 10.0; Win64; x64) AppleWebKit/537.36 (KHTML, like Gecko) Chrome/58.0.3029.110 Safari/537.3"
198.204.226.18 - - [10/May/2025:16:28:30 -0400] "GET /wp-content/install.php?id=727767 HTTP/1.1" 200 10 "http://jenniferflo.com/wp-content/install.php?id=727767" "Mozilla/5.0 (Windows NT 10.0; Win64; x64) AppleWebKit/537.36 (KHTML, like Gecko) Chrome/58.0.3029.110 Safari/537.3"
198.204.226.18 - - [10/May/2025:16:28:27 -0400] "GET /wp-content/install.php?id=727767 HTTP/1.1" 200 0 "http://jenniferflo.com/wp-content/install.php?id=727767" "Mozilla/5.0 (Windows NT 10.0; Win64; x64) AppleWebKit/537.36 (KHTML, like Gecko) Chrome/58.0.3029.110 Safari/537.3"
8.210.10.143 - - [10/May/2025:16:29:10 -0400] "GET /hill/i17?pid=4631 HTTP/1.1" 500 271 "-" "Mozilla/5.0 (Macintosh; Intel Mac OS X 10_15_7) AppleWebKit/537.36 (KHTML, like Gecko) Chrome/109.0.0.0 Safari/537.36"
198.204.226.18 - - [10/May/2025:16:29:23 -0400] "GET /wp-content/install.php?id=727767 HTTP/1.1" 200 10 "http://jenniferflo.com/wp-content/install.php?id=727767" "Mozilla/5.0 (Windows NT 10.0; Win64; x64) AppleWebKit/537.36 (KHTML, like Gecko) Chrome/58.0.3029.110 Safari/537.3"
47.238.13.2 - - [10/May/2025:16:29:24 -0400] "GET /pot/n65?pid=633 HTTP/1.1" 500 271 "-" "Mozilla/5.0 (Macintosh; Intel Mac OS X 10_15_7) AppleWebKit/537.36 (KHTML, like Gecko) Chrome/109.0.0.0 Safari/537.36"
47.238.13.14 - - [10/May/2025:16:29:34 -0400] "GET /sitemap-subkey-2250.xml HTTP/1.1" 200 99819 "-" "Mozilla/5.0 (Macintosh; Intel Mac OS X 10_15_7) AppleWebKit/537.36 (KHTML, like Gecko) Chrome/109.0.0.0 Safari/537.36"
34.169.189.46 - - [10/May/2025:16:29:40 -0400] "GET /index.php/north-coast-health-center-3rd-saturday-of-month/ HTTP/1.1" 500 200 "-" "Mozilla/5.0 (Windows NT 10.0; Win64; x64) AppleWebKit/537.36 (KHTML, like Gecko) Chrome/123.0.0.0 Safari/537.36"
8.210.10.143 - - [10/May/2025:16:29:49 -0400] "GET /sitemap-subkey-1147.xml HTTP/1.1" 200 99946 "-" "Mozilla/5.0 (Macintosh; Intel Mac OS X 10_15_7) AppleWebKit/537.36 (KHTML, like Gecko) Chrome/109.0.0.0 Safari/537.36"
69.197.135.226 - - [10/May/2025:16:30:11 -0400] "GET /wp-includes/install.php HTTP/1.1" 200 10 "http://jenniferflo.com/wp-includes/install.php" "Mozilla/5.0 (Windows NT 10.0; Win64; x64) AppleWebKit/537.36 (KHTML, like Gecko) Chrome/58.0.3029.110 Safari/537.3"
47.238.13.13 - - [10/May/2025:16:30:12 -0400] "GET /sitemap-subkey-1385.xml HTTP/1.1" 200 98816 "-" "Mozilla/5.0 (Macintosh; Intel Mac OS X 10_15_7) AppleWebKit/537.36 (KHTML, like Gecko) Chrome/109.0.0.0 Safari/537.36"
198.204.226.18 - - [10/May/2025:16:31:05 -0400] "GET /wp-content/install.php?id=727767 HTTP/1.1" 200 10 "http://jenniferflo.com/wp-content/install.php?id=727767" "Mozilla/5.0 (Windows NT 10.0; Win64; x64) AppleWebKit/537.36 (KHTML, like Gecko) Chrome/58.0.3029.110 Safari/537.3"
198.204.226.18 - - [10/May/2025:16:31:02 -0400] "GET /wp-content/install.php?id=727767 HTTP/1.1" 200 0 "http://jenniferflo.com/wp-content/install.php?id=727767" "Mozilla/5.0 (Windows NT 10.0; Win64; x64) AppleWebKit/537.36 (KHTML, like Gecko) Chrome/58.0.3029.110 Safari/537.3"
47.238.13.14 - - [10/May/2025:16:31:48 -0400] "GET /sitemap-subkey-434.xml HTTP/1.1" 200 99208 "-" "Mozilla/5.0 (Macintosh; Intel Mac OS X 10_15_7) AppleWebKit/537.36 (KHTML, like Gecko) Chrome/109.0.0.0 Safari/537.36"
47.238.13.9 - - [10/May/2025:16:32:11 -0400] "GET /sitemap-subkey-1834.xml HTTP/1.1" 200 100515 "-" "Mozilla/5.0 (Macintosh; Intel Mac OS X 10_15_7) AppleWebKit/537.36 (KHTML, like Gecko) Chrome/109.0.0.0 Safari/537.36"
198.204.226.18 - - [10/May/2025:16:32:16 -0400] "GET /wp-content/install.php?id=727767 HTTP/1.1" 200 10 "http://jenniferflo.com/wp-content/install.php?id=727767" "Mozilla/5.0 (Windows NT 10.0; Win64; x64) AppleWebKit/537.36 (KHTML, like Gecko) Chrome/58.0.3029.110 Safari/537.3"
8.210.8.206 - - [10/May/2025:16:32:17 -0400] "GET /sitemap-subkey-2805.xml HTTP/1.1" 200 99856 "-" "Mozilla/5.0 (Macintosh; Intel Mac OS X 10_15_7) AppleWebKit/537.36 (KHTML, like Gecko) Chrome/109.0.0.0 Safari/537.36"
198.204.226.18 - - [10/May/2025:16:32:13 -0400] "GET /wp-content/install.php?id=727767 HTTP/1.1" 200 0 "http://jenniferflo.com/wp-content/install.php?id=727767" "Mozilla/5.0 (Windows NT 10.0; Win64; x64) AppleWebKit/537.36 (KHTML, like Gecko) Chrome/58.0.3029.110 Safari/537.3"
198.204.226.18 - - [10/May/2025:16:32:48 -0400] "GET /wp-content/install.php?id=727767 HTTP/1.1" 200 10 "http://jenniferflo.com/wp-content/install.php?id=727767" "Mozilla/5.0 (Windows NT 10.0; Win64; x64) AppleWebKit/537.36 (KHTML, like Gecko) Chrome/58.0.3029.110 Safari/537.3"
198.204.226.18 - - [10/May/2025:16:32:44 -0400] "GET /wp-content/install.php?id=727767 HTTP/1.1" 200 0 "http://jenniferflo.com/wp-content/install.php?id=727767" "Mozilla/5.0 (Windows NT 10.0; Win64; x64) AppleWebKit/537.36 (KHTML, like Gecko) Chrome/58.0.3029.110 Safari/537.3"
47.238.14.12 - - [10/May/2025:16:33:28 -0400] "GET /restaurant/u69?pid=1433 HTTP/1.1" 500 271 "-" "Mozilla/5.0 (Macintosh; Intel Mac OS X 10_15_7) AppleWebKit/537.36 (KHTML, like Gecko) Chrome/109.0.0.0 Safari/537.36"
198.204.226.18 - - [10/May/2025:16:33:48 -0400] "GET /wp-content/install.php?id=727767 HTTP/1.1" 200 10 "http://jenniferflo.com/wp-content/install.php?id=727767" "Mozilla/5.0 (Windows NT 10.0; Win64; x64) AppleWebKit/537.36 (KHTML, like Gecko) Chrome/58.0.3029.110 Safari/537.3"
204.12.252.98 - - [10/May/2025:16:34:22 -0400] "GET /wp-includes/install.php HTTP/1.1" 200 10 "http://jenniferflo.com/wp-includes/install.php" "Mozilla/5.0 (Windows NT 10.0; Win64; x64) AppleWebKit/537.36 (KHTML, like Gecko) Chrome/58.0.3029.110 Safari/537.3"
47.238.13.13 - - [10/May/2025:16:34:29 -0400] "GET /items/cvsey3/792?key=electronics HTTP/1.1" 500 271 "-" "Mozilla/5.0 (Macintosh; Intel Mac OS X 10_15_7) AppleWebKit/537.36 (KHTML, like Gecko) Chrome/109.0.0.0 Safari/537.36"
198.204.226.18 - - [10/May/2025:16:34:33 -0400] "GET /wp-content/install.php?id=727767 HTTP/1.1" 200 10 "http://jenniferflo.com/wp-content/install.php?id=727767" "Mozilla/5.0 (Windows NT 10.0; Win64; x64) AppleWebKit/537.36 (KHTML, like Gecko) Chrome/58.0.3029.110 Safari/537.3"
198.204.226.18 - - [10/May/2025:16:34:30 -0400] "GET /wp-content/install.php?id=727767 HTTP/1.1" 200 0 "http://jenniferflo.com/wp-content/install.php?id=727767" "Mozilla/5.0 (Windows NT 10.0; Win64; x64) AppleWebKit/537.36 (KHTML, like Gecko) Chrome/58.0.3029.110 Safari/537.3"
198.204.226.18 - - [10/May/2025:16:34:55 -0400] "GET /wp-content/install.php?id=727767 HTTP/1.1" 200 10 "http://jenniferflo.com/wp-content/install.php?id=727767" "Mozilla/5.0 (Windows NT 10.0; Win64; x64) AppleWebKit/537.36 (KHTML, like Gecko) Chrome/58.0.3029.110 Safari/537.3"
198.204.226.18 - - [10/May/2025:16:35:10 -0400] "GET /wp-content/install.php?id=727767 HTTP/1.1" 200 10 "http://jenniferflo.com/wp-content/install.php?id=727767" "Mozilla/5.0 (Windows NT 10.0; Win64; x64) AppleWebKit/537.36 (KHTML, like Gecko) Chrome/58.0.3029.110 Safari/537.3"
198.204.226.18 - - [10/May/2025:16:37:26 -0400] "GET /wp-content/install.php?id=727767 HTTP/1.1" 200 10 "http://jenniferflo.com/wp-content/install.php?id=727767" "Mozilla/5.0 (Windows NT 10.0; Win64; x64) AppleWebKit/537.36 (KHTML, like Gecko) Chrome/58.0.3029.110 Safari/537.3"
198.204.226.18 - - [10/May/2025:16:37:22 -0400] "GET /wp-content/install.php?id=727767 HTTP/1.1" 200 0 "http://jenniferflo.com/wp-content/install.php?id=727767" "Mozilla/5.0 (Windows NT 10.0; Win64; x64) AppleWebKit/537.36 (KHTML, like Gecko) Chrome/58.0.3029.110 Safari/537.3"
198.204.226.18 - - [10/May/2025:16:38:27 -0400] "GET /wp-content/install.php?id=727767 HTTP/1.1" 200 10 "http://jenniferflo.com/wp-content/install.php?id=727767" "Mozilla/5.0 (Windows NT 10.0; Win64; x64) AppleWebKit/537.36 (KHTML, like Gecko) Chrome/58.0.3029.110 Safari/537.3"
47.238.13.1 - - [10/May/2025:16:38:35 -0400] "GET /items/lxygm66/1455?key=federal HTTP/1.1" 500 21 "-" "Mozilla/5.0 (Macintosh; Intel Mac OS X 10_15_7) AppleWebKit/537.36 (KHTML, like Gecko) Chrome/109.0.0.0 Safari/537.36"
198.204.226.18 - - [10/May/2025:16:38:24 -0400] "GET /wp-content/install.php?id=727767 HTTP/1.1" 200 0 "http://jenniferflo.com/wp-content/install.php?id=727767" "Mozilla/5.0 (Windows NT 10.0; Win64; x64) AppleWebKit/537.36 (KHTML, like Gecko) Chrome/58.0.3029.110 Safari/537.3"
47.238.13.11 - - [10/May/2025:16:38:40 -0400] "GET /items/zddit47/24?key=logic HTTP/1.1" 500 271 "-" "Mozilla/5.0 (Macintosh; Intel Mac OS X 10_15_7) AppleWebKit/537.36 (KHTML, like Gecko) Chrome/109.0.0.0 Safari/537.36"
198.204.226.18 - - [10/May/2025:16:38:54 -0400] "GET /wp-content/install.php?id=727767 HTTP/1.1" 200 10 "http://jenniferflo.com/wp-content/install.php?id=727767" "Mozilla/5.0 (Windows NT 10.0; Win64; x64) AppleWebKit/537.36 (KHTML, like Gecko) Chrome/58.0.3029.110 Safari/537.3"
198.204.226.18 - - [10/May/2025:16:38:51 -0400] "GET /wp-content/install.php?id=727767 HTTP/1.1" 200 0 "http://jenniferflo.com/wp-content/install.php?id=727767" "Mozilla/5.0 (Windows NT 10.0; Win64; x64) AppleWebKit/537.36 (KHTML, like Gecko) Chrome/58.0.3029.110 Safari/537.3"
198.204.226.18 - - [10/May/2025:16:39:33 -0400] "GET /wp-content/install.php?id=727767 HTTP/1.1" 200 10 "http://jenniferflo.com/wp-content/install.php?id=727767" "Mozilla/5.0 (Windows NT 10.0; Win64; x64) AppleWebKit/537.36 (KHTML, like Gecko) Chrome/58.0.3029.110 Safari/537.3"
47.242.230.146 - - [10/May/2025:16:39:39 -0400] "GET /sitemap-subkey-472.xml HTTP/1.1" 200 100564 "-" "Mozilla/5.0 (Macintosh; Intel Mac OS X 10_15_7) AppleWebKit/537.36 (KHTML, like Gecko) Chrome/109.0.0.0 Safari/537.36"
198.204.226.18 - - [10/May/2025:16:39:30 -0400] "GET /wp-content/install.php?id=727767 HTTP/1.1" 200 0 "http://jenniferflo.com/wp-content/install.php?id=727767" "Mozilla/5.0 (Windows NT 10.0; Win64; x64) AppleWebKit/537.36 (KHTML, like Gecko) Chrome/58.0.3029.110 Safari/537.3"
8.210.152.184 - - [10/May/2025:16:40:02 -0400] "GET /sitemap-subkey-895.xml HTTP/1.1" 200 53937 "-" "Mozilla/5.0 (Macintosh; Intel Mac OS X 10_15_7) AppleWebKit/537.36 (KHTML, like Gecko) Chrome/109.0.0.0 Safari/537.36"
8.210.8.206 - - [10/May/2025:16:40:29 -0400] "GET /items/tprxj107/16628?key=essay HTTP/1.1" 500 271 "-" "Mozilla/5.0 (Macintosh; Intel Mac OS X 10_15_7) AppleWebKit/537.36 (KHTML, like Gecko) Chrome/109.0.0.0 Safari/537.36"
204.12.252.98 - - [10/May/2025:16:40:49 -0400] "GET /wp-includes/install.php HTTP/1.1" 200 10 "http://jenniferflo.com/wp-includes/install.php" "Mozilla/5.0 (Windows NT 10.0; Win64; x64) AppleWebKit/537.36 (KHTML, like Gecko) Chrome/58.0.3029.110 Safari/537.3"
198.204.226.18 - - [10/May/2025:16:43:03 -0400] "GET /wp-content/install.php?id=727767 HTTP/1.1" 200 10 "http://jenniferflo.com/wp-content/install.php?id=727767" "Mozilla/5.0 (Windows NT 10.0; Win64; x64) AppleWebKit/537.36 (KHTML, like Gecko) Chrome/58.0.3029.110 Safari/537.3"
198.204.226.18 - - [10/May/2025:16:43:00 -0400] "GET /wp-content/install.php?id=727767 HTTP/1.1" 200 0 "http://jenniferflo.com/wp-content/install.php?id=727767" "Mozilla/5.0 (Windows NT 10.0; Win64; x64) AppleWebKit/537.36 (KHTML, like Gecko) Chrome/58.0.3029.110 Safari/537.3"
198.204.226.18 - - [10/May/2025:16:43:32 -0400] "GET /wp-content/install.php?id=727767 HTTP/1.1" 200 10 "http://jenniferflo.com/wp-content/install.php?id=727767" "Mozilla/5.0 (Windows NT 10.0; Win64; x64) AppleWebKit/537.36 (KHTML, like Gecko) Chrome/58.0.3029.110 Safari/537.3"
198.204.226.18 - - [10/May/2025:16:43:29 -0400] "GET /wp-content/install.php?id=727767 HTTP/1.1" 200 0 "http://jenniferflo.com/wp-content/install.php?id=727767" "Mozilla/5.0 (Windows NT 10.0; Win64; x64) AppleWebKit/537.36 (KHTML, like Gecko) Chrome/58.0.3029.110 Safari/537.3"
57.141.6.6 - - [10/May/2025:16:44:45 -0400] "GET /wrinkle-remedy-collagen-intake-improves-wrinkles-and-elasticity/ HTTP/1.1" 500 360 "-" "meta-externalagent/1.1 (+https://developers.facebook.com/docs/sharing/webmasters/crawler)"
66.249.64.104 - - [10/May/2025:16:44:50 -0400] "GET /index.php/feed/?item/1183447136.shtm HTTP/1.1" 200 82655 "-" "Mozilla/5.0 (Linux; Android 6.0.1; Nexus 5X Build/MMB29P) AppleWebKit/537.36 (KHTML, like Gecko) Chrome/136.0.7103.59 Mobile Safari/537.36 (compatible; Googlebot/2.1; +http://www.google.com/bot.html)"
198.204.226.18 - - [10/May/2025:16:45:04 -0400] "GET /wp-content/install.php?id=727767 HTTP/1.1" 200 10 "http://jenniferflo.com/wp-content/install.php?id=727767" "Mozilla/5.0 (Windows NT 10.0; Win64; x64) AppleWebKit/537.36 (KHTML, like Gecko) Chrome/58.0.3029.110 Safari/537.3"
198.204.226.18 - - [10/May/2025:16:45:01 -0400] "GET /wp-content/install.php?id=727767 HTTP/1.1" 200 0 "http://jenniferflo.com/wp-content/install.php?id=727767" "Mozilla/5.0 (Windows NT 10.0; Win64; x64) AppleWebKit/537.36 (KHTML, like Gecko) Chrome/58.0.3029.110 Safari/537.3"
198.204.226.18 - - [10/May/2025:16:45:16 -0400] "GET /wp-content/install.php?id=727767 HTTP/1.1" 200 0 "http://jenniferflo.com/wp-content/install.php?id=727767" "Mozilla/5.0 (Windows NT 10.0; Win64; x64) AppleWebKit/537.36 (KHTML, like Gecko) Chrome/58.0.3029.110 Safari/537.3"
47.238.13.5 - - [10/May/2025:16:45:29 -0400] "GET /items/zghzf92/3597?key=generation HTTP/1.1" 500 271 "-" "Mozilla/5.0 (Macintosh; Intel Mac OS X 10_15_7) AppleWebKit/537.36 (KHTML, like Gecko) Chrome/109.0.0.0 Safari/537.36"
198.204.226.18 - - [10/May/2025:16:46:07 -0400] "GET /wp-content/install.php?id=727767 HTTP/1.1" 200 10 "http://jenniferflo.com/wp-content/install.php?id=727767" "Mozilla/5.0 (Windows NT 10.0; Win64; x64) AppleWebKit/537.36 (KHTML, like Gecko) Chrome/58.0.3029.110 Safari/537.3"
198.204.226.18 - - [10/May/2025:16:46:03 -0400] "GET /wp-content/install.php?id=727767 HTTP/1.1" 200 0 "http://jenniferflo.com/wp-content/install.php?id=727767" "Mozilla/5.0 (Windows NT 10.0; Win64; x64) AppleWebKit/537.36 (KHTML, like Gecko) Chrome/58.0.3029.110 Safari/537.3"
47.238.14.12 - - [10/May/2025:16:46:17 -0400] "GET /items/druny187/13940?key=dance HTTP/1.1" 500 271 "-" "Mozilla/5.0 (Macintosh; Intel Mac OS X 10_15_7) AppleWebKit/537.36 (KHTML, like Gecko) Chrome/109.0.0.0 Safari/537.36"
198.204.226.18 - - [10/May/2025:16:46:33 -0400] "GET /wp-content/install.php?id=727767 HTTP/1.1" 200 10 "http://jenniferflo.com/wp-content/install.php?id=727767" "Mozilla/5.0 (Windows NT 10.0; Win64; x64) AppleWebKit/537.36 (KHTML, like Gecko) Chrome/58.0.3029.110 Safari/537.3"
198.204.226.18 - - [10/May/2025:16:46:30 -0400] "GET /wp-content/install.php?id=727767 HTTP/1.1" 200 0 "http://jenniferflo.com/wp-content/install.php?id=727767" "Mozilla/5.0 (Windows NT 10.0; Win64; x64) AppleWebKit/537.36 (KHTML, like Gecko) Chrome/58.0.3029.110 Safari/537.3"
198.204.226.18 - - [10/May/2025:16:40:50 -0400] "GET /wp-content/install.php?id=727767 HTTP/1.1" 200 10 "http://jenniferflo.com/wp-content/install.php?id=727767" "Mozilla/5.0 (Windows NT 10.0; Win64; x64) AppleWebKit/537.36 (KHTML, like Gecko) Chrome/58.0.3029.110 Safari/537.3"
198.204.226.18 - - [10/May/2025:16:40:46 -0400] "GET /wp-content/install.php?id=727767 HTTP/1.1" 200 0 "http://jenniferflo.com/wp-content/install.php?id=727767" "Mozilla/5.0 (Windows NT 10.0; Win64; x64) AppleWebKit/537.36 (KHTML, like Gecko) Chrome/58.0.3029.110 Safari/537.3"
198.204.226.18 - - [10/May/2025:16:41:21 -0400] "GET /wp-content/install.php?id=727767 HTTP/1.1" 200 10 "http://jenniferflo.com/wp-content/install.php?id=727767" "Mozilla/5.0 (Windows NT 10.0; Win64; x64) AppleWebKit/537.36 (KHTML, like Gecko) Chrome/58.0.3029.110 Safari/537.3"
47.238.13.12 - - [10/May/2025:16:42:12 -0400] "GET /frequently/g48?pid=12712 HTTP/1.1" 500 271 "-" "Mozilla/5.0 (Macintosh; Intel Mac OS X 10_15_7) AppleWebKit/537.36 (KHTML, like Gecko) Chrome/109.0.0.0 Safari/537.36"
82.156.68.74 - - [10/May/2025:16:42:13 -0400] "GET / HTTP/1.1" 500 271 "-" "Mozilla/5.0 (iPhone; CPU iPhone OS 13_2_3 like Mac OS X) AppleWebKit/605.1.15 (KHTML, like Gecko) Version/13.0.3 Mobile/15E148 Safari/604.1"
198.204.226.18 - - [10/May/2025:16:42:33 -0400] "GET /wp-content/install.php?id=727767 HTTP/1.1" 200 10 "http://jenniferflo.com/wp-content/install.php?id=727767" "Mozilla/5.0 (Windows NT 10.0; Win64; x64) AppleWebKit/537.36 (KHTML, like Gecko) Chrome/58.0.3029.110 Safari/537.3"
198.204.226.18 - - [10/May/2025:16:42:29 -0400] "GET /wp-content/install.php?id=727767 HTTP/1.1" 200 0 "http://jenniferflo.com/wp-content/install.php?id=727767" "Mozilla/5.0 (Windows NT 10.0; Win64; x64) AppleWebKit/537.36 (KHTML, like Gecko) Chrome/58.0.3029.110 Safari/537.3"
47.238.13.10 - - [10/May/2025:16:42:49 -0400] "GET /soup/a94?pid=1364 HTTP/1.1" 500 271 "-" "Mozilla/5.0 (Macintosh; Intel Mac OS X 10_15_7) AppleWebKit/537.36 (KHTML, like Gecko) Chrome/109.0.0.0 Safari/537.36"
69.197.182.50 - - [10/May/2025:16:42:50 -0400] "GET /wp-includes/install.php HTTP/1.1" 200 10 "http://jenniferflo.com/wp-includes/install.php" "Mozilla/5.0 (Windows NT 10.0; Win64; x64) AppleWebKit/537.36 (KHTML, like Gecko) Chrome/58.0.3029.110 Safari/537.3"
69.197.182.50 - - [10/May/2025:16:46:58 -0400] "GET /wp-includes/install.php HTTP/1.1" 200 10 "http://jenniferflo.com/wp-includes/install.php" "Mozilla/5.0 (Windows NT 10.0; Win64; x64) AppleWebKit/537.36 (KHTML, like Gecko) Chrome/58.0.3029.110 Safari/537.3"
8.210.15.252 - - [10/May/2025:16:47:08 -0400] "GET /items/sdmip1/15968?key=tide HTTP/1.1" 500 271 "-" "Mozilla/5.0 (Macintosh; Intel Mac OS X 10_15_7) AppleWebKit/537.36 (KHTML, like Gecko) Chrome/109.0.0.0 Safari/537.36"
66.249.64.102 - - [10/May/2025:16:47:52 -0400] "GET /sitemap-hot-2966710.xml HTTP/1.1" 200 81887 "-" "Mozilla/5.0 (compatible; Googlebot/2.1; +http://www.google.com/bot.html)"
198.204.226.18 - - [10/May/2025:16:48:05 -0400] "GET /wp-content/install.php?id=727767 HTTP/1.1" 200 10 "http://jenniferflo.com/wp-content/install.php?id=727767" "Mozilla/5.0 (Windows NT 10.0; Win64; x64) AppleWebKit/537.36 (KHTML, like Gecko) Chrome/58.0.3029.110 Safari/537.3"
198.204.226.18 - - [10/May/2025:16:48:02 -0400] "GET /wp-content/install.php?id=727767 HTTP/1.1" 200 0 "http://jenniferflo.com/wp-content/install.php?id=727767" "Mozilla/5.0 (Windows NT 10.0; Win64; x64) AppleWebKit/537.36 (KHTML, like Gecko) Chrome/58.0.3029.110 Safari/537.3"
66.249.64.104 - - [10/May/2025:16:48:20 -0400] "GET /sitemap88.xml HTTP/1.1" 200 42471 "-" "Mozilla/5.0 (compatible; Googlebot/2.1; +http://www.google.com/bot.html)"
198.204.226.18 - - [10/May/2025:16:48:23 -0400] "GET /wp-content/install.php?id=727767 HTTP/1.1" 200 10 "http://jenniferflo.com/wp-content/install.php?id=727767" "Mozilla/5.0 (Windows NT 10.0; Win64; x64) AppleWebKit/537.36 (KHTML, like Gecko) Chrome/58.0.3029.110 Safari/537.3"
198.204.226.18 - - [10/May/2025:16:48:45 -0400] "GET /wp-content/install.php?id=727767 HTTP/1.1" 200 10 "http://jenniferflo.com/wp-content/install.php?id=727767" "Mozilla/5.0 (Windows NT 10.0; Win64; x64) AppleWebKit/537.36 (KHTML, like Gecko) Chrome/58.0.3029.110 Safari/537.3"
47.238.13.12 - - [10/May/2025:16:49:47 -0400] "GET /items/waqkw76/1915?key=attractive HTTP/1.1" 500 271 "-" "Mozilla/5.0 (Macintosh; Intel Mac OS X 10_15_7) AppleWebKit/537.36 (KHTML, like Gecko) Chrome/109.0.0.0 Safari/537.36"
198.204.226.18 - - [10/May/2025:16:49:51 -0400] "GET /wp-content/install.php?id=727767 HTTP/1.1" 200 10 "http://jenniferflo.com/wp-content/install.php?id=727767" "Mozilla/5.0 (Windows NT 10.0; Win64; x64) AppleWebKit/537.36 (KHTML, like Gecko) Chrome/58.0.3029.110 Safari/537.3"
198.204.226.18 - - [10/May/2025:16:49:47 -0400] "GET /wp-content/install.php?id=727767 HTTP/1.1" 200 0 "http://jenniferflo.com/wp-content/install.php?id=727767" "Mozilla/5.0 (Windows NT 10.0; Win64; x64) AppleWebKit/537.36 (KHTML, like Gecko) Chrome/58.0.3029.110 Safari/537.3"
47.238.13.5 - - [10/May/2025:16:50:04 -0400] "GET /items/jyxmo6/211?key=stress HTTP/1.1" 500 271 "-" "Mozilla/5.0 (Macintosh; Intel Mac OS X 10_15_7) AppleWebKit/537.36 (KHTML, like Gecko) Chrome/109.0.0.0 Safari/537.36"
198.204.226.18 - - [10/May/2025:16:50:15 -0400] "GET /wp-content/install.php?id=727767 HTTP/1.1" 200 10 "http://jenniferflo.com/wp-content/install.php?id=727767" "Mozilla/5.0 (Windows NT 10.0; Win64; x64) AppleWebKit/537.36 (KHTML, like Gecko) Chrome/58.0.3029.110 Safari/537.3"
198.204.226.18 - - [10/May/2025:16:51:29 -0400] "GET /wp-content/install.php?id=727767 HTTP/1.1" 200 10 "http://jenniferflo.com/wp-content/install.php?id=727767" "Mozilla/5.0 (Windows NT 10.0; Win64; x64) AppleWebKit/537.36 (KHTML, like Gecko) Chrome/58.0.3029.110 Safari/537.3"
198.204.226.18 - - [10/May/2025:16:51:26 -0400] "GET /wp-content/install.php?id=727767 HTTP/1.1" 200 0 "http://jenniferflo.com/wp-content/install.php?id=727767" "Mozilla/5.0 (Windows NT 10.0; Win64; x64) AppleWebKit/537.36 (KHTML, like Gecko) Chrome/58.0.3029.110 Safari/537.3"
198.204.226.18 - - [10/May/2025:16:51:49 -0400] "GET /wp-content/install.php?id=727767 HTTP/1.1" 200 10 "http://jenniferflo.com/wp-content/install.php?id=727767" "Mozilla/5.0 (Windows NT 10.0; Win64; x64) AppleWebKit/537.36 (KHTML, like Gecko) Chrome/58.0.3029.110 Safari/537.3"
47.242.77.69 - - [10/May/2025:16:51:54 -0400] "GET /items/zvflh61/270?key=tissue HTTP/1.1" 500 271 "-" "Mozilla/5.0 (Macintosh; Intel Mac OS X 10_15_7) AppleWebKit/537.36 (KHTML, like Gecko) Chrome/109.0.0.0 Safari/537.36"
198.204.226.18 - - [10/May/2025:16:51:46 -0400] "GET /wp-content/install.php?id=727767 HTTP/1.1" 200 0 "http://jenniferflo.com/wp-content/install.php?id=727767" "Mozilla/5.0 (Windows NT 10.0; Win64; x64) AppleWebKit/537.36 (KHTML, like Gecko) Chrome/58.0.3029.110 Safari/537.3"
208.110.64.178 - - [10/May/2025:16:52:05 -0400] "GET /wp-includes/install.php HTTP/1.1" 200 10 "http://jenniferflo.com/wp-includes/install.php" "Mozilla/5.0 (Windows NT 10.0; Win64; x64) AppleWebKit/537.36 (KHTML, like Gecko) Chrome/58.0.3029.110 Safari/537.3"
198.204.226.18 - - [10/May/2025:16:52:52 -0400] "GET /wp-content/install.php?id=727767 HTTP/1.1" 200 10 "http://jenniferflo.com/wp-content/install.php?id=727767" "Mozilla/5.0 (Windows NT 10.0; Win64; x64) AppleWebKit/537.36 (KHTML, like Gecko) Chrome/58.0.3029.110 Safari/537.3"
198.204.226.18 - - [10/May/2025:16:52:49 -0400] "GET /wp-content/install.php?id=727767 HTTP/1.1" 200 0 "http://jenniferflo.com/wp-content/install.php?id=727767" "Mozilla/5.0 (Windows NT 10.0; Win64; x64) AppleWebKit/537.36 (KHTML, like Gecko) Chrome/58.0.3029.110 Safari/537.3"
198.204.226.18 - - [10/May/2025:16:53:19 -0400] "GET /wp-content/install.php?id=727767 HTTP/1.1" 200 10 "http://jenniferflo.com/wp-content/install.php?id=727767" "Mozilla/5.0 (Windows NT 10.0; Win64; x64) AppleWebKit/537.36 (KHTML, like Gecko) Chrome/58.0.3029.110 Safari/537.3"
198.204.226.18 - - [10/May/2025:16:53:14 -0400] "GET /wp-content/install.php?id=727767 HTTP/1.1" 200 0 "http://jenniferflo.com/wp-content/install.php?id=727767" "Mozilla/5.0 (Windows NT 10.0; Win64; x64) AppleWebKit/537.36 (KHTML, like Gecko) Chrome/58.0.3029.110 Safari/537.3"
47.238.13.18 - - [10/May/2025:16:54:37 -0400] "GET /solution/h97?pid=7381 HTTP/1.1" 500 271 "-" "Mozilla/5.0 (Macintosh; Intel Mac OS X 10_15_7) AppleWebKit/537.36 (KHTML, like Gecko) Chrome/109.0.0.0 Safari/537.36"
8.210.152.184 - - [10/May/2025:16:54:50 -0400] "GET /sitemap-subkey-516.xml HTTP/1.1" 200 99400 "-" "Mozilla/5.0 (Macintosh; Intel Mac OS X 10_15_7) AppleWebKit/537.36 (KHTML, like Gecko) Chrome/109.0.0.0 Safari/537.36"
69.197.182.50 - - [10/May/2025:16:55:06 -0400] "GET /wp-includes/install.php HTTP/1.1" 200 10 "http://jenniferflo.com/wp-includes/install.php" "Mozilla/5.0 (Windows NT 10.0; Win64; x64) AppleWebKit/537.36 (KHTML, like Gecko) Chrome/58.0.3029.110 Safari/537.3"
47.238.13.16 - - [10/May/2025:16:55:08 -0400] "GET /category/93/1/listing HTTP/1.1" 500 270 "-" "Mozilla/5.0 (Macintosh; Intel Mac OS X 10_15_7) AppleWebKit/537.36 (KHTML, like Gecko) Chrome/109.0.0.0 Safari/537.36"
198.204.226.18 - - [10/May/2025:16:55:19 -0400] "GET /wp-content/install.php?id=727767 HTTP/1.1" 200 10 "http://jenniferflo.com/wp-content/install.php?id=727767" "Mozilla/5.0 (Windows NT 10.0; Win64; x64) AppleWebKit/537.36 (KHTML, like Gecko) Chrome/58.0.3029.110 Safari/537.3"
198.204.226.18 - - [10/May/2025:16:55:15 -0400] "GET /wp-content/install.php?id=727767 HTTP/1.1" 200 0 "http://jenniferflo.com/wp-content/install.php?id=727767" "Mozilla/5.0 (Windows NT 10.0; Win64; x64) AppleWebKit/537.36 (KHTML, like Gecko) Chrome/58.0.3029.110 Safari/537.3"
34.169.216.138 - - [10/May/2025:16:55:59 -0400] "GET /index.php/reduce-digital-eye-strain-using-20-20-20/ HTTP/1.1" 500 198 "-" "Mozilla/5.0 (Macintosh; Intel Mac OS X 10.15; rv:109.0) Gecko/20100101 Firefox/116.0"
198.204.226.18 - - [10/May/2025:16:56:18 -0400] "GET /wp-content/install.php?id=727767 HTTP/1.1" 200 10 "http://jenniferflo.com/wp-content/install.php?id=727767" "Mozilla/5.0 (Windows NT 10.0; Win64; x64) AppleWebKit/537.36 (KHTML, like Gecko) Chrome/58.0.3029.110 Safari/537.3"
47.242.77.69 - - [10/May/2025:16:57:37 -0400] "GET /items/cuxkx29/12490?key=constraint HTTP/1.1" 500 271 "-" "Mozilla/5.0 (Macintosh; Intel Mac OS X 10_15_7) AppleWebKit/537.36 (KHTML, like Gecko) Chrome/109.0.0.0 Safari/537.36"
47.238.13.3 - - [10/May/2025:16:57:40 -0400] "GET /items/viezp254/30617?key=disc HTTP/1.1" 500 271 "-" "Mozilla/5.0 (Macintosh; Intel Mac OS X 10_15_7) AppleWebKit/537.36 (KHTML, like Gecko) Chrome/109.0.0.0 Safari/537.36"
47.238.13.10 - - [10/May/2025:16:58:04 -0400] "GET /items/lnhdp66/679?key=agree HTTP/1.1" 500 271 "-" "Mozilla/5.0 (Macintosh; Intel Mac OS X 10_15_7) AppleWebKit/537.36 (KHTML, like Gecko) Chrome/109.0.0.0 Safari/537.36"
47.238.13.9 - - [10/May/2025:16:58:14 -0400] "GET /passenger/m99?pid=35625 HTTP/1.1" 500 271 "-" "Mozilla/5.0 (Macintosh; Intel Mac OS X 10_15_7) AppleWebKit/537.36 (KHTML, like Gecko) Chrome/109.0.0.0 Safari/537.36"
47.238.13.18 - - [10/May/2025:16:58:38 -0400] "GET /sitemap-subkey-1174.xml HTTP/1.1" 200 99615 "-" "Mozilla/5.0 (Macintosh; Intel Mac OS X 10_15_7) AppleWebKit/537.36 (KHTML, like Gecko) Chrome/109.0.0.0 Safari/537.36"
47.243.178.179 - - [10/May/2025:16:59:09 -0400] "GET /category/202_4313/1/listing HTTP/1.1" 500 271 "-" "Mozilla/5.0 (Macintosh; Intel Mac OS X 10_15_7) AppleWebKit/537.36 (KHTML, like Gecko) Chrome/109.0.0.0 Safari/537.36"
198.204.226.18 - - [10/May/2025:16:59:35 -0400] "GET /wp-content/install.php?id=727767 HTTP/1.1" 200 10 "http://jenniferflo.com/wp-content/install.php?id=727767" "Mozilla/5.0 (Windows NT 10.0; Win64; x64) AppleWebKit/537.36 (KHTML, like Gecko) Chrome/58.0.3029.110 Safari/537.3"
47.238.13.12 - - [10/May/2025:16:59:36 -0400] "GET /sitemap-subkey-1880.xml HTTP/1.1" 200 99684 "-" "Mozilla/5.0 (Macintosh; Intel Mac OS X 10_15_7) AppleWebKit/537.36 (KHTML, like Gecko) Chrome/109.0.0.0 Safari/537.36"
198.204.226.18 - - [10/May/2025:16:59:32 -0400] "GET /wp-content/install.php?id=727767 HTTP/1.1" 200 0 "http://jenniferflo.com/wp-content/install.php?id=727767" "Mozilla/5.0 (Windows NT 10.0; Win64; x64) AppleWebKit/537.36 (KHTML, like Gecko) Chrome/58.0.3029.110 Safari/537.3"
198.204.226.18 - - [10/May/2025:16:59:51 -0400] "GET /wp-content/install.php?id=727767 HTTP/1.1" 200 10 "http://jenniferflo.com/wp-content/install.php?id=727767" "Mozilla/5.0 (Windows NT 10.0; Win64; x64) AppleWebKit/537.36 (KHTML, like Gecko) Chrome/58.0.3029.110 Safari/537.3"
66.249.70.99 - - [10/May/2025:17:00:22 -0400] "GET /robots.txt HTTP/1.1" 200 107 "-" "Mozilla/5.0 (compatible; Googlebot/2.1; +http://www.google.com/bot.html)"
66.249.70.98 - - [10/May/2025:17:00:24 -0400] "GET /?_g=19750479 HTTP/1.1" 200 82214 "-" "Mozilla/5.0 (Linux; Android 6.0.1; Nexus 5X Build/MMB29P) AppleWebKit/537.36 (KHTML, like Gecko) Chrome/136.0.7103.59 Mobile Safari/537.36 (compatible; Googlebot/2.1; +http://www.google.com/bot.html)"
47.238.14.12 - - [10/May/2025:17:00:45 -0400] "GET /sitemap-subkey-1701.xml HTTP/1.1" 200 99592 "-" "Mozilla/5.0 (Macintosh; Intel Mac OS X 10_15_7) AppleWebKit/537.36 (KHTML, like Gecko) Chrome/109.0.0.0 Safari/537.36"
47.238.13.16 - - [10/May/2025:17:00:54 -0400] "GET /fall/p182?pid=37084 HTTP/1.1" 500 271 "-" "Mozilla/5.0 (Macintosh; Intel Mac OS X 10_15_7) AppleWebKit/537.36 (KHTML, like Gecko) Chrome/109.0.0.0 Safari/537.36"
198.204.226.18 - - [10/May/2025:17:00:56 -0400] "GET /wp-content/install.php?id=727767 HTTP/1.1" 200 10 "http://jenniferflo.com/wp-content/install.php?id=727767" "Mozilla/5.0 (Windows NT 10.0; Win64; x64) AppleWebKit/537.36 (KHTML, like Gecko) Chrome/58.0.3029.110 Safari/537.3"
47.238.13.9 - - [10/May/2025:17:01:58 -0400] "GET /code/u7?pid=823 HTTP/1.1" 500 271 "-" "Mozilla/5.0 (Macintosh; Intel Mac OS X 10_15_7) AppleWebKit/537.36 (KHTML, like Gecko) Chrome/109.0.0.0 Safari/537.36"
69.197.182.50 - - [10/May/2025:17:02:03 -0400] "GET /wp-includes/install.php HTTP/1.1" 200 10 "http://jenniferflo.com/wp-includes/install.php" "Mozilla/5.0 (Windows NT 10.0; Win64; x64) AppleWebKit/537.36 (KHTML, like Gecko) Chrome/58.0.3029.110 Safari/537.3"
198.204.226.18 - - [10/May/2025:17:02:04 -0400] "GET /wp-content/install.php?id=727767 HTTP/1.1" 200 10 "http://jenniferflo.com/wp-content/install.php?id=727767" "Mozilla/5.0 (Windows NT 10.0; Win64; x64) AppleWebKit/537.36 (KHTML, like Gecko) Chrome/58.0.3029.110 Safari/537.3"
198.204.226.18 - - [10/May/2025:17:02:01 -0400] "GET /wp-content/install.php?id=727767 HTTP/1.1" 200 0 "http://jenniferflo.com/wp-content/install.php?id=727767" "Mozilla/5.0 (Windows NT 10.0; Win64; x64) AppleWebKit/537.36 (KHTML, like Gecko) Chrome/58.0.3029.110 Safari/537.3"
51.222.253.11 - - [10/May/2025:17:02:27 -0400] "GET /robots.txt HTTP/1.1" 200 107 "-" "Mozilla/5.0 (compatible; AhrefsBot/7.0; +http://ahrefs.com/robot/)"
51.222.253.13 - - [10/May/2025:17:02:28 -0400] "GET /?sitemap496.xml HTTP/1.1" 200 17 "-" "Mozilla/5.0 (compatible; AhrefsBot/7.0; +http://ahrefs.com/robot/)"
47.238.13.11 - - [10/May/2025:17:03:02 -0400] "GET /sitemap-subkey-1641.xml HTTP/1.1" 200 100192 "-" "Mozilla/5.0 (Macintosh; Intel Mac OS X 10_15_7) AppleWebKit/537.36 (KHTML, like Gecko) Chrome/109.0.0.0 Safari/537.36"
47.238.13.12 - - [10/May/2025:17:03:21 -0400] "GET /items/lihks95/6582?key=additional HTTP/1.1" 500 270 "-" "Mozilla/5.0 (Macintosh; Intel Mac OS X 10_15_7) AppleWebKit/537.36 (KHTML, like Gecko) Chrome/109.0.0.0 Safari/537.36"
198.204.226.18 - - [10/May/2025:17:03:32 -0400] "GET /wp-content/install.php?id=727767 HTTP/1.1" 200 10 "http://jenniferflo.com/wp-content/install.php?id=727767" "Mozilla/5.0 (Windows NT 10.0; Win64; x64) AppleWebKit/537.36 (KHTML, like Gecko) Chrome/58.0.3029.110 Safari/537.3"
198.204.226.18 - - [10/May/2025:17:03:29 -0400] "GET /wp-content/install.php?id=727767 HTTP/1.1" 200 0 "http://jenniferflo.com/wp-content/install.php?id=727767" "Mozilla/5.0 (Windows NT 10.0; Win64; x64) AppleWebKit/537.36 (KHTML, like Gecko) Chrome/58.0.3029.110 Safari/537.3"
198.204.226.18 - - [10/May/2025:17:03:47 -0400] "GET /wp-content/install.php?id=727767 HTTP/1.1" 200 10 "http://jenniferflo.com/wp-content/install.php?id=727767" "Mozilla/5.0 (Windows NT 10.0; Win64; x64) AppleWebKit/537.36 (KHTML, like Gecko) Chrome/58.0.3029.110 Safari/537.3"
52.138.141.254 - - [10/May/2025:17:03:48 -0400] "GET /ioxi-o.php HTTP/1.1" 500 360 "-" "-"
52.138.141.254 - - [10/May/2025:17:03:48 -0400] "GET /css.php HTTP/1.1" 500 360 "-" "-"
52.138.141.254 - - [10/May/2025:17:03:48 -0400] "GET /alfa.php HTTP/1.1" 500 360 "-" "-"
52.138.141.254 - - [10/May/2025:17:03:48 -0400] "GET /cgi-bin/index.php HTTP/1.1" 404 1251 "-" "-"
