60.15.65.77 - - [09/May/2025:15:04:32 -0400] "GET /com.sql HTTP/1.1" 500 276 "-" "Mozilla/5.0 (X11; Linux x86_64) AppleWebKit/537.36 (KHTML, like Gecko) Chrome/71.0.3578.80 Safari/537.36 OPR/56.0.3051.104"
60.15.65.81 - - [09/May/2025:15:04:32 -0400] "GET /backup.sql HTTP/1.1" 500 21 "-" "Mozilla/5.0 (Windows NT 10.0; Win64; x64; rv:52.1.2) Gecko/20100101 Firefox/52.1.2"
60.15.65.65 - - [09/May/2025:15:04:32 -0400] "GET /clients.7z HTTP/1.1" 500 276 "-" "Mozilla/5.0 (X11; Linux i686) AppleWebKit/537.36 (KHTML, like Gecko) Chrome/68.0.3440.75 Safari/537.36"
60.15.65.63 - - [09/May/2025:15:04:32 -0400] "GET /backup.tar HTTP/1.1" 500 276 "-" "Mozilla/5.0 (Macintosh; Intel Mac OS X 10_11_6) AppleWebKit/537.36 (KHTML, like Gecko) Chrome/77.0 Safari/537.36"
60.15.65.81 - - [09/May/2025:15:04:32 -0400] "GET /media.gz HTTP/1.1" 500 276 "-" "Mozilla/5.0 (Windows NT 10.0; WOW64; rv:61.0.2) Gecko/20100101 Firefox/61.0.2"
60.15.65.65 - - [09/May/2025:15:04:32 -0400] "GET /asp.tgz HTTP/1.1" 500 21 "-" "Mozilla/5.0 (Macintosh; Intel Mac OS X 10_10_3) AppleWebKit/537.36 (KHTML, like Gecko) Chrome/69.0.3497.81 Safari/537.36 OPR/55.0.2994.47"
60.15.65.81 - - [09/May/2025:15:04:32 -0400] "GET /backup.zip HTTP/1.1" 500 276 "-" "Mozilla/5.0 (X11; Linux i686) AppleWebKit/537.36 (KHTML, like Gecko) Chrome/72.0.3626 Safari/537.36 OPR/56.0.3051.36"
60.15.65.52 - - [09/May/2025:15:04:32 -0400] "GET /media.tar.tgz HTTP/1.1" 500 276 "-" "Mozilla/5.0 (Windows NT 10.0; Win64; x64) AppleWebKit/537.36 (KHTML, like Gecko) Chrome/75.0.3770 Safari/537.36 OPR/57.0.3098.116"
60.15.65.63 - - [09/May/2025:15:04:32 -0400] "GET /customers.tar.bz2 HTTP/1.1" 500 276 "-" "Mozilla/5.0 (Macintosh; Intel Mac OS X 10_10_3; rv:62.0.2) Gecko/20100101 Firefox/62.0.2"
221.210.252.132 - - [09/May/2025:15:04:32 -0400] "GET /code.tar HTTP/1.1" 500 21 "-" "Mozilla/5.0 (X11; Linux i686 on x86_64) AppleWebKit/537.36 (KHTML, like Gecko) Chrome/66.0.3359.181 Safari/537.36 OPR/53.0.2907.110"
60.15.65.58 - - [09/May/2025:15:04:32 -0400] "GET /aspx.bak HTTP/1.1" 500 276 "-" "Mozilla/5.0 (Windows NT 6.1; Win64; x64) AppleWebKit/537.36 (KHTML, like Gecko) Chrome/65.0.3325.162 Safari/537.36"
60.15.65.66 - - [09/May/2025:15:04:32 -0400] "GET /archive.bak HTTP/1.1" 500 21 "-" "Mozilla/5.0 (X11; Linux x86_64) AppleWebKit/537.36 (KHTML, like Gecko) Chrome/70.0.3538.110 Safari/537.36 OPR/56.0.3051.52"
60.15.65.63 - - [09/May/2025:15:04:32 -0400] "GET /aspx.7z HTTP/1.1" 500 276 "-" "Mozilla/5.0 (Macintosh; Intel Mac OS X 10_13_6; rv:53.0.3) Gecko/20100101 Firefox/53.0.3"
60.15.65.77 - - [09/May/2025:15:04:32 -0400] "GET /data.sql.gz HTTP/1.1" 500 21 "-" "Mozilla/5.0 (X11; Linux i686) AppleWebKit/537.36 (KHTML, like Gecko) Chrome/67.0.3396.87 Safari/537.36 OPR/54.0.2952.54"
60.15.65.84 - - [09/May/2025:15:04:32 -0400] "GET /bbs.tar.tgz HTTP/1.1" 500 276 "-" "Mozilla/5.0 (Windows NT 6.1; rv:52.5.0) Gecko/20100101 Firefox/52.5.0"
60.15.65.64 - - [09/May/2025:15:04:32 -0400] "GET /data.rar HTTP/1.1" 500 276 "-" "Mozilla/5.0 (Windows NT 10.0; Win64; x64; rv:61.0.1) Gecko/20100101 Firefox/61.0.1"
60.15.65.53 - - [09/May/2025:15:04:32 -0400] "GET /customers.bak HTTP/1.1" 500 21 "-" "Mozilla/5.0 (X11; Linux i686 on x86_64) AppleWebKit/537.36 (KHTML, like Gecko) Chrome/70.0.3538.80 Safari/537.36"
60.15.65.81 - - [09/May/2025:15:04:32 -0400] "GET /2025.bak HTTP/1.1" 500 21 "-" "Mozilla/5.0 (X11; Linux x86_64) AppleWebKit/537.36 (KHTML, like Gecko) Chrome/76.0.3809 Safari/537.36 OPR/58.0.3135.107"
60.15.65.67 - - [09/May/2025:15:04:32 -0400] "GET /db.tgz HTTP/1.1" 500 276 "-" "Mozilla/5.0 (Windows NT 6.0; Win64; x64; rv:52.9.0) Gecko/20100101 Firefox/52.9.0"
60.15.65.55 - - [09/May/2025:15:04:32 -0400] "GET /com.war HTTP/1.1" 500 21 "-" "Mozilla/5.0 (X11; Linux x86_64) AppleWebKit/537.36 (KHTML, like Gecko) Chrome/67.0.3396.79 Safari/537.36"
60.15.65.56 - - [09/May/2025:15:04:32 -0400] "GET /aspx.jar HTTP/1.1" 500 276 "-" "Mozilla/5.0 (X11; Linux x86_64; rv:61.0) Gecko/20100101 Firefox/61.0"
60.15.65.65 - - [09/May/2025:15:04:32 -0400] "GET /clients.war HTTP/1.1" 500 21 "-" "Mozilla/5.0 (Windows NT 6.0; rv:52.4.1) Gecko/20100101 Firefox/52.4.1"
60.15.65.81 - - [09/May/2025:15:04:32 -0400] "GET /back.7z HTTP/1.1" 500 276 "-" "Mozilla/5.0 (X11; Linux x86_64; rv:61.0.1) Gecko/20100101 Firefox/61.0.1"
60.15.65.84 - - [09/May/2025:15:04:32 -0400] "GET /back.zip HTTP/1.1" 500 21 "-" "Mozilla/5.0 (Windows NT 10.0; Win64; x64) AppleWebKit/537.36 (KHTML, like Gecko) Chrome/71.0.3578.80 Safari/537.36 OPR/56.0.3051.104"
60.15.65.55 - - [09/May/2025:15:04:32 -0400] "GET /asp.tar.tgz HTTP/1.1" 500 276 "-" "Mozilla/5.0 (Windows NT 6.2; Win64; x64) AppleWebKit/537.36 (KHTML, like Gecko) Chrome/75.0.3770 Safari/537.36 OPR/57.0.3098.116"
60.15.65.54 - - [09/May/2025:15:04:32 -0400] "GET /customers.7z HTTP/1.1" 500 276 "-" "Mozilla/5.0 (X11; Linux i686 on x86_64) AppleWebKit/537.36 (KHTML, like Gecko) Chrome/71.0.3578.98 Safari/537.36 OPR/56.0.3051.52"
60.15.65.77 - - [09/May/2025:15:04:32 -0400] "GET /archive.gz HTTP/1.1" 500 276 "-" "Mozilla/5.0 (Macintosh; Intel Mac OS X 10_14_1) AppleWebKit/537.36 (KHTML, like Gecko) Chrome/76.0.3809 Safari/537.36 OPR/58.0.3135.107"
60.15.65.63 - - [09/May/2025:15:04:32 -0400] "GET /archive.sql HTTP/1.1" 500 21 "-" "Mozilla/5.0 (Macintosh; Intel Mac OS X 10_12_5) AppleWebKit/537.36 (KHTML, like Gecko) Chrome/67.0.3396.79 Safari/537.36 OPR/54.0.2952.60"
60.15.65.84 - - [09/May/2025:15:04:32 -0400] "GET /2021.tar.tgz HTTP/1.1" 500 276 "-" "Mozilla/5.0 (Windows NT 10.0; Win64; x64; rv:62.0) Gecko/20100101 Firefox/62.0"
60.15.65.65 - - [09/May/2025:15:04:32 -0400] "GET /backups.tar.bz2 HTTP/1.1" 500 21 "-" "Mozilla/5.0 (X11; Linux x86_64; rv:52.5.0) Gecko/20100101 Firefox/52.5.0"
60.15.65.70 - - [09/May/2025:15:04:32 -0400] "GET /2024.7z HTTP/1.1" 500 21 "-" "Mozilla/5.0 (Windows NT 6.2; Win64; x64) AppleWebKit/537.36 (KHTML, like Gecko) Chrome/74.0.3729 Safari/537.36 OPR/57.0.3098.106"
60.15.65.53 - - [09/May/2025:15:04:32 -0400] "GET /customers.tar HTTP/1.1" 500 276 "-" "Mozilla/5.0 (Windows NT 6.1) AppleWebKit/537.36 (KHTML, like Gecko) Chrome/60.0.3112.116 Safari/537.36"
60.15.65.76 - - [09/May/2025:15:04:32 -0400] "GET /com.zip HTTP/1.1" 500 21 "-" "Mozilla/5.0 (Macintosh; Intel Mac OS X 10_11_6) AppleWebKit/537.36 (KHTML, like Gecko) Chrome/65.0.3325.109 Safari/537.36"
60.15.65.77 - - [09/May/2025:15:04:32 -0400] "GET /engine.sql.gz HTTP/1.1" 500 276 "-" "Mozilla/5.0 (X11; Linux i686 on x86_64) AppleWebKit/537.36 (KHTML, like Gecko) Chrome/66.0.3359.181 Safari/537.36 OPR/53.0.2907.110"
60.15.65.67 - - [09/May/2025:15:04:32 -0400] "GET /clients.tar.tgz HTTP/1.1" 500 276 "-" "Mozilla/5.0 (Macintosh; Intel Mac OS X 10_13_3) AppleWebKit/537.36 (KHTML, like Gecko) Chrome/65.0.3325.109 Safari/537.36"
60.15.65.55 - - [09/May/2025:15:04:32 -0400] "GET /backup.7z HTTP/1.1" 500 21 "-" "Mozilla/5.0 (Windows NT 10.0; Win64; x64) AppleWebKit/537.36 (KHTML, like Gecko) Chrome/68.0.3440.84 Safari/537.36 OPR/54.0.2952.71"
60.15.65.77 - - [09/May/2025:15:04:32 -0400] "GET /code.rar HTTP/1.1" 500 276 "-" "Mozilla/5.0 (X11; Linux x86_64) AppleWebKit/537.36 (KHTML, like Gecko) Chrome/72.0.3626 Safari/537.36"
60.15.65.67 - - [09/May/2025:15:04:32 -0400] "GET /data.tar.tgz HTTP/1.1" 500 21 "-" "Mozilla/5.0 (Windows NT 10.0; Win64; x64; rv:56.0.2) Gecko/20100101 Firefox/56.0.2"
60.15.65.63 - - [09/May/2025:15:04:32 -0400] "GET /members.zip HTTP/1.1" 500 276 "-" "Mozilla/5.0 (Macintosh; Intel Mac OS X 10_13_3) AppleWebKit/537.36 (KHTML, like Gecko) Chrome/70.0.3538.110 Safari/537.36"
60.15.65.70 - - [09/May/2025:15:04:32 -0400] "GET /back.tar.tgz HTTP/1.1" 500 276 "-" "Mozilla/5.0 (X11; Linux i686) AppleWebKit/537.36 (KHTML, like Gecko) Chrome/60.0.3112.116 Safari/537.36"
60.15.65.53 - - [09/May/2025:15:04:32 -0400] "GET /clients.sql.gz HTTP/1.1" 500 276 "-" "Mozilla/5.0 (Macintosh; Intel Mac OS X 10_11_3) AppleWebKit/537.36 (KHTML, like Gecko) Chrome/66.0.3359.139 Safari/537.36"
60.15.65.54 - - [09/May/2025:15:04:32 -0400] "GET /dump.tar.gz HTTP/1.1" 500 276 "-" "Mozilla/5.0 (Macintosh; Intel Mac OS X 10_12_3) AppleWebKit/537.36 (KHTML, like Gecko) Chrome/68.0.3440.75 Safari/537.36 OPR/54.0.2952.64"
60.15.65.53 - - [09/May/2025:15:04:32 -0400] "GET /code.gz HTTP/1.1" 500 21 "-" "Mozilla/5.0 (X11; Linux i686 on x86_64) AppleWebKit/537.36 (KHTML, like Gecko) Chrome/68.0.3440.75 Safari/537.36"
60.15.65.81 - - [09/May/2025:15:04:32 -0400] "GET /bbs.tar HTTP/1.1" 500 276 "-" "Mozilla/5.0 (Macintosh; Intel Mac OS X 10_12_3) AppleWebKit/537.36 (KHTML, like Gecko) Chrome/64.0.3282.119 Safari/537.36"
60.15.65.54 - - [09/May/2025:15:04:32 -0400] "GET /bin.gz HTTP/1.1" 500 276 "-" "Mozilla/5.0 (X11; Linux i686 on x86_64; rv:60.4.0) Gecko/20100101 Firefox/60.4.0"
60.15.65.54 - - [09/May/2025:15:04:32 -0400] "GET /auth.sql.gz HTTP/1.1" 500 276 "-" "Mozilla/5.0 (Macintosh; Intel Mac OS X 10_14_2) AppleWebKit/537.36 (KHTML, like Gecko) Chrome/76.0.3809 Safari/537.36"
60.15.65.84 - - [09/May/2025:15:04:32 -0400] "GET /backup.tgz HTTP/1.1" 500 21 "-" "Mozilla/5.0 (X11; Linux i686 on x86_64) AppleWebKit/537.36 (KHTML, like Gecko) Chrome/67.0.3396.87 Safari/537.36"
60.15.65.70 - - [09/May/2025:15:04:32 -0400] "GET /aspx.tar.gz HTTP/1.1" 500 276 "-" "Mozilla/5.0 (Windows NT 10.0; Win64; x64) AppleWebKit/537.36 (KHTML, like Gecko) Chrome/64.0.3282.119 Safari/537.36"
60.15.65.55 - - [09/May/2025:15:04:32 -0400] "GET /backups.7z HTTP/1.1" 500 276 "-" "Mozilla/5.0 (Windows NT 6.1; WOW64; rv:52.7.1) Gecko/20100101 Firefox/52.7.1"
60.15.65.84 - - [09/May/2025:15:04:32 -0400] "GET /auth.tar.tgz HTTP/1.1" 500 21 "-" "Mozilla/5.0 (Windows NT 6.2; WOW64; rv:60.5.2) Gecko/20100101 Firefox/60.5.2"
60.15.65.67 - - [09/May/2025:15:04:32 -0400] "GET /database.tar.tgz HTTP/1.1" 500 276 "-" "Mozilla/5.0 (Macintosh; Intel Mac OS X 10_11_4) AppleWebKit/537.36 (KHTML, like Gecko) Chrome/60.0.3112.90 Safari/537.36"
60.15.65.76 - - [09/May/2025:15:04:32 -0400] "GET /bbs.sql.gz HTTP/1.1" 500 276 "-" "Mozilla/5.0 (Windows NT 10.0; WOW64) AppleWebKit/537.36 (KHTML, like Gecko) Chrome/65.0.3325.109 Safari/537.36 OPR/51.0.2830.34"
60.15.65.58 - - [09/May/2025:15:04:32 -0400] "GET /bin.tar.bz2 HTTP/1.1" 500 276 "-" "Mozilla/5.0 (X11; Linux i686 on x86_64) AppleWebKit/537.36 (KHTML, like Gecko) Chrome/69.0.3497.81 Safari/537.36"
60.15.65.67 - - [09/May/2025:15:04:32 -0400] "GET /engine.zip HTTP/1.1" 500 276 "-" "Mozilla/5.0 (Macintosh; Intel Mac OS X 10_13_3; rv:58.0.1) Gecko/20100101 Firefox/58.0.1"
60.15.65.70 - - [09/May/2025:15:04:32 -0400] "GET /back.sql.gz HTTP/1.1" 500 276 "-" "Mozilla/5.0 (X11; Linux x86_64) AppleWebKit/537.36 (KHTML, like Gecko) Chrome/73.0.3683 Safari/537.36"
221.210.252.132 - - [09/May/2025:15:04:32 -0400] "GET /back.war HTTP/1.1" 500 276 "-" "Mozilla/5.0 (Macintosh; Intel Mac OS X 10_12_1; rv:60.2.2) Gecko/20100101 Firefox/60.2.2"
60.15.65.58 - - [09/May/2025:15:04:32 -0400] "GET /db.7z HTTP/1.1" 500 21 "-" "Mozilla/5.0 (Macintosh; Intel Mac OS X 10_13_5) AppleWebKit/537.36 (KHTML, like Gecko) Chrome/67.0.3396.99 Safari/537.36"
60.15.65.55 - - [09/May/2025:15:04:32 -0400] "GET /backups.bak HTTP/1.1" 500 276 "-" "Mozilla/5.0 (Windows NT 10.0; Win64; x64) AppleWebKit/537.36 (KHTML, like Gecko) Chrome/70.0.3538.102 Safari/537.36"
60.15.65.64 - - [09/May/2025:15:04:32 -0400] "GET /dump.war HTTP/1.1" 500 21 "-" "Mozilla/5.0 (Macintosh; Intel Mac OS X 10_13_4) AppleWebKit/537.36 (KHTML, like Gecko) Chrome/62.0.3202.94 Safari/537.36"
60.15.65.52 - - [09/May/2025:15:04:32 -0400] "GET /admin.7z HTTP/1.1" 500 276 "-" "Mozilla/5.0 (X11; Linux i686 on x86_64; rv:52.7.3) Gecko/20100101 Firefox/52.7.3"
60.15.65.58 - - [09/May/2025:15:04:32 -0400] "GET /asp.gz HTTP/1.1" 500 276 "-" "Mozilla/5.0 (Windows NT 6.0) AppleWebKit/537.36 (KHTML, like Gecko) Chrome/77.0 Safari/537.36 OPR/58.0.3135.127"
60.15.65.54 - - [09/May/2025:15:04:32 -0400] "GET /bbs.rar HTTP/1.1" 500 276 "-" "Mozilla/5.0 (Windows NT 6.2; rv:67.0) Gecko/20100101 Firefox/67.0"
60.15.65.52 - - [09/May/2025:15:04:32 -0400] "GET /dat.rar HTTP/1.1" 500 276 "-" "Mozilla/5.0 (Macintosh; Intel Mac OS X 10_12_4; rv:60.2.1) Gecko/20100101 Firefox/60.2.1"
60.15.65.76 - - [09/May/2025:15:04:32 -0400] "GET /archive.sql.gz HTTP/1.1" 500 276 "-" "Mozilla/5.0 (X11; Linux i686) AppleWebKit/537.36 (KHTML, like Gecko) Chrome/66.0.3359.117 Safari/537.36 OPR/53.0.2907.99"
60.15.65.67 - - [09/May/2025:15:04:32 -0400] "GET /bbs.war HTTP/1.1" 500 276 "-" "Mozilla/5.0 (X11; Linux i686 on x86_64) AppleWebKit/537.36 (KHTML, like Gecko) Chrome/68.0.3440.106 Safari/537.36 OPR/55.0.2994.61"
60.15.65.76 - - [09/May/2025:15:04:32 -0400] "GET /auth.bak HTTP/1.1" 500 276 "-" "Mozilla/5.0 (Macintosh; Intel Mac OS X 10_11_6) AppleWebKit/537.36 (KHTML, like Gecko) Chrome/69.0.3497.81 Safari/537.36 OPR/55.0.2994.47"
60.15.65.55 - - [09/May/2025:15:04:32 -0400] "GET /auth.tar.bz2 HTTP/1.1" 500 276 "-" "Mozilla/5.0 (X11; Linux x86_64) AppleWebKit/537.36 (KHTML, like Gecko) Chrome/77.0 Safari/537.36 OPR/58.0.3135.127"
60.15.65.84 - - [09/May/2025:15:04:32 -0400] "GET /backups.sql HTTP/1.1" 500 276 "-" "Mozilla/5.0 (Macintosh; Intel Mac OS X 10_12_4) AppleWebKit/537.36 (KHTML, like Gecko) Chrome/68.0.3440.1805 Safari/537.36 OPR/54.0.2952.51"
60.15.65.76 - - [09/May/2025:15:04:32 -0400] "GET /backup.gz HTTP/1.1" 500 276 "-" "Mozilla/5.0 (Macintosh; Intel Mac OS X 10_12_2) AppleWebKit/537.36 (KHTML, like Gecko) Chrome/71.0.3578.80 Safari/537.36"
60.15.65.76 - - [09/May/2025:15:04:32 -0400] "GET /bin.jar HTTP/1.1" 500 276 "-" "Mozilla/5.0 (X11; Linux i686; rv:60.2.2) Gecko/20100101 Firefox/60.2.2"
60.15.65.53 - - [09/May/2025:15:04:32 -0400] "GET /aspx.gz HTTP/1.1" 500 276 "-" "Mozilla/5.0 (Macintosh; Intel Mac OS X 10_14_1) AppleWebKit/537.36 (KHTML, like Gecko) Chrome/69.0.3497.81 Safari/537.36"
60.15.65.95 - - [09/May/2025:15:04:32 -0400] "GET /dat.tar.bz2 HTTP/1.1" 500 21 "-" "Mozilla/5.0 (X11; Linux i686) AppleWebKit/537.36 (KHTML, like Gecko) Chrome/65.0.3325.181 Safari/537.36 OPR/52.0.2871.40"
60.15.65.70 - - [09/May/2025:15:04:32 -0400] "GET /aspx.rar HTTP/1.1" 500 276 "-" "Mozilla/5.0 (X11; Linux i686) AppleWebKit/537.36 (KHTML, like Gecko) Chrome/60.0.3112.78 Safari/537.36"
60.15.65.56 - - [09/May/2025:15:04:32 -0400] "GET /archive.tar.tgz HTTP/1.1" 500 276 "-" "Mozilla/5.0 (Macintosh; Intel Mac OS X 10_12_2; rv:62.0) Gecko/20100101 Firefox/62.0"
60.15.65.81 - - [09/May/2025:15:04:32 -0400] "GET /aspx.sql.gz HTTP/1.1" 500 276 "-" "Mozilla/5.0 (Windows NT 10.0; WOW64) AppleWebKit/537.36 (KHTML, like Gecko) Chrome/69.0.3497.81 Safari/537.36 OPR/55.0.2994.47"
60.15.65.66 - - [09/May/2025:15:04:32 -0400] "GET /bak.sql.gz HTTP/1.1" 500 276 "-" "Mozilla/5.0 (Macintosh; Intel Mac OS X 10_12_6) AppleWebKit/537.36 (KHTML, like Gecko) Chrome/61.0.3163.100 Safari/537.36"
60.15.65.76 - - [09/May/2025:15:04:32 -0400] "GET /bbs.bak HTTP/1.1" 500 276 "-" "Mozilla/5.0 (X11; Linux x86_64; rv:52.0.1) Gecko/20100101 Firefox/52.0.1"
221.210.252.132 - - [09/May/2025:15:04:32 -0400] "GET /back.tar.bz2 HTTP/1.1" 500 276 "-" "Mozilla/5.0 (X11; Linux x86_64; rv:57.0.1) Gecko/20100101 Firefox/57.0.1"
60.15.65.63 - - [09/May/2025:15:04:32 -0400] "GET /code.tgz HTTP/1.1" 500 21 "-" "Mozilla/5.0 (Windows NT 10.0; Win64; x64) AppleWebKit/537.36 (KHTML, like Gecko) Chrome/76.0.3809 Safari/537.36 OPR/58.0.3135.107"
60.15.65.56 - - [09/May/2025:15:04:32 -0400] "GET /backup.tar.gz HTTP/1.1" 500 276 "-" "Mozilla/5.0 (X11; Linux i686) AppleWebKit/537.36 (KHTML, like Gecko) Chrome/70.0.3538.80 Safari/537.36"
60.15.65.64 - - [09/May/2025:15:04:32 -0400] "GET /db.jar HTTP/1.1" 500 21 "-" "Mozilla/5.0 (X11; Linux x86_64) AppleWebKit/537.36 (KHTML, like Gecko) Chrome/66.0.3359.117 Safari/537.36 OPR/53.0.2907.99"
60.15.65.65 - - [09/May/2025:15:04:32 -0400] "GET /back.gz HTTP/1.1" 500 276 "-" "Mozilla/5.0 (X11; Linux i686) AppleWebKit/537.36 (KHTML, like Gecko) Chrome/66.0.3359.170 Safari/537.36 OPR/52.0.2871.64"
60.15.65.55 - - [09/May/2025:15:04:32 -0400] "GET /db.bak HTTP/1.1" 500 21 "-" "Mozilla/5.0 (Macintosh; Intel Mac OS X 10_10_2; rv:60.5.0) Gecko/20100101 Firefox/60.5.0"
60.15.65.55 - - [09/May/2025:15:04:32 -0400] "GET /backups.jar HTTP/1.1" 500 276 "-" "Mozilla/5.0 (Windows NT 6.1; Win64; x64) AppleWebKit/537.36 (KHTML, like Gecko) Chrome/62.0.3202.62 Safari/537.36"
60.15.65.62 - - [09/May/2025:15:04:32 -0400] "GET /bak.tar.tgz HTTP/1.1" 500 276 "-" "Mozilla/5.0 (Macintosh; Intel Mac OS X 10_11_5; rv:52.2.0) Gecko/20100101 Firefox/52.2.0"
60.15.65.70 - - [09/May/2025:15:04:32 -0400] "GET /backups.rar HTTP/1.1" 500 276 "-" "Mozilla/5.0 (Windows NT 6.3; WOW64; rv:52.0.1) Gecko/20100101 Firefox/52.0.1"
60.15.65.70 - - [09/May/2025:15:04:32 -0400] "GET /bak.war HTTP/1.1" 500 21 "-" "Mozilla/5.0 (X11; Linux i686 on x86_64) AppleWebKit/537.36 (KHTML, like Gecko) Chrome/68.0.3440.84 Safari/537.36 OPR/54.0.2952.71"
221.210.252.132 - - [09/May/2025:15:04:32 -0400] "GET /bin.7z HTTP/1.1" 500 276 "-" "Mozilla/5.0 (X11; Linux x86_64) AppleWebKit/537.36 (KHTML, like Gecko) Chrome/65.0.3325.181 Safari/537.36"
60.15.65.53 - - [09/May/2025:15:04:32 -0400] "GET /bbs.tar.bz2 HTTP/1.1" 500 21 "-" "Mozilla/5.0 (Macintosh; Intel Mac OS X 10_10_6) AppleWebKit/537.36 (KHTML, like Gecko) Chrome/70.0.3538.77 Safari/537.36"
60.15.65.66 - - [09/May/2025:15:04:32 -0400] "GET /bbs.7z HTTP/1.1" 500 21 "-" "Mozilla/5.0 (Macintosh; Intel Mac OS X 10_13_6) AppleWebKit/537.36 (KHTML, like Gecko) Chrome/65.0.3325.181 Safari/537.36 OPR/52.0.2871.40"
60.15.65.70 - - [09/May/2025:15:04:32 -0400] "GET /asp.rar HTTP/1.1" 500 21 "-" "Mozilla/5.0 (Macintosh; Intel Mac OS X 10_12_3) AppleWebKit/537.36 (KHTML, like Gecko) Chrome/70.0.3538.80 Safari/537.36 OPR/56.0.3051.116"
60.15.65.84 - - [09/May/2025:15:04:32 -0400] "GET /com.gz HTTP/1.1" 500 21 "-" "Mozilla/5.0 (Macintosh; Intel Mac OS X 10_14_2) AppleWebKit/537.36 (KHTML, like Gecko) Chrome/66.0.3359.170 Safari/537.36"
60.15.65.56 - - [09/May/2025:15:04:32 -0400] "GET /bak.zip HTTP/1.1" 500 21 "-" "Mozilla/5.0 (Macintosh; Intel Mac OS X 10_10_6) AppleWebKit/537.36 (KHTML, like Gecko) Chrome/68.0.3440.75 Safari/537.36 OPR/54.0.2952.64"
60.15.65.58 - - [09/May/2025:15:04:32 -0400] "GET /database.zip HTTP/1.1" 500 21 "-" "Mozilla/5.0 (Windows NT 10.0; Win64; x64) AppleWebKit/537.36 (KHTML, like Gecko) Chrome/77.0 Safari/537.36 OPR/60.0.3255.170"
60.15.65.66 - - [09/May/2025:15:04:32 -0400] "GET /2021.sql.gz HTTP/1.1" 500 21 "-" "Mozilla/5.0 (X11; Linux i686 on x86_64) AppleWebKit/537.36 (KHTML, like Gecko) Chrome/68.0.3440.84 Safari/537.36 OPR/54.0.2952.71"
60.15.65.58 - - [09/May/2025:15:04:32 -0400] "GET /bin.sql HTTP/1.1" 500 21 "-" "Mozilla/5.0 (X11; Linux i686 on x86_64) AppleWebKit/537.36 (KHTML, like Gecko) Chrome/64.0.3282.137 Safari/537.36"
60.15.65.65 - - [09/May/2025:15:04:32 -0400] "GET /aspx.zip HTTP/1.1" 500 21 "-" "Mozilla/5.0 (Windows NT 10.0; WOW64) AppleWebKit/537.36 (KHTML, like Gecko) Chrome/65.0.3325.109 Safari/537.36 OPR/51.0.2830.34"
60.15.65.66 - - [09/May/2025:15:04:32 -0400] "GET /bin.bak HTTP/1.1" 500 21 "-" "Mozilla/5.0 (X11; Linux i686) AppleWebKit/537.36 (KHTML, like Gecko) Chrome/72.0.3626 Safari/537.36 OPR/56.0.3051.36"
60.15.65.81 - - [09/May/2025:15:04:32 -0400] "GET /dump.bak HTTP/1.1" 500 21 "-" "Mozilla/5.0 (X11; Linux x86_64) AppleWebKit/537.36 (KHTML, like Gecko) Chrome/73.0.3683 Safari/537.36 OPR/57.0.3098.91"
60.15.65.81 - - [09/May/2025:15:04:32 -0400] "GET /aspx.tar.bz2 HTTP/1.1" 500 21 "-" "Mozilla/5.0 (X11; Linux i686) AppleWebKit/537.36 (KHTML, like Gecko) Chrome/68.0.3440.106 Safari/537.36 OPR/55.0.2994.61"
60.15.65.65 - - [09/May/2025:15:04:32 -0400] "GET /faisunzip.jar HTTP/1.1" 500 21 "-" "Mozilla/5.0 (Macintosh; Intel Mac OS X 10_11_6; rv:60.2.1) Gecko/20100101 Firefox/60.2.1"
60.15.65.81 - - [09/May/2025:15:04:32 -0400] "GET /backups.sql.gz HTTP/1.1" 500 21 "-" "Mozilla/5.0 (Windows NT 10.0; Win64; x64; rv:60.5.0) Gecko/20100101 Firefox/60.5.0"
60.15.65.53 - - [09/May/2025:15:04:32 -0400] "GET /error_log.jar HTTP/1.1" 500 21 "-" "Mozilla/5.0 (X11; Linux i686; rv:52.5.0) Gecko/20100101 Firefox/52.5.0"
60.15.65.95 - - [09/May/2025:15:04:32 -0400] "GET /dat.gz HTTP/1.1" 500 21 "-" "Mozilla/5.0 (Windows NT 6.1; rv:66.0.5) Gecko/20100101 Firefox/66.0.5"
60.15.65.77 - - [09/May/2025:15:04:32 -0400] "GET /customers.zip HTTP/1.1" 500 21 "-" "Mozilla/5.0 (Macintosh; Intel Mac OS X 10_10_3) AppleWebKit/537.36 (KHTML, like Gecko) Chrome/69.0.3497.92 Safari/537.36"
60.15.65.63 - - [09/May/2025:15:04:32 -0400] "GET /engine.tar.tgz HTTP/1.1" 500 21 "-" "Mozilla/5.0 (Windows NT 6.0; rv:52.5.2) Gecko/20100101 Firefox/52.5.2"
60.15.65.55 - - [09/May/2025:15:04:32 -0400] "GET /clients.zip HTTP/1.1" 500 21 "-" "Mozilla/5.0 (Macintosh; Intel Mac OS X 10_13_1) AppleWebKit/537.36 (KHTML, like Gecko) Chrome/72.0.3626 Safari/537.36"
60.15.65.84 - - [09/May/2025:15:04:32 -0400] "GET /db.tar.gz HTTP/1.1" 500 21 "-" "Mozilla/5.0 (X11; Linux i686 on x86_64) AppleWebKit/537.36 (KHTML, like Gecko) Chrome/65.0.3325.109 Safari/537.36 OPR/51.0.2830.34"
60.15.65.67 - - [09/May/2025:15:04:32 -0400] "GET /bak.rar HTTP/1.1" 500 21 "-" "Mozilla/5.0 (Macintosh; Intel Mac OS X 10_14_1; rv:52.3.0) Gecko/20100101 Firefox/52.3.0"
60.15.65.66 - - [09/May/2025:15:04:32 -0400] "GET /code.tar.tgz HTTP/1.1" 500 21 "-" "Mozilla/5.0 (Windows NT 10.0; WOW64) AppleWebKit/537.36 (KHTML, like Gecko) Chrome/64.0.3282.119 Safari/537.36"
60.15.65.66 - - [09/May/2025:15:04:32 -0400] "GET /com.tar.gz HTTP/1.1" 500 21 "-" "Mozilla/5.0 (X11; Linux i686 on x86_64) AppleWebKit/537.36 (KHTML, like Gecko) Chrome/71.0.3578.98 Safari/537.36 OPR/56.0.3051.52"
60.15.65.62 - - [09/May/2025:15:04:32 -0400] "GET /customers.tar.gz HTTP/1.1" 500 21 "-" "Mozilla/5.0 (Windows NT 6.1) AppleWebKit/537.36 (KHTML, like Gecko) Chrome/71.0.3578.80 Safari/537.36 OPR/56.0.3051.104"
60.15.65.65 - - [09/May/2025:15:04:32 -0400] "GET /files.tar.gz HTTP/1.1" 500 21 "-" "Mozilla/5.0 (Windows NT 6.2) AppleWebKit/537.36 (KHTML, like Gecko) Chrome/69.0.3497.81 Safari/537.36 OPR/55.0.2994.47"
60.15.65.53 - - [09/May/2025:15:04:32 -0400] "GET /engine.war HTTP/1.1" 500 21 "-" "Mozilla/5.0 (X11; Linux i686; rv:52.3.0) Gecko/20100101 Firefox/52.3.0"
60.15.65.84 - - [09/May/2025:15:04:32 -0400] "GET /2023.tar HTTP/1.1" 500 21 "-" "Mozilla/5.0 (Macintosh; Intel Mac OS X 10_14_2) AppleWebKit/537.36 (KHTML, like Gecko) Chrome/77.0 Safari/537.36 OPR/60.0.3255.170"
60.15.65.54 - - [09/May/2025:15:04:32 -0400] "GET /back.bak HTTP/1.1" 500 276 "-" "Mozilla/5.0 (Windows NT 10.0; WOW64) AppleWebKit/537.36 (KHTML, like Gecko) Chrome/65.0.3325.109 Safari/537.36"
60.15.65.64 - - [09/May/2025:15:04:32 -0400] "GET /back.tar.gz HTTP/1.1" 500 21 "-" "Mozilla/5.0 (X11; Linux i686 on x86_64; rv:52.8.1) Gecko/20100101 Firefox/52.8.1"
60.15.65.56 - - [09/May/2025:15:04:32 -0400] "GET /bin.war HTTP/1.1" 500 21 "-" "Mozilla/5.0 (Windows NT 6.0) AppleWebKit/537.36 (KHTML, like Gecko) Chrome/68.0.3440.91 Safari/537.36"
221.210.252.132 - - [09/May/2025:15:04:32 -0400] "GET /bbs.gz HTTP/1.1" 500 276 "-" "Mozilla/5.0 (Windows NT 10.0; Win64; x64; rv:52.0.2) Gecko/20100101 Firefox/52.0.2"
60.15.65.66 - - [09/May/2025:15:04:32 -0400] "GET /aspx.tgz HTTP/1.1" 500 276 "-" "Mozilla/5.0 (X11; Linux i686 on x86_64) AppleWebKit/537.36 (KHTML, like Gecko) Chrome/64.0.3282.140 Safari/537.36 OPR/50.0.2762.58"
60.15.65.95 - - [09/May/2025:15:04:32 -0400] "GET /bak.tar.gz HTTP/1.1" 500 276 "-" "Mozilla/5.0 (X11; Linux x86_64; rv:56.0.1) Gecko/20100101 Firefox/56.0.1"
60.15.65.65 - - [09/May/2025:15:04:32 -0400] "GET /dump.tar.bz2 HTTP/1.1" 500 276 "-" "Mozilla/5.0 (Macintosh; Intel Mac OS X 10_14_2; rv:52.0.1) Gecko/20100101 Firefox/52.0.1"
60.15.65.63 - - [09/May/2025:15:04:32 -0400] "GET /error_log.tgz HTTP/1.1" 500 276 "-" "Mozilla/5.0 (Macintosh; Intel Mac OS X 10_10_2; rv:52.0.1) Gecko/20100101 Firefox/52.0.1"
60.15.65.56 - - [09/May/2025:15:04:32 -0400] "GET /bbs.jar HTTP/1.1" 500 21 "-" "Mozilla/5.0 (Windows NT 10.0; Win64; x64; rv:52.7.4) Gecko/20100101 Firefox/52.7.4"
60.15.65.81 - - [09/May/2025:15:04:32 -0400] "GET /2022.tar.gz HTTP/1.1" 500 276 "-" "Mozilla/5.0 (Windows NT 10.0; WOW64) AppleWebKit/537.36 (KHTML, like Gecko) Chrome/64.0.3282.137 Safari/537.36"
60.15.65.58 - - [09/May/2025:15:04:32 -0400] "GET /dat.sql.gz HTTP/1.1" 500 276 "-" "Mozilla/5.0 (Macintosh; Intel Mac OS X 10_10_1; rv:58.0) Gecko/20100101 Firefox/58.0"
60.15.65.55 - - [09/May/2025:15:04:32 -0400] "GET /clients.tgz HTTP/1.1" 500 276 "-" "Mozilla/5.0 (Macintosh; Intel Mac OS X 10_14_1) AppleWebKit/537.36 (KHTML, like Gecko) Chrome/65.0.3325.109 Safari/537.36 OPR/51.0.2830.34"
60.15.65.70 - - [09/May/2025:15:04:32 -0400] "GET /com.rar HTTP/1.1" 500 276 "-" "Mozilla/5.0 (Windows NT 10.0; WOW64) AppleWebKit/537.36 (KHTML, like Gecko) Chrome/76.0.3809 Safari/537.36 OPR/58.0.3135.107"
60.15.65.53 - - [09/May/2025:15:04:32 -0400] "GET /backups.gz HTTP/1.1" 500 276 "-" "Mozilla/5.0 (Windows NT 10.0; WOW64) AppleWebKit/537.36 (KHTML, like Gecko) Chrome/66.0.3359.139 Safari/537.36 OPR/53.0.2907.106"
221.210.252.132 - - [09/May/2025:15:04:32 -0400] "GET /code.jar HTTP/1.1" 500 276 "-" "Mozilla/5.0 (X11; Linux i686) AppleWebKit/537.36 (KHTML, like Gecko) Chrome/68.0.3440.106 Safari/537.36 OPR/55.0.2994.61"
60.15.65.65 - - [09/May/2025:15:04:32 -0400] "GET /bin.sql.gz HTTP/1.1" 500 276 "-" "Mozilla/5.0 (Windows NT 10.0; WOW64; rv:60.2.1) Gecko/20100101 Firefox/60.2.1"
60.15.65.95 - - [09/May/2025:15:04:32 -0400] "GET /bak.tar.bz2 HTTP/1.1" 500 276 "-" "Mozilla/5.0 (Macintosh; Intel Mac OS X 10_13_2) AppleWebKit/537.36 (KHTML, like Gecko) Chrome/65.0.3325.181 Safari/537.36"
60.15.65.76 - - [09/May/2025:15:04:32 -0400] "GET /database.jar HTTP/1.1" 500 276 "-" "Mozilla/5.0 (Macintosh; Intel Mac OS X 10_10_5; rv:61.0.1) Gecko/20100101 Firefox/61.0.1"
60.15.65.95 - - [09/May/2025:15:04:32 -0400] "GET /error_log.rar HTTP/1.1" 500 21 "-" "Mozilla/5.0 (X11; Linux i686) AppleWebKit/537.36 (KHTML, like Gecko) Chrome/65.0.3325.181 Safari/537.36"
60.15.65.95 - - [09/May/2025:15:04:32 -0400] "GET /com.tar.bz2 HTTP/1.1" 500 276 "-" "Mozilla/5.0 (Macintosh; Intel Mac OS X 10_10_3) AppleWebKit/537.36 (KHTML, like Gecko) Chrome/69.0.3497.81 Safari/537.36"
60.15.65.58 - - [09/May/2025:15:04:32 -0400] "GET /customers.tgz HTTP/1.1" 500 21 "-" "Mozilla/5.0 (Macintosh; Intel Mac OS X 10_14_2; rv:57.0.2) Gecko/20100101 Firefox/57.0.2"
60.15.65.54 - - [09/May/2025:15:04:32 -0400] "GET /clients.jar HTTP/1.1" 500 276 "-" "Mozilla/5.0 (X11; Linux x86_64; rv:52.7.0) Gecko/20100101 Firefox/52.7.0"
60.15.65.66 - - [09/May/2025:15:04:32 -0400] "GET /database.tar.gz HTTP/1.1" 500 21 "-" "Mozilla/5.0 (X11; Linux i686 on x86_64; rv:66.0.3) Gecko/20100101 Firefox/66.0.3"
60.15.65.58 - - [09/May/2025:15:04:32 -0400] "GET /database.tar.bz2 HTTP/1.1" 500 21 "-" "Mozilla/5.0 (X11; Linux i686; rv:62.0) Gecko/20100101 Firefox/62.0"
60.15.65.58 - - [09/May/2025:15:04:32 -0400] "GET /code.sql.gz HTTP/1.1" 500 276 "-" "Mozilla/5.0 (Macintosh; Intel Mac OS X 10_12_4; rv:52.1.2) Gecko/20100101 Firefox/52.1.2"
221.210.252.132 - - [09/May/2025:15:04:32 -0400] "GET /backups.tar HTTP/1.1" 500 21 "-" "Mozilla/5.0 (Windows NT 6.2; rv:67.0.2) Gecko/20100101 Firefox/67.0.2"
60.15.65.81 - - [09/May/2025:15:04:32 -0400] "GET /bbs.sql HTTP/1.1" 500 21 "-" "Mozilla/5.0 (X11; Linux x86_64) AppleWebKit/537.36 (KHTML, like Gecko) Chrome/70.0.3538.80 Safari/537.36 OPR/56.0.3051.116"
60.15.65.65 - - [09/May/2025:15:04:32 -0400] "GET /com.jar HTTP/1.1" 500 276 "-" "Mozilla/5.0 (Windows NT 6.1) AppleWebKit/537.36 (KHTML, like Gecko) Chrome/74.0.3729 Safari/537.36 OPR/57.0.3098.106"
60.15.65.84 - - [09/May/2025:15:04:32 -0400] "GET /clients.tar.gz HTTP/1.1" 500 21 "-" "Mozilla/5.0 (Windows NT 10.0; WOW64; rv:63.0) Gecko/20100101 Firefox/63.0"
60.15.65.77 - - [09/May/2025:15:04:32 -0400] "GET /database.war HTTP/1.1" 500 21 "-" "Mozilla/5.0 (Macintosh; Intel Mac OS X 10_13_1; rv:59.0.2) Gecko/20100101 Firefox/59.0.2"
60.15.65.56 - - [09/May/2025:15:04:32 -0400] "GET /bin.tar.tgz HTTP/1.1" 500 276 "-" "Mozilla/5.0 (X11; Linux x86_64) AppleWebKit/537.36 (KHTML, like Gecko) Chrome/66.0.3359.117 Safari/537.36 OPR/53.0.2907.99"
60.15.65.66 - - [09/May/2025:15:04:32 -0400] "GET /data.tgz HTTP/1.1" 500 276 "-" "Mozilla/5.0 (Macintosh; Intel Mac OS X 10_10_6; rv:64.0) Gecko/20100101 Firefox/64.0"
60.15.65.81 - - [09/May/2025:15:04:32 -0400] "GET /data.gz HTTP/1.1" 500 21 "-" "Mozilla/5.0 (Windows NT 6.1; rv:60.2.2) Gecko/20100101 Firefox/60.2.2"
60.15.65.66 - - [09/May/2025:15:04:32 -0400] "GET /archive.tar HTTP/1.1" 500 276 "-" "Mozilla/5.0 (X11; Linux i686; rv:52.4.1) Gecko/20100101 Firefox/52.4.1"
60.15.65.52 - - [09/May/2025:15:04:32 -0400] "GET /asp.jar HTTP/1.1" 500 276 "-" "Mozilla/5.0 (Macintosh; Intel Mac OS X 10_11_5; rv:63.0) Gecko/20100101 Firefox/63.0"
60.15.65.81 - - [09/May/2025:15:04:32 -0400] "GET /clients.tar.bz2 HTTP/1.1" 500 276 "-" "Mozilla/5.0 (Macintosh; Intel Mac OS X 10_11_4) AppleWebKit/537.36 (KHTML, like Gecko) Chrome/64.0.3282.140 Safari/537.36"
60.15.65.70 - - [09/May/2025:15:04:32 -0400] "GET /database.sql.gz HTTP/1.1" 500 276 "-" "Mozilla/5.0 (Windows NT 10.0; WOW64) AppleWebKit/537.36 (KHTML, like Gecko) Chrome/61.0.3163.100 Safari/537.36"
60.15.65.76 - - [09/May/2025:15:04:32 -0400] "GET /data.7z HTTP/1.1" 500 21 "-" "Mozilla/5.0 (Windows NT 6.1) AppleWebKit/537.36 (KHTML, like Gecko) Chrome/77.0 Safari/537.36"
60.15.65.84 - - [09/May/2025:15:04:32 -0400] "GET /database.tar HTTP/1.1" 500 276 "-" "Mozilla/5.0 (Macintosh; Intel Mac OS X 10_12_5; rv:66.0.1) Gecko/20100101 Firefox/66.0.1"
221.210.252.132 - - [09/May/2025:15:04:32 -0400] "GET /database.tgz HTTP/1.1" 500 276 "-" "Mozilla/5.0 (Macintosh; Intel Mac OS X 10_10_5) AppleWebKit/537.36 (KHTML, like Gecko) Chrome/65.0.3325.109 Safari/537.36"
60.15.65.77 - - [09/May/2025:15:04:32 -0400] "GET /db.tar.bz2 HTTP/1.1" 500 276 "-" "Mozilla/5.0 (Macintosh; Intel Mac OS X 10_13_5) AppleWebKit/537.36 (KHTML, like Gecko) Chrome/64.0.3282.137 Safari/537.36 OPR/50.0.2762.67"
60.15.65.76 - - [09/May/2025:15:04:32 -0400] "GET /com.7z HTTP/1.1" 500 276 "-" "Mozilla/5.0 (Macintosh; Intel Mac OS X 10_10_1) AppleWebKit/537.36 (KHTML, like Gecko) Chrome/74.0.3729 Safari/537.36 OPR/57.0.3098.106"
60.15.65.54 - - [09/May/2025:15:04:32 -0400] "GET /customers.sql.gz HTTP/1.1" 500 21 "-" "Mozilla/5.0 (X11; Linux x86_64) AppleWebKit/537.36 (KHTML, like Gecko) Chrome/74.0.3729 Safari/537.36 OPR/57.0.3098.106"
60.15.65.67 - - [09/May/2025:15:04:32 -0400] "GET /database.rar HTTP/1.1" 500 21 "-" "Mozilla/5.0 (Macintosh; Intel Mac OS X 10_13_2; rv:60.3.0) Gecko/20100101 Firefox/60.3.0"
60.15.65.58 - - [09/May/2025:15:04:32 -0400] "GET /data.zip HTTP/1.1" 500 21 "-" "Mozilla/5.0 (Macintosh; Intel Mac OS X 10_11_6) AppleWebKit/537.36 (KHTML, like Gecko) Chrome/77.0 Safari/537.36 OPR/58.0.3135.127"
60.15.65.95 - - [09/May/2025:15:04:32 -0400] "GET /auth.tar HTTP/1.1" 500 21 "-" "Mozilla/5.0 (Macintosh; Intel Mac OS X 10_13_4) AppleWebKit/537.36 (KHTML, like Gecko) Chrome/72.0.3626 Safari/537.36"
60.15.65.84 - - [09/May/2025:15:04:32 -0400] "GET /customers.tar.tgz HTTP/1.1" 500 276 "-" "Mozilla/5.0 (Macintosh; Intel Mac OS X 10_13_4; rv:53.0) Gecko/20100101 Firefox/53.0"
60.15.65.81 - - [09/May/2025:15:04:32 -0400] "GET /backups.tar.gz HTTP/1.1" 500 276 "-" "Mozilla/5.0 (Macintosh; Intel Mac OS X 10_14_1) AppleWebKit/537.36 (KHTML, like Gecko) Chrome/72.0.3626 Safari/537.36"
60.15.65.66 - - [09/May/2025:15:04:32 -0400] "GET /code.bak HTTP/1.1" 500 21 "-" "Mozilla/5.0 (Macintosh; Intel Mac OS X 10_12_4; rv:57.0.1) Gecko/20100101 Firefox/57.0.1"
60.15.65.70 - - [09/May/2025:15:04:32 -0400] "GET /data.bak HTTP/1.1" 500 276 "-" "Mozilla/5.0 (X11; Linux x86_64) AppleWebKit/537.36 (KHTML, like Gecko) Chrome/74.0.3729 Safari/537.36"
60.15.65.56 - - [09/May/2025:15:04:32 -0400] "GET /code.zip HTTP/1.1" 500 276 "-" "Mozilla/5.0 (Windows NT 6.1; Win64; x64; rv:60.2.0) Gecko/20100101 Firefox/60.2.0"
60.15.65.62 - - [09/May/2025:15:04:32 -0400] "GET /dat.tar.tgz HTTP/1.1" 500 21 "-" "Mozilla/5.0 (Macintosh; Intel Mac OS X 10_13_3) AppleWebKit/537.36 (KHTML, like Gecko) Chrome/76.0.3809 Safari/537.36 OPR/58.0.3135.107"
60.15.65.77 - - [09/May/2025:15:04:32 -0400] "GET /customers.jar HTTP/1.1" 500 276 "-" "Mozilla/5.0 (Macintosh; Intel Mac OS X 10_11_5) AppleWebKit/537.36 (KHTML, like Gecko) Chrome/68.0.3440.75 Safari/537.36 OPR/54.0.2952.64"
60.15.65.84 - - [09/May/2025:15:04:32 -0400] "GET /backups.tar.tgz HTTP/1.1" 500 21 "-" "Mozilla/5.0 (Windows NT 10.0; Win64; x64) AppleWebKit/537.36 (KHTML, like Gecko) Chrome/66.0.3359.158 Safari/537.36"
60.15.65.67 - - [09/May/2025:15:04:32 -0400] "GET /code.sql HTTP/1.1" 500 276 "-" "Mozilla/5.0 (Macintosh; Intel Mac OS X 10_12_2) AppleWebKit/537.36 (KHTML, like Gecko) Chrome/77.0 Safari/537.36 OPR/60.0.3255.170"
60.15.65.76 - - [09/May/2025:15:04:32 -0400] "GET /error_log.sql HTTP/1.1" 500 21 "-" "Mozilla/5.0 (X11; Linux i686 on x86_64) AppleWebKit/537.36 (KHTML, like Gecko) Chrome/67.0.3396.79 Safari/537.36 OPR/54.0.2952.60"
60.15.65.63 - - [09/May/2025:15:04:32 -0400] "GET /error_log.sql.gz HTTP/1.1" 500 21 "-" "Mozilla/5.0 (Windows NT 6.3; rv:50.0) Gecko/20100101 Firefox/50.0"
60.15.65.53 - - [09/May/2025:15:04:32 -0400] "GET /customers.rar HTTP/1.1" 500 21 "-" "Mozilla/5.0 (Macintosh; Intel Mac OS X 10_14_1; rv:67.0.2) Gecko/20100101 Firefox/67.0.2"
60.15.65.63 - - [09/May/2025:15:04:32 -0400] "GET /engine.gz HTTP/1.1" 500 21 "-" "Mozilla/5.0 (Macintosh; Intel Mac OS X 10_12_3) AppleWebKit/537.36 (KHTML, like Gecko) Chrome/77.0 Safari/537.36 OPR/60.0.3255.170"
60.15.65.64 - - [09/May/2025:15:04:32 -0400] "GET /dump.7z HTTP/1.1" 500 21 "-" "Mozilla/5.0 (Windows NT 6.2; WOW64; rv:52.0) Gecko/20100101 Firefox/52.0"
60.15.65.55 - - [09/May/2025:15:04:32 -0400] "GET /members.rar HTTP/1.1" 500 21 "-" "Mozilla/5.0 (X11; Linux i686) AppleWebKit/537.36 (KHTML, like Gecko) Chrome/75.0.3770 Safari/537.36"
60.15.65.66 - - [09/May/2025:15:04:32 -0400] "GET /data.tar HTTP/1.1" 500 21 "-" "Mozilla/5.0 (Macintosh; Intel Mac OS X 10_12_3) AppleWebKit/537.36 (KHTML, like Gecko) Chrome/65.0.3325.162 Safari/537.36 OPR/51.0.2830.55"
60.15.65.54 - - [09/May/2025:15:04:32 -0400] "GET /dat.tgz HTTP/1.1" 500 276 "-" "Mozilla/5.0 (Macintosh; Intel Mac OS X 10_10_1) AppleWebKit/537.36 (KHTML, like Gecko) Chrome/65.0.3325.162 Safari/537.36 OPR/51.0.2830.55"
60.15.65.52 - - [09/May/2025:15:04:32 -0400] "GET /error_log.gz HTTP/1.1" 500 21 "-" "Mozilla/5.0 (X11; Linux i686) AppleWebKit/537.36 (KHTML, like Gecko) Chrome/64.0.3282.186 Safari/537.36 OPR/51.0.2830.40"
60.15.65.66 - - [09/May/2025:15:04:32 -0400] "GET /bin.tar.gz HTTP/1.1" 500 276 "-" "Mozilla/5.0 (Macintosh; Intel Mac OS X 10_12_6; rv:62.0.2) Gecko/20100101 Firefox/62.0.2"
60.15.65.56 - - [09/May/2025:15:04:32 -0400] "GET /backups.war HTTP/1.1" 500 276 "-" "Mozilla/5.0 (Macintosh; Intel Mac OS X 10_13_3; rv:67.0) Gecko/20100101 Firefox/67.0"
60.15.65.67 - - [09/May/2025:15:04:32 -0400] "GET /files.bak HTTP/1.1" 500 276 "-" "Mozilla/5.0 (X11; Linux i686 on x86_64) AppleWebKit/537.36 (KHTML, like Gecko) Chrome/66.0.3359.117 Safari/537.36 OPR/53.0.2907.99"
60.15.65.65 - - [09/May/2025:15:04:32 -0400] "GET /dat.tar HTTP/1.1" 500 276 "-" "Mozilla/5.0 (Windows NT 10.0; Win64; x64) AppleWebKit/537.36 (KHTML, like Gecko) Chrome/70.0.3538.80 Safari/537.36 OPR/56.0.3051.116"
60.15.65.66 - - [09/May/2025:15:04:32 -0400] "GET /backup.war HTTP/1.1" 500 276 "-" "Mozilla/5.0 (Windows NT 10.0; Win64; x64; rv:59.0.3) Gecko/20100101 Firefox/59.0.3"
60.15.65.52 - - [09/May/2025:15:04:32 -0400] "GET /customers.gz HTTP/1.1" 500 276 "-" "Mozilla/5.0 (Windows NT 6.2) AppleWebKit/537.36 (KHTML, like Gecko) Chrome/68.0.3440.91 Safari/537.36 OPR/55.0.2994.61"
60.15.65.70 - - [09/May/2025:15:04:32 -0400] "GET /dump.sql.gz HTTP/1.1" 500 276 "-" "Mozilla/5.0 (Macintosh; Intel Mac OS X 10_11_6) AppleWebKit/537.36 (KHTML, like Gecko) Chrome/70.0.3538.110 Safari/537.36"
60.15.65.62 - - [09/May/2025:15:04:32 -0400] "GET /js.tar.gz HTTP/1.1" 500 276 "-" "Mozilla/5.0 (Macintosh; Intel Mac OS X 10_14_2) AppleWebKit/537.36 (KHTML, like Gecko) Chrome/63.0.3239.111 Safari/537.36"
221.210.252.132 - - [09/May/2025:15:04:32 -0400] "GET /clients.rar HTTP/1.1" 500 276 "-" "Mozilla/5.0 (Macintosh; Intel Mac OS X 10_11_2) AppleWebKit/537.36 (KHTML, like Gecko) Chrome/60.0.3112.78 Safari/537.36"
60.15.65.55 - - [09/May/2025:15:04:32 -0400] "GET /js.jar HTTP/1.1" 500 276 "-" "Mozilla/5.0 (Windows NT 6.1) AppleWebKit/537.36 (KHTML, like Gecko) Chrome/64.0.3282.140 Safari/537.36 OPR/50.0.2762.58"
60.15.65.53 - - [09/May/2025:15:04:32 -0400] "GET /com.bak HTTP/1.1" 500 276 "-" "Mozilla/5.0 (X11; Linux x86_64) AppleWebKit/537.36 (KHTML, like Gecko) Chrome/71.0.3578.98 Safari/537.36"
60.15.65.52 - - [09/May/2025:15:04:32 -0400] "GET /dump.gz HTTP/1.1" 500 276 "-" "Mozilla/5.0 (Macintosh; Intel Mac OS X 10_11_6) AppleWebKit/537.36 (KHTML, like Gecko) Chrome/68.0.3440.106 Safari/537.36"
60.15.65.76 - - [09/May/2025:15:04:32 -0400] "GET /engine.jar HTTP/1.1" 500 276 "-" "Mozilla/5.0 (X11; Linux i686 on x86_64) AppleWebKit/537.36 (KHTML, like Gecko) Chrome/62.0.3202.94 Safari/537.36"
60.15.65.62 - - [09/May/2025:15:04:32 -0400] "GET /dat.zip HTTP/1.1" 500 21 "-" "Mozilla/5.0 (Macintosh; Intel Mac OS X 10_11_2) AppleWebKit/537.36 (KHTML, like Gecko) Chrome/67.0.3396.87 Safari/537.36 OPR/54.0.2952.54"
60.15.65.67 - - [09/May/2025:15:04:32 -0400] "GET /forum.gz HTTP/1.1" 500 21 "-" "Mozilla/5.0 (Windows NT 10.0; WOW64) AppleWebKit/537.36 (KHTML, like Gecko) Chrome/67.0.3396.79 Safari/537.36 OPR/54.0.2952.60"
60.15.65.77 - - [09/May/2025:15:04:32 -0400] "GET /aspx.tar.tgz HTTP/1.1" 500 276 "-" "Mozilla/5.0 (Windows NT 10.0; WOW64; rv:55.0.3) Gecko/20100101 Firefox/55.0.3"
60.15.65.76 - - [09/May/2025:15:04:32 -0400] "GET /dat.bak HTTP/1.1" 500 276 "-" "Mozilla/5.0 (Windows NT 6.3; WOW64) AppleWebKit/537.36 (KHTML, like Gecko) Chrome/64.0.3282.140 Safari/537.36 OPR/50.0.2762.58"
60.15.65.56 - - [09/May/2025:15:04:32 -0400] "GET /engine.sql HTTP/1.1" 500 276 "-" "Mozilla/5.0 (Windows NT 6.1) AppleWebKit/537.36 (KHTML, like Gecko) Chrome/63.0.3239.111 Safari/537.36"
60.15.65.62 - - [09/May/2025:15:04:32 -0400] "GET /code.tar.bz2 HTTP/1.1" 500 276 "-" "Mozilla/5.0 (Windows NT 6.3; rv:52.6.0) Gecko/20100101 Firefox/52.6.0"
60.15.65.52 - - [09/May/2025:15:04:32 -0400] "GET /dat.tar.gz HTTP/1.1" 500 276 "-" "Mozilla/5.0 (Windows NT 10.0; WOW64) AppleWebKit/537.36 (KHTML, like Gecko) Chrome/64.0.3282.137 Safari/537.36"
221.210.252.132 - - [09/May/2025:15:04:32 -0400] "GET /faisunzip.7z HTTP/1.1" 500 276 "-" "Mozilla/5.0 (X11; Linux i686) AppleWebKit/537.36 (KHTML, like Gecko) Chrome/70.0.3538.110 Safari/537.36 OPR/56.0.3051.52"
60.15.65.52 - - [09/May/2025:15:04:32 -0400] "GET /files.tar.tgz HTTP/1.1" 500 276 "-" "Mozilla/5.0 (X11; Linux i686; rv:52.0) Gecko/20100101 Firefox/52.0"
221.210.252.132 - - [09/May/2025:15:04:32 -0400] "GET /error_log.tar HTTP/1.1" 500 276 "-" "Mozilla/5.0 (Macintosh; Intel Mac OS X 10_12_6) AppleWebKit/537.36 (KHTML, like Gecko) Chrome/68.0.3440.1805 Safari/537.36"
60.15.65.56 - - [09/May/2025:15:04:32 -0400] "GET /dump.jar HTTP/1.1" 500 276 "-" "Mozilla/5.0 (X11; Linux x86_64) AppleWebKit/537.36 (KHTML, like Gecko) Chrome/62.0.3202.89 Safari/537.36"
60.15.65.70 - - [09/May/2025:15:04:32 -0400] "GET /code.tar.gz HTTP/1.1" 500 21 "-" "Mozilla/5.0 (X11; Linux i686 on x86_64) AppleWebKit/537.36 (KHTML, like Gecko) Chrome/68.0.3440.106 Safari/537.36 OPR/55.0.2994.61"
60.15.65.55 - - [09/May/2025:15:04:32 -0400] "GET /dump.tgz HTTP/1.1" 500 276 "-" "Mozilla/5.0 (X11; Linux i686 on x86_64) AppleWebKit/537.36 (KHTML, like Gecko) Chrome/67.0.3396.79 Safari/537.36 OPR/54.0.2952.60"
60.15.65.65 - - [09/May/2025:15:04:32 -0400] "GET /error_log.tar.gz HTTP/1.1" 500 21 "-" "Mozilla/5.0 (Windows NT 6.0; WOW64) AppleWebKit/537.36 (KHTML, like Gecko) Chrome/74.0.3729 Safari/537.36 OPR/57.0.3098.106"
60.15.65.56 - - [09/May/2025:15:04:32 -0400] "GET /admin.rar HTTP/1.1" 500 276 "-" "Mozilla/5.0 (Windows NT 10.0; WOW64) AppleWebKit/537.36 (KHTML, like Gecko) Chrome/67.0.3396.87 Safari/537.36"
60.15.65.63 - - [09/May/2025:15:04:32 -0400] "GET /customers.sql HTTP/1.1" 500 276 "-" "Mozilla/5.0 (X11; Linux x86_64; rv:59.0.1) Gecko/20100101 Firefox/59.0.1"
60.15.65.56 - - [09/May/2025:15:04:32 -0400] "GET /db.war HTTP/1.1" 500 276 "-" "Mozilla/5.0 (X11; Linux i686) AppleWebKit/537.36 (KHTML, like Gecko) Chrome/66.0.3359.158 Safari/537.36 OPR/52.0.2871.99"
60.15.65.56 - - [09/May/2025:15:04:32 -0400] "GET /2023.jar HTTP/1.1" 500 276 "-" "Mozilla/5.0 (Macintosh; Intel Mac OS X 10_12_2; rv:58.0) Gecko/20100101 Firefox/58.0"
60.15.65.81 - - [09/May/2025:15:04:32 -0400] "GET /data.tar.gz HTTP/1.1" 500 21 "-" "Mozilla/5.0 (Macintosh; Intel Mac OS X 10_13_4) AppleWebKit/537.36 (KHTML, like Gecko) Chrome/69.0.3497.81 Safari/537.36 OPR/55.0.2994.47"
60.15.65.54 - - [09/May/2025:15:04:32 -0400] "GET /engine.tgz HTTP/1.1" 500 276 "-" "Mozilla/5.0 (Macintosh; Intel Mac OS X 10_13_4) AppleWebKit/537.36 (KHTML, like Gecko) Chrome/68.0.3440.1805 Safari/537.36"
60.15.65.95 - - [09/May/2025:15:04:32 -0400] "GET /com.tar HTTP/1.1" 500 21 "-" "Mozilla/5.0 (Windows NT 6.3; WOW64) AppleWebKit/537.36 (KHTML, like Gecko) Chrome/61.0.3163.100 Safari/537.36"
221.210.252.132 - - [09/May/2025:15:04:32 -0400] "GET /dat.war HTTP/1.1" 500 276 "-" "Mozilla/5.0 (X11; Linux i686) AppleWebKit/537.36 (KHTML, like Gecko) Chrome/71.0.3578.98 Safari/537.36"
60.15.65.65 - - [09/May/2025:15:04:32 -0400] "GET /js.7z HTTP/1.1" 500 21 "-" "Mozilla/5.0 (X11; Linux x86_64) AppleWebKit/537.36 (KHTML, like Gecko) Chrome/68.0.3440.91 Safari/537.36"
60.15.65.70 - - [09/May/2025:15:04:32 -0400] "GET /customers.war HTTP/1.1" 500 21 "-" "Mozilla/5.0 (Macintosh; Intel Mac OS X 10_13_5) AppleWebKit/537.36 (KHTML, like Gecko) Chrome/68.0.3440.91 Safari/537.36 OPR/55.0.2994.61"
60.15.65.76 - - [09/May/2025:15:04:32 -0400] "GET /com.tgz HTTP/1.1" 500 276 "-" "Mozilla/5.0 (X11; Linux i686) AppleWebKit/537.36 (KHTML, like Gecko) Chrome/64.0.3282.137 Safari/537.36 OPR/50.0.2762.67"
60.15.65.56 - - [09/May/2025:15:04:32 -0400] "GET /db.tar HTTP/1.1" 500 276 "-" "Mozilla/5.0 (Macintosh; Intel Mac OS X 10_11_3) AppleWebKit/537.36 (KHTML, like Gecko) Chrome/66.0.3359.117 Safari/537.36"
60.15.65.76 - - [09/May/2025:15:04:32 -0400] "GET /engine.rar HTTP/1.1" 500 276 "-" "Mozilla/5.0 (X11; Linux x86_64) AppleWebKit/537.36 (KHTML, like Gecko) Chrome/62.0.3202.84 Safari/537.36"
60.15.65.63 - - [09/May/2025:15:04:32 -0400] "GET /media.tgz HTTP/1.1" 500 276 "-" "Mozilla/5.0 (Macintosh; Intel Mac OS X 10_12_5) AppleWebKit/537.36 (KHTML, like Gecko) Chrome/64.0.3282.140 Safari/537.36"
60.15.65.66 - - [09/May/2025:15:04:32 -0400] "GET /dump.sql HTTP/1.1" 500 276 "-" "Mozilla/5.0 (X11; Linux x86_64) AppleWebKit/537.36 (KHTML, like Gecko) Chrome/69.0.3497.92 Safari/537.36"
60.15.65.66 - - [09/May/2025:15:04:32 -0400] "GET /dump.tar HTTP/1.1" 500 21 "-" "Mozilla/5.0 (X11; Linux i686) AppleWebKit/537.36 (KHTML, like Gecko) Chrome/66.0.3359.181 Safari/537.36"
60.15.65.53 - - [09/May/2025:15:04:32 -0400] "GET /localhost.tar.gz HTTP/1.1" 500 21 "-" "Mozilla/5.0 (Windows NT 10.0; WOW64) AppleWebKit/537.36 (KHTML, like Gecko) Chrome/70.0.3538.77 Safari/537.36"
60.15.65.67 - - [09/May/2025:15:04:32 -0400] "GET /js.rar HTTP/1.1" 500 276 "-" "Mozilla/5.0 (Windows NT 6.3; Win64; x64) AppleWebKit/537.36 (KHTML, like Gecko) Chrome/62.0.3202.84 Safari/537.36"
60.15.65.76 - - [09/May/2025:15:04:32 -0400] "GET /error_log.tar.tgz HTTP/1.1" 500 276 "-" "Mozilla/5.0 (X11; Linux x86_64; rv:52.4.0) Gecko/20100101 Firefox/52.4.0"
221.210.252.132 - - [09/May/2025:15:04:32 -0400] "GET /clients.bak HTTP/1.1" 500 21 "-" "Mozilla/5.0 (Windows NT 10.0; Win64; x64) AppleWebKit/537.36 (KHTML, like Gecko) Chrome/68.0.3440.84 Safari/537.36"
60.15.65.84 - - [09/May/2025:15:04:32 -0400] "GET /data.tar.bz2 HTTP/1.1" 500 276 "-" "Mozilla/5.0 (Macintosh; Intel Mac OS X 10_11_3) AppleWebKit/537.36 (KHTML, like Gecko) Chrome/69.0.3497.100 Safari/537.36"
60.15.65.65 - - [09/May/2025:15:04:32 -0400] "GET /faisunzip.tar HTTP/1.1" 500 21 "-" "Mozilla/5.0 (Macintosh; Intel Mac OS X 10_10_4; rv:60.5.2) Gecko/20100101 Firefox/60.5.2"
60.15.65.54 - - [09/May/2025:15:04:32 -0400] "GET /media.tar.bz2 HTTP/1.1" 500 21 "-" "Mozilla/5.0 (X11; Linux i686 on x86_64) AppleWebKit/537.36 (KHTML, like Gecko) Chrome/67.0.3396.99 Safari/537.36"
60.15.65.64 - - [09/May/2025:15:04:32 -0400] "GET /home.tgz HTTP/1.1" 500 276 "-" "Mozilla/5.0 (Windows NT 6.0; Win64; x64) AppleWebKit/537.36 (KHTML, like Gecko) Chrome/66.0.3359.170 Safari/537.36"
60.15.65.53 - - [09/May/2025:15:04:32 -0400] "GET /db.tar.tgz HTTP/1.1" 500 21 "-" "Mozilla/5.0 (Windows NT 6.3; Win64; x64) AppleWebKit/537.36 (KHTML, like Gecko) Chrome/67.0.3396.99 Safari/537.36 OPR/54.0.2952.64"
60.15.65.64 - - [09/May/2025:15:04:32 -0400] "GET /index.tar.gz HTTP/1.1" 500 21 "-" "Mozilla/5.0 (Macintosh; Intel Mac OS X 10_11_3) AppleWebKit/537.36 (KHTML, like Gecko) Chrome/64.0.3282.186 Safari/537.36 OPR/51.0.2830.40"
60.15.65.58 - - [09/May/2025:15:04:32 -0400] "GET /files.rar HTTP/1.1" 500 276 "-" "Mozilla/5.0 (Windows NT 10.0; Win64; x64) AppleWebKit/537.36 (KHTML, like Gecko) Chrome/69.0.3497.100 Safari/537.36 OPR/55.0.2994.37"
60.15.65.52 - - [09/May/2025:15:04:32 -0400] "GET /faisunzip.tgz HTTP/1.1" 500 276 "-" "Mozilla/5.0 (Windows NT 10.0; Win64; x64; rv:60.1.0) Gecko/20100101 Firefox/60.1.0"
60.15.65.53 - - [09/May/2025:15:04:32 -0400] "GET /files.tgz HTTP/1.1" 500 21 "-" "Mozilla/5.0 (Windows NT 10.0; Win64; x64) AppleWebKit/537.36 (KHTML, like Gecko) Chrome/77.0 Safari/537.36 OPR/58.0.3135.127"
60.15.65.52 - - [09/May/2025:15:04:32 -0400] "GET /faisunzip.bak HTTP/1.1" 500 21 "-" "Mozilla/5.0 (Macintosh; Intel Mac OS X 10_11_5) AppleWebKit/537.36 (KHTML, like Gecko) Chrome/67.0.3396.87 Safari/537.36"
60.15.65.52 - - [09/May/2025:15:04:32 -0400] "GET /bbs.zip HTTP/1.1" 500 276 "-" "Mozilla/5.0 (Macintosh; Intel Mac OS X 10_13_1; rv:52.1.2) Gecko/20100101 Firefox/52.1.2"
60.15.65.70 - - [09/May/2025:15:04:32 -0400] "GET /engine.bak HTTP/1.1" 500 276 "-" "Mozilla/5.0 (Windows NT 10.0; Win64; x64) AppleWebKit/537.36 (KHTML, like Gecko) Chrome/70.0.3538.102 Safari/537.36 OPR/56.0.3051.116"
60.15.65.52 - - [09/May/2025:15:04:32 -0400] "GET /asp.bak HTTP/1.1" 500 276 "-" "Mozilla/5.0 (Macintosh; Intel Mac OS X 10_12_3) AppleWebKit/537.36 (KHTML, like Gecko) Chrome/64.0.3282.140 Safari/537.36 OPR/50.0.2762.58"
60.15.65.65 - - [09/May/2025:15:04:32 -0400] "GET /error_log.tar.bz2 HTTP/1.1" 500 276 "-" "Mozilla/5.0 (Windows NT 6.1; rv:52.0) Gecko/20100101 Firefox/52.0"
60.15.65.56 - - [09/May/2025:15:04:32 -0400] "GET /backup.jar HTTP/1.1" 500 276 "-" "Mozilla/5.0 (Macintosh; Intel Mac OS X 10_12_5) AppleWebKit/537.36 (KHTML, like Gecko) Chrome/69.0.3497.92 Safari/537.36 OPR/55.0.2994.44"
60.15.65.81 - - [09/May/2025:15:04:32 -0400] "GET /js.war HTTP/1.1" 500 276 "-" "Mozilla/5.0 (Macintosh; Intel Mac OS X 10_10_1) AppleWebKit/537.36 (KHTML, like Gecko) Chrome/71.0.3578.80 Safari/537.36 OPR/56.0.3051.104"
60.15.65.64 - - [09/May/2025:15:04:32 -0400] "GET /back.tgz HTTP/1.1" 500 276 "-" "Mozilla/5.0 (X11; Linux i686 on x86_64) AppleWebKit/537.36 (KHTML, like Gecko) Chrome/68.0.3440.91 Safari/537.36 OPR/55.0.2994.61"
60.15.65.52 - - [09/May/2025:15:04:32 -0400] "GET /js.tgz HTTP/1.1" 500 21 "-" "Mozilla/5.0 (Windows NT 6.0; Win64; x64) AppleWebKit/537.36 (KHTML, like Gecko) Chrome/62.0.3202.62 Safari/537.36"
60.15.65.84 - - [09/May/2025:15:04:32 -0400] "GET /db.rar HTTP/1.1" 500 21 "-" "Mozilla/5.0 (X11; Linux i686 on x86_64) AppleWebKit/537.36 (KHTML, like Gecko) Chrome/66.0.3359.181 Safari/537.36 OPR/53.0.2907.110"
60.15.65.53 - - [09/May/2025:15:04:32 -0400] "GET /faisunzip.rar HTTP/1.1" 500 276 "-" "Mozilla/5.0 (X11; Linux x86_64; rv:52.5.3) Gecko/20100101 Firefox/52.5.3"
60.15.65.67 - - [09/May/2025:15:04:32 -0400] "GET /html.7z HTTP/1.1" 500 21 "-" "Mozilla/5.0 (X11; Linux i686 on x86_64) AppleWebKit/537.36 (KHTML, like Gecko) Chrome/63.0.3239.132 Safari/537.36"
60.15.65.58 - - [09/May/2025:15:04:32 -0400] "GET /data.sql HTTP/1.1" 500 276 "-" "Mozilla/5.0 (Windows NT 10.0; WOW64) AppleWebKit/537.36 (KHTML, like Gecko) Chrome/68.0.3440.1805 Safari/537.36 OPR/54.0.2952.51"
60.15.65.77 - - [09/May/2025:15:04:32 -0400] "GET /localhost.war HTTP/1.1" 500 21 "-" "Mozilla/5.0 (X11; Linux i686 on x86_64; rv:52.7.3) Gecko/20100101 Firefox/52.7.3"
60.15.65.58 - - [09/May/2025:15:04:32 -0400] "GET /files.zip HTTP/1.1" 500 276 "-" "Mozilla/5.0 (X11; Linux x86_64) AppleWebKit/537.36 (KHTML, like Gecko) Chrome/75.0.3770 Safari/537.36"
60.15.65.76 - - [09/May/2025:15:04:32 -0400] "GET /dat.jar HTTP/1.1" 500 21 "-" "Mozilla/5.0 (Windows NT 10.0; WOW64) AppleWebKit/537.36 (KHTML, like Gecko) Chrome/66.0.3359.117 Safari/537.36 OPR/53.0.2907.99"
60.15.65.62 - - [09/May/2025:15:04:32 -0400] "GET /asp.7z HTTP/1.1" 500 276 "-" "Mozilla/5.0 (Macintosh; Intel Mac OS X 10_12_3) AppleWebKit/537.36 (KHTML, like Gecko) Chrome/68.0.3440.91 Safari/537.36"
60.15.65.77 - - [09/May/2025:15:04:32 -0400] "GET /master.tar.gz HTTP/1.1" 500 276 "-" "Mozilla/5.0 (X11; Linux x86_64; rv:52.5.2) Gecko/20100101 Firefox/52.5.2"
60.15.65.67 - - [09/May/2025:15:04:32 -0400] "GET /joomla.zip HTTP/1.1" 500 276 "-" "Mozilla/5.0 (Macintosh; Intel Mac OS X 10_14_1) AppleWebKit/537.36 (KHTML, like Gecko) Chrome/65.0.3325.109 Safari/537.36 OPR/51.0.2830.34"
221.210.252.132 - - [09/May/2025:15:04:32 -0400] "GET /html.tar.bz2 HTTP/1.1" 500 276 "-" "Mozilla/5.0 (Macintosh; Intel Mac OS X 10_13_4; rv:52.4.1) Gecko/20100101 Firefox/52.4.1"
60.15.65.56 - - [09/May/2025:15:04:32 -0400] "GET /error_log.zip HTTP/1.1" 500 276 "-" "Mozilla/5.0 (Windows NT 6.2; WOW64) AppleWebKit/537.36 (KHTML, like Gecko) Chrome/66.0.3359.139 Safari/537.36 OPR/53.0.2907.106"
60.15.65.56 - - [09/May/2025:15:04:32 -0400] "GET /faisunzip.war HTTP/1.1" 500 276 "-" "Mozilla/5.0 (Windows NT 10.0; WOW64; rv:52.1.1) Gecko/20100101 Firefox/52.1.1"
