47.238.13.14 - - [10/May/2025:17:24:05 -0400] "GET /bright/w268?pid=46010 HTTP/1.1" 500 271 "-" "Mozilla/5.0 (Macintosh; Intel Mac OS X 10_15_7) AppleWebKit/537.36 (KHTML, like Gecko) Chrome/109.0.0.0 Safari/537.36"
198.204.226.18 - - [10/May/2025:17:24:31 -0400] "GET /wp-content/install.php?id=727767 HTTP/1.1" 200 10 "http://jenniferflo.com/wp-content/install.php?id=727767" "Mozilla/5.0 (Windows NT 10.0; Win64; x64) AppleWebKit/537.36 (KHTML, like Gecko) Chrome/58.0.3029.110 Safari/537.3"
66.249.70.100 - - [10/May/2025:17:24:34 -0400] "GET /?_g=22862635 HTTP/1.1" 200 81341 "-" "Mozilla/5.0 (Linux; Android 6.0.1; Nexus 5X Build/MMB29P) AppleWebKit/537.36 (KHTML, like Gecko) Chrome/136.0.7103.92 Mobile Safari/537.36 (compatible; Googlebot/2.1; +http://www.google.com/bot.html)"
198.204.226.18 - - [10/May/2025:17:24:27 -0400] "GET /wp-content/install.php?id=727767 HTTP/1.1" 200 0 "http://jenniferflo.com/wp-content/install.php?id=727767" "Mozilla/5.0 (Windows NT 10.0; Win64; x64) AppleWebKit/537.36 (KHTML, like Gecko) Chrome/58.0.3029.110 Safari/537.3"
47.238.14.12 - - [10/May/2025:17:24:39 -0400] "GET /sitemap-subkey-2512.xml HTTP/1.1" 200 101254 "-" "Mozilla/5.0 (Macintosh; Intel Mac OS X 10_15_7) AppleWebKit/537.36 (KHTML, like Gecko) Chrome/109.0.0.0 Safari/537.36"
198.204.226.18 - - [10/May/2025:17:24:58 -0400] "GET /wp-content/install.php?id=727767 HTTP/1.1" 200 10 "http://jenniferflo.com/wp-content/install.php?id=727767" "Mozilla/5.0 (Windows NT 10.0; Win64; x64) AppleWebKit/537.36 (KHTML, like Gecko) Chrome/58.0.3029.110 Safari/537.3"
34.169.31.233 - - [10/May/2025:17:25:54 -0400] "GET /index.php/camping-vacation-breakfast-idea-vegetable-frittata/ HTTP/1.1" 500 198 "-" "Mozilla/5.0 (Windows NT 10.0; Win64; x64) AppleWebKit/537.36 (KHTML, like Gecko) Chrome/123.0.0.0 Safari/537.36"
198.204.226.18 - - [10/May/2025:17:26:01 -0400] "GET /wp-content/install.php?id=727767 HTTP/1.1" 200 10 "http://jenniferflo.com/wp-content/install.php?id=727767" "Mozilla/5.0 (Windows NT 10.0; Win64; x64) AppleWebKit/537.36 (KHTML, like Gecko) Chrome/58.0.3029.110 Safari/537.3"
198.204.226.18 - - [10/May/2025:17:25:58 -0400] "GET /wp-content/install.php?id=727767 HTTP/1.1" 200 0 "http://jenniferflo.com/wp-content/install.php?id=727767" "Mozilla/5.0 (Windows NT 10.0; Win64; x64) AppleWebKit/537.36 (KHTML, like Gecko) Chrome/58.0.3029.110 Safari/537.3"
198.204.226.18 - - [10/May/2025:17:26:38 -0400] "GET /wp-content/install.php?id=727767 HTTP/1.1" 200 10 "http://jenniferflo.com/wp-content/install.php?id=727767" "Mozilla/5.0 (Windows NT 10.0; Win64; x64) AppleWebKit/537.36 (KHTML, like Gecko) Chrome/58.0.3029.110 Safari/537.3"
198.204.226.18 - - [10/May/2025:17:27:03 -0400] "GET /wp-content/install.php?id=727767 HTTP/1.1" 200 10 "http://jenniferflo.com/wp-content/install.php?id=727767" "Mozilla/5.0 (Windows NT 10.0; Win64; x64) AppleWebKit/537.36 (KHTML, like Gecko) Chrome/58.0.3029.110 Safari/537.3"
198.204.226.18 - - [10/May/2025:17:27:22 -0400] "GET /wp-content/install.php?id=727767 HTTP/1.1" 200 10 "http://jenniferflo.com/wp-content/install.php?id=727767" "Mozilla/5.0 (Windows NT 10.0; Win64; x64) AppleWebKit/537.36 (KHTML, like Gecko) Chrome/58.0.3029.110 Safari/537.3"
66.249.70.99 - - [10/May/2025:17:29:02 -0400] "GET /?_g=25114757 HTTP/1.1" 200 81413 "-" "Mozilla/5.0 (Linux; Android 6.0.1; Nexus 5X Build/MMB29P) AppleWebKit/537.36 (KHTML, like Gecko) Chrome/136.0.7103.92 Mobile Safari/537.36 (compatible; Googlebot/2.1; +http://www.google.com/bot.html)"
8.210.146.98 - - [10/May/2025:17:29:11 -0400] "GET /assessment/z51?pid=14239 HTTP/1.1" 500 271 "-" "Mozilla/5.0 (Macintosh; Intel Mac OS X 10_15_7) AppleWebKit/537.36 (KHTML, like Gecko) Chrome/109.0.0.0 Safari/537.36"
69.197.182.50 - - [10/May/2025:17:29:20 -0400] "GET /wp-includes/install.php HTTP/1.1" 200 10 "http://jenniferflo.com/wp-includes/install.php" "Mozilla/5.0 (Windows NT 10.0; Win64; x64) AppleWebKit/537.36 (KHTML, like Gecko) Chrome/58.0.3029.110 Safari/537.3"
198.204.226.18 - - [10/May/2025:17:29:40 -0400] "GET /wp-content/install.php?id=727767 HTTP/1.1" 200 10 "http://jenniferflo.com/wp-content/install.php?id=727767" "Mozilla/5.0 (Windows NT 10.0; Win64; x64) AppleWebKit/537.36 (KHTML, like Gecko) Chrome/58.0.3029.110 Safari/537.3"
198.204.226.18 - - [10/May/2025:17:29:37 -0400] "GET /wp-content/install.php?id=727767 HTTP/1.1" 200 0 "http://jenniferflo.com/wp-content/install.php?id=727767" "Mozilla/5.0 (Windows NT 10.0; Win64; x64) AppleWebKit/537.36 (KHTML, like Gecko) Chrome/58.0.3029.110 Safari/537.3"
47.238.13.15 - - [10/May/2025:17:30:01 -0400] "GET /sitemap-subkey-1434.xml HTTP/1.1" 200 100525 "-" "Mozilla/5.0 (Macintosh; Intel Mac OS X 10_15_7) AppleWebKit/537.36 (KHTML, like Gecko) Chrome/109.0.0.0 Safari/537.36"
66.249.64.104 - - [10/May/2025:17:30:56 -0400] "GET /index.php/feed/?item/1183447132.shtm HTTP/1.1" 200 82060 "-" "Mozilla/5.0 (Linux; Android 6.0.1; Nexus 5X Build/MMB29P) AppleWebKit/537.36 (KHTML, like Gecko) Chrome/136.0.7103.59 Mobile Safari/537.36 (compatible; Googlebot/2.1; +http://www.google.com/bot.html)"
208.110.64.178 - - [10/May/2025:17:31:11 -0400] "GET /wp-includes/install.php HTTP/1.1" 200 10 "http://jenniferflo.com/wp-includes/install.php" "Mozilla/5.0 (Windows NT 10.0; Win64; x64) AppleWebKit/537.36 (KHTML, like Gecko) Chrome/58.0.3029.110 Safari/537.3"
66.249.70.98 - - [10/May/2025:17:31:15 -0400] "GET /?_g=19198168 HTTP/1.1" 200 82012 "-" "Mozilla/5.0 (Linux; Android 6.0.1; Nexus 5X Build/MMB29P) AppleWebKit/537.36 (KHTML, like Gecko) Chrome/136.0.7103.92 Mobile Safari/537.36 (compatible; Googlebot/2.1; +http://www.google.com/bot.html)"
47.238.13.16 - - [10/May/2025:17:31:17 -0400] "GET /sitemap-subkey-2282.xml HTTP/1.1" 200 100323 "-" "Mozilla/5.0 (Macintosh; Intel Mac OS X 10_15_7) AppleWebKit/537.36 (KHTML, like Gecko) Chrome/109.0.0.0 Safari/537.36"
198.204.226.18 - - [10/May/2025:17:31:38 -0400] "GET /wp-content/install.php?id=727767 HTTP/1.1" 200 0 "http://jenniferflo.com/wp-content/install.php?id=727767" "Mozilla/5.0 (Windows NT 10.0; Win64; x64) AppleWebKit/537.36 (KHTML, like Gecko) Chrome/58.0.3029.110 Safari/537.3"
66.249.64.103 - - [10/May/2025:17:32:09 -0400] "GET /index.php/feed/?item/2067545231.shtm HTTP/1.1" 200 81600 "-" "Mozilla/5.0 (Linux; Android 6.0.1; Nexus 5X Build/MMB29P) AppleWebKit/537.36 (KHTML, like Gecko) Chrome/136.0.7103.59 Mobile Safari/537.36 (compatible; Googlebot/2.1; +http://www.google.com/bot.html)"
66.249.70.97 - - [10/May/2025:17:32:22 -0400] "GET /?_g=24984357 HTTP/1.1" 200 81788 "-" "Mozilla/5.0 (Linux; Android 6.0.1; Nexus 5X Build/MMB29P) AppleWebKit/537.36 (KHTML, like Gecko) Chrome/136.0.7103.92 Mobile Safari/537.36 (compatible; Googlebot/2.1; +http://www.google.com/bot.html)"
66.249.70.98 - - [10/May/2025:17:32:38 -0400] "GET /?_g=1835768 HTTP/1.1" 200 82224 "-" "Mozilla/5.0 (Linux; Android 6.0.1; Nexus 5X Build/MMB29P) AppleWebKit/537.36 (KHTML, like Gecko) Chrome/136.0.7103.92 Mobile Safari/537.36 (compatible; Googlebot/2.1; +http://www.google.com/bot.html)"
198.204.226.18 - - [10/May/2025:17:32:44 -0400] "GET /wp-content/install.php?id=727767 HTTP/1.1" 200 10 "http://jenniferflo.com/wp-content/install.php?id=727767" "Mozilla/5.0 (Windows NT 10.0; Win64; x64) AppleWebKit/537.36 (KHTML, like Gecko) Chrome/58.0.3029.110 Safari/537.3"
198.204.226.18 - - [10/May/2025:17:27:41 -0400] "GET /wp-content/install.php?id=727767 HTTP/1.1" 200 10 "http://jenniferflo.com/wp-content/install.php?id=727767" "Mozilla/5.0 (Windows NT 10.0; Win64; x64) AppleWebKit/537.36 (KHTML, like Gecko) Chrome/58.0.3029.110 Safari/537.3"
8.210.230.104 - - [10/May/2025:17:33:46 -0400] "GET /items/yugfq67/538?key=calendar HTTP/1.1" 500 271 "-" "Mozilla/5.0 (Macintosh; Intel Mac OS X 10_15_7) AppleWebKit/537.36 (KHTML, like Gecko) Chrome/109.0.0.0 Safari/537.36"
47.82.62.16 - - [10/May/2025:17:33:53 -0400] "GET /index.php/come-see-dr-flo-at-boom-n-blast-festival HTTP/1.1" 500 271 "http://jenniferflo.com/index.php/come-see-dr-flo-at-boom-n-blast-festival" "Mozilla/5.0 (Windows NT 10.0; Win64; x64) AppleWebKit/537.36 (KHTML, like Gecko) Chrome/114.0.0.0 Safari/537.36 Edg/114.0.1823.43"
198.204.226.18 - - [10/May/2025:17:33:54 -0400] "GET /wp-content/install.php?id=727767 HTTP/1.1" 200 10 "http://jenniferflo.com/wp-content/install.php?id=727767" "Mozilla/5.0 (Windows NT 10.0; Win64; x64) AppleWebKit/537.36 (KHTML, like Gecko) Chrome/58.0.3029.110 Safari/537.3"
66.249.70.99 - - [10/May/2025:17:34:46 -0400] "GET /?_g=31275068 HTTP/1.1" 200 82055 "-" "Mozilla/5.0 (Linux; Android 6.0.1; Nexus 5X Build/MMB29P) AppleWebKit/537.36 (KHTML, like Gecko) Chrome/136.0.7103.92 Mobile Safari/537.36 (compatible; Googlebot/2.1; +http://www.google.com/bot.html)"
47.242.77.69 - - [10/May/2025:17:35:18 -0400] "GET /sitemap-subkey-870.xml HTTP/1.1" 200 100212 "-" "Mozilla/5.0 (Macintosh; Intel Mac OS X 10_15_7) AppleWebKit/537.36 (KHTML, like Gecko) Chrome/109.0.0.0 Safari/537.36"
66.249.70.97 - - [10/May/2025:17:35:43 -0400] "GET /?_g=31208513 HTTP/1.1" 200 81961 "-" "Mozilla/5.0 (Linux; Android 6.0.1; Nexus 5X Build/MMB29P) AppleWebKit/537.36 (KHTML, like Gecko) Chrome/136.0.7103.92 Mobile Safari/537.36 (compatible; Googlebot/2.1; +http://www.google.com/bot.html)"
47.238.13.10 - - [10/May/2025:17:35:55 -0400] "GET /physical/s256?pid=41210 HTTP/1.1" 500 271 "-" "Mozilla/5.0 (Macintosh; Intel Mac OS X 10_15_7) AppleWebKit/537.36 (KHTML, like Gecko) Chrome/109.0.0.0 Safari/537.36"
198.204.226.18 - - [10/May/2025:17:36:05 -0400] "GET /wp-content/install.php?id=727767 HTTP/1.1" 200 10 "http://jenniferflo.com/wp-content/install.php?id=727767" "Mozilla/5.0 (Windows NT 10.0; Win64; x64) AppleWebKit/537.36 (KHTML, like Gecko) Chrome/58.0.3029.110 Safari/537.3"
66.249.70.99 - - [10/May/2025:17:36:09 -0400] "GET /?_g=21905635 HTTP/1.1" 200 81941 "-" "Mozilla/5.0 (Linux; Android 6.0.1; Nexus 5X Build/MMB29P) AppleWebKit/537.36 (KHTML, like Gecko) Chrome/136.0.7103.92 Mobile Safari/537.36 (compatible; Googlebot/2.1; +http://www.google.com/bot.html)"
198.204.226.18 - - [10/May/2025:17:36:01 -0400] "GET /wp-content/install.php?id=727767 HTTP/1.1" 200 0 "http://jenniferflo.com/wp-content/install.php?id=727767" "Mozilla/5.0 (Windows NT 10.0; Win64; x64) AppleWebKit/537.36 (KHTML, like Gecko) Chrome/58.0.3029.110 Safari/537.3"
47.238.13.10 - - [10/May/2025:17:36:16 -0400] "GET /items/tkbpx252/38687?key=scholarship HTTP/1.1" 500 271 "-" "Mozilla/5.0 (Macintosh; Intel Mac OS X 10_15_7) AppleWebKit/537.36 (KHTML, like Gecko) Chrome/109.0.0.0 Safari/537.36"
47.82.61.103 - - [10/May/2025:17:36:34 -0400] "GET /index.php/high-heeled-shoes-are-the-enemy-2 HTTP/1.1" 500 21 "http://jenniferflo.com/index.php/high-heeled-shoes-are-the-enemy-2" "Mozilla/5.0 (Windows NT 10.0; Win64; x64) AppleWebKit/537.36 (KHTML, like Gecko) Chrome/114.0.0.0 Safari/537.36 Edg/114.0.1823.43"
47.82.61.18 - - [10/May/2025:17:36:45 -0400] "GET /index.php/five-shoe-styles-you-should-stop-wearing-2 HTTP/1.1" 500 271 "http://jenniferflo.com/index.php/five-shoe-styles-you-should-stop-wearing-2" "Mozilla/5.0 (Windows NT 10.0; Win64; x64) AppleWebKit/537.36 (KHTML, like Gecko) Chrome/114.0.0.0 Safari/537.36 Edg/114.0.1823.43"
66.249.70.99 - - [10/May/2025:17:37:02 -0400] "GET /?_g=23619213 HTTP/1.1" 200 82210 "-" "Mozilla/5.0 (Linux; Android 6.0.1; Nexus 5X Build/MMB29P) AppleWebKit/537.36 (KHTML, like Gecko) Chrome/136.0.7103.92 Mobile Safari/537.36 (compatible; Googlebot/2.1; +http://www.google.com/bot.html)"
198.204.226.18 - - [10/May/2025:17:32:39 -0400] "GET /wp-content/install.php?id=727767 HTTP/1.1" 200 0 "http://jenniferflo.com/wp-content/install.php?id=727767" "Mozilla/5.0 (Windows NT 10.0; Win64; x64) AppleWebKit/537.36 (KHTML, like Gecko) Chrome/58.0.3029.110 Safari/537.3"
66.249.64.103 - - [10/May/2025:17:32:50 -0400] "GET /index.php/feed/?item/2067545207.shtm HTTP/1.1" 200 81683 "-" "Mozilla/5.0 (Linux; Android 6.0.1; Nexus 5X Build/MMB29P) AppleWebKit/537.36 (KHTML, like Gecko) Chrome/136.0.7103.59 Mobile Safari/537.36 (compatible; Googlebot/2.1; +http://www.google.com/bot.html)"
198.204.226.18 - - [10/May/2025:17:37:03 -0400] "GET /wp-content/install.php?id=727767 HTTP/1.1" 200 10 "http://jenniferflo.com/wp-content/install.php?id=727767" "Mozilla/5.0 (Windows NT 10.0; Win64; x64) AppleWebKit/537.36 (KHTML, like Gecko) Chrome/58.0.3029.110 Safari/537.3"
198.204.226.18 - - [10/May/2025:17:37:15 -0400] "GET /wp-content/install.php?id=727767 HTTP/1.1" 200 10 "http://jenniferflo.com/wp-content/install.php?id=727767" "Mozilla/5.0 (Windows NT 10.0; Win64; x64) AppleWebKit/537.36 (KHTML, like Gecko) Chrome/58.0.3029.110 Safari/537.3"
47.238.13.14 - - [10/May/2025:17:37:16 -0400] "GET /pages.php?products/275gj7858] HTTP/1.1" 200 9991 "-" "Mozilla/5.0 (Macintosh; Intel Mac OS X 10_15_7) AppleWebKit/537.36 (KHTML, like Gecko) Chrome/109.0.0.0 Safari/537.36"
198.204.226.18 - - [10/May/2025:17:37:35 -0400] "GET /wp-content/install.php?id=727767 HTTP/1.1" 200 10 "http://jenniferflo.com/wp-content/install.php?id=727767" "Mozilla/5.0 (Windows NT 10.0; Win64; x64) AppleWebKit/537.36 (KHTML, like Gecko) Chrome/58.0.3029.110 Safari/537.3"
198.204.226.18 - - [10/May/2025:17:37:32 -0400] "GET /wp-content/install.php?id=727767 HTTP/1.1" 200 0 "http://jenniferflo.com/wp-content/install.php?id=727767" "Mozilla/5.0 (Windows NT 10.0; Win64; x64) AppleWebKit/537.36 (KHTML, like Gecko) Chrome/58.0.3029.110 Safari/537.3"
198.204.226.18 - - [10/May/2025:17:38:49 -0400] "GET /wp-content/install.php?id=727767 HTTP/1.1" 200 10 "http://jenniferflo.com/wp-content/install.php?id=727767" "Mozilla/5.0 (Windows NT 10.0; Win64; x64) AppleWebKit/537.36 (KHTML, like Gecko) Chrome/58.0.3029.110 Safari/537.3"
47.82.61.238 - - [10/May/2025:17:38:51 -0400] "GET /index.php/news/page/7 HTTP/1.1" 500 271 "http://jenniferflo.com/index.php/news/page/7" "Mozilla/5.0 (Windows NT 10.0; Win64; x64) AppleWebKit/537.36 (KHTML, like Gecko) Chrome/114.0.0.0 Safari/537.36 Edg/114.0.1823.43"
198.204.226.18 - - [10/May/2025:17:39:50 -0400] "GET /wp-content/install.php?id=727767 HTTP/1.1" 200 10 "http://jenniferflo.com/wp-content/install.php?id=727767" "Mozilla/5.0 (Windows NT 10.0; Win64; x64) AppleWebKit/537.36 (KHTML, like Gecko) Chrome/58.0.3029.110 Safari/537.3"
198.204.226.18 - - [10/May/2025:17:39:47 -0400] "GET /wp-content/install.php?id=727767 HTTP/1.1" 200 0 "http://jenniferflo.com/wp-content/install.php?id=727767" "Mozilla/5.0 (Windows NT 10.0; Win64; x64) AppleWebKit/537.36 (KHTML, like Gecko) Chrome/58.0.3029.110 Safari/537.3"
47.238.13.11 - - [10/May/2025:17:40:15 -0400] "GET /pages.php?products/208vs44527] HTTP/1.1" 200 10359 "-" "Mozilla/5.0 (Macintosh; Intel Mac OS X 10_15_7) AppleWebKit/537.36 (KHTML, like Gecko) Chrome/109.0.0.0 Safari/537.36"
66.249.64.104 - - [10/May/2025:17:40:15 -0400] "GET /index.php/feed/?item/1183447110.shtm HTTP/1.1" 200 81801 "-" "Mozilla/5.0 (Linux; Android 6.0.1; Nexus 5X Build/MMB29P) AppleWebKit/537.36 (KHTML, like Gecko) Chrome/136.0.7103.59 Mobile Safari/537.36 (compatible; Googlebot/2.1; +http://www.google.com/bot.html)"
198.204.226.18 - - [10/May/2025:17:40:50 -0400] "GET /wp-content/install.php?id=727767 HTTP/1.1" 200 10 "http://jenniferflo.com/wp-content/install.php?id=727767" "Mozilla/5.0 (Windows NT 10.0; Win64; x64) AppleWebKit/537.36 (KHTML, like Gecko) Chrome/58.0.3029.110 Safari/537.3"
66.249.64.103 - - [10/May/2025:17:40:53 -0400] "GET /index.php/feed/?item/1183447128.shtm HTTP/1.1" 200 82692 "-" "Mozilla/5.0 (Linux; Android 6.0.1; Nexus 5X Build/MMB29P) AppleWebKit/537.36 (KHTML, like Gecko) Chrome/136.0.7103.59 Mobile Safari/537.36 (compatible; Googlebot/2.1; +http://www.google.com/bot.html)"
47.238.13.13 - - [10/May/2025:17:41:18 -0400] "GET /plenty/m197?pid=16727 HTTP/1.1" 500 271 "-" "Mozilla/5.0 (Macintosh; Intel Mac OS X 10_15_7) AppleWebKit/537.36 (KHTML, like Gecko) Chrome/109.0.0.0 Safari/537.36"
66.249.70.97 - - [10/May/2025:17:41:24 -0400] "GET /?safe_search/config?return_url=%2Fproduct%2Fdetail%2F68913243 HTTP/1.1" 200 82130 "-" "Mozilla/5.0 (Linux; Android 6.0.1; Nexus 5X Build/MMB29P) AppleWebKit/537.36 (KHTML, like Gecko) Chrome/136.0.7103.92 Mobile Safari/537.36 (compatible; Googlebot/2.1; +http://www.google.com/bot.html)"
66.249.70.98 - - [10/May/2025:17:41:27 -0400] "GET /?_g=22294024 HTTP/1.1" 200 82176 "-" "Mozilla/5.0 (Linux; Android 6.0.1; Nexus 5X Build/MMB29P) AppleWebKit/537.36 (KHTML, like Gecko) Chrome/136.0.7103.92 Mobile Safari/537.36 (compatible; Googlebot/2.1; +http://www.google.com/bot.html)"
69.197.135.226 - - [10/May/2025:17:41:29 -0400] "GET /wp-includes/install.php HTTP/1.1" 200 10 "http://jenniferflo.com/wp-includes/install.php" "Mozilla/5.0 (Windows NT 10.0; Win64; x64) AppleWebKit/537.36 (KHTML, like Gecko) Chrome/58.0.3029.110 Safari/537.3"
198.204.226.18 - - [10/May/2025:17:42:00 -0400] "GET /wp-content/install.php?id=727767 HTTP/1.1" 200 10 "http://jenniferflo.com/wp-content/install.php?id=727767" "Mozilla/5.0 (Windows NT 10.0; Win64; x64) AppleWebKit/537.36 (KHTML, like Gecko) Chrome/58.0.3029.110 Safari/537.3"
198.204.226.18 - - [10/May/2025:17:41:57 -0400] "GET /wp-content/install.php?id=727767 HTTP/1.1" 200 0 "http://jenniferflo.com/wp-content/install.php?id=727767" "Mozilla/5.0 (Windows NT 10.0; Win64; x64) AppleWebKit/537.36 (KHTML, like Gecko) Chrome/58.0.3029.110 Safari/537.3"
47.82.61.66 - - [10/May/2025:17:42:14 -0400] "GET /index.php/tag/holiday HTTP/1.1" 500 271 "http://jenniferflo.com/index.php/tag/holiday" "Mozilla/5.0 (Windows NT 10.0; Win64; x64) AppleWebKit/537.36 (KHTML, like Gecko) Chrome/114.0.0.0 Safari/537.36 Edg/114.0.1823.43"
47.238.13.7 - - [10/May/2025:17:42:41 -0400] "GET /items/sqcze25/46580?key=touch HTTP/1.1" 500 271 "-" "Mozilla/5.0 (Macintosh; Intel Mac OS X 10_15_7) AppleWebKit/537.36 (KHTML, like Gecko) Chrome/109.0.0.0 Safari/537.36"
198.204.226.18 - - [10/May/2025:17:43:53 -0400] "GET /wp-content/install.php?id=727767 HTTP/1.1" 200 10 "http://jenniferflo.com/wp-content/install.php?id=727767" "Mozilla/5.0 (Windows NT 10.0; Win64; x64) AppleWebKit/537.36 (KHTML, like Gecko) Chrome/58.0.3029.110 Safari/537.3"
8.210.218.201 - - [10/May/2025:17:43:55 -0400] "GET /sitemap-subkey-2324.xml HTTP/1.1" 200 99411 "-" "Mozilla/5.0 (Macintosh; Intel Mac OS X 10_15_7) AppleWebKit/537.36 (KHTML, like Gecko) Chrome/109.0.0.0 Safari/537.36"
47.238.14.12 - - [10/May/2025:17:43:59 -0400] "GET /existing/h94?pid=34954 HTTP/1.1" 500 271 "-" "Mozilla/5.0 (Macintosh; Intel Mac OS X 10_15_7) AppleWebKit/537.36 (KHTML, like Gecko) Chrome/109.0.0.0 Safari/537.36"
34.169.175.120 - - [10/May/2025:17:44:34 -0400] "GET /index.php/tell-a-joke-day/ HTTP/1.1" 500 198 "-" "Mozilla/5.0 (Macintosh; Intel Mac OS X 10.15; rv:109.0) Gecko/20100101 Firefox/116.0"
34.127.29.78 - - [10/May/2025:17:44:34 -0400] "GET /index.php/free-happiness-course/ HTTP/1.1" 500 198 "-" "Mozilla/5.0 (Macintosh; Intel Mac OS X 10.15; rv:109.0) Gecko/20100101 Firefox/116.0"
47.82.60.255 - - [10/May/2025:17:45:20 -0400] "GET /news/page/9/ HTTP/1.1" 500 271 "http://jenniferflo.com/news/page/9/" "Mozilla/5.0 (Windows NT 10.0; Win64; x64) AppleWebKit/537.36 (KHTML, like Gecko) Chrome/114.0.0.0 Safari/537.36 Edg/114.0.1823.43"
47.238.13.11 - - [10/May/2025:17:45:24 -0400] "GET /safely/m29?pid=551 HTTP/1.1" 500 271 "-" "Mozilla/5.0 (Macintosh; Intel Mac OS X 10_15_7) AppleWebKit/537.36 (KHTML, like Gecko) Chrome/109.0.0.0 Safari/537.36"
47.238.13.9 - - [10/May/2025:17:45:30 -0400] "GET /items/ssbkc93/17272?key=win HTTP/1.1" 500 271 "-" "Mozilla/5.0 (Macintosh; Intel Mac OS X 10_15_7) AppleWebKit/537.36 (KHTML, like Gecko) Chrome/109.0.0.0 Safari/537.36"
198.204.226.18 - - [10/May/2025:17:45:30 -0400] "GET /wp-content/install.php?id=727767 HTTP/1.1" 200 10 "http://jenniferflo.com/wp-content/install.php?id=727767" "Mozilla/5.0 (Windows NT 10.0; Win64; x64) AppleWebKit/537.36 (KHTML, like Gecko) Chrome/58.0.3029.110 Safari/537.3"
198.204.226.18 - - [10/May/2025:17:45:26 -0400] "GET /wp-content/install.php?id=727767 HTTP/1.1" 200 0 "http://jenniferflo.com/wp-content/install.php?id=727767" "Mozilla/5.0 (Windows NT 10.0; Win64; x64) AppleWebKit/537.36 (KHTML, like Gecko) Chrome/58.0.3029.110 Safari/537.3"
47.238.13.10 - - [10/May/2025:17:46:55 -0400] "GET /laugh/f7?pid=1235 HTTP/1.1" 500 271 "-" "Mozilla/5.0 (Macintosh; Intel Mac OS X 10_15_7) AppleWebKit/537.36 (KHTML, like Gecko) Chrome/109.0.0.0 Safari/537.36"
198.204.226.18 - - [10/May/2025:17:47:13 -0400] "GET /wp-content/install.php?id=727767 HTTP/1.1" 200 10 "http://jenniferflo.com/wp-content/install.php?id=727767" "Mozilla/5.0 (Windows NT 10.0; Win64; x64) AppleWebKit/537.36 (KHTML, like Gecko) Chrome/58.0.3029.110 Safari/537.3"
198.204.226.18 - - [10/May/2025:17:47:10 -0400] "GET /wp-content/install.php?id=727767 HTTP/1.1" 200 0 "http://jenniferflo.com/wp-content/install.php?id=727767" "Mozilla/5.0 (Windows NT 10.0; Win64; x64) AppleWebKit/537.36 (KHTML, like Gecko) Chrome/58.0.3029.110 Safari/537.3"
8.210.11.248 - - [10/May/2025:17:47:39 -0400] "GET /graduate/s15?pid=21915 HTTP/1.1" 500 271 "-" "Mozilla/5.0 (Macintosh; Intel Mac OS X 10_15_7) AppleWebKit/537.36 (KHTML, like Gecko) Chrome/109.0.0.0 Safari/537.36"
47.238.13.11 - - [10/May/2025:17:47:46 -0400] "GET /items/swndv87/33376?key=teaching HTTP/1.1" 500 271 "-" "Mozilla/5.0 (Macintosh; Intel Mac OS X 10_15_7) AppleWebKit/537.36 (KHTML, like Gecko) Chrome/109.0.0.0 Safari/537.36"
208.110.64.178 - - [10/May/2025:17:48:00 -0400] "GET /wp-includes/install.php HTTP/1.1" 200 10 "http://jenniferflo.com/wp-includes/install.php" "Mozilla/5.0 (Windows NT 10.0; Win64; x64) AppleWebKit/537.36 (KHTML, like Gecko) Chrome/58.0.3029.110 Safari/537.3"
47.238.13.10 - - [10/May/2025:17:48:05 -0400] "GET /items/kkqkk285/14316?key=sentiment HTTP/1.1" 500 271 "-" "Mozilla/5.0 (Macintosh; Intel Mac OS X 10_15_7) AppleWebKit/537.36 (KHTML, like Gecko) Chrome/109.0.0.0 Safari/537.36"
198.204.226.18 - - [10/May/2025:17:48:38 -0400] "GET /wp-content/install.php?id=727767 HTTP/1.1" 200 10 "http://jenniferflo.com/wp-content/install.php?id=727767" "Mozilla/5.0 (Windows NT 10.0; Win64; x64) AppleWebKit/537.36 (KHTML, like Gecko) Chrome/58.0.3029.110 Safari/537.3"
198.204.226.18 - - [10/May/2025:17:48:35 -0400] "GET /wp-content/install.php?id=727767 HTTP/1.1" 200 0 "http://jenniferflo.com/wp-content/install.php?id=727767" "Mozilla/5.0 (Windows NT 10.0; Win64; x64) AppleWebKit/537.36 (KHTML, like Gecko) Chrome/58.0.3029.110 Safari/537.3"
198.204.226.18 - - [10/May/2025:17:49:16 -0400] "GET /wp-content/install.php?id=727767 HTTP/1.1" 200 10 "http://jenniferflo.com/wp-content/install.php?id=727767" "Mozilla/5.0 (Windows NT 10.0; Win64; x64) AppleWebKit/537.36 (KHTML, like Gecko) Chrome/58.0.3029.110 Safari/537.3"
198.204.226.18 - - [10/May/2025:17:49:12 -0400] "GET /wp-content/install.php?id=727767 HTTP/1.1" 200 0 "http://jenniferflo.com/wp-content/install.php?id=727767" "Mozilla/5.0 (Windows NT 10.0; Win64; x64) AppleWebKit/537.36 (KHTML, like Gecko) Chrome/58.0.3029.110 Safari/537.3"
198.204.226.18 - - [10/May/2025:17:50:53 -0400] "GET /wp-content/install.php?id=727767 HTTP/1.1" 200 10 "http://jenniferflo.com/wp-content/install.php?id=727767" "Mozilla/5.0 (Windows NT 10.0; Win64; x64) AppleWebKit/537.36 (KHTML, like Gecko) Chrome/58.0.3029.110 Safari/537.3"
198.204.226.18 - - [10/May/2025:17:50:50 -0400] "GET /wp-content/install.php?id=727767 HTTP/1.1" 200 0 "http://jenniferflo.com/wp-content/install.php?id=727767" "Mozilla/5.0 (Windows NT 10.0; Win64; x64) AppleWebKit/537.36 (KHTML, like Gecko) Chrome/58.0.3029.110 Safari/537.3"
198.204.226.18 - - [10/May/2025:17:51:18 -0400] "GET /wp-content/install.php?id=727767 HTTP/1.1" 200 10 "http://jenniferflo.com/wp-content/install.php?id=727767" "Mozilla/5.0 (Windows NT 10.0; Win64; x64) AppleWebKit/537.36 (KHTML, like Gecko) Chrome/58.0.3029.110 Safari/537.3"
208.110.64.178 - - [10/May/2025:17:51:26 -0400] "GET /wp-includes/install.php HTTP/1.1" 200 10 "http://jenniferflo.com/wp-includes/install.php" "Mozilla/5.0 (Windows NT 10.0; Win64; x64) AppleWebKit/537.36 (KHTML, like Gecko) Chrome/58.0.3029.110 Safari/537.3"
47.238.13.7 - - [10/May/2025:17:51:26 -0400] "GET /sitemap-subkey-502.xml HTTP/1.1" 200 99376 "-" "Mozilla/5.0 (Macintosh; Intel Mac OS X 10_15_7) AppleWebKit/537.36 (KHTML, like Gecko) Chrome/109.0.0.0 Safari/537.36"
47.79.3.84 - - [10/May/2025:17:51:30 -0400] "GET /index.php/tag/holidays HTTP/1.1" 500 271 "http://jenniferflo.com/index.php/tag/holidays" "Mozilla/5.0 (Windows NT 10.0; Win64; x64) AppleWebKit/537.36 (KHTML, like Gecko) Chrome/114.0.0.0 Safari/537.36 Edg/114.0.1823.43"
198.204.226.18 - - [10/May/2025:17:51:58 -0400] "GET /wp-content/install.php?id=727767 HTTP/1.1" 200 10 "http://jenniferflo.com/wp-content/install.php?id=727767" "Mozilla/5.0 (Windows NT 10.0; Win64; x64) AppleWebKit/537.36 (KHTML, like Gecko) Chrome/58.0.3029.110 Safari/537.3"
198.204.226.18 - - [10/May/2025:17:52:14 -0400] "GET /wp-content/install.php?id=727767 HTTP/1.1" 200 10 "http://jenniferflo.com/wp-content/install.php?id=727767" "Mozilla/5.0 (Windows NT 10.0; Win64; x64) AppleWebKit/537.36 (KHTML, like Gecko) Chrome/58.0.3029.110 Safari/537.3"
47.238.13.4 - - [10/May/2025:17:52:23 -0400] "GET /sitemap-subkey-1003.xml HTTP/1.1" 200 100376 "-" "Mozilla/5.0 (Macintosh; Intel Mac OS X 10_15_7) AppleWebKit/537.36 (KHTML, like Gecko) Chrome/109.0.0.0 Safari/537.36"
198.204.226.18 - - [10/May/2025:17:52:36 -0400] "GET /wp-content/install.php?id=727767 HTTP/1.1" 200 10 "http://jenniferflo.com/wp-content/install.php?id=727767" "Mozilla/5.0 (Windows NT 10.0; Win64; x64) AppleWebKit/537.36 (KHTML, like Gecko) Chrome/58.0.3029.110 Safari/537.3"
47.238.13.3 - - [10/May/2025:17:52:38 -0400] "GET /demonstrate/i48?pid=1840 HTTP/1.1" 500 271 "-" "Mozilla/5.0 (Macintosh; Intel Mac OS X 10_15_7) AppleWebKit/537.36 (KHTML, like Gecko) Chrome/109.0.0.0 Safari/537.36"
198.204.226.18 - - [10/May/2025:17:52:33 -0400] "GET /wp-content/install.php?id=727767 HTTP/1.1" 200 0 "http://jenniferflo.com/wp-content/install.php?id=727767" "Mozilla/5.0 (Windows NT 10.0; Win64; x64) AppleWebKit/537.36 (KHTML, like Gecko) Chrome/58.0.3029.110 Safari/537.3"
66.249.70.97 - - [10/May/2025:17:53:28 -0400] "GET /?_g=23402735 HTTP/1.1" 200 81497 "-" "Mozilla/5.0 (Linux; Android 6.0.1; Nexus 5X Build/MMB29P) AppleWebKit/537.36 (KHTML, like Gecko) Chrome/136.0.7103.92 Mobile Safari/537.36 (compatible; Googlebot/2.1; +http://www.google.com/bot.html)"
198.204.226.18 - - [10/May/2025:17:54:21 -0400] "GET /wp-content/install.php?id=727767 HTTP/1.1" 200 10 "http://jenniferflo.com/wp-content/install.php?id=727767" "Mozilla/5.0 (Windows NT 10.0; Win64; x64) AppleWebKit/537.36 (KHTML, like Gecko) Chrome/58.0.3029.110 Safari/537.3"
198.204.226.18 - - [10/May/2025:17:54:18 -0400] "GET /wp-content/install.php?id=727767 HTTP/1.1" 200 0 "http://jenniferflo.com/wp-content/install.php?id=727767" "Mozilla/5.0 (Windows NT 10.0; Win64; x64) AppleWebKit/537.36 (KHTML, like Gecko) Chrome/58.0.3029.110 Safari/537.3"
198.204.226.18 - - [10/May/2025:17:54:48 -0400] "GET /wp-content/install.php?id=727767 HTTP/1.1" 200 10 "http://jenniferflo.com/wp-content/install.php?id=727767" "Mozilla/5.0 (Windows NT 10.0; Win64; x64) AppleWebKit/537.36 (KHTML, like Gecko) Chrome/58.0.3029.110 Safari/537.3"
34.145.20.211 - - [10/May/2025:17:54:49 -0400] "GET /index.php/camping-vacation-breakfast-idea-ranch-eggs/ HTTP/1.1" 500 198 "-" "Mozilla/5.0 (Windows NT 10.0; Win64; x64) AppleWebKit/537.36 (KHTML, like Gecko) Chrome/123.0.0.0 Safari/537.36"
47.82.61.61 - - [10/May/2025:17:54:56 -0400] "GET /index.php/tag/physical-therapy-day HTTP/1.1" 500 271 "http://jenniferflo.com/index.php/tag/physical-therapy-day" "Mozilla/5.0 (Windows NT 10.0; Win64; x64) AppleWebKit/537.36 (KHTML, like Gecko) Chrome/114.0.0.0 Safari/537.36 Edg/114.0.1823.43"
198.204.226.18 - - [10/May/2025:17:54:45 -0400] "GET /wp-content/install.php?id=727767 HTTP/1.1" 200 0 "http://jenniferflo.com/wp-content/install.php?id=727767" "Mozilla/5.0 (Windows NT 10.0; Win64; x64) AppleWebKit/537.36 (KHTML, like Gecko) Chrome/58.0.3029.110 Safari/537.3"
47.238.13.9 - - [10/May/2025:17:54:57 -0400] "GET /items/ygyyv95/13196?key=memory HTTP/1.1" 500 21 "-" "Mozilla/5.0 (Macintosh; Intel Mac OS X 10_15_7) AppleWebKit/537.36 (KHTML, like Gecko) Chrome/109.0.0.0 Safari/537.36"
114.119.152.33 - - [10/May/2025:17:55:09 -0400] "GET /all-are-welcome/ HTTP/1.1" 403 0 "http://jenniferflo.com/accepting-new-patients/" "Mozilla/5.0 (Linux; Android 7.0;) AppleWebKit/537.36 (KHTML, like Gecko) Mobile Safari/537.36 (compatible; PetalBot;+https://webmaster.petalsearch.com/site/petalbot)"
66.249.70.99 - - [10/May/2025:17:55:21 -0400] "GET /?_g=22669991 HTTP/1.1" 200 81791 "-" "Mozilla/5.0 (Linux; Android 6.0.1; Nexus 5X Build/MMB29P) AppleWebKit/537.36 (KHTML, like Gecko) Chrome/136.0.7103.92 Mobile Safari/537.36 (compatible; Googlebot/2.1; +http://www.google.com/bot.html)"
36.70.254.167 - - [10/May/2025:17:56:25 -0400] "GET /wp-includes/widgets HTTP/1.1" 301 795 "-" "-"
36.70.254.167 - - [10/May/2025:17:56:25 -0400] "GET /wp-includes/widgets/ HTTP/1.1" 200 42925 "-" "-"
36.70.254.167 - - [10/May/2025:17:56:26 -0400] "POST /wp-includes/widgets HTTP/1.1" 301 795 "-" "-"
36.70.254.167 - - [10/May/2025:17:56:27 -0400] "GET /wp-includes/widgets/ HTTP/1.1" 200 42925 "-" "-"
36.70.254.167 - - [10/May/2025:17:56:28 -0400] "GET /wp-includes/widgets/ HTTP/1.1" 200 42925 "-" "-"
36.70.254.167 - - [10/May/2025:17:56:28 -0400] "POST /wp-includes/widgets HTTP/1.1" 301 795 "-" "-"
36.70.254.167 - - [10/May/2025:17:56:29 -0400] "POST /wp-includes/widgets HTTP/1.1" 301 795 "-" "-"
36.70.254.167 - - [10/May/2025:17:56:29 -0400] "GET /wp-includes/widgets/ HTTP/1.1" 200 42925 "-" "-"
36.70.254.167 - - [10/May/2025:17:56:30 -0400] "POST /wp-includes/widgets HTTP/1.1" 301 795 "-" "-"
36.70.254.167 - - [10/May/2025:17:56:31 -0400] "GET /wp-includes/widgets/ HTTP/1.1" 200 42925 "-" "-"
66.249.70.97 - - [10/May/2025:17:56:30 -0400] "GET /?pcmypage?callback=product%2Fdetail%2F30445795 HTTP/1.1" 200 82169 "-" "Mozilla/5.0 (Linux; Android 6.0.1; Nexus 5X Build/MMB29P) AppleWebKit/537.36 (KHTML, like Gecko) Chrome/136.0.7103.92 Mobile Safari/537.36 (compatible; Googlebot/2.1; +http://www.google.com/bot.html)"
36.70.254.167 - - [10/May/2025:17:56:32 -0400] "GET /wp-includes/widgets/ HTTP/1.1" 200 42925 "-" "-"
36.70.254.167 - - [10/May/2025:17:56:32 -0400] "POST /wp-includes/widgets HTTP/1.1" 301 795 "-" "-"
36.70.254.167 - - [10/May/2025:17:56:33 -0400] "POST /wp-includes/widgets HTTP/1.1" 301 795 "-" "-"
36.70.254.167 - - [10/May/2025:17:56:33 -0400] "GET /wp-includes/widgets/ HTTP/1.1" 200 42925 "-" "-"
36.70.254.167 - - [10/May/2025:17:56:34 -0400] "POST /wp-includes/widgets HTTP/1.1" 301 795 "-" "-"
36.70.254.167 - - [10/May/2025:17:56:35 -0400] "GET /wp-includes/widgets/ HTTP/1.1" 200 42925 "-" "-"
36.70.254.167 - - [10/May/2025:17:56:36 -0400] "GET /wp-includes/widgets/ HTTP/1.1" 200 42925 "-" "-"
36.70.254.167 - - [10/May/2025:17:56:36 -0400] "POST /wp-includes/widgets HTTP/1.1" 301 795 "-" "-"
36.70.254.167 - - [10/May/2025:17:56:37 -0400] "POST /wp-includes/widgets HTTP/1.1" 301 795 "-" "-"
36.70.254.167 - - [10/May/2025:17:56:38 -0400] "GET /wp-includes/widgets/ HTTP/1.1" 200 42925 "-" "-"
36.70.254.167 - - [10/May/2025:17:56:38 -0400] "POST /wp-includes/widgets HTTP/1.1" 301 795 "-" "-"
36.70.254.167 - - [10/May/2025:17:56:39 -0400] "GET /wp-includes/widgets/ HTTP/1.1" 200 42925 "-" "-"
36.70.254.167 - - [10/May/2025:17:56:40 -0400] "POST /wp-includes/widgets HTTP/1.1" 301 795 "-" "-"
36.70.254.167 - - [10/May/2025:17:56:40 -0400] "GET /wp-includes/widgets/ HTTP/1.1" 200 42925 "-" "-"
66.249.70.98 - - [10/May/2025:17:56:40 -0400] "GET /?_g=22061780 HTTP/1.1" 200 81510 "-" "Mozilla/5.0 (Linux; Android 6.0.1; Nexus 5X Build/MMB29P) AppleWebKit/537.36 (KHTML, like Gecko) Chrome/136.0.7103.92 Mobile Safari/537.36 (compatible; Googlebot/2.1; +http://www.google.com/bot.html)"
36.70.254.167 - - [10/May/2025:17:56:41 -0400] "POST /wp-includes/widgets HTTP/1.1" 301 795 "-" "-"
36.70.254.167 - - [10/May/2025:17:56:42 -0400] "GET /wp-includes/widgets/ HTTP/1.1" 200 42925 "-" "-"
36.70.254.167 - - [10/May/2025:17:56:43 -0400] "GET /wp-includes/widgets/ HTTP/1.1" 200 42925 "-" "-"
36.70.254.167 - - [10/May/2025:17:56:42 -0400] "POST /wp-includes/widgets HTTP/1.1" 301 795 "-" "-"
36.70.254.167 - - [10/May/2025:17:56:44 -0400] "POST /wp-includes/widgets HTTP/1.1" 301 795 "-" "-"
36.70.254.167 - - [10/May/2025:17:56:44 -0400] "GET /wp-includes/widgets/ HTTP/1.1" 200 42925 "-" "-"
198.204.226.18 - - [10/May/2025:17:56:34 -0400] "GET /wp-content/install.php?id=727767 HTTP/1.1" 200 0 "http://jenniferflo.com/wp-content/install.php?id=727767" "Mozilla/5.0 (Windows NT 10.0; Win64; x64) AppleWebKit/537.36 (KHTML, like Gecko) Chrome/58.0.3029.110 Safari/537.3"
36.70.254.167 - - [10/May/2025:17:56:46 -0400] "GET /wp-includes/widgets/ HTTP/1.1" 200 42925 "-" "-"
36.70.254.167 - - [10/May/2025:17:56:45 -0400] "POST /wp-includes/widgets HTTP/1.1" 301 795 "-" "-"
198.204.226.18 - - [10/May/2025:17:56:47 -0400] "GET /wp-content/install.php?id=727767 HTTP/1.1" 200 10 "http://jenniferflo.com/wp-content/install.php?id=727767" "Mozilla/5.0 (Windows NT 10.0; Win64; x64) AppleWebKit/537.36 (KHTML, like Gecko) Chrome/58.0.3029.110 Safari/537.3"
36.70.254.167 - - [10/May/2025:17:56:47 -0400] "GET /wp-includes/widgets/ HTTP/1.1" 200 42925 "-" "-"
36.70.254.167 - - [10/May/2025:17:56:47 -0400] "POST /wp-includes/widgets HTTP/1.1" 301 795 "-" "-"
36.70.254.167 - - [10/May/2025:17:56:49 -0400] "GET /wp-includes/widgets/ HTTP/1.1" 200 42925 "-" "-"
36.70.254.167 - - [10/May/2025:17:56:48 -0400] "POST /wp-includes/widgets HTTP/1.1" 301 795 "-" "-"
36.70.254.167 - - [10/May/2025:17:56:50 -0400] "POST /wp-includes/widgets HTTP/1.1" 301 795 "-" "-"
36.70.254.167 - - [10/May/2025:17:56:52 -0400] "GET /wp-includes/widgets/ HTTP/1.1" 200 42925 "-" "-"
36.70.254.167 - - [10/May/2025:17:56:53 -0400] "GET /wp-includes/widgets/ HTTP/1.1" 200 42925 "-" "-"
36.70.254.167 - - [10/May/2025:17:56:56 -0400] "GET /wp-includes/widgets/ HTTP/1.1" 200 42925 "-" "-"
36.70.254.167 - - [10/May/2025:17:56:53 -0400] "POST /wp-includes/widgets HTTP/1.1" 301 795 "-" "-"
36.70.254.167 - - [10/May/2025:17:56:55 -0400] "POST /wp-includes/widgets HTTP/1.1" 301 795 "-" "-"
36.70.254.167 - - [10/May/2025:17:56:57 -0400] "GET /wp-includes/widgets/ HTTP/1.1" 200 42925 "-" "-"
36.70.254.167 - - [10/May/2025:17:56:56 -0400] "POST /wp-includes/widgets HTTP/1.1" 301 795 "-" "-"
36.70.254.167 - - [10/May/2025:17:56:59 -0400] "GET /wp-includes/widgets/ HTTP/1.1" 200 42925 "-" "-"
36.70.254.167 - - [10/May/2025:17:56:59 -0400] "POST /wp-includes/widgets HTTP/1.1" 301 795 "-" "-"
36.70.254.167 - - [10/May/2025:17:57:01 -0400] "GET /wp-includes/widgets/ HTTP/1.1" 200 42925 "-" "-"
36.70.254.167 - - [10/May/2025:17:57:00 -0400] "POST /wp-includes/widgets HTTP/1.1" 301 795 "-" "-"
36.70.254.167 - - [10/May/2025:17:57:02 -0400] "GET /wp-includes/widgets/ HTTP/1.1" 200 42925 "-" "-"
36.70.254.167 - - [10/May/2025:17:57:03 -0400] "GET /wp-includes/widgets/ HTTP/1.1" 200 42925 "-" "-"
36.70.254.167 - - [10/May/2025:17:57:03 -0400] "POST /wp-includes/widgets HTTP/1.1" 301 795 "-" "-"
36.70.254.167 - - [10/May/2025:17:57:01 -0400] "POST /wp-includes/widgets HTTP/1.1" 301 795 "-" "-"
36.70.254.167 - - [10/May/2025:17:57:05 -0400] "GET /wp-includes/widgets/ HTTP/1.1" 200 42925 "-" "-"
36.70.254.167 - - [10/May/2025:17:57:04 -0400] "POST /wp-includes/widgets HTTP/1.1" 301 795 "-" "-"
36.70.254.167 - - [10/May/2025:17:57:06 -0400] "POST /wp-includes/widgets HTTP/1.1" 301 795 "-" "-"
36.70.254.167 - - [10/May/2025:17:57:06 -0400] "GET /wp-includes/widgets/ HTTP/1.1" 200 42925 "-" "-"
36.70.254.167 - - [10/May/2025:17:57:08 -0400] "GET /wp-includes/widgets/ HTTP/1.1" 200 42925 "-" "-"
36.70.254.167 - - [10/May/2025:17:57:07 -0400] "POST /wp-includes/widgets HTTP/1.1" 301 795 "-" "-"
36.70.254.167 - - [10/May/2025:17:57:09 -0400] "GET /wp-includes/widgets/ HTTP/1.1" 200 42925 "-" "-"
36.70.254.167 - - [10/May/2025:17:57:08 -0400] "POST /wp-includes/widgets HTTP/1.1" 301 795 "-" "-"
36.70.254.167 - - [10/May/2025:17:57:10 -0400] "GET /wp-includes/widgets/ HTTP/1.1" 200 42925 "-" "-"
36.70.254.167 - - [10/May/2025:17:57:10 -0400] "POST /wp-includes/widgets HTTP/1.1" 301 795 "-" "-"
36.70.254.167 - - [10/May/2025:17:57:11 -0400] "GET /wp-includes/widgets/ HTTP/1.1" 200 42925 "-" "-"
36.70.254.167 - - [10/May/2025:17:57:11 -0400] "POST /wp-includes/widgets HTTP/1.1" 301 795 "-" "-"
36.70.254.167 - - [10/May/2025:17:57:13 -0400] "GET /wp-includes/widgets/ HTTP/1.1" 200 42925 "-" "-"
36.70.254.167 - - [10/May/2025:17:57:12 -0400] "POST /wp-includes/widgets HTTP/1.1" 301 795 "-" "-"
198.204.226.18 - - [10/May/2025:17:57:13 -0400] "GET /wp-content/install.php?id=727767 HTTP/1.1" 200 10 "http://jenniferflo.com/wp-content/install.php?id=727767" "Mozilla/5.0 (Windows NT 10.0; Win64; x64) AppleWebKit/537.36 (KHTML, like Gecko) Chrome/58.0.3029.110 Safari/537.3"
36.70.254.167 - - [10/May/2025:17:57:14 -0400] "GET /wp-includes/widgets/ HTTP/1.1" 200 42925 "-" "-"
36.70.254.167 - - [10/May/2025:17:57:14 -0400] "POST /wp-includes/widgets HTTP/1.1" 301 795 "-" "-"
47.238.13.12 - - [10/May/2025:17:57:15 -0400] "GET /arrangement/n278?pid=13040 HTTP/1.1" 500 21 "-" "Mozilla/5.0 (Macintosh; Intel Mac OS X 10_15_7) AppleWebKit/537.36 (KHTML, like Gecko) Chrome/109.0.0.0 Safari/537.36"
36.70.254.167 - - [10/May/2025:17:57:16 -0400] "GET /wp-includes/widgets/ HTTP/1.1" 200 42568 "-" "-"
36.70.254.167 - - [10/May/2025:17:57:15 -0400] "POST /wp-includes/widgets HTTP/1.1" 301 795 "-" "-"
36.70.254.167 - - [10/May/2025:17:57:17 -0400] "GET /wp-includes/widgets/ HTTP/1.1" 200 42925 "-" "-"
36.70.254.167 - - [10/May/2025:17:57:16 -0400] "POST /wp-includes/widgets HTTP/1.1" 301 795 "-" "-"
36.70.254.167 - - [10/May/2025:17:57:18 -0400] "GET /wp-includes/widgets/ HTTP/1.1" 200 42925 "-" "-"
36.70.254.167 - - [10/May/2025:17:57:18 -0400] "POST /wp-includes/widgets HTTP/1.1" 301 795 "-" "-"
36.70.254.167 - - [10/May/2025:17:57:20 -0400] "GET /wp-includes/widgets/ HTTP/1.1" 200 42925 "-" "-"
36.70.254.167 - - [10/May/2025:17:57:19 -0400] "POST /wp-includes/widgets HTTP/1.1" 301 795 "-" "-"
36.70.254.167 - - [10/May/2025:17:57:21 -0400] "GET /wp-includes/widgets/ HTTP/1.1" 200 42925 "-" "-"
36.70.254.167 - - [10/May/2025:17:57:20 -0400] "POST /wp-includes/widgets HTTP/1.1" 301 795 "-" "-"
36.70.254.167 - - [10/May/2025:17:57:22 -0400] "GET /wp-includes/widgets/ HTTP/1.1" 200 42925 "-" "-"
36.70.254.167 - - [10/May/2025:17:57:22 -0400] "POST /wp-includes/widgets HTTP/1.1" 301 795 "-" "-"
36.70.254.167 - - [10/May/2025:17:57:23 -0400] "POST /wp-includes/widgets HTTP/1.1" 301 795 "-" "-"
36.70.254.167 - - [10/May/2025:17:57:24 -0400] "GET /wp-includes/widgets/ HTTP/1.1" 200 42925 "-" "-"
36.70.254.167 - - [10/May/2025:17:57:25 -0400] "GET /wp-includes/widgets/ HTTP/1.1" 200 42925 "-" "-"
36.70.254.167 - - [10/May/2025:17:57:24 -0400] "POST /wp-includes/widgets HTTP/1.1" 301 795 "-" "-"
36.70.254.167 - - [10/May/2025:17:57:26 -0400] "POST /wp-includes/widgets HTTP/1.1" 301 795 "-" "-"
36.70.254.167 - - [10/May/2025:17:57:26 -0400] "GET /wp-includes/widgets/ HTTP/1.1" 200 42925 "-" "-"
36.70.254.167 - - [10/May/2025:17:57:27 -0400] "POST /wp-includes/widgets HTTP/1.1" 301 795 "-" "-"
36.70.254.167 - - [10/May/2025:17:57:27 -0400] "GET /wp-includes/widgets/ HTTP/1.1" 200 42925 "-" "-"
36.70.254.167 - - [10/May/2025:17:57:28 -0400] "POST /wp-includes/widgets HTTP/1.1" 301 795 "-" "-"
36.70.254.167 - - [10/May/2025:17:57:28 -0400] "GET /wp-includes/widgets/ HTTP/1.1" 200 42925 "-" "-"
36.70.254.167 - - [10/May/2025:17:57:28 -0400] "POST /wp-includes/widgets HTTP/1.1" 301 795 "-" "-"
36.70.254.167 - - [10/May/2025:17:57:28 -0400] "GET /wp-includes/widgets/ HTTP/1.1" 200 42925 "-" "-"
36.70.254.167 - - [10/May/2025:17:57:29 -0400] "POST /wp-includes/widgets HTTP/1.1" 301 795 "-" "-"
36.70.254.167 - - [10/May/2025:17:57:29 -0400] "GET /wp-includes/widgets/ HTTP/1.1" 200 42925 "-" "-"
36.70.254.167 - - [10/May/2025:17:57:29 -0400] "POST /wp-includes/widgets HTTP/1.1" 301 795 "-" "-"
36.70.254.167 - - [10/May/2025:17:57:30 -0400] "GET /wp-includes/widgets/ HTTP/1.1" 200 42925 "-" "-"
36.70.254.167 - - [10/May/2025:17:57:30 -0400] "POST /wp-includes/widgets HTTP/1.1" 301 795 "-" "-"
36.70.254.167 - - [10/May/2025:17:57:30 -0400] "GET /wp-includes/widgets/ HTTP/1.1" 200 42568 "-" "-"
36.70.254.167 - - [10/May/2025:17:57:30 -0400] "POST /wp-includes/widgets HTTP/1.1" 301 795 "-" "-"
36.70.254.167 - - [10/May/2025:17:57:31 -0400] "GET /wp-includes/widgets/ HTTP/1.1" 200 42925 "-" "-"
36.70.254.167 - - [10/May/2025:17:57:31 -0400] "POST /wp-includes/widgets HTTP/1.1" 301 795 "-" "-"
36.70.254.167 - - [10/May/2025:17:57:31 -0400] "GET /wp-includes/widgets/ HTTP/1.1" 200 42925 "-" "-"
36.70.254.167 - - [10/May/2025:17:57:32 -0400] "POST /wp-includes/widgets HTTP/1.1" 301 795 "-" "-"
36.70.254.167 - - [10/May/2025:17:57:32 -0400] "GET /wp-includes/widgets/ HTTP/1.1" 200 42925 "-" "-"
36.70.254.167 - - [10/May/2025:17:57:32 -0400] "POST /wp-includes/widgets HTTP/1.1" 301 795 "-" "-"
36.70.254.167 - - [10/May/2025:17:57:32 -0400] "GET /wp-includes/widgets/ HTTP/1.1" 200 42925 "-" "-"
36.70.254.167 - - [10/May/2025:17:57:33 -0400] "POST /wp-includes/widgets HTTP/1.1" 301 795 "-" "-"
36.70.254.167 - - [10/May/2025:17:57:33 -0400] "GET /wp-includes/widgets/ HTTP/1.1" 200 42925 "-" "-"
36.70.254.167 - - [10/May/2025:17:57:33 -0400] "POST /wp-includes/widgets HTTP/1.1" 301 795 "-" "-"
36.70.254.167 - - [10/May/2025:17:57:33 -0400] "GET /wp-includes/widgets/ HTTP/1.1" 200 42925 "-" "-"
36.70.254.167 - - [10/May/2025:17:57:34 -0400] "POST /wp-includes/widgets HTTP/1.1" 301 795 "-" "-"
36.70.254.167 - - [10/May/2025:17:57:34 -0400] "GET /wp-includes/widgets/ HTTP/1.1" 200 42925 "-" "-"
36.70.254.167 - - [10/May/2025:17:57:34 -0400] "POST /wp-includes/widgets HTTP/1.1" 301 795 "-" "-"
36.70.254.167 - - [10/May/2025:17:57:35 -0400] "GET /wp-includes/widgets/ HTTP/1.1" 200 42568 "-" "-"
36.70.254.167 - - [10/May/2025:17:57:35 -0400] "POST /wp-includes/widgets HTTP/1.1" 301 795 "-" "-"
36.70.254.167 - - [10/May/2025:17:57:35 -0400] "GET /wp-includes/widgets/ HTTP/1.1" 200 42925 "-" "-"
36.70.254.167 - - [10/May/2025:17:57:35 -0400] "POST /wp-includes/widgets HTTP/1.1" 301 795 "-" "-"
36.70.254.167 - - [10/May/2025:17:57:36 -0400] "GET /wp-includes/widgets/ HTTP/1.1" 200 42925 "-" "-"
36.70.254.167 - - [10/May/2025:17:57:37 -0400] "POST /wp-includes/widgets HTTP/1.1" 301 795 "-" "-"
36.70.254.167 - - [10/May/2025:17:57:37 -0400] "GET /wp-includes/widgets/ HTTP/1.1" 200 42925 "-" "-"
36.70.254.167 - - [10/May/2025:17:57:39 -0400] "GET /wp-includes/widgets/ HTTP/1.1" 200 42925 "-" "-"
36.70.254.167 - - [10/May/2025:17:57:38 -0400] "POST /wp-includes/widgets HTTP/1.1" 301 795 "-" "-"
36.70.254.167 - - [10/May/2025:17:57:40 -0400] "POST /wp-includes/widgets HTTP/1.1" 301 795 "-" "-"
36.70.254.167 - - [10/May/2025:17:57:40 -0400] "GET /wp-includes/widgets/ HTTP/1.1" 200 42925 "-" "-"
36.70.254.167 - - [10/May/2025:17:57:41 -0400] "POST /wp-includes/widgets HTTP/1.1" 301 795 "-" "-"
36.70.254.167 - - [10/May/2025:17:57:42 -0400] "GET /wp-includes/widgets/ HTTP/1.1" 200 42925 "-" "-"
36.70.254.167 - - [10/May/2025:17:57:43 -0400] "GET /wp-includes/widgets/ HTTP/1.1" 200 42925 "-" "-"
36.70.254.167 - - [10/May/2025:17:57:42 -0400] "POST /wp-includes/widgets HTTP/1.1" 301 795 "-" "-"
36.70.254.167 - - [10/May/2025:17:57:44 -0400] "GET /wp-includes/widgets/ HTTP/1.1" 200 42925 "-" "-"
36.70.254.167 - - [10/May/2025:17:57:45 -0400] "POST /wp-includes/widgets HTTP/1.1" 301 795 "-" "-"
36.70.254.167 - - [10/May/2025:17:57:46 -0400] "GET /wp-includes/widgets/ HTTP/1.1" 200 42925 "-" "-"
36.70.254.167 - - [10/May/2025:17:57:47 -0400] "POST /wp-includes/widgets HTTP/1.1" 301 795 "-" "-"
36.70.254.167 - - [10/May/2025:17:57:47 -0400] "GET /wp-includes/widgets/ HTTP/1.1" 200 42925 "-" "-"
36.70.254.167 - - [10/May/2025:17:57:44 -0400] "POST /wp-includes/widgets HTTP/1.1" 301 795 "-" "-"
198.204.226.18 - - [10/May/2025:17:57:47 -0400] "GET /wp-content/install.php?id=727767 HTTP/1.1" 200 10 "http://jenniferflo.com/wp-content/install.php?id=727767" "Mozilla/5.0 (Windows NT 10.0; Win64; x64) AppleWebKit/537.36 (KHTML, like Gecko) Chrome/58.0.3029.110 Safari/537.3"
36.70.254.167 - - [10/May/2025:17:57:48 -0400] "POST /wp-includes/widgets HTTP/1.1" 301 795 "-" "-"
36.70.254.167 - - [10/May/2025:17:57:49 -0400] "GET /wp-includes/widgets/ HTTP/1.1" 200 42925 "-" "-"
36.70.254.167 - - [10/May/2025:17:57:49 -0400] "POST /wp-includes/widgets HTTP/1.1" 301 795 "-" "-"
36.70.254.167 - - [10/May/2025:17:57:50 -0400] "GET /wp-includes/widgets/ HTTP/1.1" 200 42925 "-" "-"
36.70.254.167 - - [10/May/2025:17:57:51 -0400] "POST /wp-includes/widgets HTTP/1.1" 301 795 "-" "-"
36.70.254.167 - - [10/May/2025:17:57:51 -0400] "GET /wp-includes/widgets/ HTTP/1.1" 200 42925 "-" "-"
8.210.146.98 - - [10/May/2025:17:57:51 -0400] "GET /sitemap-subkey-542.xml HTTP/1.1" 200 101210 "-" "Mozilla/5.0 (Macintosh; Intel Mac OS X 10_15_7) AppleWebKit/537.36 (KHTML, like Gecko) Chrome/109.0.0.0 Safari/537.36"
36.70.254.167 - - [10/May/2025:17:57:52 -0400] "POST /wp-includes/widgets HTTP/1.1" 301 795 "-" "-"
36.70.254.167 - - [10/May/2025:17:57:53 -0400] "GET /wp-includes/widgets/ HTTP/1.1" 200 42925 "-" "-"
36.70.254.167 - - [10/May/2025:17:57:54 -0400] "POST /wp-includes/widgets HTTP/1.1" 301 795 "-" "-"
36.70.254.167 - - [10/May/2025:17:57:54 -0400] "GET /wp-includes/widgets/ HTTP/1.1" 200 42925 "-" "-"
36.70.254.167 - - [10/May/2025:17:57:55 -0400] "POST /wp-includes/widgets HTTP/1.1" 301 795 "-" "-"
36.70.254.167 - - [10/May/2025:17:57:56 -0400] "GET /wp-includes/widgets/ HTTP/1.1" 200 42925 "-" "-"
36.70.254.167 - - [10/May/2025:17:57:56 -0400] "POST /wp-includes/widgets HTTP/1.1" 301 795 "-" "-"
36.70.254.167 - - [10/May/2025:17:57:57 -0400] "GET /wp-includes/widgets/ HTTP/1.1" 200 42925 "-" "-"
36.70.254.167 - - [10/May/2025:17:57:58 -0400] "POST /wp-includes/widgets HTTP/1.1" 301 795 "-" "-"
36.70.254.167 - - [10/May/2025:17:57:58 -0400] "GET /wp-includes/widgets/ HTTP/1.1" 200 42925 "-" "-"
36.70.254.167 - - [10/May/2025:17:57:59 -0400] "POST /wp-includes/widgets HTTP/1.1" 301 795 "-" "-"
36.70.254.167 - - [10/May/2025:17:58:00 -0400] "GET /wp-includes/widgets/ HTTP/1.1" 200 42925 "-" "-"
36.70.254.167 - - [10/May/2025:17:58:00 -0400] "POST /wp-includes/widgets HTTP/1.1" 301 795 "-" "-"
36.70.254.167 - - [10/May/2025:17:58:01 -0400] "GET /wp-includes/widgets/ HTTP/1.1" 200 42925 "-" "-"
36.70.254.167 - - [10/May/2025:17:58:01 -0400] "POST /wp-includes/widgets HTTP/1.1" 301 795 "-" "-"
36.70.254.167 - - [10/May/2025:17:58:01 -0400] "GET /wp-includes/widgets/ HTTP/1.1" 200 42925 "-" "-"
36.70.254.167 - - [10/May/2025:17:58:02 -0400] "POST /wp-includes/widgets HTTP/1.1" 301 795 "-" "-"
36.70.254.167 - - [10/May/2025:17:58:02 -0400] "GET /wp-includes/widgets/ HTTP/1.1" 200 42925 "-" "-"
36.70.254.167 - - [10/May/2025:17:58:02 -0400] "POST /wp-includes/widgets HTTP/1.1" 301 795 "-" "-"
36.70.254.167 - - [10/May/2025:17:58:02 -0400] "GET /wp-includes/widgets/ HTTP/1.1" 200 42925 "-" "-"
36.70.254.167 - - [10/May/2025:17:58:03 -0400] "POST /wp-includes/widgets HTTP/1.1" 301 795 "-" "-"
36.70.254.167 - - [10/May/2025:17:58:03 -0400] "GET /wp-includes/widgets/ HTTP/1.1" 200 42925 "-" "-"
36.70.254.167 - - [10/May/2025:17:58:03 -0400] "POST /wp-includes/widgets HTTP/1.1" 301 795 "-" "-"
36.70.254.167 - - [10/May/2025:17:58:04 -0400] "GET /wp-includes/widgets/ HTTP/1.1" 200 42925 "-" "-"
36.70.254.167 - - [10/May/2025:17:58:04 -0400] "POST /wp-includes/widgets HTTP/1.1" 301 795 "-" "-"
36.70.254.167 - - [10/May/2025:17:58:04 -0400] "GET /wp-includes/widgets/ HTTP/1.1" 200 42925 "-" "-"
198.204.226.18 - - [10/May/2025:17:58:10 -0400] "GET /wp-content/install.php?id=727767 HTTP/1.1" 200 10 "http://jenniferflo.com/wp-content/install.php?id=727767" "Mozilla/5.0 (Windows NT 10.0; Win64; x64) AppleWebKit/537.36 (KHTML, like Gecko) Chrome/58.0.3029.110 Safari/537.3"
198.204.226.18 - - [10/May/2025:17:58:06 -0400] "GET /wp-content/install.php?id=727767 HTTP/1.1" 200 0 "http://jenniferflo.com/wp-content/install.php?id=727767" "Mozilla/5.0 (Windows NT 10.0; Win64; x64) AppleWebKit/537.36 (KHTML, like Gecko) Chrome/58.0.3029.110 Safari/537.3"
198.204.226.18 - - [10/May/2025:17:58:23 -0400] "GET /wp-content/install.php?id=727767 HTTP/1.1" 200 10 "http://jenniferflo.com/wp-content/install.php?id=727767" "Mozilla/5.0 (Windows NT 10.0; Win64; x64) AppleWebKit/537.36 (KHTML, like Gecko) Chrome/58.0.3029.110 Safari/537.3"
66.249.70.97 - - [10/May/2025:17:58:29 -0400] "GET /?_g=18066879 HTTP/1.1" 200 80645 "-" "Mozilla/5.0 (Linux; Android 6.0.1; Nexus 5X Build/MMB29P) AppleWebKit/537.36 (KHTML, like Gecko) Chrome/136.0.7103.59 Mobile Safari/537.36 (compatible; Googlebot/2.1; +http://www.google.com/bot.html)"
47.79.2.223 - - [10/May/2025:17:58:45 -0400] "GET /index.php/happy-daiquiri-day-skinny-strawberry-daiquiri HTTP/1.1" 500 271 "http://jenniferflo.com/index.php/happy-daiquiri-day-skinny-strawberry-daiquiri" "Mozilla/5.0 (Windows NT 10.0; Win64; x64) AppleWebKit/537.36 (KHTML, like Gecko) Chrome/114.0.0.0 Safari/537.36 Edg/114.0.1823.43"
66.249.70.97 - - [10/May/2025:17:58:49 -0400] "GET /?_g=22000080 HTTP/1.1" 200 82131 "-" "Mozilla/5.0 (Linux; Android 6.0.1; Nexus 5X Build/MMB29P) AppleWebKit/537.36 (KHTML, like Gecko) Chrome/136.0.7103.92 Mobile Safari/537.36 (compatible; Googlebot/2.1; +http://www.google.com/bot.html)"
66.249.70.99 - - [10/May/2025:17:59:01 -0400] "GET /?pcmypage?callback=/product%2Fdetail%2F48434434 HTTP/1.1" 200 81741 "-" "Mozilla/5.0 (Linux; Android 6.0.1; Nexus 5X Build/MMB29P) AppleWebKit/537.36 (KHTML, like Gecko) Chrome/136.0.7103.92 Mobile Safari/537.36 (compatible; Googlebot/2.1; +http://www.google.com/bot.html)"
