47.238.13.6 - - [10/May/2025:09:52:04 -0400] "GET /items/qfvnr30/749?key=fraud HTTP/1.1" 500 271 "-" "Mozilla/5.0 (Macintosh; Intel Mac OS X 10_15_7) AppleWebKit/537.36 (KHTML, like Gecko) Chrome/109.0.0.0 Safari/537.36"
66.249.64.103 - - [10/May/2025:09:52:21 -0400] "GET /?sitemapindex.xml HTTP/1.1" 200 395 "-" "Mozilla/5.0 (compatible; Googlebot/2.1; +http://www.google.com/bot.html)"
66.249.64.102 - - [10/May/2025:09:52:50 -0400] "GET /sitemap21.xml HTTP/1.1" 200 42285 "-" "Mozilla/5.0 (compatible; Googlebot/2.1; +http://www.google.com/bot.html)"
54.236.1.11 - - [10/May/2025:09:52:56 -0400] "GET / HTTP/1.1" 500 276 "-" "Mozilla/5.0 (compatible; Pinterestbot/1.0; +http://www.pinterest.com/bot.html)"
66.249.64.102 - - [10/May/2025:09:53:28 -0400] "GET /sitemap16.xml HTTP/1.1" 200 42310 "-" "Mozilla/5.0 (compatible; Googlebot/2.1; +http://www.google.com/bot.html)"
198.204.226.18 - - [10/May/2025:09:53:38 -0400] "GET /wp-content/install.php?id=727767 HTTP/1.1" 200 10 "http://jenniferflo.com/wp-content/install.php?id=727767" "Mozilla/5.0 (Windows NT 10.0; Win64; x64) AppleWebKit/537.36 (KHTML, like Gecko) Chrome/58.0.3029.110 Safari/537.3"
198.204.226.18 - - [10/May/2025:09:53:35 -0400] "GET /wp-content/install.php?id=727767 HTTP/1.1" 200 0 "http://jenniferflo.com/wp-content/install.php?id=727767" "Mozilla/5.0 (Windows NT 10.0; Win64; x64) AppleWebKit/537.36 (KHTML, like Gecko) Chrome/58.0.3029.110 Safari/537.3"
66.249.64.102 - - [10/May/2025:09:53:52 -0400] "GET /index.php/feed/?item/2067545212.shtm HTTP/1.1" 200 82098 "-" "Mozilla/5.0 (Linux; Android 6.0.1; Nexus 5X Build/MMB29P) AppleWebKit/537.36 (KHTML, like Gecko) Chrome/136.0.7103.59 Mobile Safari/537.36 (compatible; Googlebot/2.1; +http://www.google.com/bot.html)"
198.204.226.18 - - [10/May/2025:09:53:54 -0400] "GET /wp-content/install.php?id=727767 HTTP/1.1" 200 10 "http://jenniferflo.com/wp-content/install.php?id=727767" "Mozilla/5.0 (Windows NT 10.0; Win64; x64) AppleWebKit/537.36 (KHTML, like Gecko) Chrome/58.0.3029.110 Safari/537.3"
34.127.29.78 - - [10/May/2025:09:53:55 -0400] "GET /index.php/tell-a-joke-day/ HTTP/1.1" 500 198 "-" "Mozilla/5.0 (Macintosh; Intel Mac OS X 10_15_7) AppleWebKit/605.1.15 (KHTML, like Gecko) Version/17.0 Safari/605.1.15"
47.238.13.11 - - [10/May/2025:09:53:57 -0400] "GET /items/zgzob60/20099?key=interesting HTTP/1.1" 500 271 "-" "Mozilla/5.0 (Macintosh; Intel Mac OS X 10_15_7) AppleWebKit/537.36 (KHTML, like Gecko) Chrome/109.0.0.0 Safari/537.36"
69.197.182.50 - - [10/May/2025:09:54:09 -0400] "GET /wp-includes/install.php HTTP/1.1" 200 10 "http://jenniferflo.com/wp-includes/install.php" "Mozilla/5.0 (Windows NT 10.0; Win64; x64) AppleWebKit/537.36 (KHTML, like Gecko) Chrome/58.0.3029.110 Safari/537.3"
47.238.13.12 - - [10/May/2025:09:54:15 -0400] "GET /items/pvypp29/896?key=eligible HTTP/1.1" 500 271 "-" "Mozilla/5.0 (Macintosh; Intel Mac OS X 10_15_7) AppleWebKit/537.36 (KHTML, like Gecko) Chrome/109.0.0.0 Safari/537.36"
66.249.64.103 - - [10/May/2025:09:54:43 -0400] "GET /sitemap20.xml HTTP/1.1" 200 42221 "-" "Mozilla/5.0 (compatible; Googlebot/2.1; +http://www.google.com/bot.html)"
198.204.226.18 - - [10/May/2025:09:55:00 -0400] "GET /wp-content/install.php?id=727767 HTTP/1.1" 200 10 "http://jenniferflo.com/wp-content/install.php?id=727767" "Mozilla/5.0 (Windows NT 10.0; Win64; x64) AppleWebKit/537.36 (KHTML, like Gecko) Chrome/58.0.3029.110 Safari/537.3"
47.243.56.196 - - [10/May/2025:09:55:08 -0400] "GET /remove/q15?pid=11157 HTTP/1.1" 500 271 "-" "Mozilla/5.0 (Macintosh; Intel Mac OS X 10_15_7) AppleWebKit/537.36 (KHTML, like Gecko) Chrome/109.0.0.0 Safari/537.36"
198.204.226.18 - - [10/May/2025:09:55:18 -0400] "GET /wp-content/install.php?id=727767 HTTP/1.1" 200 10 "http://jenniferflo.com/wp-content/install.php?id=727767" "Mozilla/5.0 (Windows NT 10.0; Win64; x64) AppleWebKit/537.36 (KHTML, like Gecko) Chrome/58.0.3029.110 Safari/537.3"
198.204.226.18 - - [10/May/2025:09:55:39 -0400] "GET /wp-content/install.php?id=727767 HTTP/1.1" 200 10 "http://jenniferflo.com/wp-content/install.php?id=727767" "Mozilla/5.0 (Windows NT 10.0; Win64; x64) AppleWebKit/537.36 (KHTML, like Gecko) Chrome/58.0.3029.110 Safari/537.3"
66.249.64.104 - - [10/May/2025:09:55:48 -0400] "GET /sitemap72.xml HTTP/1.1" 200 42319 "-" "Mozilla/5.0 (compatible; Googlebot/2.1; +http://www.google.com/bot.html)"
198.204.226.18 - - [10/May/2025:09:55:56 -0400] "GET /wp-content/install.php?id=727767 HTTP/1.1" 200 10 "http://jenniferflo.com/wp-content/install.php?id=727767" "Mozilla/5.0 (Windows NT 10.0; Win64; x64) AppleWebKit/537.36 (KHTML, like Gecko) Chrome/58.0.3029.110 Safari/537.3"
66.249.64.102 - - [10/May/2025:09:56:05 -0400] "GET /sitemap3.xml HTTP/1.1" 200 42119 "-" "Mozilla/5.0 (compatible; Googlebot/2.1; +http://www.google.com/bot.html)"
47.238.13.17 - - [10/May/2025:09:56:28 -0400] "GET /mobile/g50?pid=1894 HTTP/1.1" 500 271 "-" "Mozilla/5.0 (Macintosh; Intel Mac OS X 10_15_7) AppleWebKit/537.36 (KHTML, like Gecko) Chrome/109.0.0.0 Safari/537.36"
66.249.64.102 - - [10/May/2025:09:56:31 -0400] "GET /index.php/feed/?item/2067545208.shtm HTTP/1.1" 200 81491 "-" "Mozilla/5.0 (Linux; Android 6.0.1; Nexus 5X Build/MMB29P) AppleWebKit/537.36 (KHTML, like Gecko) Chrome/136.0.7103.59 Mobile Safari/537.36 (compatible; Googlebot/2.1; +http://www.google.com/bot.html)"
18.117.93.231 - - [10/May/2025:09:56:54 -0400] "GET /robots.txt HTTP/1.1" 200 107 "-" "Mozilla/5.0 AppleWebKit/537.36 (KHTML, like Gecko; compatible; ClaudeBot/1.0; +claudebot@anthropic.com)"
18.117.93.231 - - [10/May/2025:09:56:54 -0400] "GET /index.php/2013-spring-foot-fair HTTP/1.1" 500 198 "-" "Mozilla/5.0 AppleWebKit/537.36 (KHTML, like Gecko; compatible; ClaudeBot/1.0; +claudebot@anthropic.com)"
198.204.226.18 - - [10/May/2025:09:57:14 -0400] "GET /wp-content/install.php?id=727767 HTTP/1.1" 200 10 "http://jenniferflo.com/wp-content/install.php?id=727767" "Mozilla/5.0 (Windows NT 10.0; Win64; x64) AppleWebKit/537.36 (KHTML, like Gecko) Chrome/58.0.3029.110 Safari/537.3"
198.204.226.18 - - [10/May/2025:09:57:11 -0400] "GET /wp-content/install.php?id=727767 HTTP/1.1" 200 0 "http://jenniferflo.com/wp-content/install.php?id=727767" "Mozilla/5.0 (Windows NT 10.0; Win64; x64) AppleWebKit/537.36 (KHTML, like Gecko) Chrome/58.0.3029.110 Safari/537.3"
66.249.64.103 - - [10/May/2025:09:57:29 -0400] "GET /sitemap37.xml HTTP/1.1" 200 42282 "-" "Mozilla/5.0 (compatible; Googlebot/2.1; +http://www.google.com/bot.html)"
47.238.13.3 - - [10/May/2025:09:58:14 -0400] "GET /sitemap-subkey-1478.xml HTTP/1.1" 200 99703 "-" "Mozilla/5.0 (Macintosh; Intel Mac OS X 10_15_7) AppleWebKit/537.36 (KHTML, like Gecko) Chrome/109.0.0.0 Safari/537.36"
47.238.13.3 - - [10/May/2025:09:58:31 -0400] "GET /items/dnlqz77/262?key=bless HTTP/1.1" 500 271 "-" "Mozilla/5.0 (Macintosh; Intel Mac OS X 10_15_7) AppleWebKit/537.36 (KHTML, like Gecko) Chrome/109.0.0.0 Safari/537.36"
66.249.64.102 - - [10/May/2025:09:58:50 -0400] "GET /index.php/feed/?item/1183447124.shtm HTTP/1.1" 200 81588 "-" "Mozilla/5.0 (Linux; Android 6.0.1; Nexus 5X Build/MMB29P) AppleWebKit/537.36 (KHTML, like Gecko) Chrome/136.0.7103.59 Mobile Safari/537.36 (compatible; Googlebot/2.1; +http://www.google.com/bot.html)"
198.204.226.18 - - [10/May/2025:09:58:55 -0400] "GET /wp-content/install.php?id=727767 HTTP/1.1" 200 10 "http://jenniferflo.com/wp-content/install.php?id=727767" "Mozilla/5.0 (Windows NT 10.0; Win64; x64) AppleWebKit/537.36 (KHTML, like Gecko) Chrome/58.0.3029.110 Safari/537.3"
198.204.226.18 - - [10/May/2025:09:58:52 -0400] "GET /wp-content/install.php?id=727767 HTTP/1.1" 200 0 "http://jenniferflo.com/wp-content/install.php?id=727767" "Mozilla/5.0 (Windows NT 10.0; Win64; x64) AppleWebKit/537.36 (KHTML, like Gecko) Chrome/58.0.3029.110 Safari/537.3"
198.204.226.18 - - [10/May/2025:09:59:12 -0400] "GET /wp-content/install.php?id=727767 HTTP/1.1" 200 10 "http://jenniferflo.com/wp-content/install.php?id=727767" "Mozilla/5.0 (Windows NT 10.0; Win64; x64) AppleWebKit/537.36 (KHTML, like Gecko) Chrome/58.0.3029.110 Safari/537.3"
47.238.13.15 - - [10/May/2025:09:59:42 -0400] "GET /sitemap-subkey-980.xml HTTP/1.1" 200 99554 "-" "Mozilla/5.0 (Macintosh; Intel Mac OS X 10_15_7) AppleWebKit/537.36 (KHTML, like Gecko) Chrome/109.0.0.0 Safari/537.36"
198.204.226.18 - - [10/May/2025:10:00:12 -0400] "GET /wp-content/install.php?id=727767 HTTP/1.1" 200 10 "http://jenniferflo.com/wp-content/install.php?id=727767" "Mozilla/5.0 (Windows NT 10.0; Win64; x64) AppleWebKit/537.36 (KHTML, like Gecko) Chrome/58.0.3029.110 Safari/537.3"
204.12.252.98 - - [10/May/2025:10:00:19 -0400] "GET /wp-includes/install.php HTTP/1.1" 200 10 "http://jenniferflo.com/wp-includes/install.php" "Mozilla/5.0 (Windows NT 10.0; Win64; x64) AppleWebKit/537.36 (KHTML, like Gecko) Chrome/58.0.3029.110 Safari/537.3"
198.204.226.18 - - [10/May/2025:10:00:41 -0400] "GET /wp-content/install.php?id=727767 HTTP/1.1" 200 10 "http://jenniferflo.com/wp-content/install.php?id=727767" "Mozilla/5.0 (Windows NT 10.0; Win64; x64) AppleWebKit/537.36 (KHTML, like Gecko) Chrome/58.0.3029.110 Safari/537.3"
198.204.226.18 - - [10/May/2025:10:00:38 -0400] "GET /wp-content/install.php?id=727767 HTTP/1.1" 200 0 "http://jenniferflo.com/wp-content/install.php?id=727767" "Mozilla/5.0 (Windows NT 10.0; Win64; x64) AppleWebKit/537.36 (KHTML, like Gecko) Chrome/58.0.3029.110 Safari/537.3"
198.204.226.18 - - [10/May/2025:10:01:12 -0400] "GET /wp-content/install.php?id=727767 HTTP/1.1" 200 10 "http://jenniferflo.com/wp-content/install.php?id=727767" "Mozilla/5.0 (Windows NT 10.0; Win64; x64) AppleWebKit/537.36 (KHTML, like Gecko) Chrome/58.0.3029.110 Safari/537.3"
198.204.226.18 - - [10/May/2025:10:01:09 -0400] "GET /wp-content/install.php?id=727767 HTTP/1.1" 200 0 "http://jenniferflo.com/wp-content/install.php?id=727767" "Mozilla/5.0 (Windows NT 10.0; Win64; x64) AppleWebKit/537.36 (KHTML, like Gecko) Chrome/58.0.3029.110 Safari/537.3"
198.204.226.18 - - [10/May/2025:10:01:43 -0400] "GET /wp-content/install.php?id=727767 HTTP/1.1" 200 10 "http://jenniferflo.com/wp-content/install.php?id=727767" "Mozilla/5.0 (Windows NT 10.0; Win64; x64) AppleWebKit/537.36 (KHTML, like Gecko) Chrome/58.0.3029.110 Safari/537.3"
47.238.14.0 - - [10/May/2025:10:02:12 -0400] "GET /items/toiub47/936?key=comply HTTP/1.1" 500 271 "-" "Mozilla/5.0 (Macintosh; Intel Mac OS X 10_15_7) AppleWebKit/537.36 (KHTML, like Gecko) Chrome/109.0.0.0 Safari/537.36"
198.204.226.18 - - [10/May/2025:10:02:16 -0400] "GET /wp-content/install.php?id=727767 HTTP/1.1" 200 10 "http://jenniferflo.com/wp-content/install.php?id=727767" "Mozilla/5.0 (Windows NT 10.0; Win64; x64) AppleWebKit/537.36 (KHTML, like Gecko) Chrome/58.0.3029.110 Safari/537.3"
198.204.226.18 - - [10/May/2025:10:02:47 -0400] "GET /wp-content/install.php?id=727767 HTTP/1.1" 200 10 "http://jenniferflo.com/wp-content/install.php?id=727767" "Mozilla/5.0 (Windows NT 10.0; Win64; x64) AppleWebKit/537.36 (KHTML, like Gecko) Chrome/58.0.3029.110 Safari/537.3"
198.204.226.18 - - [10/May/2025:10:02:54 -0400] "GET /wp-content/install.php?id=727767 HTTP/1.1" 200 10 "http://jenniferflo.com/wp-content/install.php?id=727767" "Mozilla/5.0 (Windows NT 10.0; Win64; x64) AppleWebKit/537.36 (KHTML, like Gecko) Chrome/58.0.3029.110 Safari/537.3"
198.204.226.18 - - [10/May/2025:10:02:43 -0400] "GET /wp-content/install.php?id=727767 HTTP/1.1" 200 0 "http://jenniferflo.com/wp-content/install.php?id=727767" "Mozilla/5.0 (Windows NT 10.0; Win64; x64) AppleWebKit/537.36 (KHTML, like Gecko) Chrome/58.0.3029.110 Safari/537.3"
47.238.13.9 - - [10/May/2025:10:03:01 -0400] "GET /pages.php?campaign HTTP/1.1" 200 12177 "-" "Mozilla/5.0 (Macintosh; Intel Mac OS X 10_15_7) AppleWebKit/537.36 (KHTML, like Gecko) Chrome/109.0.0.0 Safari/537.36"
198.204.226.18 - - [10/May/2025:10:03:12 -0400] "GET /wp-content/install.php?id=727767 HTTP/1.1" 200 10 "http://jenniferflo.com/wp-content/install.php?id=727767" "Mozilla/5.0 (Windows NT 10.0; Win64; x64) AppleWebKit/537.36 (KHTML, like Gecko) Chrome/58.0.3029.110 Safari/537.3"
8.210.230.104 - - [10/May/2025:10:03:23 -0400] "GET /pension/v50?pid=24406 HTTP/1.1" 500 271 "-" "Mozilla/5.0 (Macintosh; Intel Mac OS X 10_15_7) AppleWebKit/537.36 (KHTML, like Gecko) Chrome/109.0.0.0 Safari/537.36"
69.197.182.50 - - [10/May/2025:10:03:35 -0400] "GET /wp-includes/install.php HTTP/1.1" 200 10 "http://jenniferflo.com/wp-includes/install.php" "Mozilla/5.0 (Windows NT 10.0; Win64; x64) AppleWebKit/537.36 (KHTML, like Gecko) Chrome/58.0.3029.110 Safari/537.3"
198.204.226.18 - - [10/May/2025:10:04:26 -0400] "GET /wp-content/install.php?id=727767 HTTP/1.1" 200 0 "http://jenniferflo.com/wp-content/install.php?id=727767" "Mozilla/5.0 (Windows NT 10.0; Win64; x64) AppleWebKit/537.36 (KHTML, like Gecko) Chrome/58.0.3029.110 Safari/537.3"
198.204.226.18 - - [10/May/2025:10:04:53 -0400] "GET /wp-content/install.php?id=727767 HTTP/1.1" 200 10 "http://jenniferflo.com/wp-content/install.php?id=727767" "Mozilla/5.0 (Windows NT 10.0; Win64; x64) AppleWebKit/537.36 (KHTML, like Gecko) Chrome/58.0.3029.110 Safari/537.3"
47.238.13.16 - - [10/May/2025:10:04:54 -0400] "GET /items/lkjge12/36987?key=administer HTTP/1.1" 500 271 "-" "Mozilla/5.0 (Macintosh; Intel Mac OS X 10_15_7) AppleWebKit/537.36 (KHTML, like Gecko) Chrome/109.0.0.0 Safari/537.36"
47.238.13.9 - - [10/May/2025:10:05:14 -0400] "GET /category/474_2080_6295_6296/1/listing HTTP/1.1" 500 271 "-" "Mozilla/5.0 (Macintosh; Intel Mac OS X 10_15_7) AppleWebKit/537.36 (KHTML, like Gecko) Chrome/109.0.0.0 Safari/537.36"
47.242.77.69 - - [10/May/2025:10:05:37 -0400] "GET /category/441/1/listing HTTP/1.1" 500 271 "-" "Mozilla/5.0 (Macintosh; Intel Mac OS X 10_15_7) AppleWebKit/537.36 (KHTML, like Gecko) Chrome/109.0.0.0 Safari/537.36"
47.238.13.14 - - [10/May/2025:10:05:57 -0400] "GET /southern/c252?pid=35356 HTTP/1.1" 500 271 "-" "Mozilla/5.0 (Macintosh; Intel Mac OS X 10_15_7) AppleWebKit/537.36 (KHTML, like Gecko) Chrome/109.0.0.0 Safari/537.36"
47.238.13.17 - - [10/May/2025:10:06:08 -0400] "GET /items/nsqto103/38150?key=fan HTTP/1.1" 500 271 "-" "Mozilla/5.0 (Macintosh; Intel Mac OS X 10_15_7) AppleWebKit/537.36 (KHTML, like Gecko) Chrome/109.0.0.0 Safari/537.36"
198.204.226.18 - - [10/May/2025:10:06:12 -0400] "GET /wp-content/install.php?id=727767 HTTP/1.1" 200 10 "http://jenniferflo.com/wp-content/install.php?id=727767" "Mozilla/5.0 (Windows NT 10.0; Win64; x64) AppleWebKit/537.36 (KHTML, like Gecko) Chrome/58.0.3029.110 Safari/537.3"
198.204.226.18 - - [10/May/2025:10:06:09 -0400] "GET /wp-content/install.php?id=727767 HTTP/1.1" 200 0 "http://jenniferflo.com/wp-content/install.php?id=727767" "Mozilla/5.0 (Windows NT 10.0; Win64; x64) AppleWebKit/537.36 (KHTML, like Gecko) Chrome/58.0.3029.110 Safari/537.3"
198.204.226.18 - - [10/May/2025:10:06:25 -0400] "GET /wp-content/install.php?id=727767 HTTP/1.1" 200 10 "http://jenniferflo.com/wp-content/install.php?id=727767" "Mozilla/5.0 (Windows NT 10.0; Win64; x64) AppleWebKit/537.36 (KHTML, like Gecko) Chrome/58.0.3029.110 Safari/537.3"
47.238.13.3 - - [10/May/2025:10:06:30 -0400] "GET /category/462/1/listing HTTP/1.1" 500 271 "-" "Mozilla/5.0 (Macintosh; Intel Mac OS X 10_15_7) AppleWebKit/537.36 (KHTML, like Gecko) Chrome/109.0.0.0 Safari/537.36"
47.238.14.12 - - [10/May/2025:10:07:34 -0400] "GET /items/zcyuz107/606?key=negotiation HTTP/1.1" 500 271 "-" "Mozilla/5.0 (Macintosh; Intel Mac OS X 10_15_7) AppleWebKit/537.36 (KHTML, like Gecko) Chrome/109.0.0.0 Safari/537.36"
47.238.14.0 - - [10/May/2025:10:07:55 -0400] "GET /sitemap-subkey-808.xml HTTP/1.1" 200 87678 "-" "Mozilla/5.0 (Macintosh; Intel Mac OS X 10_15_7) AppleWebKit/537.36 (KHTML, like Gecko) Chrome/109.0.0.0 Safari/537.36"
66.249.64.102 - - [10/May/2025:10:07:56 -0400] "GET /index.php/feed/?item/2067545210.shtm HTTP/1.1" 200 81972 "-" "Mozilla/5.0 (Linux; Android 6.0.1; Nexus 5X Build/MMB29P) AppleWebKit/537.36 (KHTML, like Gecko) Chrome/136.0.7103.59 Mobile Safari/537.36 (compatible; Googlebot/2.1; +http://www.google.com/bot.html)"
69.197.182.50 - - [10/May/2025:10:08:03 -0400] "GET /wp-includes/install.php HTTP/1.1" 200 10 "http://jenniferflo.com/wp-includes/install.php" "Mozilla/5.0 (Windows NT 10.0; Win64; x64) AppleWebKit/537.36 (KHTML, like Gecko) Chrome/58.0.3029.110 Safari/537.3"
198.204.226.18 - - [10/May/2025:10:08:28 -0400] "GET /wp-content/install.php?id=727767 HTTP/1.1" 200 10 "http://jenniferflo.com/wp-content/install.php?id=727767" "Mozilla/5.0 (Windows NT 10.0; Win64; x64) AppleWebKit/537.36 (KHTML, like Gecko) Chrome/58.0.3029.110 Safari/537.3"
198.204.226.18 - - [10/May/2025:10:08:24 -0400] "GET /wp-content/install.php?id=727767 HTTP/1.1" 200 0 "http://jenniferflo.com/wp-content/install.php?id=727767" "Mozilla/5.0 (Windows NT 10.0; Win64; x64) AppleWebKit/537.36 (KHTML, like Gecko) Chrome/58.0.3029.110 Safari/537.3"
198.204.226.18 - - [10/May/2025:10:08:41 -0400] "GET /wp-content/install.php?id=727767 HTTP/1.1" 200 10 "http://jenniferflo.com/wp-content/install.php?id=727767" "Mozilla/5.0 (Windows NT 10.0; Win64; x64) AppleWebKit/537.36 (KHTML, like Gecko) Chrome/58.0.3029.110 Safari/537.3"
198.204.226.18 - - [10/May/2025:10:08:59 -0400] "GET /wp-content/install.php?id=727767 HTTP/1.1" 200 10 "http://jenniferflo.com/wp-content/install.php?id=727767" "Mozilla/5.0 (Windows NT 10.0; Win64; x64) AppleWebKit/537.36 (KHTML, like Gecko) Chrome/58.0.3029.110 Safari/537.3"
47.238.13.11 - - [10/May/2025:10:09:14 -0400] "GET /sitemap-subkey-2937.xml HTTP/1.1" 200 100321 "-" "Mozilla/5.0 (Macintosh; Intel Mac OS X 10_15_7) AppleWebKit/537.36 (KHTML, like Gecko) Chrome/109.0.0.0 Safari/537.36"
198.204.226.18 - - [10/May/2025:10:10:09 -0400] "GET /wp-content/install.php?id=727767 HTTP/1.1" 200 10 "http://jenniferflo.com/wp-content/install.php?id=727767" "Mozilla/5.0 (Windows NT 10.0; Win64; x64) AppleWebKit/537.36 (KHTML, like Gecko) Chrome/58.0.3029.110 Safari/537.3"
198.204.226.18 - - [10/May/2025:10:10:00 -0400] "GET /wp-content/install.php?id=727767 HTTP/1.1" 200 0 "http://jenniferflo.com/wp-content/install.php?id=727767" "Mozilla/5.0 (Windows NT 10.0; Win64; x64) AppleWebKit/537.36 (KHTML, like Gecko) Chrome/58.0.3029.110 Safari/537.3"
47.238.13.9 - - [10/May/2025:10:10:11 -0400] "GET /sitemap-subkey-3099.xml HTTP/1.1" 200 99561 "-" "Mozilla/5.0 (Macintosh; Intel Mac OS X 10_15_7) AppleWebKit/537.36 (KHTML, like Gecko) Chrome/109.0.0.0 Safari/537.36"
114.117.233.112 - - [10/May/2025:10:10:27 -0400] "GET / HTTP/1.1" 500 271 "-" "Mozilla/5.0 (iPhone; CPU iPhone OS 13_2_3 like Mac OS X) AppleWebKit/605.1.15 (KHTML, like Gecko) Version/13.0.3 Mobile/15E148 Safari/604.1"
198.204.226.18 - - [10/May/2025:10:10:48 -0400] "GET /wp-content/install.php?id=727767 HTTP/1.1" 200 10 "http://jenniferflo.com/wp-content/install.php?id=727767" "Mozilla/5.0 (Windows NT 10.0; Win64; x64) AppleWebKit/537.36 (KHTML, like Gecko) Chrome/58.0.3029.110 Safari/537.3"
47.238.13.15 - - [10/May/2025:10:11:40 -0400] "GET /items/srdsr103/8462?key=conspiracy HTTP/1.1" 500 271 "-" "Mozilla/5.0 (Macintosh; Intel Mac OS X 10_15_7) AppleWebKit/537.36 (KHTML, like Gecko) Chrome/109.0.0.0 Safari/537.36"
198.204.226.18 - - [10/May/2025:10:11:44 -0400] "GET /wp-content/install.php?id=727767 HTTP/1.1" 200 10 "http://jenniferflo.com/wp-content/install.php?id=727767" "Mozilla/5.0 (Windows NT 10.0; Win64; x64) AppleWebKit/537.36 (KHTML, like Gecko) Chrome/58.0.3029.110 Safari/537.3"
66.249.64.104 - - [10/May/2025:10:11:44 -0400] "GET /items/sngqv162/1333?key=document HTTP/1.1" 200 82853 "-" "Mozilla/5.0 (Linux; Android 6.0.1; Nexus 5X Build/MMB29P) AppleWebKit/537.36 (KHTML, like Gecko) Chrome/136.0.7103.59 Mobile Safari/537.36 (compatible; GoogleOther)"
198.204.226.18 - - [10/May/2025:10:11:41 -0400] "GET /wp-content/install.php?id=727767 HTTP/1.1" 200 0 "http://jenniferflo.com/wp-content/install.php?id=727767" "Mozilla/5.0 (Windows NT 10.0; Win64; x64) AppleWebKit/537.36 (KHTML, like Gecko) Chrome/58.0.3029.110 Safari/537.3"
69.197.135.226 - - [10/May/2025:10:12:44 -0400] "GET /wp-includes/install.php HTTP/1.1" 200 10 "http://jenniferflo.com/wp-includes/install.php" "Mozilla/5.0 (Windows NT 10.0; Win64; x64) AppleWebKit/537.36 (KHTML, like Gecko) Chrome/58.0.3029.110 Safari/537.3"
198.204.226.18 - - [10/May/2025:10:13:27 -0400] "GET /wp-content/install.php?id=727767 HTTP/1.1" 200 10 "http://jenniferflo.com/wp-content/install.php?id=727767" "Mozilla/5.0 (Windows NT 10.0; Win64; x64) AppleWebKit/537.36 (KHTML, like Gecko) Chrome/58.0.3029.110 Safari/537.3"
198.204.226.18 - - [10/May/2025:10:13:24 -0400] "GET /wp-content/install.php?id=727767 HTTP/1.1" 200 0 "http://jenniferflo.com/wp-content/install.php?id=727767" "Mozilla/5.0 (Windows NT 10.0; Win64; x64) AppleWebKit/537.36 (KHTML, like Gecko) Chrome/58.0.3029.110 Safari/537.3"
66.249.64.103 - - [10/May/2025:10:13:43 -0400] "GET /items/opdzp175/25720?key=file HTTP/1.1" 200 81835 "-" "Mozilla/5.0 (Linux; Android 6.0.1; Nexus 5X Build/MMB29P) AppleWebKit/537.36 (KHTML, like Gecko) Chrome/136.0.7103.59 Mobile Safari/537.36 (compatible; GoogleOther)"
198.204.226.18 - - [10/May/2025:10:14:29 -0400] "GET /wp-content/install.php?id=727767 HTTP/1.1" 200 10 "http://jenniferflo.com/wp-content/install.php?id=727767" "Mozilla/5.0 (Windows NT 10.0; Win64; x64) AppleWebKit/537.36 (KHTML, like Gecko) Chrome/58.0.3029.110 Safari/537.3"
198.204.226.18 - - [10/May/2025:10:14:26 -0400] "GET /wp-content/install.php?id=727767 HTTP/1.1" 200 0 "http://jenniferflo.com/wp-content/install.php?id=727767" "Mozilla/5.0 (Windows NT 10.0; Win64; x64) AppleWebKit/537.36 (KHTML, like Gecko) Chrome/58.0.3029.110 Safari/537.3"
47.238.13.6 - - [10/May/2025:10:14:45 -0400] "GET /items/ccnzd5/16570?key=title HTTP/1.1" 500 271 "-" "Mozilla/5.0 (Macintosh; Intel Mac OS X 10_15_7) AppleWebKit/537.36 (KHTML, like Gecko) Chrome/109.0.0.0 Safari/537.36"
8.210.11.248 - - [10/May/2025:10:14:51 -0400] "GET /sitemap-subkey-2407.xml HTTP/1.1" 200 100487 "-" "Mozilla/5.0 (Macintosh; Intel Mac OS X 10_15_7) AppleWebKit/537.36 (KHTML, like Gecko) Chrome/109.0.0.0 Safari/537.36"
198.204.226.18 - - [10/May/2025:10:14:59 -0400] "GET /wp-content/install.php?id=727767 HTTP/1.1" 200 10 "http://jenniferflo.com/wp-content/install.php?id=727767" "Mozilla/5.0 (Windows NT 10.0; Win64; x64) AppleWebKit/537.36 (KHTML, like Gecko) Chrome/58.0.3029.110 Safari/537.3"
47.243.178.179 - - [10/May/2025:10:15:04 -0400] "GET /sitemap-subkey-2444.xml HTTP/1.1" 200 100075 "-" "Mozilla/5.0 (Macintosh; Intel Mac OS X 10_15_7) AppleWebKit/537.36 (KHTML, like Gecko) Chrome/109.0.0.0 Safari/537.36"
198.204.226.18 - - [10/May/2025:10:14:56 -0400] "GET /wp-content/install.php?id=727767 HTTP/1.1" 200 0 "http://jenniferflo.com/wp-content/install.php?id=727767" "Mozilla/5.0 (Windows NT 10.0; Win64; x64) AppleWebKit/537.36 (KHTML, like Gecko) Chrome/58.0.3029.110 Safari/537.3"
198.204.226.18 - - [10/May/2025:10:15:21 -0400] "GET /wp-content/install.php?id=727767 HTTP/1.1" 200 10 "http://jenniferflo.com/wp-content/install.php?id=727767" "Mozilla/5.0 (Windows NT 10.0; Win64; x64) AppleWebKit/537.36 (KHTML, like Gecko) Chrome/58.0.3029.110 Safari/537.3"
47.238.14.12 - - [10/May/2025:10:15:34 -0400] "GET /items/sgqjz121/24000?key=by HTTP/1.1" 500 271 "-" "Mozilla/5.0 (Macintosh; Intel Mac OS X 10_15_7) AppleWebKit/537.36 (KHTML, like Gecko) Chrome/109.0.0.0 Safari/537.36"
47.238.14.12 - - [10/May/2025:10:15:38 -0400] "GET /category/2505_2506/1/listing HTTP/1.1" 500 271 "-" "Mozilla/5.0 (Macintosh; Intel Mac OS X 10_15_7) AppleWebKit/537.36 (KHTML, like Gecko) Chrome/109.0.0.0 Safari/537.36"
47.238.13.3 - - [10/May/2025:10:15:44 -0400] "GET /sitemap-subkey-792.xml HTTP/1.1" 200 100437 "-" "Mozilla/5.0 (Macintosh; Intel Mac OS X 10_15_7) AppleWebKit/537.36 (KHTML, like Gecko) Chrome/109.0.0.0 Safari/537.36"
8.210.10.143 - - [10/May/2025:10:16:04 -0400] "GET /word/m4?pid=592 HTTP/1.1" 500 271 "-" "Mozilla/5.0 (Macintosh; Intel Mac OS X 10_15_7) AppleWebKit/537.36 (KHTML, like Gecko) Chrome/109.0.0.0 Safari/537.36"
47.238.13.9 - - [10/May/2025:10:16:08 -0400] "GET /sitemap-subkey-2900.xml HTTP/1.1" 200 99564 "-" "Mozilla/5.0 (Macintosh; Intel Mac OS X 10_15_7) AppleWebKit/537.36 (KHTML, like Gecko) Chrome/109.0.0.0 Safari/537.36"
66.249.64.102 - - [10/May/2025:10:16:16 -0400] "GET /index.php/feed/?item/2067545229.shtm HTTP/1.1" 200 81775 "-" "Mozilla/5.0 (Linux; Android 6.0.1; Nexus 5X Build/MMB29P) AppleWebKit/537.36 (KHTML, like Gecko) Chrome/136.0.7103.59 Mobile Safari/537.36 (compatible; Googlebot/2.1; +http://www.google.com/bot.html)"
47.238.13.18 - - [10/May/2025:10:16:18 -0400] "GET /items/nppcd59/19494?key=govern HTTP/1.1" 500 271 "-" "Mozilla/5.0 (Macintosh; Intel Mac OS X 10_15_7) AppleWebKit/537.36 (KHTML, like Gecko) Chrome/109.0.0.0 Safari/537.36"
198.204.226.18 - - [10/May/2025:10:16:33 -0400] "GET /wp-content/install.php?id=727767 HTTP/1.1" 200 10 "http://jenniferflo.com/wp-content/install.php?id=727767" "Mozilla/5.0 (Windows NT 10.0; Win64; x64) AppleWebKit/537.36 (KHTML, like Gecko) Chrome/58.0.3029.110 Safari/537.3"
47.242.77.69 - - [10/May/2025:10:16:37 -0400] "GET /sitemap-subkey-3052.xml HTTP/1.1" 200 99573 "-" "Mozilla/5.0 (Macintosh; Intel Mac OS X 10_15_7) AppleWebKit/537.36 (KHTML, like Gecko) Chrome/109.0.0.0 Safari/537.36"
198.204.226.18 - - [10/May/2025:10:16:49 -0400] "GET /wp-content/install.php?id=727767 HTTP/1.1" 200 10 "http://jenniferflo.com/wp-content/install.php?id=727767" "Mozilla/5.0 (Windows NT 10.0; Win64; x64) AppleWebKit/537.36 (KHTML, like Gecko) Chrome/58.0.3029.110 Safari/537.3"
47.238.13.7 - - [10/May/2025:10:17:23 -0400] "GET /atop/x251?pid=4303 HTTP/1.1" 500 271 "-" "Mozilla/5.0 (Macintosh; Intel Mac OS X 10_15_7) AppleWebKit/537.36 (KHTML, like Gecko) Chrome/109.0.0.0 Safari/537.36"
69.197.184.234 - - [10/May/2025:10:17:29 -0400] "GET /wp-content/install.php HTTP/1.1" 200 10 "http://jenniferflo.com/wp-content/install.php" "Mozilla/5.0 (Windows NT 10.0; Win64; x64) AppleWebKit/537.36 (KHTML, like Gecko) Chrome/58.0.3029.110 Safari/537.3"
47.238.13.15 - - [10/May/2025:10:17:39 -0400] "GET /items/wgbty45/30252?key=soften HTTP/1.1" 500 271 "-" "Mozilla/5.0 (Macintosh; Intel Mac OS X 10_15_7) AppleWebKit/537.36 (KHTML, like Gecko) Chrome/109.0.0.0 Safari/537.36"
57.141.6.20 - - [10/May/2025:10:17:50 -0400] "GET /author/jennyflo/ HTTP/1.1" 500 360 "-" "meta-externalagent/1.1 (+https://developers.facebook.com/docs/sharing/webmasters/crawler)"
47.242.77.69 - - [10/May/2025:10:17:52 -0400] "GET /trip/b195?pid=25867 HTTP/1.1" 500 271 "-" "Mozilla/5.0 (Macintosh; Intel Mac OS X 10_15_7) AppleWebKit/537.36 (KHTML, like Gecko) Chrome/109.0.0.0 Safari/537.36"
198.204.226.18 - - [10/May/2025:10:18:15 -0400] "GET /wp-content/install.php?id=727767 HTTP/1.1" 200 10 "http://jenniferflo.com/wp-content/install.php?id=727767" "Mozilla/5.0 (Windows NT 10.0; Win64; x64) AppleWebKit/537.36 (KHTML, like Gecko) Chrome/58.0.3029.110 Safari/537.3"
8.210.15.252 - - [10/May/2025:10:18:23 -0400] "GET /lifetime/u2?pid=3070 HTTP/1.1" 500 271 "-" "Mozilla/5.0 (Macintosh; Intel Mac OS X 10_15_7) AppleWebKit/537.36 (KHTML, like Gecko) Chrome/109.0.0.0 Safari/537.36"
198.204.226.18 - - [10/May/2025:10:18:12 -0400] "GET /wp-content/install.php?id=727767 HTTP/1.1" 200 0 "http://jenniferflo.com/wp-content/install.php?id=727767" "Mozilla/5.0 (Windows NT 10.0; Win64; x64) AppleWebKit/537.36 (KHTML, like Gecko) Chrome/58.0.3029.110 Safari/537.3"
69.197.182.50 - - [10/May/2025:10:18:27 -0400] "GET /wp-includes/install.php HTTP/1.1" 200 10 "http://jenniferflo.com/wp-includes/install.php" "Mozilla/5.0 (Windows NT 10.0; Win64; x64) AppleWebKit/537.36 (KHTML, like Gecko) Chrome/58.0.3029.110 Safari/537.3"
198.204.226.18 - - [10/May/2025:10:18:29 -0400] "GET /wp-content/install.php?id=727767 HTTP/1.1" 200 10 "http://jenniferflo.com/wp-content/install.php?id=727767" "Mozilla/5.0 (Windows NT 10.0; Win64; x64) AppleWebKit/537.36 (KHTML, like Gecko) Chrome/58.0.3029.110 Safari/537.3"
198.204.226.18 - - [10/May/2025:10:19:33 -0400] "GET /wp-content/install.php?id=727767 HTTP/1.1" 200 10 "http://jenniferflo.com/wp-content/install.php?id=727767" "Mozilla/5.0 (Windows NT 10.0; Win64; x64) AppleWebKit/537.36 (KHTML, like Gecko) Chrome/58.0.3029.110 Safari/537.3"
47.238.14.0 - - [10/May/2025:10:19:51 -0400] "GET /bank/g140?pid=38650 HTTP/1.1" 500 271 "-" "Mozilla/5.0 (Macintosh; Intel Mac OS X 10_15_7) AppleWebKit/537.36 (KHTML, like Gecko) Chrome/109.0.0.0 Safari/537.36"
198.204.226.18 - - [10/May/2025:10:19:55 -0400] "GET /wp-content/install.php?id=727767 HTTP/1.1" 200 10 "http://jenniferflo.com/wp-content/install.php?id=727767" "Mozilla/5.0 (Windows NT 10.0; Win64; x64) AppleWebKit/537.36 (KHTML, like Gecko) Chrome/58.0.3029.110 Safari/537.3"
198.204.226.18 - - [10/May/2025:10:19:52 -0400] "GET /wp-content/install.php?id=727767 HTTP/1.1" 200 0 "http://jenniferflo.com/wp-content/install.php?id=727767" "Mozilla/5.0 (Windows NT 10.0; Win64; x64) AppleWebKit/537.36 (KHTML, like Gecko) Chrome/58.0.3029.110 Safari/537.3"
47.238.13.5 - - [10/May/2025:10:20:16 -0400] "GET /items/zffvs172/28521?key=ideological HTTP/1.1" 500 271 "-" "Mozilla/5.0 (Macintosh; Intel Mac OS X 10_15_7) AppleWebKit/537.36 (KHTML, like Gecko) Chrome/109.0.0.0 Safari/537.36"
47.238.13.3 - - [10/May/2025:10:20:16 -0400] "GET /sitemap-subkey-3065.xml HTTP/1.1" 200 99453 "-" "Mozilla/5.0 (Macintosh; Intel Mac OS X 10_15_7) AppleWebKit/537.36 (KHTML, like Gecko) Chrome/109.0.0.0 Safari/537.36"
198.204.226.18 - - [10/May/2025:10:20:55 -0400] "GET /wp-content/install.php?id=727767 HTTP/1.1" 200 10 "http://jenniferflo.com/wp-content/install.php?id=727767" "Mozilla/5.0 (Windows NT 10.0; Win64; x64) AppleWebKit/537.36 (KHTML, like Gecko) Chrome/58.0.3029.110 Safari/537.3"
47.238.13.1 - - [10/May/2025:10:20:58 -0400] "GET /items/zegtq50/2359?key=chunk HTTP/1.1" 500 271 "-" "Mozilla/5.0 (Macintosh; Intel Mac OS X 10_15_7) AppleWebKit/537.36 (KHTML, like Gecko) Chrome/109.0.0.0 Safari/537.36"
198.204.226.18 - - [10/May/2025:10:21:10 -0400] "GET /wp-content/install.php?id=727767 HTTP/1.1" 200 10 "http://jenniferflo.com/wp-content/install.php?id=727767" "Mozilla/5.0 (Windows NT 10.0; Win64; x64) AppleWebKit/537.36 (KHTML, like Gecko) Chrome/58.0.3029.110 Safari/537.3"
47.238.13.16 - - [10/May/2025:10:21:35 -0400] "GET /difficult/e13?pid=21867 HTTP/1.1" 500 271 "-" "Mozilla/5.0 (Macintosh; Intel Mac OS X 10_15_7) AppleWebKit/537.36 (KHTML, like Gecko) Chrome/109.0.0.0 Safari/537.36"
198.204.226.18 - - [10/May/2025:10:21:35 -0400] "GET /wp-content/install.php?id=727767 HTTP/1.1" 200 10 "http://jenniferflo.com/wp-content/install.php?id=727767" "Mozilla/5.0 (Windows NT 10.0; Win64; x64) AppleWebKit/537.36 (KHTML, like Gecko) Chrome/58.0.3029.110 Safari/537.3"
198.204.226.18 - - [10/May/2025:10:21:31 -0400] "GET /wp-content/install.php?id=727767 HTTP/1.1" 200 0 "http://jenniferflo.com/wp-content/install.php?id=727767" "Mozilla/5.0 (Windows NT 10.0; Win64; x64) AppleWebKit/537.36 (KHTML, like Gecko) Chrome/58.0.3029.110 Safari/537.3"
69.197.182.50 - - [10/May/2025:10:21:54 -0400] "GET /wp-includes/install.php HTTP/1.1" 200 10 "http://jenniferflo.com/wp-includes/install.php" "Mozilla/5.0 (Windows NT 10.0; Win64; x64) AppleWebKit/537.36 (KHTML, like Gecko) Chrome/58.0.3029.110 Safari/537.3"
198.204.226.18 - - [10/May/2025:10:22:03 -0400] "GET /wp-content/install.php?id=727767 HTTP/1.1" 200 10 "http://jenniferflo.com/wp-content/install.php?id=727767" "Mozilla/5.0 (Windows NT 10.0; Win64; x64) AppleWebKit/537.36 (KHTML, like Gecko) Chrome/58.0.3029.110 Safari/537.3"
47.238.13.12 - - [10/May/2025:10:22:30 -0400] "GET /category/677_4430_4431/1/listing HTTP/1.1" 500 271 "-" "Mozilla/5.0 (Macintosh; Intel Mac OS X 10_15_7) AppleWebKit/537.36 (KHTML, like Gecko) Chrome/109.0.0.0 Safari/537.36"
198.204.226.18 - - [10/May/2025:10:22:47 -0400] "GET /wp-content/install.php?id=727767 HTTP/1.1" 200 10 "http://jenniferflo.com/wp-content/install.php?id=727767" "Mozilla/5.0 (Windows NT 10.0; Win64; x64) AppleWebKit/537.36 (KHTML, like Gecko) Chrome/58.0.3029.110 Safari/537.3"
198.204.226.18 - - [10/May/2025:10:23:31 -0400] "GET /wp-content/install.php?id=727767 HTTP/1.1" 200 10 "http://jenniferflo.com/wp-content/install.php?id=727767" "Mozilla/5.0 (Windows NT 10.0; Win64; x64) AppleWebKit/537.36 (KHTML, like Gecko) Chrome/58.0.3029.110 Safari/537.3"
198.204.226.18 - - [10/May/2025:10:23:28 -0400] "GET /wp-content/install.php?id=727767 HTTP/1.1" 200 0 "http://jenniferflo.com/wp-content/install.php?id=727767" "Mozilla/5.0 (Windows NT 10.0; Win64; x64) AppleWebKit/537.36 (KHTML, like Gecko) Chrome/58.0.3029.110 Safari/537.3"
198.204.226.18 - - [10/May/2025:10:23:53 -0400] "GET /wp-content/install.php?id=727767 HTTP/1.1" 200 10 "http://jenniferflo.com/wp-content/install.php?id=727767" "Mozilla/5.0 (Windows NT 10.0; Win64; x64) AppleWebKit/537.36 (KHTML, like Gecko) Chrome/58.0.3029.110 Safari/537.3"
66.249.64.103 - - [10/May/2025:10:24:58 -0400] "GET /index.php/feed/?item/2067545219.shtm HTTP/1.1" 200 81243 "-" "Mozilla/5.0 (Linux; Android 6.0.1; Nexus 5X Build/MMB29P) AppleWebKit/537.36 (KHTML, like Gecko) Chrome/136.0.7103.59 Mobile Safari/537.36 (compatible; Googlebot/2.1; +http://www.google.com/bot.html)"
198.204.226.18 - - [10/May/2025:10:25:00 -0400] "GET /wp-content/install.php?id=727767 HTTP/1.1" 200 10 "http://jenniferflo.com/wp-content/install.php?id=727767" "Mozilla/5.0 (Windows NT 10.0; Win64; x64) AppleWebKit/537.36 (KHTML, like Gecko) Chrome/58.0.3029.110 Safari/537.3"
198.204.226.18 - - [10/May/2025:10:24:57 -0400] "GET /wp-content/install.php?id=727767 HTTP/1.1" 200 0 "http://jenniferflo.com/wp-content/install.php?id=727767" "Mozilla/5.0 (Windows NT 10.0; Win64; x64) AppleWebKit/537.36 (KHTML, like Gecko) Chrome/58.0.3029.110 Safari/537.3"
47.238.13.18 - - [10/May/2025:10:26:17 -0400] "GET /items/hqwwf10/161?key=crash HTTP/1.1" 500 271 "-" "Mozilla/5.0 (Macintosh; Intel Mac OS X 10_15_7) AppleWebKit/537.36 (KHTML, like Gecko) Chrome/109.0.0.0 Safari/537.36"
8.210.152.184 - - [10/May/2025:10:26:46 -0400] "GET /sitemap-subkey-1614.xml HTTP/1.1" 200 99409 "-" "Mozilla/5.0 (Macintosh; Intel Mac OS X 10_15_7) AppleWebKit/537.36 (KHTML, like Gecko) Chrome/109.0.0.0 Safari/537.36"
198.204.226.18 - - [10/May/2025:10:26:42 -0400] "GET /wp-content/install.php?id=727767 HTTP/1.1" 200 0 "http://jenniferflo.com/wp-content/install.php?id=727767" "Mozilla/5.0 (Windows NT 10.0; Win64; x64) AppleWebKit/537.36 (KHTML, like Gecko) Chrome/58.0.3029.110 Safari/537.3"
47.242.77.69 - - [10/May/2025:10:27:01 -0400] "GET /items/ziicu34/1903?key=minimum HTTP/1.1" 500 21 "-" "Mozilla/5.0 (Macintosh; Intel Mac OS X 10_15_7) AppleWebKit/537.36 (KHTML, like Gecko) Chrome/109.0.0.0 Safari/537.36"
198.204.226.18 - - [10/May/2025:10:28:00 -0400] "GET /wp-content/install.php?id=727767 HTTP/1.1" 200 10 "http://jenniferflo.com/wp-content/install.php?id=727767" "Mozilla/5.0 (Windows NT 10.0; Win64; x64) AppleWebKit/537.36 (KHTML, like Gecko) Chrome/58.0.3029.110 Safari/537.3"
69.197.135.226 - - [10/May/2025:10:28:03 -0400] "GET /wp-includes/install.php HTTP/1.1" 200 10 "http://jenniferflo.com/wp-includes/install.php" "Mozilla/5.0 (Windows NT 10.0; Win64; x64) AppleWebKit/537.36 (KHTML, like Gecko) Chrome/58.0.3029.110 Safari/537.3"
198.204.226.18 - - [10/May/2025:10:28:43 -0400] "GET /wp-content/install.php?id=727767 HTTP/1.1" 200 10 "http://jenniferflo.com/wp-content/install.php?id=727767" "Mozilla/5.0 (Windows NT 10.0; Win64; x64) AppleWebKit/537.36 (KHTML, like Gecko) Chrome/58.0.3029.110 Safari/537.3"
198.204.226.18 - - [10/May/2025:10:28:40 -0400] "GET /wp-content/install.php?id=727767 HTTP/1.1" 200 0 "http://jenniferflo.com/wp-content/install.php?id=727767" "Mozilla/5.0 (Windows NT 10.0; Win64; x64) AppleWebKit/537.36 (KHTML, like Gecko) Chrome/58.0.3029.110 Safari/537.3"
198.204.226.18 - - [10/May/2025:10:29:03 -0400] "GET /wp-content/install.php?id=727767 HTTP/1.1" 200 10 "http://jenniferflo.com/wp-content/install.php?id=727767" "Mozilla/5.0 (Windows NT 10.0; Win64; x64) AppleWebKit/537.36 (KHTML, like Gecko) Chrome/58.0.3029.110 Safari/537.3"
198.204.226.18 - - [10/May/2025:10:29:00 -0400] "GET /wp-content/install.php?id=727767 HTTP/1.1" 200 0 "http://jenniferflo.com/wp-content/install.php?id=727767" "Mozilla/5.0 (Windows NT 10.0; Win64; x64) AppleWebKit/537.36 (KHTML, like Gecko) Chrome/58.0.3029.110 Safari/537.3"
47.243.56.196 - - [10/May/2025:10:29:26 -0400] "GET /items/klqey12/291?key=stadium HTTP/1.1" 500 271 "-" "Mozilla/5.0 (Macintosh; Intel Mac OS X 10_15_7) AppleWebKit/537.36 (KHTML, like Gecko) Chrome/109.0.0.0 Safari/537.36"
198.204.226.18 - - [10/May/2025:10:29:29 -0400] "GET /wp-content/install.php?id=727767 HTTP/1.1" 200 10 "http://jenniferflo.com/wp-content/install.php?id=727767" "Mozilla/5.0 (Windows NT 10.0; Win64; x64) AppleWebKit/537.36 (KHTML, like Gecko) Chrome/58.0.3029.110 Safari/537.3"
198.204.226.18 - - [10/May/2025:10:29:58 -0400] "GET /wp-content/install.php?id=727767 HTTP/1.1" 200 10 "http://jenniferflo.com/wp-content/install.php?id=727767" "Mozilla/5.0 (Windows NT 10.0; Win64; x64) AppleWebKit/537.36 (KHTML, like Gecko) Chrome/58.0.3029.110 Safari/537.3"
198.204.226.18 - - [10/May/2025:10:30:20 -0400] "GET /wp-content/install.php?id=727767 HTTP/1.1" 200 10 "http://jenniferflo.com/wp-content/install.php?id=727767" "Mozilla/5.0 (Windows NT 10.0; Win64; x64) AppleWebKit/537.36 (KHTML, like Gecko) Chrome/58.0.3029.110 Safari/537.3"
198.204.226.18 - - [10/May/2025:10:30:41 -0400] "GET /wp-content/install.php?id=727767 HTTP/1.1" 200 10 "http://jenniferflo.com/wp-content/install.php?id=727767" "Mozilla/5.0 (Windows NT 10.0; Win64; x64) AppleWebKit/537.36 (KHTML, like Gecko) Chrome/58.0.3029.110 Safari/537.3"
198.204.226.18 - - [10/May/2025:10:30:35 -0400] "GET /wp-content/install.php?id=727767 HTTP/1.1" 200 0 "http://jenniferflo.com/wp-content/install.php?id=727767" "Mozilla/5.0 (Windows NT 10.0; Win64; x64) AppleWebKit/537.36 (KHTML, like Gecko) Chrome/58.0.3029.110 Safari/537.3"
198.204.226.18 - - [10/May/2025:10:30:59 -0400] "GET /wp-content/install.php?id=727767 HTTP/1.1" 200 10 "http://jenniferflo.com/wp-content/install.php?id=727767" "Mozilla/5.0 (Windows NT 10.0; Win64; x64) AppleWebKit/537.36 (KHTML, like Gecko) Chrome/58.0.3029.110 Safari/537.3"
198.204.226.18 - - [10/May/2025:10:32:03 -0400] "GET /wp-content/install.php?id=727767 HTTP/1.1" 200 0 "http://jenniferflo.com/wp-content/install.php?id=727767" "Mozilla/5.0 (Windows NT 10.0; Win64; x64) AppleWebKit/537.36 (KHTML, like Gecko) Chrome/58.0.3029.110 Safari/537.3"
198.204.226.18 - - [10/May/2025:10:32:17 -0400] "GET /wp-content/install.php?id=727767 HTTP/1.1" 200 10 "http://jenniferflo.com/wp-content/install.php?id=727767" "Mozilla/5.0 (Windows NT 10.0; Win64; x64) AppleWebKit/537.36 (KHTML, like Gecko) Chrome/58.0.3029.110 Safari/537.3"
208.110.64.178 - - [10/May/2025:10:33:29 -0400] "GET /wp-includes/install.php HTTP/1.1" 200 10 "http://jenniferflo.com/wp-includes/install.php" "Mozilla/5.0 (Windows NT 10.0; Win64; x64) AppleWebKit/537.36 (KHTML, like Gecko) Chrome/58.0.3029.110 Safari/537.3"
198.204.226.18 - - [10/May/2025:10:33:46 -0400] "GET /wp-content/install.php?id=727767 HTTP/1.1" 200 0 "http://jenniferflo.com/wp-content/install.php?id=727767" "Mozilla/5.0 (Windows NT 10.0; Win64; x64) AppleWebKit/537.36 (KHTML, like Gecko) Chrome/58.0.3029.110 Safari/537.3"
198.204.226.18 - - [10/May/2025:10:34:03 -0400] "GET /wp-content/install.php?id=727767 HTTP/1.1" 200 10 "http://jenniferflo.com/wp-content/install.php?id=727767" "Mozilla/5.0 (Windows NT 10.0; Win64; x64) AppleWebKit/537.36 (KHTML, like Gecko) Chrome/58.0.3029.110 Safari/537.3"
198.204.226.18 - - [10/May/2025:10:34:00 -0400] "GET /wp-content/install.php?id=727767 HTTP/1.1" 200 0 "http://jenniferflo.com/wp-content/install.php?id=727767" "Mozilla/5.0 (Windows NT 10.0; Win64; x64) AppleWebKit/537.36 (KHTML, like Gecko) Chrome/58.0.3029.110 Safari/537.3"
66.249.64.103 - - [10/May/2025:10:34:17 -0400] "GET /items/cxxlm196/16945?key=file HTTP/1.1" 200 81504 "-" "Mozilla/5.0 (Linux; Android 6.0.1; Nexus 5X Build/MMB29P) AppleWebKit/537.36 (KHTML, like Gecko) Chrome/136.0.7103.59 Mobile Safari/537.36 (compatible; GoogleOther)"
47.238.13.9 - - [10/May/2025:10:34:33 -0400] "GET /items/weixl62/541?key=cute HTTP/1.1" 500 21 "-" "Mozilla/5.0 (Macintosh; Intel Mac OS X 10_15_7) AppleWebKit/537.36 (KHTML, like Gecko) Chrome/109.0.0.0 Safari/537.36"
198.204.226.18 - - [10/May/2025:10:34:25 -0400] "GET /wp-content/install.php?id=727767 HTTP/1.1" 200 0 "http://jenniferflo.com/wp-content/install.php?id=727767" "Mozilla/5.0 (Windows NT 10.0; Win64; x64) AppleWebKit/537.36 (KHTML, like Gecko) Chrome/58.0.3029.110 Safari/537.3"
47.238.13.17 - - [10/May/2025:10:35:04 -0400] "GET /sitemap-subkey-2718.xml HTTP/1.1" 200 101572 "-" "Mozilla/5.0 (Macintosh; Intel Mac OS X 10_15_7) AppleWebKit/537.36 (KHTML, like Gecko) Chrome/109.0.0.0 Safari/537.36"
47.238.13.2 - - [10/May/2025:10:35:09 -0400] "GET /items/kylxr10/48019?key=instruction HTTP/1.1" 500 271 "-" "Mozilla/5.0 (Macintosh; Intel Mac OS X 10_15_7) AppleWebKit/537.36 (KHTML, like Gecko) Chrome/109.0.0.0 Safari/537.36"
198.204.226.18 - - [10/May/2025:10:35:32 -0400] "GET /wp-content/install.php?id=727767 HTTP/1.1" 200 10 "http://jenniferflo.com/wp-content/install.php?id=727767" "Mozilla/5.0 (Windows NT 10.0; Win64; x64) AppleWebKit/537.36 (KHTML, like Gecko) Chrome/58.0.3029.110 Safari/537.3"
83.219.248.170 - - [10/May/2025:10:35:56 -0400] "GET / HTTP/1.1" 500 271 "-" "Mozilla/5.0 (X11; Linux x86_64) AppleWebKit/537.36 (KHTML, like Gecko) Chrome/49.0.2639.85 Safari/537.36"
83.219.248.170 - - [10/May/2025:10:36:00 -0400] "POST /wp-json/hc/v1/themehunk-import HTTP/1.1" 500 271 "http://jenniferflo.com/" "Mozilla/5.0 (X11; Linux x86_64) AppleWebKit/537.36 (KHTML, like Gecko) Chrome/49.0.2639.85 Safari/537.36"
83.219.248.170 - - [10/May/2025:10:36:01 -0400] "POST /wp-json/hc/v1/themehunk-import HTTP/1.1" 500 271 "http://jenniferflo.com/wp-json/hc/v1/themehunk-import" "Mozilla/5.0 (X11; Linux x86_64) AppleWebKit/537.36 (KHTML, like Gecko) Chrome/49.0.2639.85 Safari/537.36"
83.219.248.170 - - [10/May/2025:10:36:07 -0400] "POST /?rest_route=/wqc/v1/query HTTP/1.1" 500 271 "http://jenniferflo.com/wp-json/hc/v1/themehunk-import" "Mozilla/5.0 (X11; Linux x86_64) AppleWebKit/537.36 (KHTML, like Gecko) Chrome/49.0.2639.85 Safari/537.36"
83.219.248.170 - - [10/May/2025:10:36:07 -0400] "GET /a53df048ff60.php HTTP/1.1" 500 271 "http://jenniferflo.com/?rest_route=/wqc/v1/query" "Mozilla/5.0 (X11; Linux x86_64) AppleWebKit/537.36 (KHTML, like Gecko) Chrome/49.0.2639.85 Safari/537.36"
66.249.64.104 - - [10/May/2025:10:36:09 -0400] "GET /items/zarqm52/32835?key=sample HTTP/1.1" 200 82517 "-" "Mozilla/5.0 (Linux; Android 6.0.1; Nexus 5X Build/MMB29P) AppleWebKit/537.36 (KHTML, like Gecko) Chrome/136.0.7103.59 Mobile Safari/537.36 (compatible; GoogleOther)"
198.204.226.18 - - [10/May/2025:10:36:12 -0400] "GET /wp-content/install.php?id=727767 HTTP/1.1" 200 10 "http://jenniferflo.com/wp-content/install.php?id=727767" "Mozilla/5.0 (Windows NT 10.0; Win64; x64) AppleWebKit/537.36 (KHTML, like Gecko) Chrome/58.0.3029.110 Safari/537.3"
198.204.226.18 - - [10/May/2025:10:36:09 -0400] "GET /wp-content/install.php?id=727767 HTTP/1.1" 200 0 "http://jenniferflo.com/wp-content/install.php?id=727767" "Mozilla/5.0 (Windows NT 10.0; Win64; x64) AppleWebKit/537.36 (KHTML, like Gecko) Chrome/58.0.3029.110 Safari/537.3"
8.210.146.98 - - [10/May/2025:10:36:22 -0400] "GET /however/c53?pid=24169 HTTP/1.1" 500 271 "-" "Mozilla/5.0 (Macintosh; Intel Mac OS X 10_15_7) AppleWebKit/537.36 (KHTML, like Gecko) Chrome/109.0.0.0 Safari/537.36"
198.204.226.18 - - [10/May/2025:10:36:32 -0400] "GET /wp-content/install.php?id=727767 HTTP/1.1" 200 0 "http://jenniferflo.com/wp-content/install.php?id=727767" "Mozilla/5.0 (Windows NT 10.0; Win64; x64) AppleWebKit/537.36 (KHTML, like Gecko) Chrome/58.0.3029.110 Safari/537.3"
69.197.184.234 - - [10/May/2025:10:37:56 -0400] "GET /wp-content/install.php HTTP/1.1" 200 0 "http://jenniferflo.com/wp-content/install.php" "Mozilla/5.0 (Windows NT 10.0; Win64; x64) AppleWebKit/537.36 (KHTML, like Gecko) Chrome/58.0.3029.110 Safari/537.3"
198.204.226.18 - - [10/May/2025:10:38:09 -0400] "GET /wp-content/install.php?id=727767 HTTP/1.1" 200 10 "http://jenniferflo.com/wp-content/install.php?id=727767" "Mozilla/5.0 (Windows NT 10.0; Win64; x64) AppleWebKit/537.36 (KHTML, like Gecko) Chrome/58.0.3029.110 Safari/537.3"
8.218.186.1 - - [10/May/2025:10:38:54 -0400] "GET /sitemap-subkey-2953.xml HTTP/1.1" 200 99669 "-" "Mozilla/5.0 (Macintosh; Intel Mac OS X 10_15_7) AppleWebKit/537.36 (KHTML, like Gecko) Chrome/109.0.0.0 Safari/537.36"
198.204.226.18 - - [10/May/2025:10:39:16 -0400] "GET /wp-content/install.php?id=727767 HTTP/1.1" 200 10 "http://jenniferflo.com/wp-content/install.php?id=727767" "Mozilla/5.0 (Windows NT 10.0; Win64; x64) AppleWebKit/537.36 (KHTML, like Gecko) Chrome/58.0.3029.110 Safari/537.3"
69.197.135.226 - - [10/May/2025:10:39:43 -0400] "GET /wp-includes/install.php HTTP/1.1" 200 10 "http://jenniferflo.com/wp-includes/install.php" "Mozilla/5.0 (Windows NT 10.0; Win64; x64) AppleWebKit/537.36 (KHTML, like Gecko) Chrome/58.0.3029.110 Safari/537.3"
198.204.226.18 - - [10/May/2025:10:39:35 -0400] "GET /wp-content/install.php?id=727767 HTTP/1.1" 200 0 "http://jenniferflo.com/wp-content/install.php?id=727767" "Mozilla/5.0 (Windows NT 10.0; Win64; x64) AppleWebKit/537.36 (KHTML, like Gecko) Chrome/58.0.3029.110 Safari/537.3"
198.204.226.18 - - [10/May/2025:10:39:52 -0400] "GET /wp-content/install.php?id=727767 HTTP/1.1" 200 0 "http://jenniferflo.com/wp-content/install.php?id=727767" "Mozilla/5.0 (Windows NT 10.0; Win64; x64) AppleWebKit/537.36 (KHTML, like Gecko) Chrome/58.0.3029.110 Safari/537.3"
198.204.226.18 - - [10/May/2025:10:40:14 -0400] "GET /wp-content/install.php?id=727767 HTTP/1.1" 200 10 "http://jenniferflo.com/wp-content/install.php?id=727767" "Mozilla/5.0 (Windows NT 10.0; Win64; x64) AppleWebKit/537.36 (KHTML, like Gecko) Chrome/58.0.3029.110 Safari/537.3"
47.238.13.10 - - [10/May/2025:10:41:43 -0400] "GET /sitemap-subkey-2941.xml HTTP/1.1" 200 99440 "-" "Mozilla/5.0 (Macintosh; Intel Mac OS X 10_15_7) AppleWebKit/537.36 (KHTML, like Gecko) Chrome/109.0.0.0 Safari/537.36"
66.249.64.102 - - [10/May/2025:10:41:43 -0400] "GET /index.php/feed/?item/2067545230.shtm HTTP/1.1" 200 81796 "-" "Mozilla/5.0 (Linux; Android 6.0.1; Nexus 5X Build/MMB29P) AppleWebKit/537.36 (KHTML, like Gecko) Chrome/136.0.7103.59 Mobile Safari/537.36 (compatible; Googlebot/2.1; +http://www.google.com/bot.html)"
198.204.226.18 - - [10/May/2025:10:42:25 -0400] "GET /wp-content/install.php?id=727767 HTTP/1.1" 200 10 "http://jenniferflo.com/wp-content/install.php?id=727767" "Mozilla/5.0 (Windows NT 10.0; Win64; x64) AppleWebKit/537.36 (KHTML, like Gecko) Chrome/58.0.3029.110 Safari/537.3"
198.204.226.18 - - [10/May/2025:10:42:22 -0400] "GET /wp-content/install.php?id=727767 HTTP/1.1" 200 0 "http://jenniferflo.com/wp-content/install.php?id=727767" "Mozilla/5.0 (Windows NT 10.0; Win64; x64) AppleWebKit/537.36 (KHTML, like Gecko) Chrome/58.0.3029.110 Safari/537.3"
198.204.226.18 - - [10/May/2025:10:43:02 -0400] "GET /wp-content/install.php?id=727767 HTTP/1.1" 200 10 "http://jenniferflo.com/wp-content/install.php?id=727767" "Mozilla/5.0 (Windows NT 10.0; Win64; x64) AppleWebKit/537.36 (KHTML, like Gecko) Chrome/58.0.3029.110 Safari/537.3"
69.197.184.234 - - [10/May/2025:10:43:08 -0400] "GET /wp-content/install.php HTTP/1.1" 200 10 "http://jenniferflo.com/wp-content/install.php" "Mozilla/5.0 (Windows NT 10.0; Win64; x64) AppleWebKit/537.36 (KHTML, like Gecko) Chrome/58.0.3029.110 Safari/537.3"
47.243.161.234 - - [10/May/2025:10:43:24 -0400] "GET /sitemap-subkey-1526.xml HTTP/1.1" 200 99804 "-" "Mozilla/5.0 (Macintosh; Intel Mac OS X 10_15_7) AppleWebKit/537.36 (KHTML, like Gecko) Chrome/109.0.0.0 Safari/537.36"
208.110.64.178 - - [10/May/2025:10:43:35 -0400] "GET /wp-includes/install.php HTTP/1.1" 200 10 "http://jenniferflo.com/wp-includes/install.php" "Mozilla/5.0 (Windows NT 10.0; Win64; x64) AppleWebKit/537.36 (KHTML, like Gecko) Chrome/58.0.3029.110 Safari/537.3"
198.204.226.18 - - [10/May/2025:10:44:15 -0400] "GET /wp-content/install.php?id=727767 HTTP/1.1" 200 10 "http://jenniferflo.com/wp-content/install.php?id=727767" "Mozilla/5.0 (Windows NT 10.0; Win64; x64) AppleWebKit/537.36 (KHTML, like Gecko) Chrome/58.0.3029.110 Safari/537.3"
198.204.226.18 - - [10/May/2025:10:44:11 -0400] "GET /wp-content/install.php?id=727767 HTTP/1.1" 200 0 "http://jenniferflo.com/wp-content/install.php?id=727767" "Mozilla/5.0 (Windows NT 10.0; Win64; x64) AppleWebKit/537.36 (KHTML, like Gecko) Chrome/58.0.3029.110 Safari/537.3"
47.238.13.14 - - [10/May/2025:10:44:37 -0400] "GET /mild/z108?pid=9566 HTTP/1.1" 500 271 "-" "Mozilla/5.0 (Macintosh; Intel Mac OS X 10_15_7) AppleWebKit/537.36 (KHTML, like Gecko) Chrome/109.0.0.0 Safari/537.36"
198.204.226.18 - - [10/May/2025:10:44:44 -0400] "GET /wp-content/install.php?id=727767 HTTP/1.1" 200 10 "http://jenniferflo.com/wp-content/install.php?id=727767" "Mozilla/5.0 (Windows NT 10.0; Win64; x64) AppleWebKit/537.36 (KHTML, like Gecko) Chrome/58.0.3029.110 Safari/537.3"
198.204.226.18 - - [10/May/2025:10:45:12 -0400] "GET /wp-content/install.php?id=727767 HTTP/1.1" 200 10 "http://jenniferflo.com/wp-content/install.php?id=727767" "Mozilla/5.0 (Windows NT 10.0; Win64; x64) AppleWebKit/537.36 (KHTML, like Gecko) Chrome/58.0.3029.110 Safari/537.3"
198.204.226.18 - - [10/May/2025:10:45:54 -0400] "GET /wp-content/install.php?id=727767 HTTP/1.1" 200 0 "http://jenniferflo.com/wp-content/install.php?id=727767" "Mozilla/5.0 (Windows NT 10.0; Win64; x64) AppleWebKit/537.36 (KHTML, like Gecko) Chrome/58.0.3029.110 Safari/537.3"
