198.204.226.18 - - [24/May/2025:18:09:17 -0400] "GET /wp-content/install.php HTTP/1.1" 200 10 "http://jenniferflo.com/wp-content/install.php" "Mozilla/5.0 (Windows NT 10.0; Win64; x64) AppleWebKit/537.36 (KHTML, like Gecko) Chrome/58.0.3029.110 Safari/537.3"
198.204.226.18 - - [24/May/2025:18:09:13 -0400] "GET /wp-content/install.php HTTP/1.1" 200 0 "http://jenniferflo.com/wp-content/install.php" "Mozilla/5.0 (Windows NT 10.0; Win64; x64) AppleWebKit/537.36 (KHTML, like Gecko) Chrome/58.0.3029.110 Safari/537.3"
47.238.14.12 - - [24/May/2025:18:09:24 -0400] "GET /items/hpunq13/218?key=furthermore HTTP/1.1" 500 271 "-" "Mozilla/5.0 (Macintosh; Intel Mac OS X 10_15_7) AppleWebKit/537.36 (KHTML, like Gecko) Chrome/109.0.0.0 Safari/537.36"
47.238.13.11 - - [24/May/2025:18:09:40 -0400] "GET /pages.php?product/C46?z=search&l=24852 HTTP/1.1" 200 10135 "-" "Mozilla/5.0 (Macintosh; Intel Mac OS X 10_15_7) AppleWebKit/537.36 (KHTML, like Gecko) Chrome/109.0.0.0 Safari/537.36"
47.238.13.13 - - [24/May/2025:18:10:18 -0400] "GET /search.php?081011287.htm HTTP/1.1" 200 13657 "-" "Mozilla/5.0 (Macintosh; Intel Mac OS X 10_15_7) AppleWebKit/537.36 (KHTML, like Gecko) Chrome/109.0.0.0 Safari/537.36"
212.11.64.144 - - [24/May/2025:18:10:54 -0400] "GET //wp-admin/images/man.php HTTP/1.1" 500 21 "http://jenniferflo.com/" "Mozilla/5.0 (Windows NT 10.0; Win64; x64) AppleWebKit/537.36 (KHTML, like Gecko) Chrome/121.0.0.0 Safari/537.36"
198.204.226.18 - - [24/May/2025:18:11:00 -0400] "GET /wp-content/install.php HTTP/1.1" 200 10 "http://jenniferflo.com/wp-content/install.php" "Mozilla/5.0 (Windows NT 10.0; Win64; x64) AppleWebKit/537.36 (KHTML, like Gecko) Chrome/58.0.3029.110 Safari/537.3"
198.204.226.18 - - [24/May/2025:18:10:57 -0400] "GET /wp-content/install.php HTTP/1.1" 200 0 "http://jenniferflo.com/wp-content/install.php" "Mozilla/5.0 (Windows NT 10.0; Win64; x64) AppleWebKit/537.36 (KHTML, like Gecko) Chrome/58.0.3029.110 Safari/537.3"
198.204.226.18 - - [24/May/2025:18:11:20 -0400] "GET /wp-content/install.php HTTP/1.1" 200 10 "http://jenniferflo.com/wp-content/install.php" "Mozilla/5.0 (Windows NT 10.0; Win64; x64) AppleWebKit/537.36 (KHTML, like Gecko) Chrome/58.0.3029.110 Safari/537.3"
47.238.13.11 - - [24/May/2025:18:11:23 -0400] "GET /continued/e15?pid=533 HTTP/1.1" 500 271 "-" "Mozilla/5.0 (Macintosh; Intel Mac OS X 10_15_7) AppleWebKit/537.36 (KHTML, like Gecko) Chrome/109.0.0.0 Safari/537.36"
69.197.135.226 - - [24/May/2025:18:11:31 -0400] "GET /wp-includes/install.php HTTP/1.1" 200 10 "http://jenniferflo.com/wp-includes/install.php" "Mozilla/5.0 (Windows NT 10.0; Win64; x64) AppleWebKit/537.36 (KHTML, like Gecko) Chrome/58.0.3029.110 Safari/537.3"
47.238.14.12 - - [24/May/2025:18:11:35 -0400] "GET /device/e210?pid=15846 HTTP/1.1" 500 271 "-" "Mozilla/5.0 (Macintosh; Intel Mac OS X 10_15_7) AppleWebKit/537.36 (KHTML, like Gecko) Chrome/109.0.0.0 Safari/537.36"
47.238.13.6 - - [24/May/2025:18:11:47 -0400] "GET /items/sbhoz64/9415?key=constitution HTTP/1.1" 500 271 "-" "Mozilla/5.0 (Macintosh; Intel Mac OS X 10_15_7) AppleWebKit/537.36 (KHTML, like Gecko) Chrome/109.0.0.0 Safari/537.36"
198.204.226.18 - - [24/May/2025:18:12:39 -0400] "GET /wp-content/install.php HTTP/1.1" 200 10 "http://jenniferflo.com/wp-content/install.php" "Mozilla/5.0 (Windows NT 10.0; Win64; x64) AppleWebKit/537.36 (KHTML, like Gecko) Chrome/58.0.3029.110 Safari/537.3"
198.204.226.18 - - [24/May/2025:18:12:35 -0400] "GET /wp-content/install.php HTTP/1.1" 200 0 "http://jenniferflo.com/wp-content/install.php" "Mozilla/5.0 (Windows NT 10.0; Win64; x64) AppleWebKit/537.36 (KHTML, like Gecko) Chrome/58.0.3029.110 Safari/537.3"
47.242.77.69 - - [24/May/2025:18:13:07 -0400] "GET /unfold/i94?pid=38214 HTTP/1.1" 500 271 "-" "Mozilla/5.0 (Macintosh; Intel Mac OS X 10_15_7) AppleWebKit/537.36 (KHTML, like Gecko) Chrome/109.0.0.0 Safari/537.36"
34.53.113.38 - - [24/May/2025:18:13:53 -0400] "GET /index.php/five-reasons-to-wear-diabetic-shoes/ HTTP/1.1" 500 198 "-" "Mozilla/5.0 (Macintosh; Intel Mac OS X 10_15_7) AppleWebKit/605.1.15 (KHTML, like Gecko) Version/17.0 Safari/605.1.15"
198.204.226.18 - - [24/May/2025:18:14:28 -0400] "GET /wp-content/install.php HTTP/1.1" 200 10 "http://jenniferflo.com/wp-content/install.php" "Mozilla/5.0 (Windows NT 10.0; Win64; x64) AppleWebKit/537.36 (KHTML, like Gecko) Chrome/58.0.3029.110 Safari/537.3"
198.204.226.18 - - [24/May/2025:18:14:25 -0400] "GET /wp-content/install.php HTTP/1.1" 200 0 "http://jenniferflo.com/wp-content/install.php" "Mozilla/5.0 (Windows NT 10.0; Win64; x64) AppleWebKit/537.36 (KHTML, like Gecko) Chrome/58.0.3029.110 Safari/537.3"
212.11.64.144 - - [24/May/2025:18:14:37 -0400] "GET //wp-admin/images/kygtfhjv.php?action=768776e296b6f286f2a72607e276b62666c6d286 HTTP/1.1" 500 271 "http://jenniferflo.com/" "Mozilla/5.0 (Windows NT 10.0; Win64; x64) AppleWebKit/537.36 (KHTML, like Gecko) Chrome/121.0.0.0 Safari/537.36"
47.238.13.10 - - [24/May/2025:18:14:52 -0400] "GET /pages.php?products/275ua35978 HTTP/1.1" 200 10512 "-" "Mozilla/5.0 (Macintosh; Intel Mac OS X 10_15_7) AppleWebKit/537.36 (KHTML, like Gecko) Chrome/109.0.0.0 Safari/537.36"
198.204.226.18 - - [24/May/2025:18:15:56 -0400] "GET /wp-content/install.php HTTP/1.1" 200 10 "http://jenniferflo.com/wp-content/install.php" "Mozilla/5.0 (Windows NT 10.0; Win64; x64) AppleWebKit/537.36 (KHTML, like Gecko) Chrome/58.0.3029.110 Safari/537.3"
198.204.226.18 - - [24/May/2025:18:16:32 -0400] "GET /wp-content/install.php HTTP/1.1" 200 10 "http://jenniferflo.com/wp-content/install.php" "Mozilla/5.0 (Windows NT 10.0; Win64; x64) AppleWebKit/537.36 (KHTML, like Gecko) Chrome/58.0.3029.110 Safari/537.3"
47.238.13.14 - - [24/May/2025:18:16:35 -0400] "GET /my/j71?pid=24059 HTTP/1.1" 500 271 "-" "Mozilla/5.0 (Macintosh; Intel Mac OS X 10_15_7) AppleWebKit/537.36 (KHTML, like Gecko) Chrome/109.0.0.0 Safari/537.36"
198.204.226.18 - - [24/May/2025:18:16:28 -0400] "GET /wp-content/install.php HTTP/1.1" 200 0 "http://jenniferflo.com/wp-content/install.php" "Mozilla/5.0 (Windows NT 10.0; Win64; x64) AppleWebKit/537.36 (KHTML, like Gecko) Chrome/58.0.3029.110 Safari/537.3"
69.197.182.50 - - [24/May/2025:18:17:05 -0400] "GET /wp-includes/install.php HTTP/1.1" 200 10 "http://jenniferflo.com/wp-includes/install.php" "Mozilla/5.0 (Windows NT 10.0; Win64; x64) AppleWebKit/537.36 (KHTML, like Gecko) Chrome/58.0.3029.110 Safari/537.3"
47.238.13.11 - - [24/May/2025:18:17:50 -0400] "GET /items/vqwxp207/5330?key=hers HTTP/1.1" 500 271 "-" "Mozilla/5.0 (Macintosh; Intel Mac OS X 10_15_7) AppleWebKit/537.36 (KHTML, like Gecko) Chrome/109.0.0.0 Safari/537.36"
198.204.226.18 - - [24/May/2025:18:18:09 -0400] "GET /wp-content/install.php HTTP/1.1" 200 10 "http://jenniferflo.com/wp-content/install.php" "Mozilla/5.0 (Windows NT 10.0; Win64; x64) AppleWebKit/537.36 (KHTML, like Gecko) Chrome/58.0.3029.110 Safari/537.3"
198.204.226.18 - - [24/May/2025:18:18:06 -0400] "GET /wp-content/install.php HTTP/1.1" 200 0 "http://jenniferflo.com/wp-content/install.php" "Mozilla/5.0 (Windows NT 10.0; Win64; x64) AppleWebKit/537.36 (KHTML, like Gecko) Chrome/58.0.3029.110 Safari/537.3"
212.11.64.144 - - [24/May/2025:18:18:20 -0400] "GET //wp-admin/images/file.php HTTP/1.1" 500 271 "http://jenniferflo.com/" "Mozilla/5.0 (Windows NT 10.0; Win64; x64) AppleWebKit/537.36 (KHTML, like Gecko) Chrome/121.0.0.0 Safari/537.36"
47.238.13.7 - - [24/May/2025:18:18:36 -0400] "GET /sitemap-subkey-1967.xml HTTP/1.1" 200 53877 "-" "Mozilla/5.0 (Macintosh; Intel Mac OS X 10_15_7) AppleWebKit/537.36 (KHTML, like Gecko) Chrome/109.0.0.0 Safari/537.36"
198.204.226.18 - - [24/May/2025:18:18:55 -0400] "GET /wp-content/install.php HTTP/1.1" 200 10 "http://jenniferflo.com/wp-content/install.php" "Mozilla/5.0 (Windows NT 10.0; Win64; x64) AppleWebKit/537.36 (KHTML, like Gecko) Chrome/58.0.3029.110 Safari/537.3"
198.204.226.18 - - [24/May/2025:18:20:00 -0400] "GET /wp-content/install.php HTTP/1.1" 200 10 "http://jenniferflo.com/wp-content/install.php" "Mozilla/5.0 (Windows NT 10.0; Win64; x64) AppleWebKit/537.36 (KHTML, like Gecko) Chrome/58.0.3029.110 Safari/537.3"
198.204.226.18 - - [24/May/2025:18:19:56 -0400] "GET /wp-content/install.php HTTP/1.1" 200 0 "http://jenniferflo.com/wp-content/install.php" "Mozilla/5.0 (Windows NT 10.0; Win64; x64) AppleWebKit/537.36 (KHTML, like Gecko) Chrome/58.0.3029.110 Safari/537.3"
47.238.13.9 - - [24/May/2025:18:20:10 -0400] "GET /pages.php?category/4786_9042/3/listing HTTP/1.1" 200 12617 "-" "Mozilla/5.0 (Macintosh; Intel Mac OS X 10_15_7) AppleWebKit/537.36 (KHTML, like Gecko) Chrome/109.0.0.0 Safari/537.36"
8.210.218.201 - - [24/May/2025:18:20:53 -0400] "GET /ski/n182?pid=21678 HTTP/1.1" 500 271 "-" "Mozilla/5.0 (Macintosh; Intel Mac OS X 10_15_7) AppleWebKit/537.36 (KHTML, like Gecko) Chrome/109.0.0.0 Safari/537.36"
198.204.226.18 - - [24/May/2025:18:21:08 -0400] "GET /wp-content/install.php HTTP/1.1" 200 10 "http://jenniferflo.com/wp-content/install.php" "Mozilla/5.0 (Windows NT 10.0; Win64; x64) AppleWebKit/537.36 (KHTML, like Gecko) Chrome/58.0.3029.110 Safari/537.3"
47.238.13.18 - - [24/May/2025:18:21:53 -0400] "GET /search.php?items/001012026.html?srsltid=AfmBOowfhxEqMtBIQNKA9zn8RusKDLyT2wEFzGLIAyNyEn9KUEN2 HTTP/1.1" 200 12144 "-" "Mozilla/5.0 (Macintosh; Intel Mac OS X 10_15_7) AppleWebKit/537.36 (KHTML, like Gecko) Chrome/109.0.0.0 Safari/537.36"
212.11.64.144 - - [24/May/2025:18:22:03 -0400] "GET //wp-admin/images/duck.php HTTP/1.1" 500 21 "http://jenniferflo.com/" "Mozilla/5.0 (Windows NT 10.0; Win64; x64) AppleWebKit/537.36 (KHTML, like Gecko) Chrome/121.0.0.0 Safari/537.36"
47.238.13.15 - - [24/May/2025:18:22:33 -0400] "GET /sitemap-subkey-437.xml HTTP/1.1" 200 100052 "-" "Mozilla/5.0 (Macintosh; Intel Mac OS X 10_15_7) AppleWebKit/537.36 (KHTML, like Gecko) Chrome/109.0.0.0 Safari/537.36"
47.238.13.3 - - [24/May/2025:18:23:08 -0400] "GET /items/mjyyb47/46582?key=cash HTTP/1.1" 500 271 "-" "Mozilla/5.0 (Macintosh; Intel Mac OS X 10_15_7) AppleWebKit/537.36 (KHTML, like Gecko) Chrome/109.0.0.0 Safari/537.36"
47.238.13.17 - - [24/May/2025:18:23:15 -0400] "GET /pages.php?product/R46?p=search&l=24914 HTTP/1.1" 200 11168 "-" "Mozilla/5.0 (Macintosh; Intel Mac OS X 10_15_7) AppleWebKit/537.36 (KHTML, like Gecko) Chrome/109.0.0.0 Safari/537.36"
47.238.13.15 - - [24/May/2025:18:23:26 -0400] "GET /items/udmsj58/45233?key=prize HTTP/1.1" 500 271 "-" "Mozilla/5.0 (Macintosh; Intel Mac OS X 10_15_7) AppleWebKit/537.36 (KHTML, like Gecko) Chrome/109.0.0.0 Safari/537.36"
47.238.13.17 - - [24/May/2025:18:24:08 -0400] "GET /expectation/t14?pid=24270 HTTP/1.1" 500 271 "-" "Mozilla/5.0 (Macintosh; Intel Mac OS X 10_15_7) AppleWebKit/537.36 (KHTML, like Gecko) Chrome/109.0.0.0 Safari/537.36"
198.204.226.18 - - [24/May/2025:18:24:15 -0400] "GET /wp-content/install.php HTTP/1.1" 200 10 "http://jenniferflo.com/wp-content/install.php" "Mozilla/5.0 (Windows NT 10.0; Win64; x64) AppleWebKit/537.36 (KHTML, like Gecko) Chrome/58.0.3029.110 Safari/537.3"
8.210.230.104 - - [24/May/2025:18:24:18 -0400] "GET /items/fxtlw95/10536?key=opposite HTTP/1.1" 500 271 "-" "Mozilla/5.0 (Macintosh; Intel Mac OS X 10_15_7) AppleWebKit/537.36 (KHTML, like Gecko) Chrome/109.0.0.0 Safari/537.36"
198.204.226.18 - - [24/May/2025:18:24:12 -0400] "GET /wp-content/install.php HTTP/1.1" 200 0 "http://jenniferflo.com/wp-content/install.php" "Mozilla/5.0 (Windows NT 10.0; Win64; x64) AppleWebKit/537.36 (KHTML, like Gecko) Chrome/58.0.3029.110 Safari/537.3"
47.238.13.15 - - [24/May/2025:18:25:38 -0400] "GET /pages.php?product/T3?e=search&l=31549 HTTP/1.1" 200 10180 "-" "Mozilla/5.0 (Macintosh; Intel Mac OS X 10_15_7) AppleWebKit/537.36 (KHTML, like Gecko) Chrome/109.0.0.0 Safari/537.36"
212.11.64.144 - - [24/May/2025:18:25:47 -0400] "GET //wp-admin/images/cong.php HTTP/1.1" 500 271 "http://jenniferflo.com/" "Mozilla/5.0 (Windows NT 10.0; Win64; x64) AppleWebKit/537.36 (KHTML, like Gecko) Chrome/121.0.0.0 Safari/537.36"
198.204.226.18 - - [24/May/2025:18:25:54 -0400] "GET /wp-content/install.php HTTP/1.1" 200 10 "http://jenniferflo.com/wp-content/install.php" "Mozilla/5.0 (Windows NT 10.0; Win64; x64) AppleWebKit/537.36 (KHTML, like Gecko) Chrome/58.0.3029.110 Safari/537.3"
198.204.226.18 - - [24/May/2025:18:25:49 -0400] "GET /wp-content/install.php HTTP/1.1" 200 0 "http://jenniferflo.com/wp-content/install.php" "Mozilla/5.0 (Windows NT 10.0; Win64; x64) AppleWebKit/537.36 (KHTML, like Gecko) Chrome/58.0.3029.110 Safari/537.3"
47.238.13.8 - - [24/May/2025:18:26:14 -0400] "GET /aggression/p10?pid=8072 HTTP/1.1" 500 271 "-" "Mozilla/5.0 (Macintosh; Intel Mac OS X 10_15_7) AppleWebKit/537.36 (KHTML, like Gecko) Chrome/109.0.0.0 Safari/537.36"
198.204.226.18 - - [24/May/2025:18:26:16 -0400] "GET /wp-content/install.php HTTP/1.1" 200 10 "http://jenniferflo.com/wp-content/install.php" "Mozilla/5.0 (Windows NT 10.0; Win64; x64) AppleWebKit/537.36 (KHTML, like Gecko) Chrome/58.0.3029.110 Safari/537.3"
198.204.226.18 - - [24/May/2025:18:26:13 -0400] "GET /wp-content/install.php HTTP/1.1" 200 0 "http://jenniferflo.com/wp-content/install.php" "Mozilla/5.0 (Windows NT 10.0; Win64; x64) AppleWebKit/537.36 (KHTML, like Gecko) Chrome/58.0.3029.110 Safari/537.3"
198.204.226.18 - - [24/May/2025:18:26:28 -0400] "GET /wp-content/install.php HTTP/1.1" 200 10 "http://jenniferflo.com/wp-content/install.php" "Mozilla/5.0 (Windows NT 10.0; Win64; x64) AppleWebKit/537.36 (KHTML, like Gecko) Chrome/58.0.3029.110 Safari/537.3"
198.204.226.18 - - [24/May/2025:18:26:46 -0400] "GET /wp-content/install.php HTTP/1.1" 200 10 "http://jenniferflo.com/wp-content/install.php" "Mozilla/5.0 (Windows NT 10.0; Win64; x64) AppleWebKit/537.36 (KHTML, like Gecko) Chrome/58.0.3029.110 Safari/537.3"
208.110.64.178 - - [24/May/2025:18:26:57 -0400] "GET /wp-includes/install.php HTTP/1.1" 200 10 "http://jenniferflo.com/wp-includes/install.php" "Mozilla/5.0 (Windows NT 10.0; Win64; x64) AppleWebKit/537.36 (KHTML, like Gecko) Chrome/58.0.3029.110 Safari/537.3"
47.238.13.17 - - [24/May/2025:18:27:07 -0400] "GET /pages.php?mypage/favorite HTTP/1.1" 200 8967 "-" "Mozilla/5.0 (Macintosh; Intel Mac OS X 10_15_7) AppleWebKit/537.36 (KHTML, like Gecko) Chrome/109.0.0.0 Safari/537.36"
198.204.226.18 - - [24/May/2025:18:27:56 -0400] "GET /wp-content/install.php HTTP/1.1" 200 0 "http://jenniferflo.com/wp-content/install.php" "Mozilla/5.0 (Windows NT 10.0; Win64; x64) AppleWebKit/537.36 (KHTML, like Gecko) Chrome/58.0.3029.110 Safari/537.3"
198.204.226.18 - - [24/May/2025:18:28:45 -0400] "GET /wp-content/install.php HTTP/1.1" 200 10 "http://jenniferflo.com/wp-content/install.php" "Mozilla/5.0 (Windows NT 10.0; Win64; x64) AppleWebKit/537.36 (KHTML, like Gecko) Chrome/58.0.3029.110 Safari/537.3"
198.204.226.18 - - [24/May/2025:18:29:20 -0400] "GET /wp-content/install.php HTTP/1.1" 200 10 "http://jenniferflo.com/wp-content/install.php" "Mozilla/5.0 (Windows NT 10.0; Win64; x64) AppleWebKit/537.36 (KHTML, like Gecko) Chrome/58.0.3029.110 Safari/537.3"
212.11.64.144 - - [24/May/2025:18:29:30 -0400] "GET //wp-admin/images/cl.php HTTP/1.1" 500 271 "http://jenniferflo.com/" "Mozilla/5.0 (Windows NT 10.0; Win64; x64) AppleWebKit/537.36 (KHTML, like Gecko) Chrome/121.0.0.0 Safari/537.36"
198.204.226.18 - - [24/May/2025:18:29:39 -0400] "GET /wp-content/install.php HTTP/1.1" 200 10 "http://jenniferflo.com/wp-content/install.php" "Mozilla/5.0 (Windows NT 10.0; Win64; x64) AppleWebKit/537.36 (KHTML, like Gecko) Chrome/58.0.3029.110 Safari/537.3"
198.204.226.18 - - [24/May/2025:18:29:36 -0400] "GET /wp-content/install.php HTTP/1.1" 200 0 "http://jenniferflo.com/wp-content/install.php" "Mozilla/5.0 (Windows NT 10.0; Win64; x64) AppleWebKit/537.36 (KHTML, like Gecko) Chrome/58.0.3029.110 Safari/537.3"
198.204.226.18 - - [24/May/2025:18:30:15 -0400] "GET /wp-content/install.php HTTP/1.1" 200 0 "http://jenniferflo.com/wp-content/install.php" "Mozilla/5.0 (Windows NT 10.0; Win64; x64) AppleWebKit/537.36 (KHTML, like Gecko) Chrome/58.0.3029.110 Safari/537.3"
198.204.226.18 - - [24/May/2025:18:30:49 -0400] "GET /wp-content/install.php HTTP/1.1" 200 10 "http://jenniferflo.com/wp-content/install.php" "Mozilla/5.0 (Windows NT 10.0; Win64; x64) AppleWebKit/537.36 (KHTML, like Gecko) Chrome/58.0.3029.110 Safari/537.3"
198.204.226.18 - - [24/May/2025:18:30:46 -0400] "GET /wp-content/install.php HTTP/1.1" 200 0 "http://jenniferflo.com/wp-content/install.php" "Mozilla/5.0 (Windows NT 10.0; Win64; x64) AppleWebKit/537.36 (KHTML, like Gecko) Chrome/58.0.3029.110 Safari/537.3"
198.204.226.18 - - [24/May/2025:18:31:45 -0400] "GET /wp-content/install.php HTTP/1.1" 200 10 "http://jenniferflo.com/wp-content/install.php" "Mozilla/5.0 (Windows NT 10.0; Win64; x64) AppleWebKit/537.36 (KHTML, like Gecko) Chrome/58.0.3029.110 Safari/537.3"
47.238.13.13 - - [24/May/2025:18:32:04 -0400] "GET /sitemap-subkey-2747.xml HTTP/1.1" 200 60303 "-" "Mozilla/5.0 (Macintosh; Intel Mac OS X 10_15_7) AppleWebKit/537.36 (KHTML, like Gecko) Chrome/109.0.0.0 Safari/537.36"
8.210.218.201 - - [24/May/2025:18:32:11 -0400] "GET /treat/h17?pid=3199 HTTP/1.1" 500 271 "-" "Mozilla/5.0 (Macintosh; Intel Mac OS X 10_15_7) AppleWebKit/537.36 (KHTML, like Gecko) Chrome/109.0.0.0 Safari/537.36"
66.249.64.164 - - [24/May/2025:18:32:22 -0400] "GET /?_g=4191768 HTTP/1.1" 200 81605 "-" "Mozilla/5.0 (Linux; Android 6.0.1; Nexus 5X Build/MMB29P) AppleWebKit/537.36 (KHTML, like Gecko) Chrome/136.0.7103.113 Mobile Safari/537.36 (compatible; Googlebot/2.1; +http://www.google.com/bot.html)"
198.204.226.18 - - [24/May/2025:18:32:55 -0400] "GET /wp-content/install.php HTTP/1.1" 200 10 "http://jenniferflo.com/wp-content/install.php" "Mozilla/5.0 (Windows NT 10.0; Win64; x64) AppleWebKit/537.36 (KHTML, like Gecko) Chrome/58.0.3029.110 Safari/537.3"
198.204.226.18 - - [24/May/2025:18:32:52 -0400] "GET /wp-content/install.php HTTP/1.1" 200 0 "http://jenniferflo.com/wp-content/install.php" "Mozilla/5.0 (Windows NT 10.0; Win64; x64) AppleWebKit/537.36 (KHTML, like Gecko) Chrome/58.0.3029.110 Safari/537.3"
208.110.64.178 - - [24/May/2025:18:33:07 -0400] "GET /wp-includes/install.php HTTP/1.1" 200 10 "http://jenniferflo.com/wp-includes/install.php" "Mozilla/5.0 (Windows NT 10.0; Win64; x64) AppleWebKit/537.36 (KHTML, like Gecko) Chrome/58.0.3029.110 Safari/537.3"
212.11.64.144 - - [24/May/2025:18:33:15 -0400] "GET //wp-admin/images/bmpuaetv.php HTTP/1.1" 500 271 "http://jenniferflo.com/" "Mozilla/5.0 (Windows NT 10.0; Win64; x64) AppleWebKit/537.36 (KHTML, like Gecko) Chrome/121.0.0.0 Safari/537.36"
198.204.226.18 - - [24/May/2025:18:33:58 -0400] "GET /wp-content/install.php HTTP/1.1" 200 0 "http://jenniferflo.com/wp-content/install.php" "Mozilla/5.0 (Windows NT 10.0; Win64; x64) AppleWebKit/537.36 (KHTML, like Gecko) Chrome/58.0.3029.110 Safari/537.3"
198.204.226.18 - - [24/May/2025:18:34:10 -0400] "GET /wp-content/install.php HTTP/1.1" 200 10 "http://jenniferflo.com/wp-content/install.php" "Mozilla/5.0 (Windows NT 10.0; Win64; x64) AppleWebKit/537.36 (KHTML, like Gecko) Chrome/58.0.3029.110 Safari/537.3"
198.204.226.18 - - [24/May/2025:18:34:50 -0400] "GET /wp-content/install.php HTTP/1.1" 200 10 "http://jenniferflo.com/wp-content/install.php" "Mozilla/5.0 (Windows NT 10.0; Win64; x64) AppleWebKit/537.36 (KHTML, like Gecko) Chrome/58.0.3029.110 Safari/537.3"
198.204.226.18 - - [24/May/2025:18:35:04 -0400] "GET /wp-content/install.php HTTP/1.1" 200 10 "http://jenniferflo.com/wp-content/install.php" "Mozilla/5.0 (Windows NT 10.0; Win64; x64) AppleWebKit/537.36 (KHTML, like Gecko) Chrome/58.0.3029.110 Safari/537.3"
198.204.226.18 - - [24/May/2025:18:35:16 -0400] "GET /wp-content/install.php HTTP/1.1" 200 10 "http://jenniferflo.com/wp-content/install.php" "Mozilla/5.0 (Windows NT 10.0; Win64; x64) AppleWebKit/537.36 (KHTML, like Gecko) Chrome/58.0.3029.110 Safari/537.3"
198.204.226.18 - - [24/May/2025:18:35:39 -0400] "GET /wp-content/install.php HTTP/1.1" 200 10 "http://jenniferflo.com/wp-content/install.php" "Mozilla/5.0 (Windows NT 10.0; Win64; x64) AppleWebKit/537.36 (KHTML, like Gecko) Chrome/58.0.3029.110 Safari/537.3"
198.204.226.18 - - [24/May/2025:18:35:36 -0400] "GET /wp-content/install.php HTTP/1.1" 200 0 "http://jenniferflo.com/wp-content/install.php" "Mozilla/5.0 (Windows NT 10.0; Win64; x64) AppleWebKit/537.36 (KHTML, like Gecko) Chrome/58.0.3029.110 Safari/537.3"
47.242.77.69 - - [24/May/2025:18:35:55 -0400] "GET /items/vrxwx88/2769?key=interval HTTP/1.1" 500 271 "-" "Mozilla/5.0 (Macintosh; Intel Mac OS X 10_15_7) AppleWebKit/537.36 (KHTML, like Gecko) Chrome/109.0.0.0 Safari/537.36"
47.238.13.9 - - [24/May/2025:18:36:56 -0400] "GET /sitemap-subkey-2458.xml HTTP/1.1" 200 100216 "-" "Mozilla/5.0 (Macintosh; Intel Mac OS X 10_15_7) AppleWebKit/537.36 (KHTML, like Gecko) Chrome/109.0.0.0 Safari/537.36"
212.11.64.144 - - [24/May/2025:18:36:58 -0400] "GET //wp-admin/images/about1.php HTTP/1.1" 500 271 "http://jenniferflo.com/" "Mozilla/5.0 (Windows NT 10.0; Win64; x64) AppleWebKit/537.36 (KHTML, like Gecko) Chrome/121.0.0.0 Safari/537.36"
198.204.226.18 - - [24/May/2025:18:37:26 -0400] "GET /wp-content/install.php HTTP/1.1" 200 10 "http://jenniferflo.com/wp-content/install.php" "Mozilla/5.0 (Windows NT 10.0; Win64; x64) AppleWebKit/537.36 (KHTML, like Gecko) Chrome/58.0.3029.110 Safari/537.3"
198.204.226.18 - - [24/May/2025:18:37:23 -0400] "GET /wp-content/install.php HTTP/1.1" 200 0 "http://jenniferflo.com/wp-content/install.php" "Mozilla/5.0 (Windows NT 10.0; Win64; x64) AppleWebKit/537.36 (KHTML, like Gecko) Chrome/58.0.3029.110 Safari/537.3"
198.204.226.18 - - [24/May/2025:18:37:51 -0400] "GET /wp-content/install.php HTTP/1.1" 200 10 "http://jenniferflo.com/wp-content/install.php" "Mozilla/5.0 (Windows NT 10.0; Win64; x64) AppleWebKit/537.36 (KHTML, like Gecko) Chrome/58.0.3029.110 Safari/537.3"
198.204.226.18 - - [24/May/2025:18:37:47 -0400] "GET /wp-content/install.php HTTP/1.1" 200 0 "http://jenniferflo.com/wp-content/install.php" "Mozilla/5.0 (Windows NT 10.0; Win64; x64) AppleWebKit/537.36 (KHTML, like Gecko) Chrome/58.0.3029.110 Safari/537.3"
47.238.13.18 - - [24/May/2025:18:38:10 -0400] "GET /items/qedti224/4631?key=conclusion HTTP/1.1" 500 271 "-" "Mozilla/5.0 (Macintosh; Intel Mac OS X 10_15_7) AppleWebKit/537.36 (KHTML, like Gecko) Chrome/109.0.0.0 Safari/537.36"
47.243.56.196 - - [24/May/2025:18:38:12 -0400] "GET /human/f277?pid=2017 HTTP/1.1" 500 271 "-" "Mozilla/5.0 (Macintosh; Intel Mac OS X 10_15_7) AppleWebKit/537.36 (KHTML, like Gecko) Chrome/109.0.0.0 Safari/537.36"
198.204.226.18 - - [24/May/2025:18:38:44 -0400] "GET /wp-content/install.php HTTP/1.1" 200 10 "http://jenniferflo.com/wp-content/install.php" "Mozilla/5.0 (Windows NT 10.0; Win64; x64) AppleWebKit/537.36 (KHTML, like Gecko) Chrome/58.0.3029.110 Safari/537.3"
198.204.226.18 - - [24/May/2025:18:38:41 -0400] "GET /wp-content/install.php HTTP/1.1" 200 0 "http://jenniferflo.com/wp-content/install.php" "Mozilla/5.0 (Windows NT 10.0; Win64; x64) AppleWebKit/537.36 (KHTML, like Gecko) Chrome/58.0.3029.110 Safari/537.3"
47.238.14.0 - - [24/May/2025:18:39:10 -0400] "GET /items/gnybd181/27372?key=week HTTP/1.1" 500 271 "-" "Mozilla/5.0 (Macintosh; Intel Mac OS X 10_15_7) AppleWebKit/537.36 (KHTML, like Gecko) Chrome/109.0.0.0 Safari/537.36"
198.204.226.18 - - [24/May/2025:18:39:52 -0400] "GET /wp-content/install.php HTTP/1.1" 200 0 "http://jenniferflo.com/wp-content/install.php" "Mozilla/5.0 (Windows NT 10.0; Win64; x64) AppleWebKit/537.36 (KHTML, like Gecko) Chrome/58.0.3029.110 Safari/537.3"
69.197.182.50 - - [24/May/2025:18:40:20 -0400] "GET /wp-includes/install.php HTTP/1.1" 200 10 "http://jenniferflo.com/wp-includes/install.php" "Mozilla/5.0 (Windows NT 10.0; Win64; x64) AppleWebKit/537.36 (KHTML, like Gecko) Chrome/58.0.3029.110 Safari/537.3"
198.204.226.18 - - [24/May/2025:18:40:38 -0400] "GET /wp-content/install.php HTTP/1.1" 200 10 "http://jenniferflo.com/wp-content/install.php" "Mozilla/5.0 (Windows NT 10.0; Win64; x64) AppleWebKit/537.36 (KHTML, like Gecko) Chrome/58.0.3029.110 Safari/537.3"
212.11.64.144 - - [24/May/2025:18:40:42 -0400] "GET //wp-admin/images/Tumn.php HTTP/1.1" 500 271 "http://jenniferflo.com/" "Mozilla/5.0 (Windows NT 10.0; Win64; x64) AppleWebKit/537.36 (KHTML, like Gecko) Chrome/121.0.0.0 Safari/537.36"
198.204.226.18 - - [24/May/2025:18:40:34 -0400] "GET /wp-content/install.php HTTP/1.1" 200 0 "http://jenniferflo.com/wp-content/install.php" "Mozilla/5.0 (Windows NT 10.0; Win64; x64) AppleWebKit/537.36 (KHTML, like Gecko) Chrome/58.0.3029.110 Safari/537.3"
198.204.226.18 - - [24/May/2025:18:41:29 -0400] "GET /wp-content/install.php HTTP/1.1" 200 10 "http://jenniferflo.com/wp-content/install.php" "Mozilla/5.0 (Windows NT 10.0; Win64; x64) AppleWebKit/537.36 (KHTML, like Gecko) Chrome/58.0.3029.110 Safari/537.3"
52.169.74.165 - - [24/May/2025:18:41:51 -0400] "GET /admin.php HTTP/1.1" 500 360 "-" "-"
52.169.74.165 - - [24/May/2025:18:41:51 -0400] "GET /wp-admin/css/colors/blue/admin.php HTTP/1.1" 500 360 "-" "-"
52.169.74.165 - - [24/May/2025:18:41:51 -0400] "GET /info.php HTTP/1.1" 500 360 "-" "-"
52.169.74.165 - - [24/May/2025:18:41:51 -0400] "GET /moon.php HTTP/1.1" 500 360 "-" "-"
52.169.74.165 - - [24/May/2025:18:41:51 -0400] "GET /ioxi-o.php HTTP/1.1" 500 360 "-" "-"
52.169.74.165 - - [24/May/2025:18:41:52 -0400] "GET /wp-includes/IXR/index.php HTTP/1.1" 500 360 "-" "-"
52.169.74.165 - - [24/May/2025:18:41:52 -0400] "GET /wp-includes/autoload_classmap.php HTTP/1.1" 500 360 "-" "-"
52.169.74.165 - - [24/May/2025:18:41:52 -0400] "GET /.well-known/admin.php HTTP/1.1" 500 1 "-" "-"
52.169.74.165 - - [24/May/2025:18:41:52 -0400] "GET /wp-links.php HTTP/1.1" 500 1 "-" "-"
52.169.74.165 - - [24/May/2025:18:41:52 -0400] "GET /wp-content/ HTTP/1.1" 200 19546 "-" "-"
52.169.74.165 - - [24/May/2025:18:41:53 -0400] "GET /file.php HTTP/1.1" 500 360 "-" "-"
52.169.74.165 - - [24/May/2025:18:41:53 -0400] "GET /shell.php HTTP/1.1" 500 360 "-" "-"
52.169.74.165 - - [24/May/2025:18:41:53 -0400] "GET /about.php HTTP/1.1" 500 360 "-" "-"
52.169.74.165 - - [24/May/2025:18:41:53 -0400] "GET /classwithtostring.php HTTP/1.1" 500 360 "-" "-"
52.169.74.165 - - [24/May/2025:18:41:53 -0400] "GET /.well-known/caches.php HTTP/1.1" 500 360 "-" "-"
52.169.74.165 - - [24/May/2025:18:41:53 -0400] "GET /text.php HTTP/1.1" 500 360 "-" "-"
52.169.74.165 - - [24/May/2025:18:41:53 -0400] "GET /1.php HTTP/1.1" 500 360 "-" "-"
52.169.74.165 - - [24/May/2025:18:41:53 -0400] "GET /index.php HTTP/1.1" 500 360 "-" "-"
52.169.74.165 - - [24/May/2025:18:41:53 -0400] "GET /cong.php HTTP/1.1" 500 360 "-" "-"
52.169.74.165 - - [24/May/2025:18:41:54 -0400] "GET /upload.php HTTP/1.1" 500 1 "-" "-"
52.169.74.165 - - [24/May/2025:18:41:54 -0400] "GET /log.php HTTP/1.1" 500 360 "-" "-"
52.169.74.165 - - [24/May/2025:18:41:54 -0400] "GET /hehe.php HTTP/1.1" 500 360 "-" "-"
52.169.74.165 - - [24/May/2025:18:41:54 -0400] "GET /ee.php HTTP/1.1" 500 360 "-" "-"
52.169.74.165 - - [24/May/2025:18:41:54 -0400] "GET /wp-content/plugins/dummyyummy/wp-signup.php HTTP/1.1" 500 360 "-" "-"
52.169.74.165 - - [24/May/2025:18:41:54 -0400] "GET /images/index.php HTTP/1.1" 500 360 "-" "-"
52.169.74.165 - - [24/May/2025:18:41:54 -0400] "GET /wp-content/uploads/index.php HTTP/1.1" 500 360 "-" "-"
52.169.74.165 - - [24/May/2025:18:41:54 -0400] "GET /index/function.php HTTP/1.1" 500 360 "-" "-"
52.169.74.165 - - [24/May/2025:18:41:54 -0400] "GET /wp-includes/customize/chosen.php HTTP/1.1" 500 360 "-" "-"
52.169.74.165 - - [24/May/2025:18:41:55 -0400] "GET /wp-admin/js/autoload_classmap.php HTTP/1.1" 500 1 "-" "-"
52.169.74.165 - - [24/May/2025:18:41:55 -0400] "GET /xxx.php HTTP/1.1" 500 360 "-" "-"
52.169.74.165 - - [24/May/2025:18:41:55 -0400] "GET /wp-admin/user/index.php HTTP/1.1" 500 0 "-" "-"
52.169.74.165 - - [24/May/2025:18:41:55 -0400] "GET /13.php HTTP/1.1" 500 360 "-" "-"
52.169.74.165 - - [24/May/2025:18:41:55 -0400] "GET /wp-content/plugins/xt HTTP/1.1" 500 360 "-" "-"
52.169.74.165 - - [24/May/2025:18:41:55 -0400] "GET /inputs.php HTTP/1.1" 403 1242 "-" "-"
52.169.74.165 - - [24/May/2025:18:41:55 -0400] "GET /wp-admin/js/index.php HTTP/1.1" 500 360 "-" "-"
52.169.74.165 - - [24/May/2025:18:41:55 -0400] "GET /chosen.php HTTP/1.1" 500 360 "-" "-"
52.169.74.165 - - [24/May/2025:18:41:56 -0400] "GET /jquery.php HTTP/1.1" 500 360 "-" "-"
52.169.74.165 - - [24/May/2025:18:41:56 -0400] "GET /02.php HTTP/1.1" 500 360 "-" "-"
52.169.74.165 - - [24/May/2025:18:41:56 -0400] "GET /gecko.php HTTP/1.1" 500 360 "-" "-"
52.169.74.165 - - [24/May/2025:18:41:56 -0400] "GET /wp-includes/js/tinymce/plugins/compat3x/css/ HTTP/1.1" 200 1719 "-" "-"
52.169.74.165 - - [24/May/2025:18:41:56 -0400] "GET /radio.php HTTP/1.1" 500 360 "-" "-"
52.169.74.165 - - [24/May/2025:18:41:56 -0400] "GET /v.php HTTP/1.1" 500 360 "-" "-"
52.169.74.165 - - [24/May/2025:18:41:56 -0400] "GET /main.php HTTP/1.1" 500 360 "-" "-"
52.169.74.165 - - [24/May/2025:18:41:57 -0400] "GET /.well-known/file.php HTTP/1.1" 500 360 "-" "-"
52.169.74.165 - - [24/May/2025:18:41:57 -0400] "GET /.well-known/pki-validation/index.php HTTP/1.1" 200 360 "-" "-"
52.169.74.165 - - [24/May/2025:18:41:57 -0400] "GET /.well-known/acme-challenge/about.php HTTP/1.1" 500 360 "-" "-"
52.169.74.165 - - [24/May/2025:18:41:57 -0400] "GET /wp-content/file.php HTTP/1.1" 500 360 "-" "-"
52.169.74.165 - - [24/May/2025:18:41:57 -0400] "GET /wp-signup.php HTTP/1.1" 500 360 "-" "-"
52.169.74.165 - - [24/May/2025:18:41:57 -0400] "GET /NewFile.php HTTP/1.1" 500 360 "-" "-"
52.169.74.165 - - [24/May/2025:18:41:57 -0400] "GET /function.php HTTP/1.1" 500 360 "-" "-"
52.169.74.165 - - [24/May/2025:18:41:57 -0400] "GET /wp-includes/css/index.php HTTP/1.1" 500 360 "-" "-"
52.169.74.165 - - [24/May/2025:18:41:58 -0400] "GET /new.php HTTP/1.1" 500 360 "-" "-"
52.169.74.165 - - [24/May/2025:18:41:58 -0400] "GET /ge.php HTTP/1.1" 500 360 "-" "-"
52.169.74.165 - - [24/May/2025:18:41:58 -0400] "GET /admin/controller/extension/extension/ultra.php HTTP/1.1" 500 360 "-" "-"
52.169.74.165 - - [24/May/2025:18:41:58 -0400] "GET /goods.php HTTP/1.1" 500 360 "-" "-"
52.169.74.165 - - [24/May/2025:18:41:58 -0400] "GET /.well-known/acme-challenge/mariju.php HTTP/1.1" 500 360 "-" "-"
52.169.74.165 - - [24/May/2025:18:41:58 -0400] "GET /k.php HTTP/1.1" 500 360 "-" "-"
52.169.74.165 - - [24/May/2025:18:41:58 -0400] "GET /public/makeasmtp.php HTTP/1.1" 500 360 "-" "-"
52.169.74.165 - - [24/May/2025:18:41:58 -0400] "GET /wp-includes/customize/index.php HTTP/1.1" 200 360 "-" "-"
52.169.74.165 - - [24/May/2025:18:41:59 -0400] "GET /mar.php HTTP/1.1" 500 360 "-" "-"
52.169.74.165 - - [24/May/2025:18:41:59 -0400] "GET /system.php HTTP/1.1" 500 360 "-" "-"
52.169.74.165 - - [24/May/2025:18:41:59 -0400] "GET /wp-content/themes/twentytwenty/404.php HTTP/1.1" 403 1242 "-" "-"
52.169.74.165 - - [24/May/2025:18:41:59 -0400] "GET //mah.php HTTP/1.1" 200 381 "-" "-"
52.169.74.165 - - [24/May/2025:18:41:59 -0400] "GET /xx.php HTTP/1.1" 500 360 "-" "-"
52.169.74.165 - - [24/May/2025:18:41:59 -0400] "GET /wp-includes/ID3/index.php HTTP/1.1" 200 360 "-" "-"
52.169.74.165 - - [24/May/2025:18:41:59 -0400] "GET /wp-admin/css/colors/blue/ HTTP/1.1" 200 4697 "-" "-"
52.169.74.165 - - [24/May/2025:18:41:59 -0400] "GET /404.php HTTP/1.1" 500 360 "-" "-"
52.169.74.165 - - [24/May/2025:18:41:59 -0400] "GET /doc.php HTTP/1.1" 500 360 "-" "-"
52.169.74.165 - - [24/May/2025:18:42:00 -0400] "GET /index_.php HTTP/1.1" 500 360 "-" "-"
52.169.74.165 - - [24/May/2025:18:42:00 -0400] "GET /backup.php HTTP/1.1" 500 360 "-" "-"
52.169.74.165 - - [24/May/2025:18:42:00 -0400] "GET /default.php HTTP/1.1" 500 360 "-" "-"
52.169.74.165 - - [24/May/2025:18:42:00 -0400] "GET / HTTP/1.1" 500 360 "-" "-"
52.169.74.165 - - [24/May/2025:18:42:00 -0400] "GET /wp-admin/maint/about.php HTTP/1.1" 500 360 "-" "-"
52.169.74.165 - - [24/May/2025:18:42:00 -0400] "GET /style.php HTTP/1.1" 500 360 "-" "-"
52.169.74.165 - - [24/May/2025:18:42:00 -0400] "GET /test.php HTTP/1.1" 500 360 "-" "-"
52.169.74.165 - - [24/May/2025:18:42:00 -0400] "GET /wp-content/uploads/2022/10/upload.php_.html HTTP/1.1" 500 360 "-" "-"
52.169.74.165 - - [24/May/2025:18:42:00 -0400] "GET /ty.php HTTP/1.1" 500 360 "-" "-"
52.169.74.165 - - [24/May/2025:18:42:00 -0400] "GET /403.php HTTP/1.1" 500 360 "-" "-"
52.169.74.165 - - [24/May/2025:18:42:01 -0400] "GET /readme.php HTTP/1.1" 500 360 "-" "-"
52.169.74.165 - - [24/May/2025:18:42:01 -0400] "GET /wp-admin/options.php HTTP/1.1" 500 360 "-" "-"
52.169.74.165 - - [24/May/2025:18:42:01 -0400] "GET /wp-content/x/index.php HTTP/1.1" 500 360 "-" "-"
52.169.74.165 - - [24/May/2025:18:42:01 -0400] "GET /mah.php HTTP/1.1" 200 381 "-" "-"
52.169.74.165 - - [24/May/2025:18:42:01 -0400] "GET /admin.php7 HTTP/1.1" 500 360 "-" "-"
52.169.74.165 - - [24/May/2025:18:42:01 -0400] "GET /.well-known/wp-login.php HTTP/1.1" 500 360 "-" "-"
52.169.74.165 - - [24/May/2025:18:42:01 -0400] "GET //jquery.php HTTP/1.1" 500 360 "-" "-"
52.169.74.165 - - [24/May/2025:18:42:01 -0400] "GET /wp-content/plugins/linkpreview/index.php HTTP/1.1" 500 360 "-" "-"
52.169.74.165 - - [24/May/2025:18:42:01 -0400] "GET /wp-content/cache/index.php HTTP/1.1" 500 360 "-" "-"
52.169.74.165 - - [24/May/2025:18:42:02 -0400] "GET /wp-admin/file.php HTTP/1.1" 500 360 "-" "-"
52.169.74.165 - - [24/May/2025:18:42:02 -0400] "GET /bak.php HTTP/1.1" 500 360 "-" "-"
52.169.74.165 - - [24/May/2025:18:42:02 -0400] "GET /css.php HTTP/1.1" 500 360 "-" "-"
52.169.74.165 - - [24/May/2025:18:42:02 -0400] "GET /config.php HTTP/1.1" 500 360 "-" "-"
52.169.74.165 - - [24/May/2025:18:42:02 -0400] "GET /wp-content/uploads/2025/03/themes.php HTTP/1.1" 500 360 "-" "-"
52.169.74.165 - - [24/May/2025:18:42:02 -0400] "GET /wp-activate.php HTTP/1.1" 500 360 "-" "-"
52.169.74.165 - - [24/May/2025:18:42:02 -0400] "GET /wp-file.php HTTP/1.1" 500 360 "-" "-"
52.169.74.165 - - [24/May/2025:18:42:02 -0400] "GET /12.php HTTP/1.1" 500 360 "-" "-"
52.169.74.165 - - [24/May/2025:18:42:02 -0400] "GET /epinyins.php HTTP/1.1" 500 360 "-" "-"
52.169.74.165 - - [24/May/2025:18:42:03 -0400] "GET /autoload_classmap.php HTTP/1.1" 500 360 "-" "-"
52.169.74.165 - - [24/May/2025:18:42:03 -0400] "GET /wp-includes/js/jcrop/Jcrop.php HTTP/1.1" 500 360 "-" "-"
52.169.74.165 - - [24/May/2025:18:42:03 -0400] "GET /system_log.php HTTP/1.1" 500 360 "-" "-"
52.169.74.165 - - [24/May/2025:18:42:03 -0400] "GET /wp-admin/maint/admin.php HTTP/1.1" 500 360 "-" "-"
52.169.74.165 - - [24/May/2025:18:42:03 -0400] "GET /ini.php HTTP/1.1" 500 360 "-" "-"
52.169.74.165 - - [24/May/2025:18:42:03 -0400] "GET /ok.php HTTP/1.1" 500 360 "-" "-"
52.169.74.165 - - [24/May/2025:18:42:03 -0400] "GET /wp-admin/includes/about.php HTTP/1.1" 500 360 "-" "-"
52.169.74.165 - - [24/May/2025:18:42:03 -0400] "GET /wp-admin/maint/ HTTP/1.1" 200 1835 "-" "-"
52.169.74.165 - - [24/May/2025:18:42:03 -0400] "GET /flower.php HTTP/1.1" 500 360 "-" "-"
52.169.74.165 - - [24/May/2025:18:42:04 -0400] "GET /wp-configs.php HTTP/1.1" 500 360 "-" "-"
52.169.74.165 - - [24/May/2025:18:42:04 -0400] "GET /01.php HTTP/1.1" 500 360 "-" "-"
52.169.74.165 - - [24/May/2025:18:42:04 -0400] "GET /wp-includes/SimplePie/admin.php HTTP/1.1" 500 360 "-" "-"
52.169.74.165 - - [24/May/2025:18:42:04 -0400] "GET /wp-admin/css/colors/midnight/colors.php HTTP/1.1" 500 360 "-" "-"
52.169.74.165 - - [24/May/2025:18:42:04 -0400] "GET /wp-content/upgrade/index.php HTTP/1.1" 500 360 "-" "-"
52.169.74.165 - - [24/May/2025:18:42:04 -0400] "GET /db.php HTTP/1.1" 500 360 "-" "-"
52.169.74.165 - - [24/May/2025:18:42:04 -0400] "GET /wp-admin/pages.php HTTP/1.1" 500 360 "-" "-"
52.169.74.165 - - [24/May/2025:18:42:04 -0400] "GET /wp-content/admin.php HTTP/1.1" 500 360 "-" "-"
52.169.74.165 - - [24/May/2025:18:42:04 -0400] "GET //xx.php HTTP/1.1" 500 360 "-" "-"
52.169.74.165 - - [24/May/2025:18:42:05 -0400] "GET /wp-load.php HTTP/1.1" 403 1242 "-" "-"
52.169.74.165 - - [24/May/2025:18:42:05 -0400] "GET /as/function.php HTTP/1.1" 500 360 "-" "-"
52.169.74.165 - - [24/May/2025:18:42:05 -0400] "GET /wp-admin/setup-config.php HTTP/1.1" 500 360 "-" "-"
52.169.74.165 - - [24/May/2025:18:42:05 -0400] "GET /wp-content/languages/wp-login.php HTTP/1.1" 500 360 "-" "-"
52.169.74.165 - - [24/May/2025:18:42:05 -0400] "GET /wp-content/autoload_classmap.php HTTP/1.1" 500 360 "-" "-"
52.169.74.165 - - [24/May/2025:18:42:05 -0400] "GET /lv.php HTTP/1.1" 500 360 "-" "-"
52.169.74.165 - - [24/May/2025:18:42:05 -0400] "GET /wp-admin/css/colors/index.php HTTP/1.1" 500 360 "-" "-"
52.169.74.165 - - [24/May/2025:18:42:05 -0400] "GET /wp-content/languages/index.php HTTP/1.1" 500 360 "-" "-"
52.169.74.165 - - [24/May/2025:18:42:05 -0400] "GET /plugins.php HTTP/1.1" 200 381 "-" "-"
52.169.74.165 - - [24/May/2025:18:42:06 -0400] "GET //radio.php HTTP/1.1" 500 360 "-" "-"
52.169.74.165 - - [24/May/2025:18:42:06 -0400] "GET /wp-content/plugins/WordPressCore/include.php HTTP/1.1" 500 360 "-" "-"
52.169.74.165 - - [24/May/2025:18:42:06 -0400] "GET /atomlib.php HTTP/1.1" 500 360 "-" "-"
52.169.74.165 - - [24/May/2025:18:42:06 -0400] "GET /.well-known/gecko-litespeed.php HTTP/1.1" 500 360 "-" "-"
52.169.74.165 - - [24/May/2025:18:42:06 -0400] "GET /wp-content/themes/seotheme/mar.php HTTP/1.1" 500 360 "-" "-"
52.169.74.165 - - [24/May/2025:18:42:06 -0400] "GET //new.php HTTP/1.1" 500 360 "-" "-"
52.169.74.165 - - [24/May/2025:18:42:06 -0400] "GET /wp-includes/ALFA_DATA/alfacgiapi/perl.alfa HTTP/1.1" 500 360 "-" "-"
52.169.74.165 - - [24/May/2025:18:42:06 -0400] "GET /wp-content/plugins/revslider/includes/external/page/index.php HTTP/1.1" 500 360 "-" "-"
52.169.74.165 - - [24/May/2025:18:42:07 -0400] "GET /.well-known/acme-challenge/index.php HTTP/1.1" 500 360 "-" "-"
52.169.74.165 - - [24/May/2025:18:42:07 -0400] "GET /gebase.php HTTP/1.1" 500 360 "-" "-"
52.169.74.165 - - [24/May/2025:18:42:07 -0400] "GET /2.php HTTP/1.1" 500 360 "-" "-"
52.169.74.165 - - [24/May/2025:18:42:07 -0400] "GET /contact.php HTTP/1.1" 500 360 "-" "-"
52.169.74.165 - - [24/May/2025:18:42:07 -0400] "GET /baxa1.php HTTP/1.1" 500 360 "-" "-"
52.169.74.165 - - [24/May/2025:18:42:07 -0400] "GET /filemanager.php HTTP/1.1" 500 360 "-" "-"
52.169.74.165 - - [24/May/2025:18:42:07 -0400] "GET /settings.php HTTP/1.1" 500 360 "-" "-"
52.169.74.165 - - [24/May/2025:18:42:08 -0400] "GET /wp-content/dropdown.php HTTP/1.1" 500 360 "-" "-"
52.169.74.165 - - [24/May/2025:18:42:08 -0400] "GET /wp-content/uploads/ HTTP/1.1" 200 3727 "-" "-"
52.169.74.165 - - [24/May/2025:18:42:08 -0400] "GET /wp-admin/css/colors/blue/index.php/ HTTP/1.1" 500 360 "-" "-"
52.169.74.165 - - [24/May/2025:18:42:08 -0400] "GET /aa.php HTTP/1.1" 500 360 "-" "-"
52.169.74.165 - - [24/May/2025:18:42:08 -0400] "GET /wp-admin.php HTTP/1.1" 500 360 "-" "-"
52.169.74.165 - - [24/May/2025:18:42:08 -0400] "GET /mini.php HTTP/1.1" 500 360 "-" "-"
52.169.74.165 - - [24/May/2025:18:42:08 -0400] "GET /cd.php HTTP/1.1" 500 360 "-" "-"
52.169.74.165 - - [24/May/2025:18:42:08 -0400] "GET /wp-admin/images/admin.php HTTP/1.1" 500 360 "-" "-"
52.169.74.165 - - [24/May/2025:18:42:08 -0400] "GET /batm.php HTTP/1.1" 500 360 "-" "-"
52.169.74.165 - - [24/May/2025:18:42:09 -0400] "GET /hehehehe.php HTTP/1.1" 500 360 "-" "-"
52.169.74.165 - - [24/May/2025:18:42:09 -0400] "GET /sim.php/wp-includes/certificates/plugins.php HTTP/1.1" 500 360 "-" "-"
52.169.74.165 - - [24/May/2025:18:42:09 -0400] "GET /tinyfilemanager.php HTTP/1.1" 500 360 "-" "-"
52.169.74.165 - - [24/May/2025:18:42:09 -0400] "GET /wp-seo.php HTTP/1.1" 500 360 "-" "-"
52.169.74.165 - - [24/May/2025:18:42:09 -0400] "GET /alfa.php HTTP/1.1" 500 360 "-" "-"
52.169.74.165 - - [24/May/2025:18:42:09 -0400] "GET /zwso.php HTTP/1.1" 500 360 "-" "-"
52.169.74.165 - - [24/May/2025:18:42:09 -0400] "GET //user.php HTTP/1.1" 500 360 "-" "-"
52.169.74.165 - - [24/May/2025:18:42:09 -0400] "GET /wp-includes/assets/index.php HTTP/1.1" 500 360 "-" "-"
52.169.74.165 - - [24/May/2025:18:42:10 -0400] "GET /as.php HTTP/1.1" 500 360 "-" "-"
52.169.74.165 - - [24/May/2025:18:42:10 -0400] "GET /wp-admin/css/index.php HTTP/1.1" 500 360 "-" "-"
52.169.74.165 - - [24/May/2025:18:42:10 -0400] "GET /wp-admin/maint/index.php HTTP/1.1" 500 360 "-" "-"
52.169.74.165 - - [24/May/2025:18:42:10 -0400] "GET /wp-admin/user/xmrlpc.php HTTP/1.1" 500 360 "-" "-"
52.169.74.165 - - [24/May/2025:18:42:10 -0400] "GET /site/wp-admin/ HTTP/1.1" 500 360 "-" "-"
52.169.74.165 - - [24/May/2025:18:42:10 -0400] "GET /filebrowser.php HTTP/1.1" 500 360 "-" "-"
52.169.74.165 - - [24/May/2025:18:42:10 -0400] "GET /wp-content/plugins/index.php HTTP/1.1" 200 359 "-" "-"
52.169.74.165 - - [24/May/2025:18:42:11 -0400] "GET /makeasmtp.php HTTP/1.1" 500 360 "-" "-"
52.169.74.165 - - [24/May/2025:18:42:11 -0400] "GET /admin/function.php HTTP/1.1" 500 360 "-" "-"
52.169.74.165 - - [24/May/2025:18:42:11 -0400] "GET /wp-includes/Requests/chosen.php HTTP/1.1" 500 360 "-" "-"
52.169.74.165 - - [24/May/2025:18:42:11 -0400] "GET /wp-content/themes/about.php HTTP/1.1" 500 360 "-" "-"
52.169.74.165 - - [24/May/2025:18:42:11 -0400] "GET /wp-includes/pomo/about.php HTTP/1.1" 500 360 "-" "-"
52.169.74.165 - - [24/May/2025:18:42:11 -0400] "GET /item.php HTTP/1.1" 200 381 "-" "-"
52.169.74.165 - - [24/May/2025:18:42:11 -0400] "GET /wp-content/uploads/2024/index.php HTTP/1.1" 500 360 "-" "-"
52.169.74.165 - - [24/May/2025:18:42:11 -0400] "GET /.well-known/cong.php HTTP/1.1" 500 360 "-" "-"
52.169.74.165 - - [24/May/2025:18:42:11 -0400] "GET /wp-includes/SimplePie/index.php HTTP/1.1" 500 360 "-" "-"
52.169.74.165 - - [24/May/2025:18:42:12 -0400] "GET /wp-content/languages/about.php HTTP/1.1" 500 360 "-" "-"
52.169.74.165 - - [24/May/2025:18:42:12 -0400] "GET /edit.php HTTP/1.1" 500 360 "-" "-"
52.169.74.165 - - [24/May/2025:18:42:12 -0400] "GET //simple.php HTTP/1.1" 500 360 "-" "-"
52.169.74.165 - - [24/May/2025:18:42:12 -0400] "GET /x.php HTTP/1.1" 500 360 "-" "-"
52.169.74.165 - - [24/May/2025:18:42:12 -0400] "GET /manager.php HTTP/1.1" 500 360 "-" "-"
52.169.74.165 - - [24/May/2025:18:42:12 -0400] "GET /wp-admin/network/index.php HTTP/1.1" 500 359 "-" "-"
52.169.74.165 - - [24/May/2025:18:42:12 -0400] "GET /about/function.php HTTP/1.1" 500 360 "-" "-"
52.169.74.165 - - [24/May/2025:18:42:12 -0400] "GET /simple/function.php HTTP/1.1" 500 360 "-" "-"
52.169.74.165 - - [24/May/2025:18:42:13 -0400] "GET /mah/function.php HTTP/1.1" 500 360 "-" "-"
52.169.74.165 - - [24/May/2025:18:42:13 -0400] "GET /go.php HTTP/1.1" 500 360 "-" "-"
52.169.74.165 - - [24/May/2025:18:42:13 -0400] "GET /cgi-bin/index.php HTTP/1.1" 404 1251 "-" "-"
52.169.74.165 - - [24/May/2025:18:42:13 -0400] "GET /wp-includes/buy.php HTTP/1.1" 500 360 "-" "-"
52.169.74.165 - - [24/May/2025:18:42:13 -0400] "GET /wp-content/themes/astra/inc/ki1k.php HTTP/1.1" 500 360 "-" "-"
52.169.74.165 - - [24/May/2025:18:42:13 -0400] "GET //wp-configs.php HTTP/1.1" 500 360 "-" "-"
52.169.74.165 - - [24/May/2025:18:42:13 -0400] "GET /erin1.PhP7 HTTP/1.1" 500 360 "-" "-"
52.169.74.165 - - [24/May/2025:18:42:13 -0400] "GET /home/function.php HTTP/1.1" 500 360 "-" "-"
52.169.74.165 - - [24/May/2025:18:42:13 -0400] "GET /wp-login.php HTTP/1.1" 500 360 "-" "-"
52.169.74.165 - - [24/May/2025:18:42:13 -0400] "GET /wp-content/index.php HTTP/1.1" 500 360 "-" "-"
52.169.74.165 - - [24/May/2025:18:42:14 -0400] "GET /simple.php HTTP/1.1" 500 360 "-" "-"
52.169.74.165 - - [24/May/2025:18:42:14 -0400] "GET /wp-content/upgrade/about.php HTTP/1.1" 500 360 "-" "-"
52.169.74.165 - - [24/May/2025:18:42:14 -0400] "GET /wp.php HTTP/1.1" 500 360 "-" "-"
52.169.74.165 - - [24/May/2025:18:42:14 -0400] "GET /wp-includes/Requests/library/about.php HTTP/1.1" 500 360 "-" "-"
52.169.74.165 - - [24/May/2025:18:42:14 -0400] "GET /css/index.php HTTP/1.1" 500 360 "-" "-"
52.169.74.165 - - [24/May/2025:18:42:14 -0400] "GET /.well-known/index.php HTTP/1.1" 500 360 "-" "-"
52.169.74.165 - - [24/May/2025:18:42:14 -0400] "GET /asasx.php HTTP/1.1" 500 360 "-" "-"
52.169.74.165 - - [24/May/2025:18:42:14 -0400] "GET /wp-admin/user/wp-login.php HTTP/1.1" 500 360 "-" "-"
52.169.74.165 - - [24/May/2025:18:42:14 -0400] "GET /wp-admin/css/colors/blue/index.php HTTP/1.1" 500 360 "-" "-"
52.169.74.165 - - [24/May/2025:18:42:15 -0400] "GET /wp-content/radio.php HTTP/1.1" 500 360 "-" "-"
52.169.74.165 - - [24/May/2025:18:42:15 -0400] "GET /wp-conflg.php HTTP/1.1" 500 360 "-" "-"
52.169.74.165 - - [24/May/2025:18:42:15 -0400] "GET //wp-includes/Text/autoload_classmap.php HTTP/1.1" 500 360 "-" "-"
52.169.74.165 - - [24/May/2025:18:42:15 -0400] "GET /wp-content/plugins/about.php HTTP/1.1" 500 360 "-" "-"
52.169.74.165 - - [24/May/2025:18:42:15 -0400] "GET /st.php HTTP/1.1" 500 360 "-" "-"
52.169.74.165 - - [24/May/2025:18:42:15 -0400] "GET //wp-admin/css/colors/blue/ HTTP/1.1" 200 4710 "-" "-"
52.169.74.165 - - [24/May/2025:18:42:15 -0400] "GET /wp-content/about.php HTTP/1.1" 500 360 "-" "-"
52.169.74.165 - - [24/May/2025:18:42:15 -0400] "GET /wp-admin/admin.php HTTP/1.1" 500 360 "-" "-"
52.169.74.165 - - [24/May/2025:18:42:15 -0400] "GET /wp-admin/css/admin.php HTTP/1.1" 500 360 "-" "-"
52.169.74.165 - - [24/May/2025:18:42:16 -0400] "GET /templates/beez3/index.php HTTP/1.1" 500 360 "-" "-"
52.169.74.165 - - [24/May/2025:18:42:16 -0400] "GET /wp-content/plugins/simple/simple.php HTTP/1.1" 500 360 "-" "-"
52.169.74.165 - - [24/May/2025:18:42:16 -0400] "GET //s.php HTTP/1.1" 500 360 "-" "-"
52.169.74.165 - - [24/May/2025:18:42:16 -0400] "GET /help.php HTTP/1.1" 500 360 "-" "-"
52.169.74.165 - - [24/May/2025:18:42:16 -0400] "GET /wp-content/plugins/pwnd/1.php HTTP/1.1" 500 360 "-" "-"
198.204.226.18 - - [24/May/2025:18:42:39 -0400] "GET /wp-content/install.php HTTP/1.1" 200 10 "http://jenniferflo.com/wp-content/install.php" "Mozilla/5.0 (Windows NT 10.0; Win64; x64) AppleWebKit/537.36 (KHTML, like Gecko) Chrome/58.0.3029.110 Safari/537.3"
198.204.226.18 - - [24/May/2025:18:42:34 -0400] "GET /wp-content/install.php HTTP/1.1" 200 0 "http://jenniferflo.com/wp-content/install.php" "Mozilla/5.0 (Windows NT 10.0; Win64; x64) AppleWebKit/537.36 (KHTML, like Gecko) Chrome/58.0.3029.110 Safari/537.3"
111.58.91.148 - - [24/May/2025:18:42:54 -0400] "GET / HTTP/1.1" 500 276 "http://www.jenniferflo.com/" "Mozilla/5.0 (Windows NT 6.1; WOW64) AppleWebKit/537.36 (KHTML, like Gecko) Chrome/50.0.2661.102 Safari/537.36"
198.204.226.18 - - [24/May/2025:18:43:36 -0400] "GET /wp-content/install.php HTTP/1.1" 200 10 "http://jenniferflo.com/wp-content/install.php" "Mozilla/5.0 (Windows NT 10.0; Win64; x64) AppleWebKit/537.36 (KHTML, like Gecko) Chrome/58.0.3029.110 Safari/537.3"
66.249.64.164 - - [24/May/2025:18:44:19 -0400] "GET /?_g=3657402 HTTP/1.1" 200 81301 "-" "Mozilla/5.0 (Linux; Android 6.0.1; Nexus 5X Build/MMB29P) AppleWebKit/537.36 (KHTML, like Gecko) Chrome/136.0.7103.113 Mobile Safari/537.36 (compatible; Googlebot/2.1; +http://www.google.com/bot.html)"
212.11.64.144 - - [24/May/2025:18:44:25 -0400] "GET //wp-admin/images/LA.php HTTP/1.1" 500 271 "http://jenniferflo.com/" "Mozilla/5.0 (Windows NT 10.0; Win64; x64) AppleWebKit/537.36 (KHTML, like Gecko) Chrome/121.0.0.0 Safari/537.36"
198.204.226.18 - - [24/May/2025:18:44:41 -0400] "GET /wp-content/install.php HTTP/1.1" 200 10 "http://jenniferflo.com/wp-content/install.php" "Mozilla/5.0 (Windows NT 10.0; Win64; x64) AppleWebKit/537.36 (KHTML, like Gecko) Chrome/58.0.3029.110 Safari/537.3"
208.110.64.178 - - [24/May/2025:18:44:47 -0400] "GET /wp-includes/install.php HTTP/1.1" 200 10 "http://jenniferflo.com/wp-includes/install.php" "Mozilla/5.0 (Windows NT 10.0; Win64; x64) AppleWebKit/537.36 (KHTML, like Gecko) Chrome/58.0.3029.110 Safari/537.3"
47.238.13.9 - - [24/May/2025:18:45:02 -0400] "GET /pages.php?products/151vp35684 HTTP/1.1" 200 9621 "-" "Mozilla/5.0 (Macintosh; Intel Mac OS X 10_15_7) AppleWebKit/537.36 (KHTML, like Gecko) Chrome/109.0.0.0 Safari/537.36"
198.204.226.18 - - [24/May/2025:18:45:38 -0400] "GET /wp-content/install.php HTTP/1.1" 200 0 "http://jenniferflo.com/wp-content/install.php" "Mozilla/5.0 (Windows NT 10.0; Win64; x64) AppleWebKit/537.36 (KHTML, like Gecko) Chrome/58.0.3029.110 Safari/537.3"
198.204.226.18 - - [24/May/2025:18:46:44 -0400] "GET /wp-content/install.php HTTP/1.1" 200 10 "http://jenniferflo.com/wp-content/install.php" "Mozilla/5.0 (Windows NT 10.0; Win64; x64) AppleWebKit/537.36 (KHTML, like Gecko) Chrome/58.0.3029.110 Safari/537.3"
198.204.226.18 - - [24/May/2025:18:46:41 -0400] "GET /wp-content/install.php HTTP/1.1" 200 0 "http://jenniferflo.com/wp-content/install.php" "Mozilla/5.0 (Windows NT 10.0; Win64; x64) AppleWebKit/537.36 (KHTML, like Gecko) Chrome/58.0.3029.110 Safari/537.3"
66.249.64.131 - - [24/May/2025:18:46:56 -0400] "GET /sitemap-hot-2996710.xml HTTP/1.1" 200 81189 "-" "Mozilla/5.0 (compatible; Googlebot/2.1; +http://www.google.com/bot.html)"
198.204.226.18 - - [24/May/2025:18:46:58 -0400] "GET /wp-content/install.php HTTP/1.1" 200 10 "http://jenniferflo.com/wp-content/install.php" "Mozilla/5.0 (Windows NT 10.0; Win64; x64) AppleWebKit/537.36 (KHTML, like Gecko) Chrome/58.0.3029.110 Safari/537.3"
198.204.226.18 - - [24/May/2025:18:46:54 -0400] "GET /wp-content/install.php HTTP/1.1" 200 0 "http://jenniferflo.com/wp-content/install.php" "Mozilla/5.0 (Windows NT 10.0; Win64; x64) AppleWebKit/537.36 (KHTML, like Gecko) Chrome/58.0.3029.110 Safari/537.3"
198.204.226.18 - - [24/May/2025:18:47:33 -0400] "GET /wp-content/install.php HTTP/1.1" 200 10 "http://jenniferflo.com/wp-content/install.php" "Mozilla/5.0 (Windows NT 10.0; Win64; x64) AppleWebKit/537.36 (KHTML, like Gecko) Chrome/58.0.3029.110 Safari/537.3"
198.204.226.18 - - [24/May/2025:18:47:27 -0400] "GET /wp-content/install.php HTTP/1.1" 200 0 "http://jenniferflo.com/wp-content/install.php" "Mozilla/5.0 (Windows NT 10.0; Win64; x64) AppleWebKit/537.36 (KHTML, like Gecko) Chrome/58.0.3029.110 Safari/537.3"
212.11.64.144 - - [24/May/2025:18:48:09 -0400] "GET //wp-admin/cux.php HTTP/1.1" 500 271 "http://jenniferflo.com/" "Mozilla/5.0 (Windows NT 10.0; Win64; x64) AppleWebKit/537.36 (KHTML, like Gecko) Chrome/121.0.0.0 Safari/537.36"
