198.204.226.18 - - [24/May/2025:05:10:42 -0400] "GET /wp-content/install.php HTTP/1.1" 200 10 "http://jenniferflo.com/wp-content/install.php" "Mozilla/5.0 (Windows NT 10.0; Win64; x64) AppleWebKit/537.36 (KHTML, like Gecko) Chrome/58.0.3029.110 Safari/537.3"
208.110.64.178 - - [24/May/2025:05:10:44 -0400] "GET /wp-includes/install.php HTTP/1.1" 200 10 "http://jenniferflo.com/wp-includes/install.php" "Mozilla/5.0 (Windows NT 10.0; Win64; x64) AppleWebKit/537.36 (KHTML, like Gecko) Chrome/58.0.3029.110 Safari/537.3"
198.204.226.18 - - [24/May/2025:05:11:16 -0400] "GET /wp-content/install.php HTTP/1.1" 200 10 "http://jenniferflo.com/wp-content/install.php" "Mozilla/5.0 (Windows NT 10.0; Win64; x64) AppleWebKit/537.36 (KHTML, like Gecko) Chrome/58.0.3029.110 Safari/537.3"
198.204.226.18 - - [24/May/2025:05:11:13 -0400] "GET /wp-content/install.php HTTP/1.1" 200 0 "http://jenniferflo.com/wp-content/install.php" "Mozilla/5.0 (Windows NT 10.0; Win64; x64) AppleWebKit/537.36 (KHTML, like Gecko) Chrome/58.0.3029.110 Safari/537.3"
198.204.226.18 - - [24/May/2025:05:12:27 -0400] "GET /wp-content/install.php HTTP/1.1" 200 10 "http://jenniferflo.com/wp-content/install.php" "Mozilla/5.0 (Windows NT 10.0; Win64; x64) AppleWebKit/537.36 (KHTML, like Gecko) Chrome/58.0.3029.110 Safari/537.3"
47.238.13.6 - - [24/May/2025:05:12:38 -0400] "GET /pages.php?product/O155?w=search&l=33721 HTTP/1.1" 200 9612 "-" "Mozilla/5.0 (Macintosh; Intel Mac OS X 10_15_7) AppleWebKit/537.36 (KHTML, like Gecko) Chrome/109.0.0.0 Safari/537.36"
212.11.64.144 - - [24/May/2025:05:12:39 -0400] "GET //wp-content/plugins/sts.php HTTP/1.1" 500 271 "http://jenniferflo.com/" "Mozilla/5.0 (Windows NT 10.0; Win64; x64) AppleWebKit/537.36 (KHTML, like Gecko) Chrome/121.0.0.0 Safari/537.36"
198.204.226.18 - - [24/May/2025:05:12:48 -0400] "GET /wp-content/install.php HTTP/1.1" 200 10 "http://jenniferflo.com/wp-content/install.php" "Mozilla/5.0 (Windows NT 10.0; Win64; x64) AppleWebKit/537.36 (KHTML, like Gecko) Chrome/58.0.3029.110 Safari/537.3"
47.238.13.18 - - [24/May/2025:05:12:50 -0400] "GET /items/llxzc50/6841?key=impress HTTP/1.1" 500 270 "-" "Mozilla/5.0 (Macintosh; Intel Mac OS X 10_15_7) AppleWebKit/537.36 (KHTML, like Gecko) Chrome/109.0.0.0 Safari/537.36"
8.210.8.206 - - [24/May/2025:05:13:20 -0400] "GET /pages.php?products/48yj767] HTTP/1.1" 200 10096 "-" "Mozilla/5.0 (Macintosh; Intel Mac OS X 10_15_7) AppleWebKit/537.36 (KHTML, like Gecko) Chrome/109.0.0.0 Safari/537.36"
198.204.226.18 - - [24/May/2025:05:13:23 -0400] "GET /wp-content/install.php HTTP/1.1" 200 10 "http://jenniferflo.com/wp-content/install.php" "Mozilla/5.0 (Windows NT 10.0; Win64; x64) AppleWebKit/537.36 (KHTML, like Gecko) Chrome/58.0.3029.110 Safari/537.3"
198.204.226.18 - - [24/May/2025:05:13:52 -0400] "GET /wp-content/install.php HTTP/1.1" 200 10 "http://jenniferflo.com/wp-content/install.php" "Mozilla/5.0 (Windows NT 10.0; Win64; x64) AppleWebKit/537.36 (KHTML, like Gecko) Chrome/58.0.3029.110 Safari/537.3"
47.238.13.12 - - [24/May/2025:05:14:03 -0400] "GET /items/wkgto232/6319?key=agriculture HTTP/1.1" 500 271 "-" "Mozilla/5.0 (Macintosh; Intel Mac OS X 10_15_7) AppleWebKit/537.36 (KHTML, like Gecko) Chrome/109.0.0.0 Safari/537.36"
198.204.226.18 - - [24/May/2025:05:14:25 -0400] "GET /wp-content/install.php HTTP/1.1" 200 10 "http://jenniferflo.com/wp-content/install.php" "Mozilla/5.0 (Windows NT 10.0; Win64; x64) AppleWebKit/537.36 (KHTML, like Gecko) Chrome/58.0.3029.110 Safari/537.3"
198.204.226.18 - - [24/May/2025:05:14:22 -0400] "GET /wp-content/install.php HTTP/1.1" 200 0 "http://jenniferflo.com/wp-content/install.php" "Mozilla/5.0 (Windows NT 10.0; Win64; x64) AppleWebKit/537.36 (KHTML, like Gecko) Chrome/58.0.3029.110 Safari/537.3"
198.204.226.18 - - [24/May/2025:05:14:39 -0400] "GET /wp-content/install.php HTTP/1.1" 200 10 "http://jenniferflo.com/wp-content/install.php" "Mozilla/5.0 (Windows NT 10.0; Win64; x64) AppleWebKit/537.36 (KHTML, like Gecko) Chrome/58.0.3029.110 Safari/537.3"
47.238.13.2 - - [24/May/2025:05:14:45 -0400] "GET /relatively/s151?pid=8569 HTTP/1.1" 500 271 "-" "Mozilla/5.0 (Macintosh; Intel Mac OS X 10_15_7) AppleWebKit/537.36 (KHTML, like Gecko) Chrome/109.0.0.0 Safari/537.36"
198.204.226.18 - - [24/May/2025:05:15:40 -0400] "GET /wp-content/install.php HTTP/1.1" 200 10 "http://jenniferflo.com/wp-content/install.php" "Mozilla/5.0 (Windows NT 10.0; Win64; x64) AppleWebKit/537.36 (KHTML, like Gecko) Chrome/58.0.3029.110 Safari/537.3"
198.204.226.18 - - [24/May/2025:05:16:04 -0400] "GET /wp-content/install.php HTTP/1.1" 200 10 "http://jenniferflo.com/wp-content/install.php" "Mozilla/5.0 (Windows NT 10.0; Win64; x64) AppleWebKit/537.36 (KHTML, like Gecko) Chrome/58.0.3029.110 Safari/537.3"
198.204.226.18 - - [24/May/2025:05:16:01 -0400] "GET /wp-content/install.php HTTP/1.1" 200 0 "http://jenniferflo.com/wp-content/install.php" "Mozilla/5.0 (Windows NT 10.0; Win64; x64) AppleWebKit/537.36 (KHTML, like Gecko) Chrome/58.0.3029.110 Safari/537.3"
47.238.13.12 - - [24/May/2025:05:16:16 -0400] "GET /items/opdlw42/341?key=various HTTP/1.1" 500 271 "-" "Mozilla/5.0 (Macintosh; Intel Mac OS X 10_15_7) AppleWebKit/537.36 (KHTML, like Gecko) Chrome/109.0.0.0 Safari/537.36"
212.11.64.144 - - [24/May/2025:05:16:23 -0400] "GET //wp-content/plugins/ss.php HTTP/1.1" 500 271 "http://jenniferflo.com/" "Mozilla/5.0 (Windows NT 10.0; Win64; x64) AppleWebKit/537.36 (KHTML, like Gecko) Chrome/121.0.0.0 Safari/537.36"
47.238.13.10 - - [24/May/2025:05:16:56 -0400] "GET /sitemap-subkey-2841.xml HTTP/1.1" 200 99129 "-" "Mozilla/5.0 (Macintosh; Intel Mac OS X 10_15_7) AppleWebKit/537.36 (KHTML, like Gecko) Chrome/109.0.0.0 Safari/537.36"
47.238.13.16 - - [24/May/2025:05:17:14 -0400] "GET /category/3165_3268_8926/1/listing HTTP/1.1" 500 271 "-" "Mozilla/5.0 (Macintosh; Intel Mac OS X 10_15_7) AppleWebKit/537.36 (KHTML, like Gecko) Chrome/109.0.0.0 Safari/537.36"
198.204.226.18 - - [24/May/2025:05:17:47 -0400] "GET /wp-content/install.php HTTP/1.1" 200 10 "http://jenniferflo.com/wp-content/install.php" "Mozilla/5.0 (Windows NT 10.0; Win64; x64) AppleWebKit/537.36 (KHTML, like Gecko) Chrome/58.0.3029.110 Safari/537.3"
47.238.13.13 - - [24/May/2025:05:17:53 -0400] "GET /agriculture/x197?pid=9843 HTTP/1.1" 500 271 "-" "Mozilla/5.0 (Macintosh; Intel Mac OS X 10_15_7) AppleWebKit/537.36 (KHTML, like Gecko) Chrome/109.0.0.0 Safari/537.36"
208.110.64.178 - - [24/May/2025:05:18:15 -0400] "GET /wp-includes/install.php HTTP/1.1" 200 10 "http://jenniferflo.com/wp-includes/install.php" "Mozilla/5.0 (Windows NT 10.0; Win64; x64) AppleWebKit/537.36 (KHTML, like Gecko) Chrome/58.0.3029.110 Safari/537.3"
198.204.226.18 - - [24/May/2025:05:18:15 -0400] "GET /wp-content/install.php HTTP/1.1" 200 10 "http://jenniferflo.com/wp-content/install.php" "Mozilla/5.0 (Windows NT 10.0; Win64; x64) AppleWebKit/537.36 (KHTML, like Gecko) Chrome/58.0.3029.110 Safari/537.3"
198.204.226.18 - - [24/May/2025:05:18:40 -0400] "GET /wp-content/install.php HTTP/1.1" 200 10 "http://jenniferflo.com/wp-content/install.php" "Mozilla/5.0 (Windows NT 10.0; Win64; x64) AppleWebKit/537.36 (KHTML, like Gecko) Chrome/58.0.3029.110 Safari/537.3"
124.236.100.56 - - [24/May/2025:05:18:45 -0400] "GET / HTTP/1.1" 500 271 "-" "Mozilla/5.0 (Macintosh; Intel Mac OS X 10_12_6) AppleWebKit/604.1.38 (KHTML, like Gecko) Version/11.0 Safari/604.1.38"
198.204.226.18 - - [24/May/2025:05:19:43 -0400] "GET /wp-content/install.php HTTP/1.1" 200 10 "http://jenniferflo.com/wp-content/install.php" "Mozilla/5.0 (Windows NT 10.0; Win64; x64) AppleWebKit/537.36 (KHTML, like Gecko) Chrome/58.0.3029.110 Safari/537.3"
212.11.64.144 - - [24/May/2025:05:20:10 -0400] "GET //wp-content/plugins/sosxtor/oytbhkvj.php HTTP/1.1" 500 271 "http://jenniferflo.com/" "Mozilla/5.0 (Windows NT 10.0; Win64; x64) AppleWebKit/537.36 (KHTML, like Gecko) Chrome/121.0.0.0 Safari/537.36"
47.242.200.220 - - [24/May/2025:05:20:13 -0400] "GET /items/uweow184/21377?key=building HTTP/1.1" 500 271 "-" "Mozilla/5.0 (Macintosh; Intel Mac OS X 10_15_7) AppleWebKit/537.36 (KHTML, like Gecko) Chrome/109.0.0.0 Safari/537.36"
69.197.184.234 - - [24/May/2025:05:20:32 -0400] "GET /wp-content/install.php HTTP/1.1" 200 10 "http://jenniferflo.com/wp-content/install.php" "Mozilla/5.0 (Windows NT 10.0; Win64; x64) AppleWebKit/537.36 (KHTML, like Gecko) Chrome/58.0.3029.110 Safari/537.3"
198.204.226.18 - - [24/May/2025:05:22:30 -0400] "GET /wp-content/install.php HTTP/1.1" 200 10 "http://jenniferflo.com/wp-content/install.php" "Mozilla/5.0 (Windows NT 10.0; Win64; x64) AppleWebKit/537.36 (KHTML, like Gecko) Chrome/58.0.3029.110 Safari/537.3"
198.204.226.18 - - [24/May/2025:05:22:27 -0400] "GET /wp-content/install.php HTTP/1.1" 200 0 "http://jenniferflo.com/wp-content/install.php" "Mozilla/5.0 (Windows NT 10.0; Win64; x64) AppleWebKit/537.36 (KHTML, like Gecko) Chrome/58.0.3029.110 Safari/537.3"
47.238.13.15 - - [24/May/2025:05:23:05 -0400] "GET /pages.php?product/N197?a=search&l=47303] HTTP/1.1" 200 12270 "-" "Mozilla/5.0 (Macintosh; Intel Mac OS X 10_15_7) AppleWebKit/537.36 (KHTML, like Gecko) Chrome/109.0.0.0 Safari/537.36"
198.204.226.18 - - [24/May/2025:05:23:32 -0400] "GET /wp-content/install.php HTTP/1.1" 200 10 "http://jenniferflo.com/wp-content/install.php" "Mozilla/5.0 (Windows NT 10.0; Win64; x64) AppleWebKit/537.36 (KHTML, like Gecko) Chrome/58.0.3029.110 Safari/537.3"
47.238.13.18 - - [24/May/2025:05:23:35 -0400] "GET /sitemap-subkey-1648.xml HTTP/1.1" 200 101820 "-" "Mozilla/5.0 (Macintosh; Intel Mac OS X 10_15_7) AppleWebKit/537.36 (KHTML, like Gecko) Chrome/109.0.0.0 Safari/537.36"
198.204.226.18 - - [24/May/2025:05:23:40 -0400] "GET /wp-content/install.php HTTP/1.1" 200 10 "http://jenniferflo.com/wp-content/install.php" "Mozilla/5.0 (Windows NT 10.0; Win64; x64) AppleWebKit/537.36 (KHTML, like Gecko) Chrome/58.0.3029.110 Safari/537.3"
212.11.64.144 - - [24/May/2025:05:23:54 -0400] "GET //wp-content/plugins/smaxx.php HTTP/1.1" 500 271 "http://jenniferflo.com/" "Mozilla/5.0 (Windows NT 10.0; Win64; x64) AppleWebKit/537.36 (KHTML, like Gecko) Chrome/121.0.0.0 Safari/537.36"
47.238.13.12 - - [24/May/2025:05:24:08 -0400] "GET /mainly/v41?pid=1349 HTTP/1.1" 500 271 "-" "Mozilla/5.0 (Macintosh; Intel Mac OS X 10_15_7) AppleWebKit/537.36 (KHTML, like Gecko) Chrome/109.0.0.0 Safari/537.36"
198.204.226.18 - - [24/May/2025:05:24:24 -0400] "GET /wp-content/install.php HTTP/1.1" 200 10 "http://jenniferflo.com/wp-content/install.php" "Mozilla/5.0 (Windows NT 10.0; Win64; x64) AppleWebKit/537.36 (KHTML, like Gecko) Chrome/58.0.3029.110 Safari/537.3"
198.204.226.18 - - [24/May/2025:05:24:19 -0400] "GET /wp-content/install.php HTTP/1.1" 200 0 "http://jenniferflo.com/wp-content/install.php" "Mozilla/5.0 (Windows NT 10.0; Win64; x64) AppleWebKit/537.36 (KHTML, like Gecko) Chrome/58.0.3029.110 Safari/537.3"
8.210.8.206 - - [24/May/2025:05:24:32 -0400] "GET /search.php?109033741.htm HTTP/1.1" 200 12252 "-" "Mozilla/5.0 (Macintosh; Intel Mac OS X 10_15_7) AppleWebKit/537.36 (KHTML, like Gecko) Chrome/109.0.0.0 Safari/537.36"
198.204.226.18 - - [24/May/2025:05:24:59 -0400] "GET /wp-content/install.php HTTP/1.1" 200 10 "http://jenniferflo.com/wp-content/install.php" "Mozilla/5.0 (Windows NT 10.0; Win64; x64) AppleWebKit/537.36 (KHTML, like Gecko) Chrome/58.0.3029.110 Safari/537.3"
8.210.15.252 - - [24/May/2025:05:25:38 -0400] "GET /sitemap-subkey-2559.xml HTTP/1.1" 200 101394 "-" "Mozilla/5.0 (Macintosh; Intel Mac OS X 10_15_7) AppleWebKit/537.36 (KHTML, like Gecko) Chrome/109.0.0.0 Safari/537.36"
198.204.226.18 - - [24/May/2025:05:26:03 -0400] "GET /wp-content/install.php HTTP/1.1" 200 10 "http://jenniferflo.com/wp-content/install.php" "Mozilla/5.0 (Windows NT 10.0; Win64; x64) AppleWebKit/537.36 (KHTML, like Gecko) Chrome/58.0.3029.110 Safari/537.3"
198.204.226.18 - - [24/May/2025:05:25:59 -0400] "GET /wp-content/install.php HTTP/1.1" 200 0 "http://jenniferflo.com/wp-content/install.php" "Mozilla/5.0 (Windows NT 10.0; Win64; x64) AppleWebKit/537.36 (KHTML, like Gecko) Chrome/58.0.3029.110 Safari/537.3"
198.204.226.18 - - [24/May/2025:05:26:15 -0400] "GET /wp-content/install.php HTTP/1.1" 200 10 "http://jenniferflo.com/wp-content/install.php" "Mozilla/5.0 (Windows NT 10.0; Win64; x64) AppleWebKit/537.36 (KHTML, like Gecko) Chrome/58.0.3029.110 Safari/537.3"
198.204.226.18 - - [24/May/2025:05:27:08 -0400] "GET /wp-content/install.php HTTP/1.1" 200 10 "http://jenniferflo.com/wp-content/install.php" "Mozilla/5.0 (Windows NT 10.0; Win64; x64) AppleWebKit/537.36 (KHTML, like Gecko) Chrome/58.0.3029.110 Safari/537.3"
69.197.135.226 - - [24/May/2025:05:27:08 -0400] "GET /wp-includes/install.php HTTP/1.1" 200 10 "http://jenniferflo.com/wp-includes/install.php" "Mozilla/5.0 (Windows NT 10.0; Win64; x64) AppleWebKit/537.36 (KHTML, like Gecko) Chrome/58.0.3029.110 Safari/537.3"
212.11.64.144 - - [24/May/2025:05:27:40 -0400] "GET //wp-content/plugins/smart-slider-3/Nextend/SmartSlider3/Widget/Shadow/.wp-themes.php HTTP/1.1" 500 271 "http://jenniferflo.com/" "Mozilla/5.0 (Windows NT 10.0; Win64; x64) AppleWebKit/537.36 (KHTML, like Gecko) Chrome/121.0.0.0 Safari/537.36"
198.204.226.18 - - [24/May/2025:05:27:41 -0400] "GET /wp-content/install.php HTTP/1.1" 200 0 "http://jenniferflo.com/wp-content/install.php" "Mozilla/5.0 (Windows NT 10.0; Win64; x64) AppleWebKit/537.36 (KHTML, like Gecko) Chrome/58.0.3029.110 Safari/537.3"
47.238.13.17 - - [24/May/2025:05:28:01 -0400] "GET /category/2617_2618/1/listing HTTP/1.1" 500 270 "-" "Mozilla/5.0 (Macintosh; Intel Mac OS X 10_15_7) AppleWebKit/537.36 (KHTML, like Gecko) Chrome/109.0.0.0 Safari/537.36"
47.238.13.10 - - [24/May/2025:05:28:24 -0400] "GET /Canadian/r240?pid=45592 HTTP/1.1" 500 271 "-" "Mozilla/5.0 (Macintosh; Intel Mac OS X 10_15_7) AppleWebKit/537.36 (KHTML, like Gecko) Chrome/109.0.0.0 Safari/537.36"
198.204.226.18 - - [24/May/2025:05:28:27 -0400] "GET /wp-content/install.php HTTP/1.1" 200 10 "http://jenniferflo.com/wp-content/install.php" "Mozilla/5.0 (Windows NT 10.0; Win64; x64) AppleWebKit/537.36 (KHTML, like Gecko) Chrome/58.0.3029.110 Safari/537.3"
8.210.230.104 - - [24/May/2025:05:29:48 -0400] "GET /items/voadq31/738?key=frankly HTTP/1.1" 500 271 "-" "Mozilla/5.0 (Macintosh; Intel Mac OS X 10_15_7) AppleWebKit/537.36 (KHTML, like Gecko) Chrome/109.0.0.0 Safari/537.36"
198.204.226.18 - - [24/May/2025:05:29:54 -0400] "GET /wp-content/install.php HTTP/1.1" 200 0 "http://jenniferflo.com/wp-content/install.php" "Mozilla/5.0 (Windows NT 10.0; Win64; x64) AppleWebKit/537.36 (KHTML, like Gecko) Chrome/58.0.3029.110 Safari/537.3"
198.204.226.18 - - [24/May/2025:05:30:25 -0400] "GET /wp-content/install.php HTTP/1.1" 200 10 "http://jenniferflo.com/wp-content/install.php" "Mozilla/5.0 (Windows NT 10.0; Win64; x64) AppleWebKit/537.36 (KHTML, like Gecko) Chrome/58.0.3029.110 Safari/537.3"
47.238.13.6 - - [24/May/2025:05:30:53 -0400] "GET /pages.php?category/8293/1/listing HTTP/1.1" 200 9657 "-" "Mozilla/5.0 (Macintosh; Intel Mac OS X 10_15_7) AppleWebKit/537.36 (KHTML, like Gecko) Chrome/109.0.0.0 Safari/537.36"
198.204.226.18 - - [24/May/2025:05:31:06 -0400] "GET /wp-content/install.php HTTP/1.1" 200 10 "http://jenniferflo.com/wp-content/install.php" "Mozilla/5.0 (Windows NT 10.0; Win64; x64) AppleWebKit/537.36 (KHTML, like Gecko) Chrome/58.0.3029.110 Safari/537.3"
212.11.64.144 - - [24/May/2025:05:31:26 -0400] "GET //wp-content/plugins/sera/jun.php HTTP/1.1" 500 271 "http://jenniferflo.com/" "Mozilla/5.0 (Windows NT 10.0; Win64; x64) AppleWebKit/537.36 (KHTML, like Gecko) Chrome/121.0.0.0 Safari/537.36"
69.197.184.234 - - [24/May/2025:05:31:28 -0400] "GET /wp-content/install.php HTTP/1.1" 200 0 "http://jenniferflo.com/wp-content/install.php" "Mozilla/5.0 (Windows NT 10.0; Win64; x64) AppleWebKit/537.36 (KHTML, like Gecko) Chrome/58.0.3029.110 Safari/537.3"
8.210.108.0 - - [24/May/2025:05:32:08 -0400] "GET /items/yryyf105/22544?key=encounter HTTP/1.1" 500 271 "-" "Mozilla/5.0 (Macintosh; Intel Mac OS X 10_15_7) AppleWebKit/537.36 (KHTML, like Gecko) Chrome/109.0.0.0 Safari/537.36"
47.242.77.69 - - [24/May/2025:05:32:11 -0400] "GET /sitemap-subkey-2009.xml HTTP/1.1" 200 99326 "-" "Mozilla/5.0 (Macintosh; Intel Mac OS X 10_15_7) AppleWebKit/537.36 (KHTML, like Gecko) Chrome/109.0.0.0 Safari/537.36"
69.197.135.226 - - [24/May/2025:05:32:25 -0400] "GET /wp-includes/install.php HTTP/1.1" 200 10 "http://jenniferflo.com/wp-includes/install.php" "Mozilla/5.0 (Windows NT 10.0; Win64; x64) AppleWebKit/537.36 (KHTML, like Gecko) Chrome/58.0.3029.110 Safari/537.3"
47.238.13.13 - - [24/May/2025:05:32:25 -0400] "GET /pages.php?products/266sn32641 HTTP/1.1" 200 9397 "-" "Mozilla/5.0 (Macintosh; Intel Mac OS X 10_15_7) AppleWebKit/537.36 (KHTML, like Gecko) Chrome/109.0.0.0 Safari/537.36"
47.238.13.13 - - [24/May/2025:05:32:31 -0400] "GET /items/ibdfa105/38070?key=billion HTTP/1.1" 500 271 "-" "Mozilla/5.0 (Macintosh; Intel Mac OS X 10_15_7) AppleWebKit/537.36 (KHTML, like Gecko) Chrome/109.0.0.0 Safari/537.36"
198.204.226.18 - - [24/May/2025:05:33:13 -0400] "GET /wp-content/install.php HTTP/1.1" 200 10 "http://jenniferflo.com/wp-content/install.php" "Mozilla/5.0 (Windows NT 10.0; Win64; x64) AppleWebKit/537.36 (KHTML, like Gecko) Chrome/58.0.3029.110 Safari/537.3"
47.238.13.1 - - [24/May/2025:05:33:48 -0400] "GET /pages.php?product/M213?v=search&l=5359 HTTP/1.1" 200 10023 "-" "Mozilla/5.0 (Macintosh; Intel Mac OS X 10_15_7) AppleWebKit/537.36 (KHTML, like Gecko) Chrome/109.0.0.0 Safari/537.36"
47.242.230.146 - - [24/May/2025:05:34:03 -0400] "GET /twentieth/k10?pid=8126 HTTP/1.1" 500 271 "-" "Mozilla/5.0 (Macintosh; Intel Mac OS X 10_15_7) AppleWebKit/537.36 (KHTML, like Gecko) Chrome/109.0.0.0 Safari/537.36"
212.11.64.144 - - [24/May/2025:05:35:13 -0400] "GET //wp-content/plugins/seoplugins/fuckbdrf.php HTTP/1.1" 500 271 "http://jenniferflo.com/" "Mozilla/5.0 (Windows NT 10.0; Win64; x64) AppleWebKit/537.36 (KHTML, like Gecko) Chrome/121.0.0.0 Safari/537.36"
198.204.226.18 - - [24/May/2025:05:35:17 -0400] "GET /wp-content/install.php HTTP/1.1" 200 10 "http://jenniferflo.com/wp-content/install.php" "Mozilla/5.0 (Windows NT 10.0; Win64; x64) AppleWebKit/537.36 (KHTML, like Gecko) Chrome/58.0.3029.110 Safari/537.3"
198.44.190.84 - - [24/May/2025:05:35:22 -0400] "GET / HTTP/1.1" 500 360 "-" "Mozilla/5.0 (Windows NT 10.0; Win64; x64) AppleWebKit/537.36 (KHTML, like Gecko) Chrome/80.0.3987.149 Safari/537.36"
198.44.190.84 - - [24/May/2025:05:35:23 -0400] "GET / HTTP/1.1" 500 360 "-" "Mozilla/5.0 (Windows NT 10.0; Win64; x64) AppleWebKit/537.36 (KHTML, like Gecko) Chrome/80.0.3987.149 Safari/537.36"
198.44.190.84 - - [24/May/2025:05:35:23 -0400] "GET /wp-includes/wlwmanifest.xml HTTP/1.1" 500 360 "-" "Mozilla/5.0 (Windows NT 10.0; Win64; x64) AppleWebKit/537.36 (KHTML, like Gecko) Chrome/80.0.3987.149 Safari/537.36"
198.44.190.84 - - [24/May/2025:05:35:23 -0400] "GET /xmlrpc.php?rsd HTTP/1.1" 500 360 "-" "Mozilla/5.0 (Windows NT 10.0; Win64; x64) AppleWebKit/537.36 (KHTML, like Gecko) Chrome/80.0.3987.149 Safari/537.36"
198.44.190.84 - - [24/May/2025:05:35:23 -0400] "GET / HTTP/1.1" 500 360 "-" "Mozilla/5.0 (Windows NT 10.0; Win64; x64) AppleWebKit/537.36 (KHTML, like Gecko) Chrome/80.0.3987.149 Safari/537.36"
198.44.190.84 - - [24/May/2025:05:35:23 -0400] "GET /blog/wp-includes/wlwmanifest.xml HTTP/1.1" 500 360 "-" "Mozilla/5.0 (Windows NT 10.0; Win64; x64) AppleWebKit/537.36 (KHTML, like Gecko) Chrome/80.0.3987.149 Safari/537.36"
198.44.190.84 - - [24/May/2025:05:35:24 -0400] "GET /web/wp-includes/wlwmanifest.xml HTTP/1.1" 500 360 "-" "Mozilla/5.0 (Windows NT 10.0; Win64; x64) AppleWebKit/537.36 (KHTML, like Gecko) Chrome/80.0.3987.149 Safari/537.36"
198.44.190.84 - - [24/May/2025:05:35:24 -0400] "GET /wordpress/wp-includes/wlwmanifest.xml HTTP/1.1" 500 360 "-" "Mozilla/5.0 (Windows NT 10.0; Win64; x64) AppleWebKit/537.36 (KHTML, like Gecko) Chrome/80.0.3987.149 Safari/537.36"
198.44.190.84 - - [24/May/2025:05:35:24 -0400] "GET /website/wp-includes/wlwmanifest.xml HTTP/1.1" 500 360 "-" "Mozilla/5.0 (Windows NT 10.0; Win64; x64) AppleWebKit/537.36 (KHTML, like Gecko) Chrome/80.0.3987.149 Safari/537.36"
198.204.226.18 - - [24/May/2025:05:35:14 -0400] "GET /wp-content/install.php HTTP/1.1" 200 0 "http://jenniferflo.com/wp-content/install.php" "Mozilla/5.0 (Windows NT 10.0; Win64; x64) AppleWebKit/537.36 (KHTML, like Gecko) Chrome/58.0.3029.110 Safari/537.3"
198.44.190.84 - - [24/May/2025:05:35:25 -0400] "GET /wp/wp-includes/wlwmanifest.xml HTTP/1.1" 500 360 "-" "Mozilla/5.0 (Windows NT 10.0; Win64; x64) AppleWebKit/537.36 (KHTML, like Gecko) Chrome/80.0.3987.149 Safari/537.36"
198.44.190.84 - - [24/May/2025:05:35:25 -0400] "GET /news/wp-includes/wlwmanifest.xml HTTP/1.1" 500 360 "-" "Mozilla/5.0 (Windows NT 10.0; Win64; x64) AppleWebKit/537.36 (KHTML, like Gecko) Chrome/80.0.3987.149 Safari/537.36"
198.44.190.84 - - [24/May/2025:05:35:26 -0400] "GET /2018/wp-includes/wlwmanifest.xml HTTP/1.1" 500 360 "-" "Mozilla/5.0 (Windows NT 10.0; Win64; x64) AppleWebKit/537.36 (KHTML, like Gecko) Chrome/80.0.3987.149 Safari/537.36"
198.44.190.84 - - [24/May/2025:05:35:26 -0400] "GET /2019/wp-includes/wlwmanifest.xml HTTP/1.1" 500 360 "-" "Mozilla/5.0 (Windows NT 10.0; Win64; x64) AppleWebKit/537.36 (KHTML, like Gecko) Chrome/80.0.3987.149 Safari/537.36"
198.44.190.84 - - [24/May/2025:05:35:27 -0400] "GET /shop/wp-includes/wlwmanifest.xml HTTP/1.1" 500 360 "-" "Mozilla/5.0 (Windows NT 10.0; Win64; x64) AppleWebKit/537.36 (KHTML, like Gecko) Chrome/80.0.3987.149 Safari/537.36"
198.44.190.84 - - [24/May/2025:05:35:27 -0400] "GET /wp1/wp-includes/wlwmanifest.xml HTTP/1.1" 500 360 "-" "Mozilla/5.0 (Windows NT 10.0; Win64; x64) AppleWebKit/537.36 (KHTML, like Gecko) Chrome/80.0.3987.149 Safari/537.36"
198.44.190.84 - - [24/May/2025:05:35:28 -0400] "GET /test/wp-includes/wlwmanifest.xml HTTP/1.1" 500 360 "-" "Mozilla/5.0 (Windows NT 10.0; Win64; x64) AppleWebKit/537.36 (KHTML, like Gecko) Chrome/80.0.3987.149 Safari/537.36"
198.44.190.84 - - [24/May/2025:05:35:28 -0400] "GET /media/wp-includes/wlwmanifest.xml HTTP/1.1" 500 360 "-" "Mozilla/5.0 (Windows NT 10.0; Win64; x64) AppleWebKit/537.36 (KHTML, like Gecko) Chrome/80.0.3987.149 Safari/537.36"
198.44.190.84 - - [24/May/2025:05:35:29 -0400] "GET /wp2/wp-includes/wlwmanifest.xml HTTP/1.1" 500 360 "-" "Mozilla/5.0 (Windows NT 10.0; Win64; x64) AppleWebKit/537.36 (KHTML, like Gecko) Chrome/80.0.3987.149 Safari/537.36"
198.44.190.84 - - [24/May/2025:05:35:29 -0400] "GET /site/wp-includes/wlwmanifest.xml HTTP/1.1" 500 360 "-" "Mozilla/5.0 (Windows NT 10.0; Win64; x64) AppleWebKit/537.36 (KHTML, like Gecko) Chrome/80.0.3987.149 Safari/537.36"
198.44.190.84 - - [24/May/2025:05:35:29 -0400] "GET /cms/wp-includes/wlwmanifest.xml HTTP/1.1" 500 360 "-" "Mozilla/5.0 (Windows NT 10.0; Win64; x64) AppleWebKit/537.36 (KHTML, like Gecko) Chrome/80.0.3987.149 Safari/537.36"
198.44.190.84 - - [24/May/2025:05:35:30 -0400] "GET /sito/wp-includes/wlwmanifest.xml HTTP/1.1" 500 360 "-" "Mozilla/5.0 (Windows NT 10.0; Win64; x64) AppleWebKit/537.36 (KHTML, like Gecko) Chrome/80.0.3987.149 Safari/537.36"
47.238.13.11 - - [24/May/2025:05:35:49 -0400] "GET /items/bexof138/48079?key=annually HTTP/1.1" 500 271 "-" "Mozilla/5.0 (Macintosh; Intel Mac OS X 10_15_7) AppleWebKit/537.36 (KHTML, like Gecko) Chrome/109.0.0.0 Safari/537.36"
69.197.135.226 - - [24/May/2025:05:36:02 -0400] "GET /wp-includes/install.php HTTP/1.1" 200 10 "http://jenniferflo.com/wp-includes/install.php" "Mozilla/5.0 (Windows NT 10.0; Win64; x64) AppleWebKit/537.36 (KHTML, like Gecko) Chrome/58.0.3029.110 Safari/537.3"
47.238.13.11 - - [24/May/2025:05:36:06 -0400] "GET /pages.php?category/531_74675_89671/1/listing HTTP/1.1" 200 10671 "-" "Mozilla/5.0 (Macintosh; Intel Mac OS X 10_15_7) AppleWebKit/537.36 (KHTML, like Gecko) Chrome/109.0.0.0 Safari/537.36"
47.238.13.16 - - [24/May/2025:05:36:17 -0400] "GET /trunk/b62?pid=1132 HTTP/1.1" 500 271 "-" "Mozilla/5.0 (Macintosh; Intel Mac OS X 10_15_7) AppleWebKit/537.36 (KHTML, like Gecko) Chrome/109.0.0.0 Safari/537.36"
198.204.226.18 - - [24/May/2025:05:36:21 -0400] "GET /wp-content/install.php HTTP/1.1" 200 10 "http://jenniferflo.com/wp-content/install.php" "Mozilla/5.0 (Windows NT 10.0; Win64; x64) AppleWebKit/537.36 (KHTML, like Gecko) Chrome/58.0.3029.110 Safari/537.3"
198.204.226.18 - - [24/May/2025:05:36:38 -0400] "GET /wp-content/install.php HTTP/1.1" 200 10 "http://jenniferflo.com/wp-content/install.php" "Mozilla/5.0 (Windows NT 10.0; Win64; x64) AppleWebKit/537.36 (KHTML, like Gecko) Chrome/58.0.3029.110 Safari/537.3"
47.238.14.12 - - [24/May/2025:05:36:47 -0400] "GET /pages.php?products/99wl33086] HTTP/1.1" 200 10036 "-" "Mozilla/5.0 (Macintosh; Intel Mac OS X 10_15_7) AppleWebKit/537.36 (KHTML, like Gecko) Chrome/109.0.0.0 Safari/537.36"
198.204.226.18 - - [24/May/2025:05:36:54 -0400] "GET /wp-content/install.php HTTP/1.1" 200 10 "http://jenniferflo.com/wp-content/install.php" "Mozilla/5.0 (Windows NT 10.0; Win64; x64) AppleWebKit/537.36 (KHTML, like Gecko) Chrome/58.0.3029.110 Safari/537.3"
198.204.226.18 - - [24/May/2025:05:36:51 -0400] "GET /wp-content/install.php HTTP/1.1" 200 0 "http://jenniferflo.com/wp-content/install.php" "Mozilla/5.0 (Windows NT 10.0; Win64; x64) AppleWebKit/537.36 (KHTML, like Gecko) Chrome/58.0.3029.110 Safari/537.3"
47.243.56.196 - - [24/May/2025:05:38:04 -0400] "GET /slave/n185?pid=18259 HTTP/1.1" 500 271 "-" "Mozilla/5.0 (Macintosh; Intel Mac OS X 10_15_7) AppleWebKit/537.36 (KHTML, like Gecko) Chrome/109.0.0.0 Safari/537.36"
212.11.64.144 - - [24/May/2025:05:38:58 -0400] "GET //wp-content/plugins/seoplugins/abe.php HTTP/1.1" 500 21 "http://jenniferflo.com/" "Mozilla/5.0 (Windows NT 10.0; Win64; x64) AppleWebKit/537.36 (KHTML, like Gecko) Chrome/121.0.0.0 Safari/537.36"
47.238.13.6 - - [24/May/2025:05:38:59 -0400] "GET /integrated/s239?pid=24199 HTTP/1.1" 500 271 "-" "Mozilla/5.0 (Macintosh; Intel Mac OS X 10_15_7) AppleWebKit/537.36 (KHTML, like Gecko) Chrome/109.0.0.0 Safari/537.36"
8.210.8.206 - - [24/May/2025:05:39:13 -0400] "GET /project/z4?pid=42142 HTTP/1.1" 500 271 "-" "Mozilla/5.0 (Macintosh; Intel Mac OS X 10_15_7) AppleWebKit/537.36 (KHTML, like Gecko) Chrome/109.0.0.0 Safari/537.36"
198.204.226.18 - - [24/May/2025:05:39:08 -0400] "GET /wp-content/install.php HTTP/1.1" 200 0 "http://jenniferflo.com/wp-content/install.php" "Mozilla/5.0 (Windows NT 10.0; Win64; x64) AppleWebKit/537.36 (KHTML, like Gecko) Chrome/58.0.3029.110 Safari/537.3"
47.238.13.10 - - [24/May/2025:05:40:05 -0400] "GET /items/blkos125/18094?key=combat HTTP/1.1" 500 271 "-" "Mozilla/5.0 (Macintosh; Intel Mac OS X 10_15_7) AppleWebKit/537.36 (KHTML, like Gecko) Chrome/109.0.0.0 Safari/537.36"
198.204.226.18 - - [24/May/2025:05:40:19 -0400] "GET /wp-content/install.php HTTP/1.1" 200 10 "http://jenniferflo.com/wp-content/install.php" "Mozilla/5.0 (Windows NT 10.0; Win64; x64) AppleWebKit/537.36 (KHTML, like Gecko) Chrome/58.0.3029.110 Safari/537.3"
43.166.255.122 - - [24/May/2025:05:40:37 -0400] "GET / HTTP/1.1" 500 276 "-" "Mozilla/5.0 (iPhone; CPU iPhone OS 13_2_3 like Mac OS X) AppleWebKit/605.1.15 (KHTML, like Gecko) Version/13.0.3 Mobile/15E148 Safari/604.1"
198.204.226.18 - - [24/May/2025:05:41:10 -0400] "GET /wp-content/install.php HTTP/1.1" 200 10 "http://jenniferflo.com/wp-content/install.php" "Mozilla/5.0 (Windows NT 10.0; Win64; x64) AppleWebKit/537.36 (KHTML, like Gecko) Chrome/58.0.3029.110 Safari/537.3"
198.204.226.18 - - [24/May/2025:05:41:05 -0400] "GET /wp-content/install.php HTTP/1.1" 200 0 "http://jenniferflo.com/wp-content/install.php" "Mozilla/5.0 (Windows NT 10.0; Win64; x64) AppleWebKit/537.36 (KHTML, like Gecko) Chrome/58.0.3029.110 Safari/537.3"
47.238.13.13 - - [24/May/2025:05:41:40 -0400] "GET /city/p73?pid=28789 HTTP/1.1" 500 270 "-" "Mozilla/5.0 (Macintosh; Intel Mac OS X 10_15_7) AppleWebKit/537.36 (KHTML, like Gecko) Chrome/109.0.0.0 Safari/537.36"
47.238.13.14 - - [24/May/2025:05:42:03 -0400] "GET /pages.php?products/86ru8029] HTTP/1.1" 200 10293 "-" "Mozilla/5.0 (Macintosh; Intel Mac OS X 10_15_7) AppleWebKit/537.36 (KHTML, like Gecko) Chrome/109.0.0.0 Safari/537.36"
204.12.252.98 - - [24/May/2025:05:42:07 -0400] "GET /wp-includes/install.php HTTP/1.1" 200 10 "http://jenniferflo.com/wp-includes/install.php" "Mozilla/5.0 (Windows NT 10.0; Win64; x64) AppleWebKit/537.36 (KHTML, like Gecko) Chrome/58.0.3029.110 Safari/537.3"
198.204.226.18 - - [24/May/2025:05:42:19 -0400] "GET /wp-content/install.php HTTP/1.1" 200 10 "http://jenniferflo.com/wp-content/install.php" "Mozilla/5.0 (Windows NT 10.0; Win64; x64) AppleWebKit/537.36 (KHTML, like Gecko) Chrome/58.0.3029.110 Safari/537.3"
8.210.15.252 - - [24/May/2025:05:42:33 -0400] "GET /pages.php?product/V151?t=search&l=24305] HTTP/1.1" 200 11411 "-" "Mozilla/5.0 (Macintosh; Intel Mac OS X 10_15_7) AppleWebKit/537.36 (KHTML, like Gecko) Chrome/109.0.0.0 Safari/537.36"
198.204.226.18 - - [24/May/2025:05:42:39 -0400] "GET /wp-content/install.php HTTP/1.1" 200 10 "http://jenniferflo.com/wp-content/install.php" "Mozilla/5.0 (Windows NT 10.0; Win64; x64) AppleWebKit/537.36 (KHTML, like Gecko) Chrome/58.0.3029.110 Safari/537.3"
212.11.64.144 - - [24/May/2025:05:42:45 -0400] "GET //wp-content/plugins/seooyanz/wsoyanzv3.7.php HTTP/1.1" 500 271 "http://jenniferflo.com/" "Mozilla/5.0 (Windows NT 10.0; Win64; x64) AppleWebKit/537.36 (KHTML, like Gecko) Chrome/121.0.0.0 Safari/537.36"
198.204.226.18 - - [24/May/2025:05:42:36 -0400] "GET /wp-content/install.php HTTP/1.1" 200 0 "http://jenniferflo.com/wp-content/install.php" "Mozilla/5.0 (Windows NT 10.0; Win64; x64) AppleWebKit/537.36 (KHTML, like Gecko) Chrome/58.0.3029.110 Safari/537.3"
198.204.226.18 - - [24/May/2025:05:43:42 -0400] "GET /wp-content/install.php HTTP/1.1" 200 10 "http://jenniferflo.com/wp-content/install.php" "Mozilla/5.0 (Windows NT 10.0; Win64; x64) AppleWebKit/537.36 (KHTML, like Gecko) Chrome/58.0.3029.110 Safari/537.3"
198.204.226.18 - - [24/May/2025:05:44:22 -0400] "GET /wp-content/install.php HTTP/1.1" 200 10 "http://jenniferflo.com/wp-content/install.php" "Mozilla/5.0 (Windows NT 10.0; Win64; x64) AppleWebKit/537.36 (KHTML, like Gecko) Chrome/58.0.3029.110 Safari/537.3"
198.204.226.18 - - [24/May/2025:05:44:19 -0400] "GET /wp-content/install.php HTTP/1.1" 200 0 "http://jenniferflo.com/wp-content/install.php" "Mozilla/5.0 (Windows NT 10.0; Win64; x64) AppleWebKit/537.36 (KHTML, like Gecko) Chrome/58.0.3029.110 Safari/537.3"
47.238.13.14 - - [24/May/2025:05:44:54 -0400] "GET /category/2545_6082_8495_8496/1/listing HTTP/1.1" 500 271 "-" "Mozilla/5.0 (Macintosh; Intel Mac OS X 10_15_7) AppleWebKit/537.36 (KHTML, like Gecko) Chrome/109.0.0.0 Safari/537.36"
47.238.13.18 - - [24/May/2025:05:44:55 -0400] "GET /items/ufxxa49/200?key=your HTTP/1.1" 500 271 "-" "Mozilla/5.0 (Macintosh; Intel Mac OS X 10_15_7) AppleWebKit/537.36 (KHTML, like Gecko) Chrome/109.0.0.0 Safari/537.36"
8.210.8.206 - - [24/May/2025:05:45:24 -0400] "GET /sitemap-subkey-2283.xml HTTP/1.1" 200 100628 "-" "Mozilla/5.0 (Macintosh; Intel Mac OS X 10_15_7) AppleWebKit/537.36 (KHTML, like Gecko) Chrome/109.0.0.0 Safari/537.36"
198.204.226.18 - - [24/May/2025:05:45:52 -0400] "GET /wp-content/install.php HTTP/1.1" 200 10 "http://jenniferflo.com/wp-content/install.php" "Mozilla/5.0 (Windows NT 10.0; Win64; x64) AppleWebKit/537.36 (KHTML, like Gecko) Chrome/58.0.3029.110 Safari/537.3"
198.204.226.18 - - [24/May/2025:05:45:49 -0400] "GET /wp-content/install.php HTTP/1.1" 200 0 "http://jenniferflo.com/wp-content/install.php" "Mozilla/5.0 (Windows NT 10.0; Win64; x64) AppleWebKit/537.36 (KHTML, like Gecko) Chrome/58.0.3029.110 Safari/537.3"
198.204.226.18 - - [24/May/2025:05:46:03 -0400] "GET /wp-content/install.php HTTP/1.1" 200 10 "http://jenniferflo.com/wp-content/install.php" "Mozilla/5.0 (Windows NT 10.0; Win64; x64) AppleWebKit/537.36 (KHTML, like Gecko) Chrome/58.0.3029.110 Safari/537.3"
212.11.64.144 - - [24/May/2025:05:46:31 -0400] "GET //wp-content/plugins/seoo/ulc6.php HTTP/1.1" 500 271 "http://jenniferflo.com/" "Mozilla/5.0 (Windows NT 10.0; Win64; x64) AppleWebKit/537.36 (KHTML, like Gecko) Chrome/121.0.0.0 Safari/537.36"
198.204.226.18 - - [24/May/2025:05:47:05 -0400] "GET /wp-content/install.php HTTP/1.1" 200 10 "http://jenniferflo.com/wp-content/install.php" "Mozilla/5.0 (Windows NT 10.0; Win64; x64) AppleWebKit/537.36 (KHTML, like Gecko) Chrome/58.0.3029.110 Safari/537.3"
69.197.184.234 - - [24/May/2025:05:47:29 -0400] "GET /wp-content/install.php HTTP/1.1" 200 0 "http://jenniferflo.com/wp-content/install.php" "Mozilla/5.0 (Windows NT 10.0; Win64; x64) AppleWebKit/537.36 (KHTML, like Gecko) Chrome/58.0.3029.110 Safari/537.3"
198.204.226.18 - - [24/May/2025:05:48:09 -0400] "GET /wp-content/install.php HTTP/1.1" 200 10 "http://jenniferflo.com/wp-content/install.php" "Mozilla/5.0 (Windows NT 10.0; Win64; x64) AppleWebKit/537.36 (KHTML, like Gecko) Chrome/58.0.3029.110 Safari/537.3"
47.238.13.12 - - [24/May/2025:05:48:21 -0400] "GET /regular/s11?pid=45879 HTTP/1.1" 500 270 "-" "Mozilla/5.0 (Macintosh; Intel Mac OS X 10_15_7) AppleWebKit/537.36 (KHTML, like Gecko) Chrome/109.0.0.0 Safari/537.36"
47.238.13.14 - - [24/May/2025:05:48:43 -0400] "GET /promise/a176?pid=31724 HTTP/1.1" 500 271 "-" "Mozilla/5.0 (Macintosh; Intel Mac OS X 10_15_7) AppleWebKit/537.36 (KHTML, like Gecko) Chrome/109.0.0.0 Safari/537.36"
47.238.13.15 - - [24/May/2025:05:49:00 -0400] "GET /128369504 HTTP/1.1" 500 270 "-" "Mozilla/5.0 (Macintosh; Intel Mac OS X 10_15_7) AppleWebKit/537.36 (KHTML, like Gecko) Chrome/109.0.0.0 Safari/537.36"
198.204.226.18 - - [24/May/2025:05:49:17 -0400] "GET /wp-content/install.php HTTP/1.1" 200 10 "http://jenniferflo.com/wp-content/install.php" "Mozilla/5.0 (Windows NT 10.0; Win64; x64) AppleWebKit/537.36 (KHTML, like Gecko) Chrome/58.0.3029.110 Safari/537.3"
47.238.13.10 - - [24/May/2025:05:49:19 -0400] "GET /search.php?items/087021464.html?srsltid=AfmBOozolZevDIKCysSmnQEPUklKbMYnO3SLvWogvljGUXG29rGX HTTP/1.1" 200 12942 "-" "Mozilla/5.0 (Macintosh; Intel Mac OS X 10_15_7) AppleWebKit/537.36 (KHTML, like Gecko) Chrome/109.0.0.0 Safari/537.36"
198.204.226.18 - - [24/May/2025:05:49:14 -0400] "GET /wp-content/install.php HTTP/1.1" 200 0 "http://jenniferflo.com/wp-content/install.php" "Mozilla/5.0 (Windows NT 10.0; Win64; x64) AppleWebKit/537.36 (KHTML, like Gecko) Chrome/58.0.3029.110 Safari/537.3"
198.204.226.18 - - [24/May/2025:05:49:33 -0400] "GET /wp-content/install.php HTTP/1.1" 200 10 "http://jenniferflo.com/wp-content/install.php" "Mozilla/5.0 (Windows NT 10.0; Win64; x64) AppleWebKit/537.36 (KHTML, like Gecko) Chrome/58.0.3029.110 Safari/537.3"
8.210.8.206 - - [24/May/2025:05:50:07 -0400] "GET /items/qlhoc246/26123?key=sculpture HTTP/1.1" 500 21 "-" "Mozilla/5.0 (Macintosh; Intel Mac OS X 10_15_7) AppleWebKit/537.36 (KHTML, like Gecko) Chrome/109.0.0.0 Safari/537.36"
212.11.64.144 - - [24/May/2025:05:50:17 -0400] "GET //wp-content/plugins/seoo/duck.php HTTP/1.1" 500 271 "http://jenniferflo.com/" "Mozilla/5.0 (Windows NT 10.0; Win64; x64) AppleWebKit/537.36 (KHTML, like Gecko) Chrome/121.0.0.0 Safari/537.36"
69.197.184.234 - - [24/May/2025:05:50:27 -0400] "GET /wp-content/install.php HTTP/1.1" 200 10 "http://jenniferflo.com/wp-content/install.php" "Mozilla/5.0 (Windows NT 10.0; Win64; x64) AppleWebKit/537.36 (KHTML, like Gecko) Chrome/58.0.3029.110 Safari/537.3"
47.238.13.2 - - [24/May/2025:05:51:02 -0400] "GET /search.php?category/2201/1/listing HTTP/1.1" 200 13191 "-" "Mozilla/5.0 (Macintosh; Intel Mac OS X 10_15_7) AppleWebKit/537.36 (KHTML, like Gecko) Chrome/109.0.0.0 Safari/537.36"
198.204.226.18 - - [24/May/2025:05:51:33 -0400] "GET /wp-content/install.php HTTP/1.1" 200 10 "http://jenniferflo.com/wp-content/install.php" "Mozilla/5.0 (Windows NT 10.0; Win64; x64) AppleWebKit/537.36 (KHTML, like Gecko) Chrome/58.0.3029.110 Safari/537.3"
198.204.226.18 - - [24/May/2025:05:51:29 -0400] "GET /wp-content/install.php HTTP/1.1" 200 0 "http://jenniferflo.com/wp-content/install.php" "Mozilla/5.0 (Windows NT 10.0; Win64; x64) AppleWebKit/537.36 (KHTML, like Gecko) Chrome/58.0.3029.110 Safari/537.3"
47.238.13.11 - - [24/May/2025:05:51:57 -0400] "GET /items/jwxpz207/30272?key=elevator HTTP/1.1" 500 271 "-" "Mozilla/5.0 (Macintosh; Intel Mac OS X 10_15_7) AppleWebKit/537.36 (KHTML, like Gecko) Chrome/109.0.0.0 Safari/537.36"
198.204.226.18 - - [24/May/2025:05:52:08 -0400] "GET /wp-content/install.php HTTP/1.1" 200 10 "http://jenniferflo.com/wp-content/install.php" "Mozilla/5.0 (Windows NT 10.0; Win64; x64) AppleWebKit/537.36 (KHTML, like Gecko) Chrome/58.0.3029.110 Safari/537.3"
198.204.226.18 - - [24/May/2025:05:52:37 -0400] "GET /wp-content/install.php HTTP/1.1" 200 10 "http://jenniferflo.com/wp-content/install.php" "Mozilla/5.0 (Windows NT 10.0; Win64; x64) AppleWebKit/537.36 (KHTML, like Gecko) Chrome/58.0.3029.110 Safari/537.3"
204.12.252.98 - - [24/May/2025:05:53:03 -0400] "GET /wp-includes/install.php HTTP/1.1" 200 10 "http://jenniferflo.com/wp-includes/install.php" "Mozilla/5.0 (Windows NT 10.0; Win64; x64) AppleWebKit/537.36 (KHTML, like Gecko) Chrome/58.0.3029.110 Safari/537.3"
198.204.226.18 - - [24/May/2025:05:53:03 -0400] "GET /wp-content/install.php HTTP/1.1" 200 10 "http://jenniferflo.com/wp-content/install.php" "Mozilla/5.0 (Windows NT 10.0; Win64; x64) AppleWebKit/537.36 (KHTML, like Gecko) Chrome/58.0.3029.110 Safari/537.3"
198.204.226.18 - - [24/May/2025:05:52:59 -0400] "GET /wp-content/install.php HTTP/1.1" 200 0 "http://jenniferflo.com/wp-content/install.php" "Mozilla/5.0 (Windows NT 10.0; Win64; x64) AppleWebKit/537.36 (KHTML, like Gecko) Chrome/58.0.3029.110 Safari/537.3"
47.238.13.9 - - [24/May/2025:05:53:41 -0400] "GET /pages.php?products/154ur13001] HTTP/1.1" 200 11554 "-" "Mozilla/5.0 (Macintosh; Intel Mac OS X 10_15_7) AppleWebKit/537.36 (KHTML, like Gecko) Chrome/109.0.0.0 Safari/537.36"
212.11.64.144 - - [24/May/2025:05:54:01 -0400] "GET //wp-content/plugins/sell.php HTTP/1.1" 500 271 "http://jenniferflo.com/" "Mozilla/5.0 (Windows NT 10.0; Win64; x64) AppleWebKit/537.36 (KHTML, like Gecko) Chrome/121.0.0.0 Safari/537.36"
198.204.226.18 - - [24/May/2025:05:54:06 -0400] "GET /wp-content/install.php HTTP/1.1" 200 10 "http://jenniferflo.com/wp-content/install.php" "Mozilla/5.0 (Windows NT 10.0; Win64; x64) AppleWebKit/537.36 (KHTML, like Gecko) Chrome/58.0.3029.110 Safari/537.3"
47.238.13.18 - - [24/May/2025:05:54:55 -0400] "GET /items/zreco88/13231?key=joy HTTP/1.1" 500 271 "-" "Mozilla/5.0 (Macintosh; Intel Mac OS X 10_15_7) AppleWebKit/537.36 (KHTML, like Gecko) Chrome/109.0.0.0 Safari/537.36"
198.204.226.18 - - [24/May/2025:05:54:56 -0400] "GET /wp-content/install.php HTTP/1.1" 200 10 "http://jenniferflo.com/wp-content/install.php" "Mozilla/5.0 (Windows NT 10.0; Win64; x64) AppleWebKit/537.36 (KHTML, like Gecko) Chrome/58.0.3029.110 Safari/537.3"
198.204.226.18 - - [24/May/2025:05:54:53 -0400] "GET /wp-content/install.php HTTP/1.1" 200 0 "http://jenniferflo.com/wp-content/install.php" "Mozilla/5.0 (Windows NT 10.0; Win64; x64) AppleWebKit/537.36 (KHTML, like Gecko) Chrome/58.0.3029.110 Safari/537.3"
198.204.226.18 - - [24/May/2025:05:55:06 -0400] "GET /wp-content/install.php HTTP/1.1" 200 10 "http://jenniferflo.com/wp-content/install.php" "Mozilla/5.0 (Windows NT 10.0; Win64; x64) AppleWebKit/537.36 (KHTML, like Gecko) Chrome/58.0.3029.110 Safari/537.3"
198.204.226.18 - - [24/May/2025:05:55:46 -0400] "GET /wp-content/install.php HTTP/1.1" 200 10 "http://jenniferflo.com/wp-content/install.php" "Mozilla/5.0 (Windows NT 10.0; Win64; x64) AppleWebKit/537.36 (KHTML, like Gecko) Chrome/58.0.3029.110 Safari/537.3"
198.204.226.18 - - [24/May/2025:05:56:17 -0400] "GET /wp-content/install.php HTTP/1.1" 200 10 "http://jenniferflo.com/wp-content/install.php" "Mozilla/5.0 (Windows NT 10.0; Win64; x64) AppleWebKit/537.36 (KHTML, like Gecko) Chrome/58.0.3029.110 Safari/537.3"
198.204.226.18 - - [24/May/2025:05:56:42 -0400] "GET /wp-content/install.php HTTP/1.1" 200 10 "http://jenniferflo.com/wp-content/install.php" "Mozilla/5.0 (Windows NT 10.0; Win64; x64) AppleWebKit/537.36 (KHTML, like Gecko) Chrome/58.0.3029.110 Safari/537.3"
198.204.226.18 - - [24/May/2025:05:56:39 -0400] "GET /wp-content/install.php HTTP/1.1" 200 0 "http://jenniferflo.com/wp-content/install.php" "Mozilla/5.0 (Windows NT 10.0; Win64; x64) AppleWebKit/537.36 (KHTML, like Gecko) Chrome/58.0.3029.110 Safari/537.3"
212.11.64.144 - - [24/May/2025:05:57:47 -0400] "GET //wp-content/plugins/rxtvhvt/vdansmmj.php HTTP/1.1" 500 271 "http://jenniferflo.com/" "Mozilla/5.0 (Windows NT 10.0; Win64; x64) AppleWebKit/537.36 (KHTML, like Gecko) Chrome/121.0.0.0 Safari/537.36"
47.238.14.12 - - [24/May/2025:05:57:53 -0400] "GET /items/dywvk203/41992?key=please HTTP/1.1" 500 21 "-" "Mozilla/5.0 (Macintosh; Intel Mac OS X 10_15_7) AppleWebKit/537.36 (KHTML, like Gecko) Chrome/109.0.0.0 Safari/537.36"
47.238.13.15 - - [24/May/2025:05:57:53 -0400] "GET /pages.php?products/226jx39083 HTTP/1.1" 200 10203 "-" "Mozilla/5.0 (Macintosh; Intel Mac OS X 10_15_7) AppleWebKit/537.36 (KHTML, like Gecko) Chrome/109.0.0.0 Safari/537.36"
198.204.226.18 - - [24/May/2025:05:57:54 -0400] "GET /wp-content/install.php HTTP/1.1" 200 10 "http://jenniferflo.com/wp-content/install.php" "Mozilla/5.0 (Windows NT 10.0; Win64; x64) AppleWebKit/537.36 (KHTML, like Gecko) Chrome/58.0.3029.110 Safari/537.3"
8.210.218.201 - - [24/May/2025:05:58:06 -0400] "GET /items/cwnye73/15644?key=enemy HTTP/1.1" 500 271 "-" "Mozilla/5.0 (Macintosh; Intel Mac OS X 10_15_7) AppleWebKit/537.36 (KHTML, like Gecko) Chrome/109.0.0.0 Safari/537.36"
47.238.13.9 - - [24/May/2025:05:58:17 -0400] "GET /sitemap-subkey-804.xml HTTP/1.1" 200 100061 "-" "Mozilla/5.0 (Macintosh; Intel Mac OS X 10_15_7) AppleWebKit/537.36 (KHTML, like Gecko) Chrome/109.0.0.0 Safari/537.36"
198.204.226.18 - - [24/May/2025:05:58:20 -0400] "GET /wp-content/install.php HTTP/1.1" 200 10 "http://jenniferflo.com/wp-content/install.php" "Mozilla/5.0 (Windows NT 10.0; Win64; x64) AppleWebKit/537.36 (KHTML, like Gecko) Chrome/58.0.3029.110 Safari/537.3"
198.204.226.18 - - [24/May/2025:05:58:17 -0400] "GET /wp-content/install.php HTTP/1.1" 200 0 "http://jenniferflo.com/wp-content/install.php" "Mozilla/5.0 (Windows NT 10.0; Win64; x64) AppleWebKit/537.36 (KHTML, like Gecko) Chrome/58.0.3029.110 Safari/537.3"
198.204.226.18 - - [24/May/2025:06:00:01 -0400] "GET /wp-content/install.php HTTP/1.1" 200 10 "http://jenniferflo.com/wp-content/install.php" "Mozilla/5.0 (Windows NT 10.0; Win64; x64) AppleWebKit/537.36 (KHTML, like Gecko) Chrome/58.0.3029.110 Safari/537.3"
198.204.226.18 - - [24/May/2025:05:59:57 -0400] "GET /wp-content/install.php HTTP/1.1" 200 0 "http://jenniferflo.com/wp-content/install.php" "Mozilla/5.0 (Windows NT 10.0; Win64; x64) AppleWebKit/537.36 (KHTML, like Gecko) Chrome/58.0.3029.110 Safari/537.3"
47.238.13.0 - - [24/May/2025:06:00:10 -0400] "GET /mild/b28?pid=23112 HTTP/1.1" 500 270 "-" "Mozilla/5.0 (Macintosh; Intel Mac OS X 10_15_7) AppleWebKit/537.36 (KHTML, like Gecko) Chrome/109.0.0.0 Safari/537.36"
208.110.64.178 - - [24/May/2025:06:00:23 -0400] "GET /wp-includes/install.php HTTP/1.1" 200 10 "http://jenniferflo.com/wp-includes/install.php" "Mozilla/5.0 (Windows NT 10.0; Win64; x64) AppleWebKit/537.36 (KHTML, like Gecko) Chrome/58.0.3029.110 Safari/537.3"
47.243.161.234 - - [24/May/2025:06:01:29 -0400] "GET /sitemap-subkey-1400.xml HTTP/1.1" 200 101267 "-" "Mozilla/5.0 (Macintosh; Intel Mac OS X 10_15_7) AppleWebKit/537.36 (KHTML, like Gecko) Chrome/109.0.0.0 Safari/537.36"
212.11.64.144 - - [24/May/2025:06:01:33 -0400] "GET //wp-content/plugins/royal-elementor-addons/assets/js/lib/jquery-event-move/alfanew.php HTTP/1.1" 500 271 "http://jenniferflo.com/" "Mozilla/5.0 (Windows NT 10.0; Win64; x64) AppleWebKit/537.36 (KHTML, like Gecko) Chrome/121.0.0.0 Safari/537.36"
198.204.226.18 - - [24/May/2025:06:01:25 -0400] "GET /wp-content/install.php HTTP/1.1" 200 0 "http://jenniferflo.com/wp-content/install.php" "Mozilla/5.0 (Windows NT 10.0; Win64; x64) AppleWebKit/537.36 (KHTML, like Gecko) Chrome/58.0.3029.110 Safari/537.3"
47.238.13.15 - - [24/May/2025:06:01:42 -0400] "GET /search.php?036040162.htm HTTP/1.1" 200 11771 "-" "Mozilla/5.0 (Macintosh; Intel Mac OS X 10_15_7) AppleWebKit/537.36 (KHTML, like Gecko) Chrome/109.0.0.0 Safari/537.36"
47.238.13.3 - - [24/May/2025:06:02:16 -0400] "GET /search.php?086049136.htm HTTP/1.1" 200 13332 "-" "Mozilla/5.0 (Macintosh; Intel Mac OS X 10_15_7) AppleWebKit/537.36 (KHTML, like Gecko) Chrome/109.0.0.0 Safari/537.36"
47.238.13.18 - - [24/May/2025:06:02:24 -0400] "GET /pages.php?products/170xq31663 HTTP/1.1" 200 11055 "-" "Mozilla/5.0 (Macintosh; Intel Mac OS X 10_15_7) AppleWebKit/537.36 (KHTML, like Gecko) Chrome/109.0.0.0 Safari/537.36"
47.242.77.69 - - [24/May/2025:06:02:34 -0400] "GET /category/2671/1/listing HTTP/1.1" 500 271 "-" "Mozilla/5.0 (Macintosh; Intel Mac OS X 10_15_7) AppleWebKit/537.36 (KHTML, like Gecko) Chrome/109.0.0.0 Safari/537.36"
47.238.13.13 - - [24/May/2025:06:02:54 -0400] "GET /choice/z58?pid=45206 HTTP/1.1" 500 271 "-" "Mozilla/5.0 (Macintosh; Intel Mac OS X 10_15_7) AppleWebKit/537.36 (KHTML, like Gecko) Chrome/109.0.0.0 Safari/537.36"
198.204.226.18 - - [24/May/2025:06:03:42 -0400] "GET /wp-content/install.php HTTP/1.1" 200 10 "http://jenniferflo.com/wp-content/install.php" "Mozilla/5.0 (Windows NT 10.0; Win64; x64) AppleWebKit/537.36 (KHTML, like Gecko) Chrome/58.0.3029.110 Safari/537.3"
198.204.226.18 - - [24/May/2025:06:03:38 -0400] "GET /wp-content/install.php HTTP/1.1" 200 0 "http://jenniferflo.com/wp-content/install.php" "Mozilla/5.0 (Windows NT 10.0; Win64; x64) AppleWebKit/537.36 (KHTML, like Gecko) Chrome/58.0.3029.110 Safari/537.3"
198.204.226.18 - - [24/May/2025:06:03:59 -0400] "GET /wp-content/install.php HTTP/1.1" 200 10 "http://jenniferflo.com/wp-content/install.php" "Mozilla/5.0 (Windows NT 10.0; Win64; x64) AppleWebKit/537.36 (KHTML, like Gecko) Chrome/58.0.3029.110 Safari/537.3"
180.248.18.232 - - [24/May/2025:06:04:13 -0400] "GET /wp-includes/widgets/ HTTP/1.1" 200 42924 "-" "-"
198.204.226.18 - - [24/May/2025:06:04:14 -0400] "GET /wp-content/install.php HTTP/1.1" 200 10 "http://jenniferflo.com/wp-content/install.php" "Mozilla/5.0 (Windows NT 10.0; Win64; x64) AppleWebKit/537.36 (KHTML, like Gecko) Chrome/58.0.3029.110 Safari/537.3"
180.248.18.232 - - [24/May/2025:06:04:14 -0400] "POST /wp-includes/widgets/ HTTP/1.1" 200 42924 "-" "-"
180.248.18.232 - - [24/May/2025:06:04:15 -0400] "POST /wp-includes/widgets/ HTTP/1.1" 200 42924 "-" "-"
180.248.18.232 - - [24/May/2025:06:04:15 -0400] "POST /wp-includes/widgets/ HTTP/1.1" 200 42924 "-" "-"
180.248.18.232 - - [24/May/2025:06:04:16 -0400] "POST /wp-includes/widgets/ HTTP/1.1" 200 42924 "-" "-"
180.248.18.232 - - [24/May/2025:06:04:16 -0400] "POST /wp-includes/widgets/ HTTP/1.1" 200 42924 "-" "-"
180.248.18.232 - - [24/May/2025:06:04:16 -0400] "POST /wp-includes/widgets/ HTTP/1.1" 200 42924 "-" "-"
180.248.18.232 - - [24/May/2025:06:04:17 -0400] "POST /wp-includes/widgets/ HTTP/1.1" 200 42924 "-" "-"
180.248.18.232 - - [24/May/2025:06:04:17 -0400] "POST /wp-includes/widgets/ HTTP/1.1" 200 42924 "-" "-"
180.248.18.232 - - [24/May/2025:06:04:17 -0400] "POST /wp-includes/widgets/ HTTP/1.1" 200 42924 "-" "-"
180.248.18.232 - - [24/May/2025:06:04:18 -0400] "POST /wp-includes/widgets/ HTTP/1.1" 200 42924 "-" "-"
180.248.18.232 - - [24/May/2025:06:04:18 -0400] "POST /wp-includes/widgets/ HTTP/1.1" 200 42924 "-" "-"
180.248.18.232 - - [24/May/2025:06:04:18 -0400] "POST /wp-includes/widgets/ HTTP/1.1" 200 42924 "-" "-"
180.248.18.232 - - [24/May/2025:06:04:19 -0400] "POST /wp-includes/widgets/ HTTP/1.1" 200 42924 "-" "-"
180.248.18.232 - - [24/May/2025:06:04:19 -0400] "POST /wp-includes/widgets/ HTTP/1.1" 200 42924 "-" "-"
180.248.18.232 - - [24/May/2025:06:04:19 -0400] "POST /wp-includes/widgets/ HTTP/1.1" 200 42924 "-" "-"
180.248.18.232 - - [24/May/2025:06:04:19 -0400] "POST /wp-includes/widgets/ HTTP/1.1" 200 42924 "-" "-"
180.248.18.232 - - [24/May/2025:06:04:20 -0400] "POST /wp-includes/widgets/ HTTP/1.1" 200 42924 "-" "-"
180.248.18.232 - - [24/May/2025:06:04:20 -0400] "POST /wp-includes/widgets/ HTTP/1.1" 200 42924 "-" "-"
180.248.18.232 - - [24/May/2025:06:04:20 -0400] "POST /wp-includes/widgets/ HTTP/1.1" 200 42924 "-" "-"
180.248.18.232 - - [24/May/2025:06:04:21 -0400] "POST /wp-includes/widgets/ HTTP/1.1" 200 42924 "-" "-"
180.248.18.232 - - [24/May/2025:06:04:21 -0400] "POST /wp-includes/widgets/ HTTP/1.1" 200 42924 "-" "-"
180.248.18.232 - - [24/May/2025:06:04:21 -0400] "POST /wp-includes/widgets/ HTTP/1.1" 200 42924 "-" "-"
180.248.18.232 - - [24/May/2025:06:04:21 -0400] "POST /wp-includes/widgets/ HTTP/1.1" 200 42924 "-" "-"
180.248.18.232 - - [24/May/2025:06:04:22 -0400] "POST /wp-includes/widgets/ HTTP/1.1" 200 42924 "-" "-"
180.248.18.232 - - [24/May/2025:06:04:22 -0400] "POST /wp-includes/widgets/ HTTP/1.1" 200 42567 "-" "-"
180.248.18.232 - - [24/May/2025:06:04:22 -0400] "POST /wp-includes/widgets/ HTTP/1.1" 200 42924 "-" "-"
180.248.18.232 - - [24/May/2025:06:04:23 -0400] "POST /wp-includes/widgets/ HTTP/1.1" 200 42924 "-" "-"
180.248.18.232 - - [24/May/2025:06:04:23 -0400] "POST /wp-includes/widgets/ HTTP/1.1" 200 42924 "-" "-"
180.248.18.232 - - [24/May/2025:06:04:23 -0400] "POST /wp-includes/widgets/ HTTP/1.1" 200 42924 "-" "-"
180.248.18.232 - - [24/May/2025:06:04:24 -0400] "POST /wp-includes/widgets/ HTTP/1.1" 200 42924 "-" "-"
180.248.18.232 - - [24/May/2025:06:04:24 -0400] "POST /wp-includes/widgets/ HTTP/1.1" 200 42924 "-" "-"
180.248.18.232 - - [24/May/2025:06:04:24 -0400] "POST /wp-includes/widgets/ HTTP/1.1" 200 42567 "-" "-"
47.238.13.9 - - [24/May/2025:06:04:44 -0400] "GET /airport/h10?pid=38308 HTTP/1.1" 500 271 "-" "Mozilla/5.0 (Macintosh; Intel Mac OS X 10_15_7) AppleWebKit/537.36 (KHTML, like Gecko) Chrome/109.0.0.0 Safari/537.36"
