198.204.226.18 - - [24/May/2025:14:05:14 -0400] "GET /wp-content/install.php HTTP/1.1" 200 0 "http://jenniferflo.com/wp-content/install.php" "Mozilla/5.0 (Windows NT 10.0; Win64; x64) AppleWebKit/537.36 (KHTML, like Gecko) Chrome/58.0.3029.110 Safari/537.3"
198.204.226.18 - - [24/May/2025:14:05:38 -0400] "GET /wp-content/install.php HTTP/1.1" 200 10 "http://jenniferflo.com/wp-content/install.php" "Mozilla/5.0 (Windows NT 10.0; Win64; x64) AppleWebKit/537.36 (KHTML, like Gecko) Chrome/58.0.3029.110 Safari/537.3"
198.204.226.18 - - [24/May/2025:14:05:46 -0400] "GET /wp-content/install.php HTTP/1.1" 200 10 "http://jenniferflo.com/wp-content/install.php" "Mozilla/5.0 (Windows NT 10.0; Win64; x64) AppleWebKit/537.36 (KHTML, like Gecko) Chrome/58.0.3029.110 Safari/537.3"
198.204.226.18 - - [24/May/2025:14:06:00 -0400] "GET /wp-content/install.php HTTP/1.1" 200 10 "http://jenniferflo.com/wp-content/install.php" "Mozilla/5.0 (Windows NT 10.0; Win64; x64) AppleWebKit/537.36 (KHTML, like Gecko) Chrome/58.0.3029.110 Safari/537.3"
198.204.226.18 - - [24/May/2025:14:06:52 -0400] "GET /wp-content/install.php HTTP/1.1" 200 0 "http://jenniferflo.com/wp-content/install.php" "Mozilla/5.0 (Windows NT 10.0; Win64; x64) AppleWebKit/537.36 (KHTML, like Gecko) Chrome/58.0.3029.110 Safari/537.3"
212.11.64.144 - - [24/May/2025:14:07:03 -0400] "GET //wp-admin/maint/404pypass.php HTTP/1.1" 500 271 "http://jenniferflo.com/" "Mozilla/5.0 (Windows NT 10.0; Win64; x64) AppleWebKit/537.36 (KHTML, like Gecko) Chrome/121.0.0.0 Safari/537.36"
8.210.11.248 - - [24/May/2025:14:07:06 -0400] "GET /search.php?items/097008492.html?srsltid=AfmBOousmIOJrTfYfeOM78VtLmqFOFuwK7BYVHosKloa6xJRpZDx HTTP/1.1" 200 11576 "-" "Mozilla/5.0 (Macintosh; Intel Mac OS X 10_15_7) AppleWebKit/537.36 (KHTML, like Gecko) Chrome/109.0.0.0 Safari/537.36"
198.204.226.18 - - [24/May/2025:14:07:16 -0400] "GET /wp-content/install.php HTTP/1.1" 200 10 "http://jenniferflo.com/wp-content/install.php" "Mozilla/5.0 (Windows NT 10.0; Win64; x64) AppleWebKit/537.36 (KHTML, like Gecko) Chrome/58.0.3029.110 Safari/537.3"
47.238.13.9 - - [24/May/2025:14:07:16 -0400] "GET /pages.php?category/957_958_7837_7838/4/listing HTTP/1.1" 200 11112 "-" "Mozilla/5.0 (Macintosh; Intel Mac OS X 10_15_7) AppleWebKit/537.36 (KHTML, like Gecko) Chrome/109.0.0.0 Safari/537.36"
198.204.226.18 - - [24/May/2025:14:07:13 -0400] "GET /wp-content/install.php HTTP/1.1" 200 0 "http://jenniferflo.com/wp-content/install.php" "Mozilla/5.0 (Windows NT 10.0; Win64; x64) AppleWebKit/537.36 (KHTML, like Gecko) Chrome/58.0.3029.110 Safari/537.3"
47.238.13.10 - - [24/May/2025:14:08:20 -0400] "GET /sitemap-subkey-930.xml HTTP/1.1" 200 99853 "-" "Mozilla/5.0 (Macintosh; Intel Mac OS X 10_15_7) AppleWebKit/537.36 (KHTML, like Gecko) Chrome/109.0.0.0 Safari/537.36"
198.204.226.18 - - [24/May/2025:14:08:54 -0400] "GET /wp-content/install.php HTTP/1.1" 200 10 "http://jenniferflo.com/wp-content/install.php" "Mozilla/5.0 (Windows NT 10.0; Win64; x64) AppleWebKit/537.36 (KHTML, like Gecko) Chrome/58.0.3029.110 Safari/537.3"
198.204.226.18 - - [24/May/2025:14:08:51 -0400] "GET /wp-content/install.php HTTP/1.1" 200 0 "http://jenniferflo.com/wp-content/install.php" "Mozilla/5.0 (Windows NT 10.0; Win64; x64) AppleWebKit/537.36 (KHTML, like Gecko) Chrome/58.0.3029.110 Safari/537.3"
47.238.13.16 - - [24/May/2025:14:09:14 -0400] "GET /pages.php?products/100wc44607 HTTP/1.1" 200 10631 "-" "Mozilla/5.0 (Macintosh; Intel Mac OS X 10_15_7) AppleWebKit/537.36 (KHTML, like Gecko) Chrome/109.0.0.0 Safari/537.36"
198.204.226.18 - - [24/May/2025:14:09:20 -0400] "GET /wp-content/install.php HTTP/1.1" 200 10 "http://jenniferflo.com/wp-content/install.php" "Mozilla/5.0 (Windows NT 10.0; Win64; x64) AppleWebKit/537.36 (KHTML, like Gecko) Chrome/58.0.3029.110 Safari/537.3"
198.204.226.18 - - [24/May/2025:14:09:53 -0400] "GET /wp-content/install.php HTTP/1.1" 200 10 "http://jenniferflo.com/wp-content/install.php" "Mozilla/5.0 (Windows NT 10.0; Win64; x64) AppleWebKit/537.36 (KHTML, like Gecko) Chrome/58.0.3029.110 Safari/537.3"
47.242.230.146 - - [24/May/2025:14:09:58 -0400] "GET /items/czlgp34/10427?key=graduate HTTP/1.1" 500 271 "-" "Mozilla/5.0 (Macintosh; Intel Mac OS X 10_15_7) AppleWebKit/537.36 (KHTML, like Gecko) Chrome/109.0.0.0 Safari/537.36"
198.204.226.18 - - [24/May/2025:14:10:05 -0400] "GET /wp-content/install.php HTTP/1.1" 200 10 "http://jenniferflo.com/wp-content/install.php" "Mozilla/5.0 (Windows NT 10.0; Win64; x64) AppleWebKit/537.36 (KHTML, like Gecko) Chrome/58.0.3029.110 Safari/537.3"
47.238.13.2 - - [24/May/2025:14:10:11 -0400] "GET /mission/b206?pid=48276 HTTP/1.1" 500 270 "-" "Mozilla/5.0 (Macintosh; Intel Mac OS X 10_15_7) AppleWebKit/537.36 (KHTML, like Gecko) Chrome/109.0.0.0 Safari/537.36"
212.11.64.144 - - [24/May/2025:14:10:48 -0400] "GET //wp-admin/maint/0byte.php HTTP/1.1" 500 21 "http://jenniferflo.com/" "Mozilla/5.0 (Windows NT 10.0; Win64; x64) AppleWebKit/537.36 (KHTML, like Gecko) Chrome/121.0.0.0 Safari/537.36"
118.195.153.213 - - [24/May/2025:14:11:10 -0400] "GET / HTTP/1.1" 500 276 "-" "Mozilla/5.0 (iPhone; CPU iPhone OS 13_2_3 like Mac OS X) AppleWebKit/605.1.15 (KHTML, like Gecko) Version/13.0.3 Mobile/15E148 Safari/604.1"
198.204.226.18 - - [24/May/2025:14:11:16 -0400] "GET /wp-content/install.php HTTP/1.1" 200 10 "http://jenniferflo.com/wp-content/install.php" "Mozilla/5.0 (Windows NT 10.0; Win64; x64) AppleWebKit/537.36 (KHTML, like Gecko) Chrome/58.0.3029.110 Safari/537.3"
198.204.226.18 - - [24/May/2025:14:11:12 -0400] "GET /wp-content/install.php HTTP/1.1" 200 0 "http://jenniferflo.com/wp-content/install.php" "Mozilla/5.0 (Windows NT 10.0; Win64; x64) AppleWebKit/537.36 (KHTML, like Gecko) Chrome/58.0.3029.110 Safari/537.3"
198.204.226.18 - - [24/May/2025:14:12:11 -0400] "GET /wp-content/install.php HTTP/1.1" 200 10 "http://jenniferflo.com/wp-content/install.php" "Mozilla/5.0 (Windows NT 10.0; Win64; x64) AppleWebKit/537.36 (KHTML, like Gecko) Chrome/58.0.3029.110 Safari/537.3"
198.204.226.18 - - [24/May/2025:14:12:51 -0400] "GET /wp-content/install.php HTTP/1.1" 200 10 "http://jenniferflo.com/wp-content/install.php" "Mozilla/5.0 (Windows NT 10.0; Win64; x64) AppleWebKit/537.36 (KHTML, like Gecko) Chrome/58.0.3029.110 Safari/537.3"
47.242.230.146 - - [24/May/2025:14:12:51 -0400] "GET /search.php?items/001001128.html?srsltid=AfmBOovlcLgzeIYjNKDwr0i5Uiudkxtqq0VfxVegpafa88rFTXTe HTTP/1.1" 200 12129 "-" "Mozilla/5.0 (Macintosh; Intel Mac OS X 10_15_7) AppleWebKit/537.36 (KHTML, like Gecko) Chrome/109.0.0.0 Safari/537.36"
198.204.226.18 - - [24/May/2025:14:12:48 -0400] "GET /wp-content/install.php HTTP/1.1" 200 0 "http://jenniferflo.com/wp-content/install.php" "Mozilla/5.0 (Windows NT 10.0; Win64; x64) AppleWebKit/537.36 (KHTML, like Gecko) Chrome/58.0.3029.110 Safari/537.3"
66.249.64.131 - - [24/May/2025:14:13:10 -0400] "GET /items/fuyiv54/12819?key=sheet HTTP/1.1" 200 82498 "-" "Mozilla/5.0 (Linux; Android 6.0.1; Nexus 5X Build/MMB29P) AppleWebKit/537.36 (KHTML, like Gecko) Chrome/136.0.7103.113 Mobile Safari/537.36 (compatible; GoogleOther)"
198.204.226.18 - - [24/May/2025:14:13:13 -0400] "GET /wp-content/install.php HTTP/1.1" 200 10 "http://jenniferflo.com/wp-content/install.php" "Mozilla/5.0 (Windows NT 10.0; Win64; x64) AppleWebKit/537.36 (KHTML, like Gecko) Chrome/58.0.3029.110 Safari/537.3"
198.204.226.18 - - [24/May/2025:14:13:25 -0400] "GET /wp-content/install.php HTTP/1.1" 200 10 "http://jenniferflo.com/wp-content/install.php" "Mozilla/5.0 (Windows NT 10.0; Win64; x64) AppleWebKit/537.36 (KHTML, like Gecko) Chrome/58.0.3029.110 Safari/537.3"
8.210.8.206 - - [24/May/2025:14:13:46 -0400] "GET /items/ihswd261/706?key=spread HTTP/1.1" 500 271 "-" "Mozilla/5.0 (Macintosh; Intel Mac OS X 10_15_7) AppleWebKit/537.36 (KHTML, like Gecko) Chrome/109.0.0.0 Safari/537.36"
198.204.226.18 - - [24/May/2025:14:13:50 -0400] "GET /wp-content/install.php HTTP/1.1" 200 10 "http://jenniferflo.com/wp-content/install.php" "Mozilla/5.0 (Windows NT 10.0; Win64; x64) AppleWebKit/537.36 (KHTML, like Gecko) Chrome/58.0.3029.110 Safari/537.3"
47.238.13.14 - - [24/May/2025:14:13:57 -0400] "GET /items/bgeaa64/933?key=hip HTTP/1.1" 500 271 "-" "Mozilla/5.0 (Macintosh; Intel Mac OS X 10_15_7) AppleWebKit/537.36 (KHTML, like Gecko) Chrome/109.0.0.0 Safari/537.36"
198.204.226.18 - - [24/May/2025:14:14:04 -0400] "GET /wp-content/install.php HTTP/1.1" 200 10 "http://jenniferflo.com/wp-content/install.php" "Mozilla/5.0 (Windows NT 10.0; Win64; x64) AppleWebKit/537.36 (KHTML, like Gecko) Chrome/58.0.3029.110 Safari/537.3"
198.204.226.18 - - [24/May/2025:14:14:28 -0400] "GET /wp-content/install.php HTTP/1.1" 200 10 "http://jenniferflo.com/wp-content/install.php" "Mozilla/5.0 (Windows NT 10.0; Win64; x64) AppleWebKit/537.36 (KHTML, like Gecko) Chrome/58.0.3029.110 Safari/537.3"
212.11.64.144 - - [24/May/2025:14:14:32 -0400] "GET //wp-admin/maint/.wp-themes.php HTTP/1.1" 500 271 "http://jenniferflo.com/" "Mozilla/5.0 (Windows NT 10.0; Win64; x64) AppleWebKit/537.36 (KHTML, like Gecko) Chrome/121.0.0.0 Safari/537.36"
69.197.182.50 - - [24/May/2025:14:14:32 -0400] "GET /wp-includes/install.php HTTP/1.1" 200 10 "http://jenniferflo.com/wp-includes/install.php" "Mozilla/5.0 (Windows NT 10.0; Win64; x64) AppleWebKit/537.36 (KHTML, like Gecko) Chrome/58.0.3029.110 Safari/537.3"
198.204.226.18 - - [24/May/2025:14:14:24 -0400] "GET /wp-content/install.php HTTP/1.1" 200 0 "http://jenniferflo.com/wp-content/install.php" "Mozilla/5.0 (Windows NT 10.0; Win64; x64) AppleWebKit/537.36 (KHTML, like Gecko) Chrome/58.0.3029.110 Safari/537.3"
8.210.11.248 - - [24/May/2025:14:14:41 -0400] "GET /offer/l27?pid=325 HTTP/1.1" 500 270 "-" "Mozilla/5.0 (Macintosh; Intel Mac OS X 10_15_7) AppleWebKit/537.36 (KHTML, like Gecko) Chrome/109.0.0.0 Safari/537.36"
47.243.56.196 - - [24/May/2025:14:14:56 -0400] "GET /sitemap-subkey-1947.xml HTTP/1.1" 200 99989 "-" "Mozilla/5.0 (Macintosh; Intel Mac OS X 10_15_7) AppleWebKit/537.36 (KHTML, like Gecko) Chrome/109.0.0.0 Safari/537.36"
66.249.64.130 - - [24/May/2025:14:14:57 -0400] "GET /robots.txt HTTP/1.1" 200 107 "-" "Mozilla/5.0 (compatible; Googlebot/2.1; +http://www.google.com/bot.html)"
66.249.64.131 - - [24/May/2025:14:14:59 -0400] "GET /items/updfc11/44516?key=nuclear HTTP/1.1" 200 80948 "-" "Mozilla/5.0 (Linux; Android 6.0.1; Nexus 5X Build/MMB29P) AppleWebKit/537.36 (KHTML, like Gecko) Chrome/136.0.7103.113 Mobile Safari/537.36 (compatible; GoogleOther)"
47.238.13.7 - - [24/May/2025:14:15:59 -0400] "GET /waist/w49?pid=13069 HTTP/1.1" 500 271 "-" "Mozilla/5.0 (Macintosh; Intel Mac OS X 10_15_7) AppleWebKit/537.36 (KHTML, like Gecko) Chrome/109.0.0.0 Safari/537.36"
198.204.226.18 - - [24/May/2025:14:16:15 -0400] "GET /wp-content/install.php HTTP/1.1" 200 10 "http://jenniferflo.com/wp-content/install.php" "Mozilla/5.0 (Windows NT 10.0; Win64; x64) AppleWebKit/537.36 (KHTML, like Gecko) Chrome/58.0.3029.110 Safari/537.3"
198.204.226.18 - - [24/May/2025:14:16:12 -0400] "GET /wp-content/install.php HTTP/1.1" 200 0 "http://jenniferflo.com/wp-content/install.php" "Mozilla/5.0 (Windows NT 10.0; Win64; x64) AppleWebKit/537.36 (KHTML, like Gecko) Chrome/58.0.3029.110 Safari/537.3"
47.238.13.6 - - [24/May/2025:14:16:50 -0400] "GET /consider/z31?pid=31087 HTTP/1.1" 500 270 "-" "Mozilla/5.0 (Macintosh; Intel Mac OS X 10_15_7) AppleWebKit/537.36 (KHTML, like Gecko) Chrome/109.0.0.0 Safari/537.36"
198.204.226.18 - - [24/May/2025:14:17:25 -0400] "GET /wp-content/install.php HTTP/1.1" 200 10 "http://jenniferflo.com/wp-content/install.php" "Mozilla/5.0 (Windows NT 10.0; Win64; x64) AppleWebKit/537.36 (KHTML, like Gecko) Chrome/58.0.3029.110 Safari/537.3"
198.204.226.18 - - [24/May/2025:14:17:38 -0400] "GET /wp-content/install.php HTTP/1.1" 200 10 "http://jenniferflo.com/wp-content/install.php" "Mozilla/5.0 (Windows NT 10.0; Win64; x64) AppleWebKit/537.36 (KHTML, like Gecko) Chrome/58.0.3029.110 Safari/537.3"
198.204.226.18 - - [24/May/2025:14:17:54 -0400] "GET /wp-content/install.php HTTP/1.1" 200 10 "http://jenniferflo.com/wp-content/install.php" "Mozilla/5.0 (Windows NT 10.0; Win64; x64) AppleWebKit/537.36 (KHTML, like Gecko) Chrome/58.0.3029.110 Safari/537.3"
8.210.8.206 - - [24/May/2025:14:18:00 -0400] "GET /seventh/j47?pid=5261 HTTP/1.1" 500 271 "-" "Mozilla/5.0 (Macintosh; Intel Mac OS X 10_15_7) AppleWebKit/537.36 (KHTML, like Gecko) Chrome/109.0.0.0 Safari/537.36"
198.204.226.18 - - [24/May/2025:14:18:01 -0400] "GET /wp-content/install.php HTTP/1.1" 200 10 "http://jenniferflo.com/wp-content/install.php" "Mozilla/5.0 (Windows NT 10.0; Win64; x64) AppleWebKit/537.36 (KHTML, like Gecko) Chrome/58.0.3029.110 Safari/537.3"
198.204.226.18 - - [24/May/2025:14:17:51 -0400] "GET /wp-content/install.php HTTP/1.1" 200 0 "http://jenniferflo.com/wp-content/install.php" "Mozilla/5.0 (Windows NT 10.0; Win64; x64) AppleWebKit/537.36 (KHTML, like Gecko) Chrome/58.0.3029.110 Safari/537.3"
212.11.64.144 - - [24/May/2025:14:18:15 -0400] "GET //wp-admin/layout.php HTTP/1.1" 500 270 "http://jenniferflo.com/" "Mozilla/5.0 (Windows NT 10.0; Win64; x64) AppleWebKit/537.36 (KHTML, like Gecko) Chrome/121.0.0.0 Safari/537.36"
47.238.13.11 - - [24/May/2025:14:18:20 -0400] "GET /sitemap-subkey-1108.xml HTTP/1.1" 200 87735 "-" "Mozilla/5.0 (Macintosh; Intel Mac OS X 10_15_7) AppleWebKit/537.36 (KHTML, like Gecko) Chrome/109.0.0.0 Safari/537.36"
198.204.226.18 - - [24/May/2025:14:18:32 -0400] "GET /wp-content/install.php HTTP/1.1" 200 10 "http://jenniferflo.com/wp-content/install.php" "Mozilla/5.0 (Windows NT 10.0; Win64; x64) AppleWebKit/537.36 (KHTML, like Gecko) Chrome/58.0.3029.110 Safari/537.3"
47.238.13.12 - - [24/May/2025:14:18:32 -0400] "GET /items/awmrv9/690?key=health-care HTTP/1.1" 500 271 "-" "Mozilla/5.0 (Macintosh; Intel Mac OS X 10_15_7) AppleWebKit/537.36 (KHTML, like Gecko) Chrome/109.0.0.0 Safari/537.36"
198.204.226.18 - - [24/May/2025:14:18:42 -0400] "GET /wp-content/install.php HTTP/1.1" 200 10 "http://jenniferflo.com/wp-content/install.php" "Mozilla/5.0 (Windows NT 10.0; Win64; x64) AppleWebKit/537.36 (KHTML, like Gecko) Chrome/58.0.3029.110 Safari/537.3"
198.204.226.18 - - [24/May/2025:14:19:26 -0400] "GET /wp-content/install.php HTTP/1.1" 200 10 "http://jenniferflo.com/wp-content/install.php" "Mozilla/5.0 (Windows NT 10.0; Win64; x64) AppleWebKit/537.36 (KHTML, like Gecko) Chrome/58.0.3029.110 Safari/537.3"
198.204.226.18 - - [24/May/2025:14:19:22 -0400] "GET /wp-content/install.php HTTP/1.1" 200 0 "http://jenniferflo.com/wp-content/install.php" "Mozilla/5.0 (Windows NT 10.0; Win64; x64) AppleWebKit/537.36 (KHTML, like Gecko) Chrome/58.0.3029.110 Safari/537.3"
198.204.226.18 - - [24/May/2025:14:19:46 -0400] "GET /wp-content/install.php HTTP/1.1" 200 10 "http://jenniferflo.com/wp-content/install.php" "Mozilla/5.0 (Windows NT 10.0; Win64; x64) AppleWebKit/537.36 (KHTML, like Gecko) Chrome/58.0.3029.110 Safari/537.3"
198.204.226.18 - - [24/May/2025:14:20:20 -0400] "GET /wp-content/install.php HTTP/1.1" 200 10 "http://jenniferflo.com/wp-content/install.php" "Mozilla/5.0 (Windows NT 10.0; Win64; x64) AppleWebKit/537.36 (KHTML, like Gecko) Chrome/58.0.3029.110 Safari/537.3"
198.204.226.18 - - [24/May/2025:14:21:07 -0400] "GET /wp-content/install.php HTTP/1.1" 200 10 "http://jenniferflo.com/wp-content/install.php" "Mozilla/5.0 (Windows NT 10.0; Win64; x64) AppleWebKit/537.36 (KHTML, like Gecko) Chrome/58.0.3029.110 Safari/537.3"
198.204.226.18 - - [24/May/2025:14:21:02 -0400] "GET /wp-content/install.php HTTP/1.1" 200 0 "http://jenniferflo.com/wp-content/install.php" "Mozilla/5.0 (Windows NT 10.0; Win64; x64) AppleWebKit/537.36 (KHTML, like Gecko) Chrome/58.0.3029.110 Safari/537.3"
198.204.226.18 - - [24/May/2025:14:21:25 -0400] "GET /wp-content/install.php HTTP/1.1" 200 10 "http://jenniferflo.com/wp-content/install.php" "Mozilla/5.0 (Windows NT 10.0; Win64; x64) AppleWebKit/537.36 (KHTML, like Gecko) Chrome/58.0.3029.110 Safari/537.3"
212.11.64.144 - - [24/May/2025:14:22:00 -0400] "GET //wp-admin/js/wp-conflg.php?p= HTTP/1.1" 500 271 "http://jenniferflo.com/" "Mozilla/5.0 (Windows NT 10.0; Win64; x64) AppleWebKit/537.36 (KHTML, like Gecko) Chrome/121.0.0.0 Safari/537.36"
47.238.13.3 - - [24/May/2025:14:22:08 -0400] "GET /sitemap-subkey-1995.xml HTTP/1.1" 200 53888 "-" "Mozilla/5.0 (Macintosh; Intel Mac OS X 10_15_7) AppleWebKit/537.36 (KHTML, like Gecko) Chrome/109.0.0.0 Safari/537.36"
198.204.226.18 - - [24/May/2025:14:22:25 -0400] "GET /wp-content/install.php HTTP/1.1" 200 10 "http://jenniferflo.com/wp-content/install.php" "Mozilla/5.0 (Windows NT 10.0; Win64; x64) AppleWebKit/537.36 (KHTML, like Gecko) Chrome/58.0.3029.110 Safari/537.3"
198.204.226.18 - - [24/May/2025:14:23:03 -0400] "GET /wp-content/install.php HTTP/1.1" 200 10 "http://jenniferflo.com/wp-content/install.php" "Mozilla/5.0 (Windows NT 10.0; Win64; x64) AppleWebKit/537.36 (KHTML, like Gecko) Chrome/58.0.3029.110 Safari/537.3"
198.204.226.18 - - [24/May/2025:14:23:08 -0400] "GET /wp-content/install.php HTTP/1.1" 200 10 "http://jenniferflo.com/wp-content/install.php" "Mozilla/5.0 (Windows NT 10.0; Win64; x64) AppleWebKit/537.36 (KHTML, like Gecko) Chrome/58.0.3029.110 Safari/537.3"
198.204.226.18 - - [24/May/2025:14:23:00 -0400] "GET /wp-content/install.php HTTP/1.1" 200 0 "http://jenniferflo.com/wp-content/install.php" "Mozilla/5.0 (Windows NT 10.0; Win64; x64) AppleWebKit/537.36 (KHTML, like Gecko) Chrome/58.0.3029.110 Safari/537.3"
198.204.226.18 - - [24/May/2025:14:23:31 -0400] "GET /wp-content/install.php HTTP/1.1" 200 10 "http://jenniferflo.com/wp-content/install.php" "Mozilla/5.0 (Windows NT 10.0; Win64; x64) AppleWebKit/537.36 (KHTML, like Gecko) Chrome/58.0.3029.110 Safari/537.3"
47.238.13.11 - - [24/May/2025:14:23:43 -0400] "GET /pages.php?product/Q221?z=search&l=48565] HTTP/1.1" 200 9631 "-" "Mozilla/5.0 (Macintosh; Intel Mac OS X 10_15_7) AppleWebKit/537.36 (KHTML, like Gecko) Chrome/109.0.0.0 Safari/537.36"
198.204.226.18 - - [24/May/2025:14:23:44 -0400] "GET /wp-content/install.php HTTP/1.1" 200 10 "http://jenniferflo.com/wp-content/install.php" "Mozilla/5.0 (Windows NT 10.0; Win64; x64) AppleWebKit/537.36 (KHTML, like Gecko) Chrome/58.0.3029.110 Safari/537.3"
66.249.64.129 - - [24/May/2025:14:23:56 -0400] "GET /robots.txt HTTP/1.1" 200 107 "-" "Mozilla/5.0 (compatible; Googlebot/2.1; +http://www.google.com/bot.html)"
66.249.64.130 - - [24/May/2025:14:23:56 -0400] "GET /sitemap-hot-2982710.xml HTTP/1.1" 200 83168 "-" "Mozilla/5.0 (compatible; Googlebot/2.1; +http://www.google.com/bot.html)"
8.210.10.143 - - [24/May/2025:14:24:56 -0400] "GET /search.php?items/019023376.html?srsltid=AfmBOogzazonXtJRRUoAXBwEJJBaSSEowWxfYkQxqKdO1R7QIpe6 HTTP/1.1" 200 12485 "-" "Mozilla/5.0 (Macintosh; Intel Mac OS X 10_15_7) AppleWebKit/537.36 (KHTML, like Gecko) Chrome/109.0.0.0 Safari/537.36"
198.204.226.18 - - [24/May/2025:14:25:18 -0400] "GET /wp-content/install.php HTTP/1.1" 200 10 "http://jenniferflo.com/wp-content/install.php" "Mozilla/5.0 (Windows NT 10.0; Win64; x64) AppleWebKit/537.36 (KHTML, like Gecko) Chrome/58.0.3029.110 Safari/537.3"
198.204.226.18 - - [24/May/2025:14:25:15 -0400] "GET /wp-content/install.php HTTP/1.1" 200 0 "http://jenniferflo.com/wp-content/install.php" "Mozilla/5.0 (Windows NT 10.0; Win64; x64) AppleWebKit/537.36 (KHTML, like Gecko) Chrome/58.0.3029.110 Safari/537.3"
198.204.226.18 - - [24/May/2025:14:25:27 -0400] "GET /wp-content/install.php HTTP/1.1" 200 10 "http://jenniferflo.com/wp-content/install.php" "Mozilla/5.0 (Windows NT 10.0; Win64; x64) AppleWebKit/537.36 (KHTML, like Gecko) Chrome/58.0.3029.110 Safari/537.3"
212.11.64.144 - - [24/May/2025:14:25:45 -0400] "GET //wp-admin/js/widgets/upfile.php HTTP/1.1" 500 270 "http://jenniferflo.com/" "Mozilla/5.0 (Windows NT 10.0; Win64; x64) AppleWebKit/537.36 (KHTML, like Gecko) Chrome/121.0.0.0 Safari/537.36"
198.204.226.18 - - [24/May/2025:14:25:46 -0400] "GET /wp-content/install.php HTTP/1.1" 200 10 "http://jenniferflo.com/wp-content/install.php" "Mozilla/5.0 (Windows NT 10.0; Win64; x64) AppleWebKit/537.36 (KHTML, like Gecko) Chrome/58.0.3029.110 Safari/537.3"
198.204.226.18 - - [24/May/2025:14:26:22 -0400] "GET /wp-content/install.php HTTP/1.1" 200 10 "http://jenniferflo.com/wp-content/install.php" "Mozilla/5.0 (Windows NT 10.0; Win64; x64) AppleWebKit/537.36 (KHTML, like Gecko) Chrome/58.0.3029.110 Safari/537.3"
198.204.226.18 - - [24/May/2025:14:26:38 -0400] "GET /wp-content/install.php HTTP/1.1" 200 10 "http://jenniferflo.com/wp-content/install.php" "Mozilla/5.0 (Windows NT 10.0; Win64; x64) AppleWebKit/537.36 (KHTML, like Gecko) Chrome/58.0.3029.110 Safari/537.3"
35.185.2.112 - - [24/May/2025:14:26:57 -0400] "HEAD /wordpress HTTP/1.1" 500 0 "-" "Mozilla/5.0 (Windows NT 10.0; Win64; x64) AppleWebKit/537.36 (KHTML, like Gecko) Chrome/74.0.3729.169 Safari/537.36"
35.185.2.112 - - [24/May/2025:14:26:57 -0400] "HEAD / HTTP/1.1" 500 0 "-" "Mozilla/5.0 (Windows NT 10.0; Win64; x64) AppleWebKit/537.36 (KHTML, like Gecko) Chrome/74.0.3729.169 Safari/537.36"
35.185.2.112 - - [24/May/2025:14:26:57 -0400] "HEAD /wp HTTP/1.1" 500 0 "-" "Mozilla/5.0 (Windows NT 10.0; Win64; x64) AppleWebKit/537.36 (KHTML, like Gecko) Chrome/74.0.3729.169 Safari/537.36"
35.185.2.112 - - [24/May/2025:14:26:57 -0400] "HEAD /bc HTTP/1.1" 500 0 "-" "Mozilla/5.0 (Windows NT 10.0; Win64; x64) AppleWebKit/537.36 (KHTML, like Gecko) Chrome/74.0.3729.169 Safari/537.36"
35.185.2.112 - - [24/May/2025:14:26:57 -0400] "HEAD /bk HTTP/1.1" 500 0 "-" "Mozilla/5.0 (Windows NT 10.0; Win64; x64) AppleWebKit/537.36 (KHTML, like Gecko) Chrome/74.0.3729.169 Safari/537.36"
35.185.2.112 - - [24/May/2025:14:26:57 -0400] "HEAD /backup HTTP/1.1" 500 0 "-" "Mozilla/5.0 (Windows NT 10.0; Win64; x64) AppleWebKit/537.36 (KHTML, like Gecko) Chrome/74.0.3729.169 Safari/537.36"
35.185.2.112 - - [24/May/2025:14:26:57 -0400] "HEAD /old HTTP/1.1" 500 0 "-" "Mozilla/5.0 (Windows NT 10.0; Win64; x64) AppleWebKit/537.36 (KHTML, like Gecko) Chrome/74.0.3729.169 Safari/537.36"
35.185.2.112 - - [24/May/2025:14:26:57 -0400] "HEAD /new HTTP/1.1" 500 0 "-" "Mozilla/5.0 (Windows NT 10.0; Win64; x64) AppleWebKit/537.36 (KHTML, like Gecko) Chrome/74.0.3729.169 Safari/537.36"
35.185.2.112 - - [24/May/2025:14:26:57 -0400] "HEAD /main HTTP/1.1" 500 0 "-" "Mozilla/5.0 (Windows NT 10.0; Win64; x64) AppleWebKit/537.36 (KHTML, like Gecko) Chrome/74.0.3729.169 Safari/537.36"
35.185.2.112 - - [24/May/2025:14:26:57 -0400] "HEAD /home HTTP/1.1" 500 0 "-" "Mozilla/5.0 (Windows NT 10.0; Win64; x64) AppleWebKit/537.36 (KHTML, like Gecko) Chrome/74.0.3729.169 Safari/537.36"
198.204.226.18 - - [24/May/2025:14:26:57 -0400] "GET /wp-content/install.php HTTP/1.1" 200 10 "http://jenniferflo.com/wp-content/install.php" "Mozilla/5.0 (Windows NT 10.0; Win64; x64) AppleWebKit/537.36 (KHTML, like Gecko) Chrome/58.0.3029.110 Safari/537.3"
198.204.226.18 - - [24/May/2025:14:26:54 -0400] "GET /wp-content/install.php HTTP/1.1" 200 0 "http://jenniferflo.com/wp-content/install.php" "Mozilla/5.0 (Windows NT 10.0; Win64; x64) AppleWebKit/537.36 (KHTML, like Gecko) Chrome/58.0.3029.110 Safari/537.3"
8.210.230.104 - - [24/May/2025:14:27:30 -0400] "GET /sitemap-subkey-2701.xml HTTP/1.1" 200 100060 "-" "Mozilla/5.0 (Macintosh; Intel Mac OS X 10_15_7) AppleWebKit/537.36 (KHTML, like Gecko) Chrome/109.0.0.0 Safari/537.36"
69.197.135.226 - - [24/May/2025:14:28:01 -0400] "GET /wp-includes/install.php HTTP/1.1" 200 10 "http://jenniferflo.com/wp-includes/install.php" "Mozilla/5.0 (Windows NT 10.0; Win64; x64) AppleWebKit/537.36 (KHTML, like Gecko) Chrome/58.0.3029.110 Safari/537.3"
212.11.64.144 - - [24/May/2025:14:29:30 -0400] "GET //wp-admin/js/widgets/sts.php HTTP/1.1" 500 271 "http://jenniferflo.com/" "Mozilla/5.0 (Windows NT 10.0; Win64; x64) AppleWebKit/537.36 (KHTML, like Gecko) Chrome/121.0.0.0 Safari/537.36"
198.204.226.18 - - [24/May/2025:14:29:44 -0400] "GET /wp-content/install.php HTTP/1.1" 200 10 "http://jenniferflo.com/wp-content/install.php" "Mozilla/5.0 (Windows NT 10.0; Win64; x64) AppleWebKit/537.36 (KHTML, like Gecko) Chrome/58.0.3029.110 Safari/537.3"
198.204.226.18 - - [24/May/2025:14:30:01 -0400] "GET /wp-content/install.php HTTP/1.1" 200 10 "http://jenniferflo.com/wp-content/install.php" "Mozilla/5.0 (Windows NT 10.0; Win64; x64) AppleWebKit/537.36 (KHTML, like Gecko) Chrome/58.0.3029.110 Safari/537.3"
47.242.77.69 - - [24/May/2025:14:30:15 -0400] "GET /pages.php?product/F73?k=search&l=30181 HTTP/1.1" 200 10027 "-" "Mozilla/5.0 (Macintosh; Intel Mac OS X 10_15_7) AppleWebKit/537.36 (KHTML, like Gecko) Chrome/109.0.0.0 Safari/537.36"
47.242.77.69 - - [24/May/2025:14:30:53 -0400] "GET /competition/g5?pid=10229 HTTP/1.1" 500 271 "-" "Mozilla/5.0 (Macintosh; Intel Mac OS X 10_15_7) AppleWebKit/537.36 (KHTML, like Gecko) Chrome/109.0.0.0 Safari/537.36"
8.210.10.143 - - [24/May/2025:14:31:03 -0400] "GET /cake/q173?pid=40495 HTTP/1.1" 500 271 "-" "Mozilla/5.0 (Macintosh; Intel Mac OS X 10_15_7) AppleWebKit/537.36 (KHTML, like Gecko) Chrome/109.0.0.0 Safari/537.36"
198.204.226.18 - - [24/May/2025:14:32:07 -0400] "GET /wp-content/install.php HTTP/1.1" 200 10 "http://jenniferflo.com/wp-content/install.php" "Mozilla/5.0 (Windows NT 10.0; Win64; x64) AppleWebKit/537.36 (KHTML, like Gecko) Chrome/58.0.3029.110 Safari/537.3"
198.204.226.18 - - [24/May/2025:14:32:04 -0400] "GET /wp-content/install.php HTTP/1.1" 200 0 "http://jenniferflo.com/wp-content/install.php" "Mozilla/5.0 (Windows NT 10.0; Win64; x64) AppleWebKit/537.36 (KHTML, like Gecko) Chrome/58.0.3029.110 Safari/537.3"
198.204.226.18 - - [24/May/2025:14:33:04 -0400] "GET /wp-content/install.php HTTP/1.1" 200 10 "http://jenniferflo.com/wp-content/install.php" "Mozilla/5.0 (Windows NT 10.0; Win64; x64) AppleWebKit/537.36 (KHTML, like Gecko) Chrome/58.0.3029.110 Safari/537.3"
69.197.135.226 - - [24/May/2025:14:33:10 -0400] "GET /wp-includes/install.php HTTP/1.1" 200 10 "http://jenniferflo.com/wp-includes/install.php" "Mozilla/5.0 (Windows NT 10.0; Win64; x64) AppleWebKit/537.36 (KHTML, like Gecko) Chrome/58.0.3029.110 Safari/537.3"
198.204.226.18 - - [24/May/2025:14:33:13 -0400] "GET /wp-content/install.php HTTP/1.1" 200 10 "http://jenniferflo.com/wp-content/install.php" "Mozilla/5.0 (Windows NT 10.0; Win64; x64) AppleWebKit/537.36 (KHTML, like Gecko) Chrome/58.0.3029.110 Safari/537.3"
212.11.64.144 - - [24/May/2025:14:33:14 -0400] "GET //wp-admin/js/widgets/sell.php HTTP/1.1" 500 271 "http://jenniferflo.com/" "Mozilla/5.0 (Windows NT 10.0; Win64; x64) AppleWebKit/537.36 (KHTML, like Gecko) Chrome/121.0.0.0 Safari/537.36"
198.204.226.18 - - [24/May/2025:14:33:49 -0400] "GET /wp-content/install.php HTTP/1.1" 200 10 "http://jenniferflo.com/wp-content/install.php" "Mozilla/5.0 (Windows NT 10.0; Win64; x64) AppleWebKit/537.36 (KHTML, like Gecko) Chrome/58.0.3029.110 Safari/537.3"
47.238.13.14 - - [24/May/2025:14:33:55 -0400] "GET /forget/f47?pid=5171 HTTP/1.1" 500 270 "-" "Mozilla/5.0 (Macintosh; Intel Mac OS X 10_15_7) AppleWebKit/537.36 (KHTML, like Gecko) Chrome/109.0.0.0 Safari/537.36"
198.204.226.18 - - [24/May/2025:14:33:46 -0400] "GET /wp-content/install.php HTTP/1.1" 200 0 "http://jenniferflo.com/wp-content/install.php" "Mozilla/5.0 (Windows NT 10.0; Win64; x64) AppleWebKit/537.36 (KHTML, like Gecko) Chrome/58.0.3029.110 Safari/537.3"
47.238.13.15 - - [24/May/2025:14:34:40 -0400] "GET /course/s51?pid=581 HTTP/1.1" 500 271 "-" "Mozilla/5.0 (Macintosh; Intel Mac OS X 10_15_7) AppleWebKit/537.36 (KHTML, like Gecko) Chrome/109.0.0.0 Safari/537.36"
198.204.226.18 - - [24/May/2025:14:34:47 -0400] "GET /wp-content/install.php HTTP/1.1" 200 10 "http://jenniferflo.com/wp-content/install.php" "Mozilla/5.0 (Windows NT 10.0; Win64; x64) AppleWebKit/537.36 (KHTML, like Gecko) Chrome/58.0.3029.110 Safari/537.3"
198.204.226.18 - - [24/May/2025:14:36:04 -0400] "GET /wp-content/install.php HTTP/1.1" 200 10 "http://jenniferflo.com/wp-content/install.php" "Mozilla/5.0 (Windows NT 10.0; Win64; x64) AppleWebKit/537.36 (KHTML, like Gecko) Chrome/58.0.3029.110 Safari/537.3"
47.238.13.14 - - [24/May/2025:14:36:04 -0400] "GET /search.php?007037805.htm HTTP/1.1" 200 12695 "-" "Mozilla/5.0 (Macintosh; Intel Mac OS X 10_15_7) AppleWebKit/537.36 (KHTML, like Gecko) Chrome/109.0.0.0 Safari/537.36"
198.204.226.18 - - [24/May/2025:14:36:01 -0400] "GET /wp-content/install.php HTTP/1.1" 200 0 "http://jenniferflo.com/wp-content/install.php" "Mozilla/5.0 (Windows NT 10.0; Win64; x64) AppleWebKit/537.36 (KHTML, like Gecko) Chrome/58.0.3029.110 Safari/537.3"
57.141.6.5 - - [24/May/2025:14:36:17 -0400] "GET /search.php?sitemap261.xml HTTP/1.1" 200 13 "-" "meta-externalagent/1.1 (+https://developers.facebook.com/docs/sharing/webmasters/crawler)"
198.204.226.18 - - [24/May/2025:14:36:26 -0400] "GET /wp-content/install.php HTTP/1.1" 200 10 "http://jenniferflo.com/wp-content/install.php" "Mozilla/5.0 (Windows NT 10.0; Win64; x64) AppleWebKit/537.36 (KHTML, like Gecko) Chrome/58.0.3029.110 Safari/537.3"
198.204.226.18 - - [24/May/2025:14:36:22 -0400] "GET /wp-content/install.php HTTP/1.1" 200 0 "http://jenniferflo.com/wp-content/install.php" "Mozilla/5.0 (Windows NT 10.0; Win64; x64) AppleWebKit/537.36 (KHTML, like Gecko) Chrome/58.0.3029.110 Safari/537.3"
212.11.64.144 - - [24/May/2025:14:36:59 -0400] "GET //wp-admin/js/widgets/msleaf.php HTTP/1.1" 500 270 "http://jenniferflo.com/" "Mozilla/5.0 (Windows NT 10.0; Win64; x64) AppleWebKit/537.36 (KHTML, like Gecko) Chrome/121.0.0.0 Safari/537.36"
194.87.29.57 - - [24/May/2025:14:37:03 -0400] "GET / HTTP/1.1" 500 271 "-" "Mozilla/5.0 (Macintosh; Intel Mac OS X 10.9; rv:47.0) Gecko/20100101 Firefox/47.0"
47.238.13.15 - - [24/May/2025:14:37:14 -0400] "GET /sitemap-subkey-2120.xml HTTP/1.1" 200 100154 "-" "Mozilla/5.0 (Macintosh; Intel Mac OS X 10_15_7) AppleWebKit/537.36 (KHTML, like Gecko) Chrome/109.0.0.0 Safari/537.36"
194.87.29.57 - - [24/May/2025:14:37:22 -0400] "POST /wp-json/hc/v1/themehunk-import HTTP/1.1" 500 271 "http://jenniferflo.com/" "Mozilla/5.0 (Macintosh; Intel Mac OS X 10.9; rv:47.0) Gecko/20100101 Firefox/47.0"
47.242.77.69 - - [24/May/2025:14:37:25 -0400] "GET /items/xuwfo105/13820?key=want HTTP/1.1" 500 271 "-" "Mozilla/5.0 (Macintosh; Intel Mac OS X 10_15_7) AppleWebKit/537.36 (KHTML, like Gecko) Chrome/109.0.0.0 Safari/537.36"
198.204.226.18 - - [24/May/2025:14:37:27 -0400] "GET /wp-content/install.php HTTP/1.1" 200 10 "http://jenniferflo.com/wp-content/install.php" "Mozilla/5.0 (Windows NT 10.0; Win64; x64) AppleWebKit/537.36 (KHTML, like Gecko) Chrome/58.0.3029.110 Safari/537.3"
194.87.29.57 - - [24/May/2025:14:37:30 -0400] "POST /wp-json/hc/v1/themehunk-import HTTP/1.1" 500 271 "http://jenniferflo.com/wp-json/hc/v1/themehunk-import" "Mozilla/5.0 (Macintosh; Intel Mac OS X 10.9; rv:47.0) Gecko/20100101 Firefox/47.0"
194.87.29.57 - - [24/May/2025:14:37:30 -0400] "POST /?rest_route=/wqc/v1/query HTTP/1.1" 500 271 "http://jenniferflo.com/wp-json/hc/v1/themehunk-import" "Mozilla/5.0 (Macintosh; Intel Mac OS X 10.9; rv:47.0) Gecko/20100101 Firefox/47.0"
194.87.29.57 - - [24/May/2025:14:37:30 -0400] "GET /a53df048ff60.php HTTP/1.1" 500 271 "http://jenniferflo.com/?rest_route=/wqc/v1/query" "Mozilla/5.0 (Macintosh; Intel Mac OS X 10.9; rv:47.0) Gecko/20100101 Firefox/47.0"
198.204.226.18 - - [24/May/2025:14:37:39 -0400] "GET /wp-content/install.php HTTP/1.1" 200 10 "http://jenniferflo.com/wp-content/install.php" "Mozilla/5.0 (Windows NT 10.0; Win64; x64) AppleWebKit/537.36 (KHTML, like Gecko) Chrome/58.0.3029.110 Safari/537.3"
198.204.226.18 - - [24/May/2025:14:38:07 -0400] "GET /wp-content/install.php HTTP/1.1" 200 10 "http://jenniferflo.com/wp-content/install.php" "Mozilla/5.0 (Windows NT 10.0; Win64; x64) AppleWebKit/537.36 (KHTML, like Gecko) Chrome/58.0.3029.110 Safari/537.3"
198.204.226.18 - - [24/May/2025:14:38:04 -0400] "GET /wp-content/install.php HTTP/1.1" 200 0 "http://jenniferflo.com/wp-content/install.php" "Mozilla/5.0 (Windows NT 10.0; Win64; x64) AppleWebKit/537.36 (KHTML, like Gecko) Chrome/58.0.3029.110 Safari/537.3"
47.242.77.69 - - [24/May/2025:14:38:25 -0400] "GET /search.php?items/041029974.html?srsltid=AfmBOoheliLneBWrbSifwSDODTeMisgRXioOMizCWEQuua0PDWVD HTTP/1.1" 200 10802 "-" "Mozilla/5.0 (Macintosh; Intel Mac OS X 10_15_7) AppleWebKit/537.36 (KHTML, like Gecko) Chrome/109.0.0.0 Safari/537.36"
47.238.13.0 - - [24/May/2025:14:38:39 -0400] "GET /attraction/j11?pid=141 HTTP/1.1" 500 270 "-" "Mozilla/5.0 (Macintosh; Intel Mac OS X 10_15_7) AppleWebKit/537.36 (KHTML, like Gecko) Chrome/109.0.0.0 Safari/537.36"
198.204.226.18 - - [24/May/2025:14:38:56 -0400] "GET /wp-content/install.php HTTP/1.1" 200 10 "http://jenniferflo.com/wp-content/install.php" "Mozilla/5.0 (Windows NT 10.0; Win64; x64) AppleWebKit/537.36 (KHTML, like Gecko) Chrome/58.0.3029.110 Safari/537.3"
198.204.226.18 - - [24/May/2025:14:39:50 -0400] "GET /wp-content/install.php HTTP/1.1" 200 10 "http://jenniferflo.com/wp-content/install.php" "Mozilla/5.0 (Windows NT 10.0; Win64; x64) AppleWebKit/537.36 (KHTML, like Gecko) Chrome/58.0.3029.110 Safari/537.3"
198.204.226.18 - - [24/May/2025:14:39:47 -0400] "GET /wp-content/install.php HTTP/1.1" 200 0 "http://jenniferflo.com/wp-content/install.php" "Mozilla/5.0 (Windows NT 10.0; Win64; x64) AppleWebKit/537.36 (KHTML, like Gecko) Chrome/58.0.3029.110 Safari/537.3"
47.238.13.9 - - [24/May/2025:14:40:04 -0400] "GET /items/vfymt284/7949?key=frame HTTP/1.1" 500 271 "-" "Mozilla/5.0 (Macintosh; Intel Mac OS X 10_15_7) AppleWebKit/537.36 (KHTML, like Gecko) Chrome/109.0.0.0 Safari/537.36"
198.204.226.18 - - [24/May/2025:14:40:05 -0400] "GET /wp-content/install.php HTTP/1.1" 200 10 "http://jenniferflo.com/wp-content/install.php" "Mozilla/5.0 (Windows NT 10.0; Win64; x64) AppleWebKit/537.36 (KHTML, like Gecko) Chrome/58.0.3029.110 Safari/537.3"
47.238.13.17 - - [24/May/2025:14:40:12 -0400] "GET /pages.php?products/278sr34775 HTTP/1.1" 200 9719 "-" "Mozilla/5.0 (Macintosh; Intel Mac OS X 10_15_7) AppleWebKit/537.36 (KHTML, like Gecko) Chrome/109.0.0.0 Safari/537.36"
198.204.226.18 - - [24/May/2025:14:40:02 -0400] "GET /wp-content/install.php HTTP/1.1" 200 0 "http://jenniferflo.com/wp-content/install.php" "Mozilla/5.0 (Windows NT 10.0; Win64; x64) AppleWebKit/537.36 (KHTML, like Gecko) Chrome/58.0.3029.110 Safari/537.3"
47.238.13.9 - - [24/May/2025:14:40:21 -0400] "GET /pages.php?products/257vw44878] HTTP/1.1" 200 11439 "-" "Mozilla/5.0 (Macintosh; Intel Mac OS X 10_15_7) AppleWebKit/537.36 (KHTML, like Gecko) Chrome/109.0.0.0 Safari/537.36"
198.204.226.18 - - [24/May/2025:14:40:29 -0400] "GET /wp-content/install.php HTTP/1.1" 200 10 "http://jenniferflo.com/wp-content/install.php" "Mozilla/5.0 (Windows NT 10.0; Win64; x64) AppleWebKit/537.36 (KHTML, like Gecko) Chrome/58.0.3029.110 Safari/537.3"
198.204.226.18 - - [24/May/2025:14:40:26 -0400] "GET /wp-content/install.php HTTP/1.1" 200 0 "http://jenniferflo.com/wp-content/install.php" "Mozilla/5.0 (Windows NT 10.0; Win64; x64) AppleWebKit/537.36 (KHTML, like Gecko) Chrome/58.0.3029.110 Safari/537.3"
212.11.64.144 - - [24/May/2025:14:40:43 -0400] "GET //wp-admin/js/widgets/index.php HTTP/1.1" 500 271 "http://jenniferflo.com/" "Mozilla/5.0 (Windows NT 10.0; Win64; x64) AppleWebKit/537.36 (KHTML, like Gecko) Chrome/121.0.0.0 Safari/537.36"
47.243.161.234 - - [24/May/2025:14:41:00 -0400] "GET /warm/b1?pid=13349 HTTP/1.1" 500 271 "-" "Mozilla/5.0 (Macintosh; Intel Mac OS X 10_15_7) AppleWebKit/537.36 (KHTML, like Gecko) Chrome/109.0.0.0 Safari/537.36"
198.204.226.18 - - [24/May/2025:14:41:37 -0400] "GET /wp-content/install.php HTTP/1.1" 200 10 "http://jenniferflo.com/wp-content/install.php" "Mozilla/5.0 (Windows NT 10.0; Win64; x64) AppleWebKit/537.36 (KHTML, like Gecko) Chrome/58.0.3029.110 Safari/537.3"
198.204.226.18 - - [24/May/2025:14:41:58 -0400] "GET /wp-content/install.php HTTP/1.1" 200 10 "http://jenniferflo.com/wp-content/install.php" "Mozilla/5.0 (Windows NT 10.0; Win64; x64) AppleWebKit/537.36 (KHTML, like Gecko) Chrome/58.0.3029.110 Safari/537.3"
198.204.226.18 - - [24/May/2025:14:41:55 -0400] "GET /wp-content/install.php HTTP/1.1" 200 0 "http://jenniferflo.com/wp-content/install.php" "Mozilla/5.0 (Windows NT 10.0; Win64; x64) AppleWebKit/537.36 (KHTML, like Gecko) Chrome/58.0.3029.110 Safari/537.3"
198.204.226.18 - - [24/May/2025:14:42:12 -0400] "GET /wp-content/install.php HTTP/1.1" 200 10 "http://jenniferflo.com/wp-content/install.php" "Mozilla/5.0 (Windows NT 10.0; Win64; x64) AppleWebKit/537.36 (KHTML, like Gecko) Chrome/58.0.3029.110 Safari/537.3"
198.204.226.18 - - [24/May/2025:14:43:00 -0400] "GET /wp-content/install.php HTTP/1.1" 200 10 "http://jenniferflo.com/wp-content/install.php" "Mozilla/5.0 (Windows NT 10.0; Win64; x64) AppleWebKit/537.36 (KHTML, like Gecko) Chrome/58.0.3029.110 Safari/537.3"
198.204.226.18 - - [24/May/2025:14:44:04 -0400] "GET /wp-content/install.php HTTP/1.1" 200 10 "http://jenniferflo.com/wp-content/install.php" "Mozilla/5.0 (Windows NT 10.0; Win64; x64) AppleWebKit/537.36 (KHTML, like Gecko) Chrome/58.0.3029.110 Safari/537.3"
198.204.226.18 - - [24/May/2025:14:44:01 -0400] "GET /wp-content/install.php HTTP/1.1" 200 0 "http://jenniferflo.com/wp-content/install.php" "Mozilla/5.0 (Windows NT 10.0; Win64; x64) AppleWebKit/537.36 (KHTML, like Gecko) Chrome/58.0.3029.110 Safari/537.3"
212.11.64.144 - - [24/May/2025:14:44:27 -0400] "GET //wp-admin/js/widgets/flower.php HTTP/1.1" 500 271 "http://jenniferflo.com/" "Mozilla/5.0 (Windows NT 10.0; Win64; x64) AppleWebKit/537.36 (KHTML, like Gecko) Chrome/121.0.0.0 Safari/537.36"
47.238.13.18 - - [24/May/2025:14:44:40 -0400] "GET /items/thqha186/17941?key=reliable HTTP/1.1" 500 271 "-" "Mozilla/5.0 (Macintosh; Intel Mac OS X 10_15_7) AppleWebKit/537.36 (KHTML, like Gecko) Chrome/109.0.0.0 Safari/537.36"
52.169.238.46 - - [24/May/2025:14:45:05 -0400] "GET /admin.php HTTP/1.1" 500 360 "-" "-"
52.169.238.46 - - [24/May/2025:14:45:05 -0400] "GET /wp-admin/css/colors/blue/admin.php HTTP/1.1" 500 360 "-" "-"
52.169.238.46 - - [24/May/2025:14:45:05 -0400] "GET /info.php HTTP/1.1" 500 360 "-" "-"
52.169.238.46 - - [24/May/2025:14:45:05 -0400] "GET /moon.php HTTP/1.1" 500 360 "-" "-"
52.169.238.46 - - [24/May/2025:14:45:06 -0400] "GET /ioxi-o.php HTTP/1.1" 500 360 "-" "-"
52.169.238.46 - - [24/May/2025:14:45:06 -0400] "GET /wp-includes/IXR/index.php HTTP/1.1" 500 360 "-" "-"
52.169.238.46 - - [24/May/2025:14:45:06 -0400] "GET /wp-includes/autoload_classmap.php HTTP/1.1" 500 360 "-" "-"
52.169.238.46 - - [24/May/2025:14:45:06 -0400] "GET /.well-known/admin.php HTTP/1.1" 500 360 "-" "-"
52.169.238.46 - - [24/May/2025:14:45:06 -0400] "GET /wp-links.php HTTP/1.1" 500 360 "-" "-"
52.169.238.46 - - [24/May/2025:14:45:06 -0400] "GET /wp-content/ HTTP/1.1" 200 19546 "-" "-"
52.169.238.46 - - [24/May/2025:14:45:06 -0400] "GET /file.php HTTP/1.1" 500 360 "-" "-"
52.169.238.46 - - [24/May/2025:14:45:06 -0400] "GET /shell.php HTTP/1.1" 500 360 "-" "-"
52.169.238.46 - - [24/May/2025:14:45:07 -0400] "GET /about.php HTTP/1.1" 500 360 "-" "-"
52.169.238.46 - - [24/May/2025:14:45:07 -0400] "GET /classwithtostring.php HTTP/1.1" 500 360 "-" "-"
52.169.238.46 - - [24/May/2025:14:45:07 -0400] "GET /.well-known/caches.php HTTP/1.1" 500 360 "-" "-"
52.169.238.46 - - [24/May/2025:14:45:07 -0400] "GET /text.php HTTP/1.1" 500 360 "-" "-"
52.169.238.46 - - [24/May/2025:14:45:07 -0400] "GET /1.php HTTP/1.1" 500 360 "-" "-"
52.169.238.46 - - [24/May/2025:14:45:07 -0400] "GET /index.php HTTP/1.1" 500 360 "-" "-"
52.169.238.46 - - [24/May/2025:14:45:07 -0400] "GET /cong.php HTTP/1.1" 500 360 "-" "-"
52.169.238.46 - - [24/May/2025:14:45:07 -0400] "GET /upload.php HTTP/1.1" 500 360 "-" "-"
52.169.238.46 - - [24/May/2025:14:45:07 -0400] "GET /log.php HTTP/1.1" 500 360 "-" "-"
52.169.238.46 - - [24/May/2025:14:45:07 -0400] "GET /hehe.php HTTP/1.1" 500 360 "-" "-"
52.169.238.46 - - [24/May/2025:14:45:07 -0400] "GET /ee.php HTTP/1.1" 500 360 "-" "-"
52.169.238.46 - - [24/May/2025:14:45:08 -0400] "GET /wp-content/plugins/dummyyummy/wp-signup.php HTTP/1.1" 500 360 "-" "-"
52.169.238.46 - - [24/May/2025:14:45:08 -0400] "GET /images/index.php HTTP/1.1" 500 360 "-" "-"
52.169.238.46 - - [24/May/2025:14:45:08 -0400] "GET /wp-content/uploads/index.php HTTP/1.1" 500 360 "-" "-"
52.169.238.46 - - [24/May/2025:14:45:08 -0400] "GET /index/function.php HTTP/1.1" 500 360 "-" "-"
52.169.238.46 - - [24/May/2025:14:45:08 -0400] "GET /wp-includes/customize/chosen.php HTTP/1.1" 500 360 "-" "-"
52.169.238.46 - - [24/May/2025:14:45:08 -0400] "GET /wp-admin/js/autoload_classmap.php HTTP/1.1" 500 360 "-" "-"
52.169.238.46 - - [24/May/2025:14:45:08 -0400] "GET /xxx.php HTTP/1.1" 500 360 "-" "-"
52.169.238.46 - - [24/May/2025:14:45:08 -0400] "GET /wp-admin/user/index.php HTTP/1.1" 500 359 "-" "-"
52.169.238.46 - - [24/May/2025:14:45:08 -0400] "GET /13.php HTTP/1.1" 500 360 "-" "-"
52.169.238.46 - - [24/May/2025:14:45:08 -0400] "GET /wp-content/plugins/xt HTTP/1.1" 500 360 "-" "-"
52.169.238.46 - - [24/May/2025:14:45:09 -0400] "GET /inputs.php HTTP/1.1" 403 1242 "-" "-"
52.169.238.46 - - [24/May/2025:14:45:09 -0400] "GET /wp-admin/js/index.php HTTP/1.1" 500 360 "-" "-"
52.169.238.46 - - [24/May/2025:14:45:09 -0400] "GET /chosen.php HTTP/1.1" 500 360 "-" "-"
52.169.238.46 - - [24/May/2025:14:45:09 -0400] "GET /jquery.php HTTP/1.1" 500 360 "-" "-"
52.169.238.46 - - [24/May/2025:14:45:09 -0400] "GET /02.php HTTP/1.1" 500 360 "-" "-"
52.169.238.46 - - [24/May/2025:14:45:09 -0400] "GET /gecko.php HTTP/1.1" 500 360 "-" "-"
52.169.238.46 - - [24/May/2025:14:45:09 -0400] "GET /wp-includes/js/tinymce/plugins/compat3x/css/ HTTP/1.1" 200 1719 "-" "-"
52.169.238.46 - - [24/May/2025:14:45:09 -0400] "GET /radio.php HTTP/1.1" 500 360 "-" "-"
52.169.238.46 - - [24/May/2025:14:45:09 -0400] "GET /v.php HTTP/1.1" 500 360 "-" "-"
52.169.238.46 - - [24/May/2025:14:45:09 -0400] "GET /main.php HTTP/1.1" 500 360 "-" "-"
52.169.238.46 - - [24/May/2025:14:45:09 -0400] "GET /.well-known/file.php HTTP/1.1" 500 360 "-" "-"
52.169.238.46 - - [24/May/2025:14:45:10 -0400] "GET /.well-known/pki-validation/index.php HTTP/1.1" 200 360 "-" "-"
52.169.238.46 - - [24/May/2025:14:45:10 -0400] "GET /.well-known/acme-challenge/about.php HTTP/1.1" 500 360 "-" "-"
52.169.238.46 - - [24/May/2025:14:45:10 -0400] "GET /wp-content/file.php HTTP/1.1" 500 360 "-" "-"
52.169.238.46 - - [24/May/2025:14:45:10 -0400] "GET /wp-signup.php HTTP/1.1" 500 360 "-" "-"
52.169.238.46 - - [24/May/2025:14:45:10 -0400] "GET /NewFile.php HTTP/1.1" 500 360 "-" "-"
52.169.238.46 - - [24/May/2025:14:45:10 -0400] "GET /function.php HTTP/1.1" 500 360 "-" "-"
52.169.238.46 - - [24/May/2025:14:45:10 -0400] "GET /wp-includes/css/index.php HTTP/1.1" 500 360 "-" "-"
52.169.238.46 - - [24/May/2025:14:45:10 -0400] "GET /new.php HTTP/1.1" 500 360 "-" "-"
52.169.238.46 - - [24/May/2025:14:45:10 -0400] "GET /ge.php HTTP/1.1" 500 360 "-" "-"
52.169.238.46 - - [24/May/2025:14:45:10 -0400] "GET /admin/controller/extension/extension/ultra.php HTTP/1.1" 500 360 "-" "-"
52.169.238.46 - - [24/May/2025:14:45:11 -0400] "GET /goods.php HTTP/1.1" 500 360 "-" "-"
52.169.238.46 - - [24/May/2025:14:45:11 -0400] "GET /.well-known/acme-challenge/mariju.php HTTP/1.1" 500 360 "-" "-"
52.169.238.46 - - [24/May/2025:14:45:11 -0400] "GET /k.php HTTP/1.1" 500 360 "-" "-"
52.169.238.46 - - [24/May/2025:14:45:11 -0400] "GET /public/makeasmtp.php HTTP/1.1" 500 360 "-" "-"
52.169.238.46 - - [24/May/2025:14:45:11 -0400] "GET /wp-includes/customize/index.php HTTP/1.1" 200 360 "-" "-"
52.169.238.46 - - [24/May/2025:14:45:11 -0400] "GET /mar.php HTTP/1.1" 500 360 "-" "-"
52.169.238.46 - - [24/May/2025:14:45:11 -0400] "GET /system.php HTTP/1.1" 500 360 "-" "-"
52.169.238.46 - - [24/May/2025:14:45:11 -0400] "GET /wp-content/themes/twentytwenty/404.php HTTP/1.1" 403 1242 "-" "-"
52.169.238.46 - - [24/May/2025:14:45:11 -0400] "GET //mah.php HTTP/1.1" 200 381 "-" "-"
52.169.238.46 - - [24/May/2025:14:45:11 -0400] "GET /xx.php HTTP/1.1" 500 360 "-" "-"
52.169.238.46 - - [24/May/2025:14:45:11 -0400] "GET /wp-includes/ID3/index.php HTTP/1.1" 200 360 "-" "-"
52.169.238.46 - - [24/May/2025:14:45:12 -0400] "GET /wp-admin/css/colors/blue/ HTTP/1.1" 200 4697 "-" "-"
52.169.238.46 - - [24/May/2025:14:45:12 -0400] "GET /404.php HTTP/1.1" 500 360 "-" "-"
52.169.238.46 - - [24/May/2025:14:45:12 -0400] "GET /doc.php HTTP/1.1" 500 360 "-" "-"
52.169.238.46 - - [24/May/2025:14:45:12 -0400] "GET /index_.php HTTP/1.1" 500 360 "-" "-"
52.169.238.46 - - [24/May/2025:14:45:12 -0400] "GET /backup.php HTTP/1.1" 500 360 "-" "-"
52.169.238.46 - - [24/May/2025:14:45:12 -0400] "GET /default.php HTTP/1.1" 500 360 "-" "-"
52.169.238.46 - - [24/May/2025:14:45:12 -0400] "GET / HTTP/1.1" 500 360 "-" "-"
52.169.238.46 - - [24/May/2025:14:45:12 -0400] "GET /wp-admin/maint/about.php HTTP/1.1" 500 360 "-" "-"
52.169.238.46 - - [24/May/2025:14:45:12 -0400] "GET /style.php HTTP/1.1" 500 360 "-" "-"
52.169.238.46 - - [24/May/2025:14:45:12 -0400] "GET /test.php HTTP/1.1" 500 360 "-" "-"
52.169.238.46 - - [24/May/2025:14:45:13 -0400] "GET /wp-content/uploads/2022/10/upload.php_.html HTTP/1.1" 500 360 "-" "-"
52.169.238.46 - - [24/May/2025:14:45:13 -0400] "GET /ty.php HTTP/1.1" 500 360 "-" "-"
52.169.238.46 - - [24/May/2025:14:45:13 -0400] "GET /403.php HTTP/1.1" 500 360 "-" "-"
52.169.238.46 - - [24/May/2025:14:45:13 -0400] "GET /readme.php HTTP/1.1" 500 360 "-" "-"
52.169.238.46 - - [24/May/2025:14:45:13 -0400] "GET /wp-admin/options.php HTTP/1.1" 500 360 "-" "-"
52.169.238.46 - - [24/May/2025:14:45:13 -0400] "GET /wp-content/x/index.php HTTP/1.1" 500 360 "-" "-"
52.169.238.46 - - [24/May/2025:14:45:13 -0400] "GET /mah.php HTTP/1.1" 200 381 "-" "-"
52.169.238.46 - - [24/May/2025:14:45:13 -0400] "GET /admin.php7 HTTP/1.1" 500 360 "-" "-"
52.169.238.46 - - [24/May/2025:14:45:13 -0400] "GET /.well-known/wp-login.php HTTP/1.1" 500 360 "-" "-"
52.169.238.46 - - [24/May/2025:14:45:13 -0400] "GET //jquery.php HTTP/1.1" 500 360 "-" "-"
52.169.238.46 - - [24/May/2025:14:45:14 -0400] "GET /wp-content/plugins/linkpreview/index.php HTTP/1.1" 500 360 "-" "-"
52.169.238.46 - - [24/May/2025:14:45:14 -0400] "GET /wp-content/cache/index.php HTTP/1.1" 500 360 "-" "-"
52.169.238.46 - - [24/May/2025:14:45:14 -0400] "GET /wp-admin/file.php HTTP/1.1" 500 360 "-" "-"
52.169.238.46 - - [24/May/2025:14:45:14 -0400] "GET /bak.php HTTP/1.1" 500 360 "-" "-"
52.169.238.46 - - [24/May/2025:14:45:14 -0400] "GET /css.php HTTP/1.1" 500 360 "-" "-"
52.169.238.46 - - [24/May/2025:14:45:14 -0400] "GET /config.php HTTP/1.1" 500 360 "-" "-"
52.169.238.46 - - [24/May/2025:14:45:14 -0400] "GET /wp-content/uploads/2025/03/themes.php HTTP/1.1" 500 360 "-" "-"
52.169.238.46 - - [24/May/2025:14:45:14 -0400] "GET /wp-activate.php HTTP/1.1" 500 360 "-" "-"
52.169.238.46 - - [24/May/2025:14:45:14 -0400] "GET /wp-file.php HTTP/1.1" 500 360 "-" "-"
52.169.238.46 - - [24/May/2025:14:45:14 -0400] "GET /12.php HTTP/1.1" 500 360 "-" "-"
52.169.238.46 - - [24/May/2025:14:45:14 -0400] "GET /epinyins.php HTTP/1.1" 500 360 "-" "-"
52.169.238.46 - - [24/May/2025:14:45:15 -0400] "GET /autoload_classmap.php HTTP/1.1" 500 360 "-" "-"
52.169.238.46 - - [24/May/2025:14:45:15 -0400] "GET /wp-includes/js/jcrop/Jcrop.php HTTP/1.1" 500 360 "-" "-"
52.169.238.46 - - [24/May/2025:14:45:15 -0400] "GET /system_log.php HTTP/1.1" 500 360 "-" "-"
52.169.238.46 - - [24/May/2025:14:45:15 -0400] "GET /wp-admin/maint/admin.php HTTP/1.1" 500 360 "-" "-"
52.169.238.46 - - [24/May/2025:14:45:15 -0400] "GET /ini.php HTTP/1.1" 500 360 "-" "-"
52.169.238.46 - - [24/May/2025:14:45:15 -0400] "GET /ok.php HTTP/1.1" 500 360 "-" "-"
52.169.238.46 - - [24/May/2025:14:45:15 -0400] "GET /wp-admin/includes/about.php HTTP/1.1" 500 360 "-" "-"
52.169.238.46 - - [24/May/2025:14:45:15 -0400] "GET /wp-admin/maint/ HTTP/1.1" 200 1835 "-" "-"
52.169.238.46 - - [24/May/2025:14:45:15 -0400] "GET /flower.php HTTP/1.1" 500 360 "-" "-"
52.169.238.46 - - [24/May/2025:14:45:15 -0400] "GET /wp-configs.php HTTP/1.1" 500 360 "-" "-"
52.169.238.46 - - [24/May/2025:14:45:16 -0400] "GET /01.php HTTP/1.1" 500 360 "-" "-"
52.169.238.46 - - [24/May/2025:14:45:16 -0400] "GET /wp-includes/SimplePie/admin.php HTTP/1.1" 500 360 "-" "-"
52.169.238.46 - - [24/May/2025:14:45:16 -0400] "GET /wp-admin/css/colors/midnight/colors.php HTTP/1.1" 500 360 "-" "-"
52.169.238.46 - - [24/May/2025:14:45:16 -0400] "GET /wp-content/upgrade/index.php HTTP/1.1" 500 360 "-" "-"
52.169.238.46 - - [24/May/2025:14:45:16 -0400] "GET /db.php HTTP/1.1" 500 360 "-" "-"
52.169.238.46 - - [24/May/2025:14:45:16 -0400] "GET /wp-admin/pages.php HTTP/1.1" 500 360 "-" "-"
52.169.238.46 - - [24/May/2025:14:45:16 -0400] "GET /wp-content/admin.php HTTP/1.1" 500 360 "-" "-"
52.169.238.46 - - [24/May/2025:14:45:16 -0400] "GET //xx.php HTTP/1.1" 500 360 "-" "-"
52.169.238.46 - - [24/May/2025:14:45:16 -0400] "GET /wp-load.php HTTP/1.1" 403 1242 "-" "-"
52.169.238.46 - - [24/May/2025:14:45:16 -0400] "GET /as/function.php HTTP/1.1" 500 360 "-" "-"
52.169.238.46 - - [24/May/2025:14:45:17 -0400] "GET /wp-admin/setup-config.php HTTP/1.1" 500 360 "-" "-"
52.169.238.46 - - [24/May/2025:14:45:17 -0400] "GET /wp-content/languages/wp-login.php HTTP/1.1" 500 360 "-" "-"
52.169.238.46 - - [24/May/2025:14:45:17 -0400] "GET /wp-content/autoload_classmap.php HTTP/1.1" 500 360 "-" "-"
52.169.238.46 - - [24/May/2025:14:45:17 -0400] "GET /lv.php HTTP/1.1" 500 360 "-" "-"
52.169.238.46 - - [24/May/2025:14:45:17 -0400] "GET /wp-admin/css/colors/index.php HTTP/1.1" 500 360 "-" "-"
52.169.238.46 - - [24/May/2025:14:45:17 -0400] "GET /wp-content/languages/index.php HTTP/1.1" 500 360 "-" "-"
52.169.238.46 - - [24/May/2025:14:45:17 -0400] "GET /plugins.php HTTP/1.1" 200 381 "-" "-"
52.169.238.46 - - [24/May/2025:14:45:17 -0400] "GET //radio.php HTTP/1.1" 500 360 "-" "-"
52.169.238.46 - - [24/May/2025:14:45:17 -0400] "GET /wp-content/plugins/WordPressCore/include.php HTTP/1.1" 500 360 "-" "-"
52.169.238.46 - - [24/May/2025:14:45:17 -0400] "GET /atomlib.php HTTP/1.1" 500 360 "-" "-"
52.169.238.46 - - [24/May/2025:14:45:17 -0400] "GET /.well-known/gecko-litespeed.php HTTP/1.1" 500 360 "-" "-"
