60.15.65.56 - - [09/May/2025:15:04:32 -0400] "GET /faisunzip.war HTTP/1.1" 500 276 "-" "Mozilla/5.0 (Windows NT 10.0; WOW64; rv:52.1.1) Gecko/20100101 Firefox/52.1.1"
60.15.65.67 - - [09/May/2025:15:04:32 -0400] "GET /jsp.zip HTTP/1.1" 500 276 "-" "Mozilla/5.0 (Windows NT 6.3; Win64; x64) AppleWebKit/537.36 (KHTML, like Gecko) Chrome/67.0.3396.87 Safari/537.36"
221.210.252.132 - - [09/May/2025:15:04:32 -0400] "GET /home.tar.bz2 HTTP/1.1" 500 276 "-" "Mozilla/5.0 (X11; Linux x86_64; rv:52.7.4) Gecko/20100101 Firefox/52.7.4"
60.15.65.62 - - [09/May/2025:15:04:32 -0400] "GET /html.war HTTP/1.1" 500 21 "-" "Mozilla/5.0 (X11; Linux i686 on x86_64) AppleWebKit/537.36 (KHTML, like Gecko) Chrome/77.0 Safari/537.36 OPR/60.0.3255.170"
221.210.252.132 - - [09/May/2025:15:04:32 -0400] "GET /local.bak HTTP/1.1" 500 276 "-" "Mozilla/5.0 (Windows NT 10.0; Win64; x64; rv:66.0.1) Gecko/20100101 Firefox/66.0.1"
60.15.65.53 - - [09/May/2025:15:04:32 -0400] "GET /db.zip HTTP/1.1" 500 276 "-" "Mozilla/5.0 (X11; Linux i686) AppleWebKit/537.36 (KHTML, like Gecko) Chrome/73.0.3683 Safari/537.36"
60.15.65.62 - - [09/May/2025:15:04:32 -0400] "GET /faisunzip.tar.gz HTTP/1.1" 500 276 "-" "Mozilla/5.0 (Windows NT 6.3) AppleWebKit/537.36 (KHTML, like Gecko) Chrome/64.0.3282.137 Safari/537.36 OPR/50.0.2762.67"
60.15.65.58 - - [09/May/2025:15:04:32 -0400] "GET /faisunzip.gz HTTP/1.1" 500 276 "-" "Mozilla/5.0 (Macintosh; Intel Mac OS X 10_11_2) AppleWebKit/537.36 (KHTML, like Gecko) Chrome/64.0.3282.140 Safari/537.36 OPR/50.0.2762.58"
60.15.65.67 - - [09/May/2025:15:04:32 -0400] "GET /js.gz HTTP/1.1" 500 21 "-" "Mozilla/5.0 (Windows NT 10.0; WOW64) AppleWebKit/537.36 (KHTML, like Gecko) Chrome/67.0.3396.99 Safari/537.36 OPR/54.0.2952.64"
60.15.65.66 - - [09/May/2025:15:04:32 -0400] "GET /faisunzip.zip HTTP/1.1" 500 21 "-" "Mozilla/5.0 (Windows NT 10.0; Win64; x64) AppleWebKit/537.36 (KHTML, like Gecko) Chrome/66.0.3359.170 Safari/537.36 OPR/52.0.2871.64"
60.15.65.76 - - [09/May/2025:15:04:32 -0400] "GET /forum.tgz HTTP/1.1" 500 21 "-" "Mozilla/5.0 (Macintosh; Intel Mac OS X 10_12_3; rv:52.7.0) Gecko/20100101 Firefox/52.7.0"
60.15.65.77 - - [09/May/2025:15:04:32 -0400] "GET /database.gz HTTP/1.1" 500 276 "-" "Mozilla/5.0 (Windows NT 6.0; WOW64; rv:56.0) Gecko/20100101 Firefox/56.0"
60.15.65.84 - - [09/May/2025:15:04:32 -0400] "GET /dump.tar.tgz HTTP/1.1" 500 21 "-" "Mozilla/5.0 (Macintosh; Intel Mac OS X 10_14_1; rv:52.0.1) Gecko/20100101 Firefox/52.0.1"
60.15.65.63 - - [09/May/2025:15:04:32 -0400] "GET /localhost.jar HTTP/1.1" 500 276 "-" "Mozilla/5.0 (X11; Linux i686 on x86_64) AppleWebKit/537.36 (KHTML, like Gecko) Chrome/70.0.3538.67 Safari/537.36 OPR/56.0.3051.99"
221.210.252.132 - - [09/May/2025:15:04:32 -0400] "GET /js.tar HTTP/1.1" 500 276 "-" "Mozilla/5.0 (Windows NT 10.0; WOW64) AppleWebKit/537.36 (KHTML, like Gecko) Chrome/70.0.3538.80 Safari/537.36 OPR/56.0.3051.116"
60.15.65.64 - - [09/May/2025:15:04:32 -0400] "GET /localhost.7z HTTP/1.1" 500 276 "-" "Mozilla/5.0 (Windows NT 10.0; Win64; x64) AppleWebKit/537.36 (KHTML, like Gecko) Chrome/67.0.3396.99 Safari/537.36 OPR/54.0.2952.64"
60.15.65.65 - - [09/May/2025:15:04:32 -0400] "GET /forum.war HTTP/1.1" 500 276 "-" "Mozilla/5.0 (Macintosh; Intel Mac OS X 10_13_2) AppleWebKit/537.36 (KHTML, like Gecko) Chrome/64.0.3282.186 Safari/537.36 OPR/51.0.2830.40"
60.15.65.56 - - [09/May/2025:15:04:32 -0400] "GET /engine.7z HTTP/1.1" 500 276 "-" "Mozilla/5.0 (Windows NT 6.0) AppleWebKit/537.36 (KHTML, like Gecko) Chrome/77.0 Safari/537.36 OPR/60.0.3255.170"
60.15.65.53 - - [09/May/2025:15:04:32 -0400] "GET /local.tar HTTP/1.1" 500 276 "-" "Mozilla/5.0 (Windows NT 6.2; rv:60.4.0) Gecko/20100101 Firefox/60.4.0"
60.15.65.76 - - [09/May/2025:15:04:32 -0400] "GET /error_log.war HTTP/1.1" 500 276 "-" "Mozilla/5.0 (Macintosh; Intel Mac OS X 10_13_3) AppleWebKit/537.36 (KHTML, like Gecko) Chrome/69.0.3497.100 Safari/537.36 OPR/55.0.2994.37"
60.15.65.77 - - [09/May/2025:15:04:32 -0400] "GET /forum.sql.gz HTTP/1.1" 500 276 "-" "Mozilla/5.0 (X11; Linux i686 on x86_64; rv:57.0) Gecko/20100101 Firefox/57.0"
60.15.65.56 - - [09/May/2025:15:04:32 -0400] "GET /joomla.tar.tgz HTTP/1.1" 500 276 "-" "Mozilla/5.0 (Macintosh; Intel Mac OS X 10_13_3; rv:56.0) Gecko/20100101 Firefox/56.0"
60.15.65.70 - - [09/May/2025:15:04:32 -0400] "GET /files.7z HTTP/1.1" 500 276 "-" "Mozilla/5.0 (Macintosh; Intel Mac OS X 10_14_1) AppleWebKit/537.36 (KHTML, like Gecko) Chrome/68.0.3440.84 Safari/537.36 OPR/54.0.2952.71"
60.15.65.66 - - [09/May/2025:15:04:32 -0400] "GET /html.zip HTTP/1.1" 500 276 "-" "Mozilla/5.0 (Macintosh; Intel Mac OS X 10_14_1) AppleWebKit/537.36 (KHTML, like Gecko) Chrome/63.0.3239.83 Safari/537.36"
60.15.65.77 - - [09/May/2025:15:04:32 -0400] "GET /master.zip HTTP/1.1" 500 276 "-" "Mozilla/5.0 (Windows NT 6.1) AppleWebKit/537.36 (KHTML, like Gecko) Chrome/77.0 Safari/537.36"
60.15.65.58 - - [09/May/2025:15:04:32 -0400] "GET /html.rar HTTP/1.1" 500 276 "-" "Mozilla/5.0 (Windows NT 6.2) AppleWebKit/537.36 (KHTML, like Gecko) Chrome/64.0.3282.137 Safari/537.36 OPR/50.0.2762.67"
60.15.65.54 - - [09/May/2025:15:04:32 -0400] "GET /local.jar HTTP/1.1" 500 276 "-" "Mozilla/5.0 (Windows NT 6.1; rv:59.0) Gecko/20100101 Firefox/59.0"
60.15.65.54 - - [09/May/2025:15:04:32 -0400] "GET /local.sql.gz HTTP/1.1" 500 276 "-" "Mozilla/5.0 (X11; Linux x86_64; rv:56.0.1) Gecko/20100101 Firefox/56.0.1"
60.15.65.62 - - [09/May/2025:15:04:32 -0400] "GET /index.7z HTTP/1.1" 500 276 "-" "Mozilla/5.0 (Macintosh; Intel Mac OS X 10_14_2; rv:55.0.3) Gecko/20100101 Firefox/55.0.3"
60.15.65.54 - - [09/May/2025:15:04:32 -0400] "GET /forum.tar.bz2 HTTP/1.1" 500 276 "-" "Mozilla/5.0 (Windows NT 6.0; Win64; x64) AppleWebKit/537.36 (KHTML, like Gecko) Chrome/68.0.3440.1805 Safari/537.36"
60.15.65.66 - - [09/May/2025:15:04:32 -0400] "GET /engine.tar.gz HTTP/1.1" 500 276 "-" "Mozilla/5.0 (X11; Linux i686; rv:57.0) Gecko/20100101 Firefox/57.0"
60.15.65.77 - - [09/May/2025:15:04:32 -0400] "GET /index.rar HTTP/1.1" 500 276 "-" "Mozilla/5.0 (Windows NT 6.3) AppleWebKit/537.36 (KHTML, like Gecko) Chrome/74.0.3729 Safari/537.36"
60.15.65.77 - - [09/May/2025:15:04:32 -0400] "GET /code.7z HTTP/1.1" 500 276 "-" "Mozilla/5.0 (Macintosh; Intel Mac OS X 10_11_3) AppleWebKit/537.36 (KHTML, like Gecko) Chrome/67.0.3396.99 Safari/537.36"
60.15.65.77 - - [09/May/2025:15:04:32 -0400] "GET /engine.tar.bz2 HTTP/1.1" 500 276 "-" "Mozilla/5.0 (Macintosh; Intel Mac OS X 10_13_4) AppleWebKit/537.36 (KHTML, like Gecko) Chrome/67.0.3396.79 Safari/537.36 OPR/54.0.2952.60"
60.15.65.64 - - [09/May/2025:15:04:32 -0400] "GET /html.tar HTTP/1.1" 500 276 "-" "Mozilla/5.0 (Macintosh; Intel Mac OS X 10_11_4) AppleWebKit/537.36 (KHTML, like Gecko) Chrome/65.0.3325.181 Safari/537.36"
60.15.65.77 - - [09/May/2025:15:04:32 -0400] "GET /master.tar.tgz HTTP/1.1" 500 276 "-" "Mozilla/5.0 (X11; Linux i686) AppleWebKit/537.36 (KHTML, like Gecko) Chrome/64.0.3282.186 Safari/537.36 OPR/51.0.2830.40"
60.15.65.53 - - [09/May/2025:15:04:32 -0400] "GET /joomla.war HTTP/1.1" 500 276 "-" "Mozilla/5.0 (Windows NT 10.0; Win64; x64) AppleWebKit/537.36 (KHTML, like Gecko) Chrome/73.0.3683 Safari/537.36 OPR/57.0.3098.91"
221.210.252.132 - - [09/May/2025:15:04:32 -0400] "GET /media.zip HTTP/1.1" 500 276 "-" "Mozilla/5.0 (X11; Linux i686 on x86_64) AppleWebKit/537.36 (KHTML, like Gecko) Chrome/77.0 Safari/537.36"
60.15.65.77 - - [09/May/2025:15:04:32 -0400] "GET /home.tar.tgz HTTP/1.1" 500 276 "-" "Mozilla/5.0 (X11; Linux x86_64) AppleWebKit/537.36 (KHTML, like Gecko) Chrome/68.0.3440.84 Safari/537.36 OPR/54.0.2952.71"
60.15.65.54 - - [09/May/2025:15:04:32 -0400] "GET /localhost.rar HTTP/1.1" 500 276 "-" "Mozilla/5.0 (Macintosh; Intel Mac OS X 10_12_3) AppleWebKit/537.36 (KHTML, like Gecko) Chrome/64.0.3282.119 Safari/537.36"
60.15.65.64 - - [09/May/2025:15:04:32 -0400] "GET /index.bak HTTP/1.1" 500 276 "-" "Mozilla/5.0 (Windows NT 6.2; Win64; x64; rv:58.0.2) Gecko/20100101 Firefox/58.0.2"
60.15.65.95 - - [09/May/2025:15:04:32 -0400] "GET /local.tar.tgz HTTP/1.1" 500 276 "-" "Mozilla/5.0 (X11; Linux x86_64) AppleWebKit/537.36 (KHTML, like Gecko) Chrome/70.0.3538.77 Safari/537.36 OPR/56.0.3051.43"
60.15.65.54 - - [09/May/2025:15:04:32 -0400] "GET /local.sql HTTP/1.1" 500 276 "-" "Mozilla/5.0 (Windows NT 10.0; Win64; x64) AppleWebKit/537.36 (KHTML, like Gecko) Chrome/67.0.3396.87 Safari/537.36 OPR/54.0.2952.54"
60.15.65.55 - - [09/May/2025:15:04:32 -0400] "GET /joomla.tar.bz2 HTTP/1.1" 500 276 "-" "Mozilla/5.0 (Macintosh; Intel Mac OS X 10_10_2) AppleWebKit/537.36 (KHTML, like Gecko) Chrome/62.0.3202.94 Safari/537.36"
221.210.252.132 - - [09/May/2025:15:04:32 -0400] "GET /faisunzip.sql.gz HTTP/1.1" 500 276 "-" "Mozilla/5.0 (Windows NT 10.0; WOW64; rv:57.0.1) Gecko/20100101 Firefox/57.0.1"
60.15.65.54 - - [09/May/2025:15:04:32 -0400] "GET /home.bak HTTP/1.1" 500 276 "-" "Mozilla/5.0 (X11; Linux i686 on x86_64) AppleWebKit/537.36 (KHTML, like Gecko) Chrome/68.0.3440.1805 Safari/537.36"
60.15.65.84 - - [09/May/2025:15:04:32 -0400] "GET /localhost.zip HTTP/1.1" 500 276 "-" "Mozilla/5.0 (X11; Linux i686 on x86_64; rv:60.2.0) Gecko/20100101 Firefox/60.2.0"
60.15.65.53 - - [09/May/2025:15:04:32 -0400] "GET /master.sql.gz HTTP/1.1" 500 276 "-" "Mozilla/5.0 (Windows NT 10.0; Win64; x64) AppleWebKit/537.36 (KHTML, like Gecko) Chrome/69.0.3497.100 Safari/537.36"
60.15.65.84 - - [09/May/2025:15:04:32 -0400] "GET /home.gz HTTP/1.1" 500 276 "-" "Mozilla/5.0 (Macintosh; Intel Mac OS X 10_14_1) AppleWebKit/537.36 (KHTML, like Gecko) Chrome/68.0.3440.84 Safari/537.36 OPR/54.0.2952.71"
60.15.65.95 - - [09/May/2025:15:04:32 -0400] "GET /forum.zip HTTP/1.1" 500 276 "-" "Mozilla/5.0 (Windows NT 6.3; WOW64; rv:60.2.1) Gecko/20100101 Firefox/60.2.1"
60.15.65.62 - - [09/May/2025:15:04:32 -0400] "GET /index.war HTTP/1.1" 500 276 "-" "Mozilla/5.0 (Macintosh; Intel Mac OS X 10_12_4) AppleWebKit/537.36 (KHTML, like Gecko) Chrome/73.0.3683 Safari/537.36 OPR/57.0.3098.91"
60.15.65.84 - - [09/May/2025:15:04:32 -0400] "GET /error_log.7z HTTP/1.1" 500 276 "-" "Mozilla/5.0 (X11; Linux i686; rv:57.0.1) Gecko/20100101 Firefox/57.0.1"
60.15.65.81 - - [09/May/2025:15:04:32 -0400] "GET /files.sql.gz HTTP/1.1" 500 276 "-" "Mozilla/5.0 (Windows NT 10.0; WOW64) AppleWebKit/537.36 (KHTML, like Gecko) Chrome/69.0.3497.100 Safari/537.36 OPR/55.0.2994.37"
60.15.65.58 - - [09/May/2025:15:04:32 -0400] "GET /joomla.gz HTTP/1.1" 500 276 "-" "Mozilla/5.0 (Macintosh; Intel Mac OS X 10_11_4; rv:66.0.3) Gecko/20100101 Firefox/66.0.3"
60.15.65.67 - - [09/May/2025:15:04:32 -0400] "GET /index.tar.tgz HTTP/1.1" 500 21 "-" "Mozilla/5.0 (Macintosh; Intel Mac OS X 10_10_6; rv:60.0.1) Gecko/20100101 Firefox/60.0.1"
60.15.65.66 - - [09/May/2025:15:04:32 -0400] "GET /home.tar.gz HTTP/1.1" 500 276 "-" "Mozilla/5.0 (Windows NT 10.0; Win64; x64; rv:57.0.3) Gecko/20100101 Firefox/57.0.3"
60.15.65.64 - - [09/May/2025:15:04:32 -0400] "GET /localhost.tar.bz2 HTTP/1.1" 500 21 "-" "Mozilla/5.0 (Windows NT 6.0; WOW64) AppleWebKit/537.36 (KHTML, like Gecko) Chrome/73.0.3683 Safari/537.36 OPR/57.0.3098.91"
221.210.252.132 - - [09/May/2025:15:04:32 -0400] "GET /jsp.tar.bz2 HTTP/1.1" 500 21 "-" "Mozilla/5.0 (Windows NT 6.0; WOW64; rv:60.2.0) Gecko/20100101 Firefox/60.2.0"
60.15.65.58 - - [09/May/2025:15:04:32 -0400] "GET /index.gz HTTP/1.1" 500 276 "-" "Mozilla/5.0 (Windows NT 6.2; WOW64) AppleWebKit/537.36 (KHTML, like Gecko) Chrome/70.0.3538.67 Safari/537.36 OPR/56.0.3051.99"
60.15.65.56 - - [09/May/2025:15:04:32 -0400] "GET /db.gz HTTP/1.1" 500 276 "-" "Mozilla/5.0 (Windows NT 6.0; rv:60.5.1) Gecko/20100101 Firefox/60.5.1"
60.15.65.70 - - [09/May/2025:15:04:32 -0400] "GET /index.sql.gz HTTP/1.1" 500 276 "-" "Mozilla/5.0 (X11; Linux x86_64; rv:61.0) Gecko/20100101 Firefox/61.0"
60.15.65.65 - - [09/May/2025:15:04:32 -0400] "GET /database.7z HTTP/1.1" 500 276 "-" "Mozilla/5.0 (Windows NT 10.0; Win64; x64; rv:51.0) Gecko/20100101 Firefox/51.0"
60.15.65.62 - - [09/May/2025:15:04:32 -0400] "GET /js.zip HTTP/1.1" 500 276 "-" "Mozilla/5.0 (X11; Linux i686 on x86_64) AppleWebKit/537.36 (KHTML, like Gecko) Chrome/64.0.3282.140 Safari/537.36 OPR/50.0.2762.58"
60.15.65.95 - - [09/May/2025:15:04:32 -0400] "GET /asp.tar.bz2 HTTP/1.1" 500 276 "-" "Mozilla/5.0 (Macintosh; Intel Mac OS X 10_14_2) AppleWebKit/537.36 (KHTML, like Gecko) Chrome/66.0.3359.170 Safari/537.36"
60.15.65.54 - - [09/May/2025:15:04:32 -0400] "GET /jsp.tar.gz HTTP/1.1" 500 276 "-" "Mozilla/5.0 (X11; Linux i686) AppleWebKit/537.36 (KHTML, like Gecko) Chrome/67.0.3396.87 Safari/537.36"
60.15.65.56 - - [09/May/2025:15:04:32 -0400] "GET /localhost.sql.gz HTTP/1.1" 500 276 "-" "Mozilla/5.0 (Windows NT 10.0; Win64; x64) AppleWebKit/537.36 (KHTML, like Gecko) Chrome/66.0.3359.158 Safari/537.36"
60.15.65.53 - - [09/May/2025:15:04:32 -0400] "GET /jsp.rar HTTP/1.1" 500 276 "-" "Mozilla/5.0 (Macintosh; Intel Mac OS X 10_11_2; rv:52.5.2) Gecko/20100101 Firefox/52.5.2"
60.15.65.58 - - [09/May/2025:15:04:32 -0400] "GET /media.tar.gz HTTP/1.1" 500 276 "-" "Mozilla/5.0 (Macintosh; Intel Mac OS X 10_11_6; rv:60.2.2) Gecko/20100101 Firefox/60.2.2"
60.15.65.63 - - [09/May/2025:15:04:32 -0400] "GET /jsp.tar HTTP/1.1" 500 276 "-" "Mozilla/5.0 (Windows NT 6.0) AppleWebKit/537.36 (KHTML, like Gecko) Chrome/75.0.3770 Safari/537.36"
221.210.252.132 - - [09/May/2025:15:04:32 -0400] "GET /local.gz HTTP/1.1" 500 276 "-" "Mozilla/5.0 (Macintosh; Intel Mac OS X 10_11_3) AppleWebKit/537.36 (KHTML, like Gecko) Chrome/77.0 Safari/537.36 OPR/58.0.3135.127"
60.15.65.70 - - [09/May/2025:15:04:32 -0400] "GET /files.sql HTTP/1.1" 500 21 "-" "Mozilla/5.0 (X11; Linux i686; rv:59.0.1) Gecko/20100101 Firefox/59.0.1"
60.15.65.81 - - [09/May/2025:15:04:32 -0400] "GET /local.7z HTTP/1.1" 500 21 "-" "Mozilla/5.0 (X11; Linux i686) AppleWebKit/537.36 (KHTML, like Gecko) Chrome/71.0.3578.98 Safari/537.36"
60.15.65.62 - - [09/May/2025:15:04:32 -0400] "GET /error_log.bak HTTP/1.1" 500 276 "-" "Mozilla/5.0 (Macintosh; Intel Mac OS X 10_11_4) AppleWebKit/537.36 (KHTML, like Gecko) Chrome/68.0.3440.106 Safari/537.36 OPR/55.0.2994.61"
60.15.65.77 - - [09/May/2025:15:04:32 -0400] "GET /joomla.bak HTTP/1.1" 500 21 "-" "Mozilla/5.0 (Windows NT 6.3; Win64; x64; rv:51.0.1) Gecko/20100101 Firefox/51.0.1"
60.15.65.55 - - [09/May/2025:15:04:32 -0400] "GET /local.tar.gz HTTP/1.1" 500 276 "-" "Mozilla/5.0 (Windows NT 10.0; WOW64) AppleWebKit/537.36 (KHTML, like Gecko) Chrome/64.0.3282.167 Safari/537.36"
60.15.65.81 - - [09/May/2025:15:04:32 -0400] "GET /forum.bak HTTP/1.1" 500 276 "-" "Mozilla/5.0 (Macintosh; Intel Mac OS X 10_10_3) AppleWebKit/537.36 (KHTML, like Gecko) Chrome/68.0.3440.84 Safari/537.36 OPR/54.0.2952.71"
60.15.65.56 - - [09/May/2025:15:04:32 -0400] "GET /localhost.tar.tgz HTTP/1.1" 500 276 "-" "Mozilla/5.0 (Windows NT 6.3; rv:59.0.1) Gecko/20100101 Firefox/59.0.1"
60.15.65.81 - - [09/May/2025:15:04:32 -0400] "GET /engine.tar HTTP/1.1" 500 276 "-" "Mozilla/5.0 (X11; Linux i686 on x86_64) AppleWebKit/537.36 (KHTML, like Gecko) Chrome/67.0.3396.79 Safari/537.36 OPR/54.0.2952.60"
60.15.65.95 - - [09/May/2025:15:04:32 -0400] "GET /master.tar.bz2 HTTP/1.1" 500 276 "-" "Mozilla/5.0 (Windows NT 6.2; rv:64.0.2) Gecko/20100101 Firefox/64.0.2"
60.15.65.64 - - [09/May/2025:15:04:32 -0400] "GET /home.tar HTTP/1.1" 500 21 "-" "Mozilla/5.0 (Macintosh; Intel Mac OS X 10_10_1; rv:60.5.0) Gecko/20100101 Firefox/60.5.0"
60.15.65.84 - - [09/May/2025:15:04:32 -0400] "GET /html.jar HTTP/1.1" 500 276 "-" "Mozilla/5.0 (X11; Linux i686 on x86_64; rv:52.5.3) Gecko/20100101 Firefox/52.5.3"
60.15.65.76 - - [09/May/2025:15:04:32 -0400] "GET /forum.jar HTTP/1.1" 500 276 "-" "Mozilla/5.0 (Windows NT 10.0; WOW64; rv:62.0.3) Gecko/20100101 Firefox/62.0.3"
60.15.65.56 - - [09/May/2025:15:04:32 -0400] "GET /index.sql HTTP/1.1" 500 21 "-" "Mozilla/5.0 (Windows NT 10.0; WOW64; rv:57.0.3) Gecko/20100101 Firefox/57.0.3"
60.15.65.84 - - [09/May/2025:15:04:32 -0400] "GET /local.zip HTTP/1.1" 500 276 "-" "Mozilla/5.0 (X11; Linux i686; rv:61.0) Gecko/20100101 Firefox/61.0"
60.15.65.62 - - [09/May/2025:15:04:32 -0400] "GET /master.rar HTTP/1.1" 500 276 "-" "Mozilla/5.0 (Windows NT 6.2; WOW64; rv:56.0.1) Gecko/20100101 Firefox/56.0.1"
60.15.65.84 - - [09/May/2025:15:04:32 -0400] "GET /joomla.7z HTTP/1.1" 500 276 "-" "Mozilla/5.0 (X11; Linux i686 on x86_64) AppleWebKit/537.36 (KHTML, like Gecko) Chrome/60.0.3112.78 Safari/537.36"
60.15.65.55 - - [09/May/2025:15:04:32 -0400] "GET /joomla.rar HTTP/1.1" 500 276 "-" "Mozilla/5.0 (Macintosh; Intel Mac OS X 10_13_3; rv:60.4.0) Gecko/20100101 Firefox/60.4.0"
60.15.65.53 - - [09/May/2025:15:04:32 -0400] "GET /home.7z HTTP/1.1" 500 276 "-" "Mozilla/5.0 (X11; Linux i686 on x86_64; rv:66.0.3) Gecko/20100101 Firefox/66.0.3"
60.15.65.95 - - [09/May/2025:15:04:32 -0400] "GET /jsp.tar.tgz HTTP/1.1" 500 21 "-" "Mozilla/5.0 (Macintosh; Intel Mac OS X 10_10_1; rv:62.0.2) Gecko/20100101 Firefox/62.0.2"
60.15.65.62 - - [09/May/2025:15:04:32 -0400] "GET /home.jar HTTP/1.1" 500 276 "-" "Mozilla/5.0 (Windows NT 6.3; WOW64) AppleWebKit/537.36 (KHTML, like Gecko) Chrome/63.0.3239.132 Safari/537.36"
60.15.65.56 - - [09/May/2025:15:04:32 -0400] "GET /jsp.sql HTTP/1.1" 500 21 "-" "Mozilla/5.0 (X11; Linux i686) AppleWebKit/537.36 (KHTML, like Gecko) Chrome/66.0.3359.181 Safari/537.36"
60.15.65.67 - - [09/May/2025:15:04:32 -0400] "GET /com.tar.tgz HTTP/1.1" 500 276 "-" "Mozilla/5.0 (X11; Linux x86_64) AppleWebKit/537.36 (KHTML, like Gecko) Chrome/66.0.3359.170 Safari/537.36 OPR/52.0.2871.64"
60.15.65.53 - - [09/May/2025:15:04:32 -0400] "GET /master.7z HTTP/1.1" 500 276 "-" "Mozilla/5.0 (Windows NT 10.0; Win64; x64) AppleWebKit/537.36 (KHTML, like Gecko) Chrome/70.0.3538.67 Safari/537.36 OPR/56.0.3051.99"
60.15.65.56 - - [09/May/2025:15:04:32 -0400] "GET /files.jar HTTP/1.1" 500 276 "-" "Mozilla/5.0 (Macintosh; Intel Mac OS X 10_14_1) AppleWebKit/537.36 (KHTML, like Gecko) Chrome/66.0.3359.181 Safari/537.36"
60.15.65.67 - - [09/May/2025:15:04:32 -0400] "GET /members.war HTTP/1.1" 500 21 "-" "Mozilla/5.0 (X11; Linux i686 on x86_64) AppleWebKit/537.36 (KHTML, like Gecko) Chrome/76.0.3809 Safari/537.36 OPR/58.0.3135.107"
60.15.65.64 - - [09/May/2025:15:04:32 -0400] "GET /local.war HTTP/1.1" 500 276 "-" "Mozilla/5.0 (X11; Linux i686) AppleWebKit/537.36 (KHTML, like Gecko) Chrome/76.0.3809 Safari/537.36"
60.15.65.53 - - [09/May/2025:15:04:32 -0400] "GET /members.tar.bz2 HTTP/1.1" 500 276 "-" "Mozilla/5.0 (X11; Linux x86_64; rv:60.1.0) Gecko/20100101 Firefox/60.1.0"
60.15.65.65 - - [09/May/2025:15:04:32 -0400] "GET /forum.7z HTTP/1.1" 500 21 "-" "Mozilla/5.0 (Macintosh; Intel Mac OS X 10_11_3; rv:57.0.2) Gecko/20100101 Firefox/57.0.2"
221.210.252.132 - - [09/May/2025:15:04:32 -0400] "GET /index.tgz HTTP/1.1" 500 276 "-" "Mozilla/5.0 (X11; Linux i686 on x86_64) AppleWebKit/537.36 (KHTML, like Gecko) Chrome/68.0.3440.84 Safari/537.36"
60.15.65.52 - - [09/May/2025:15:04:32 -0400] "GET /files.tar.bz2 HTTP/1.1" 500 276 "-" "Mozilla/5.0 (Macintosh; Intel Mac OS X 10_11_4) AppleWebKit/537.36 (KHTML, like Gecko) Chrome/70.0.3538.80 Safari/537.36 OPR/56.0.3051.116"
60.15.65.67 - - [09/May/2025:15:04:32 -0400] "GET /localhost.gz HTTP/1.1" 500 276 "-" "Mozilla/5.0 (Windows NT 10.0; Win64; x64; rv:52.8.1) Gecko/20100101 Firefox/52.8.1"
60.15.65.62 - - [09/May/2025:15:04:32 -0400] "GET /forum.tar.tgz HTTP/1.1" 500 276 "-" "Mozilla/5.0 (Macintosh; Intel Mac OS X 10_10_4) AppleWebKit/537.36 (KHTML, like Gecko) Chrome/68.0.3440.1805 Safari/537.36 OPR/54.0.2952.51"
60.15.65.70 - - [09/May/2025:15:04:32 -0400] "GET /forum.tar HTTP/1.1" 500 276 "-" "Mozilla/5.0 (Windows NT 10.0; WOW64) AppleWebKit/537.36 (KHTML, like Gecko) Chrome/75.0.3770 Safari/537.36 OPR/57.0.3098.116"
60.15.65.76 - - [09/May/2025:15:04:32 -0400] "GET /html.tgz HTTP/1.1" 500 21 "-" "Mozilla/5.0 (X11; Linux i686 on x86_64) AppleWebKit/537.36 (KHTML, like Gecko) Chrome/75.0.3770 Safari/537.36"
60.15.65.56 - - [09/May/2025:15:04:32 -0400] "GET /db.sql HTTP/1.1" 500 276 "-" "Mozilla/5.0 (Macintosh; Intel Mac OS X 10_13_5) AppleWebKit/537.36 (KHTML, like Gecko) Chrome/69.0.3497.100 Safari/537.36 OPR/55.0.2994.37"
60.15.65.56 - - [09/May/2025:15:04:32 -0400] "GET /database.bak HTTP/1.1" 500 276 "-" "Mozilla/5.0 (Windows NT 6.1; WOW64; rv:67.0) Gecko/20100101 Firefox/67.0"
60.15.65.64 - - [09/May/2025:15:04:32 -0400] "GET /index.jar HTTP/1.1" 500 276 "-" "Mozilla/5.0 (Windows NT 10.0; WOW64) AppleWebKit/537.36 (KHTML, like Gecko) Chrome/63.0.3239.111 Safari/537.36"
60.15.65.53 - - [09/May/2025:15:04:32 -0400] "GET /html.bak HTTP/1.1" 500 276 "-" "Mozilla/5.0 (Windows NT 10.0; Win64; x64; rv:50.0.2) Gecko/20100101 Firefox/50.0.2"
60.15.65.65 - - [09/May/2025:15:04:32 -0400] "GET /jsp.jar HTTP/1.1" 500 21 "-" "Mozilla/5.0 (Windows NT 6.0; WOW64) AppleWebKit/537.36 (KHTML, like Gecko) Chrome/64.0.3282.140 Safari/537.36"
60.15.65.52 - - [09/May/2025:15:04:32 -0400] "GET /joomla.sql HTTP/1.1" 500 276 "-" "Mozilla/5.0 (Windows NT 6.0; Win64; x64; rv:60.1.0) Gecko/20100101 Firefox/60.1.0"
60.15.65.70 - - [09/May/2025:15:04:32 -0400] "GET /localhost.tar HTTP/1.1" 500 276 "-" "Mozilla/5.0 (Macintosh; Intel Mac OS X 10_10_2; rv:59.0.1) Gecko/20100101 Firefox/59.0.1"
60.15.65.64 - - [09/May/2025:15:04:32 -0400] "GET /joomla.jar HTTP/1.1" 500 276 "-" "Mozilla/5.0 (X11; Linux x86_64; rv:57.0.3) Gecko/20100101 Firefox/57.0.3"
60.15.65.95 - - [09/May/2025:15:04:32 -0400] "GET /database.sql HTTP/1.1" 500 276 "-" "Mozilla/5.0 (X11; Linux i686 on x86_64) AppleWebKit/537.36 (KHTML, like Gecko) Chrome/68.0.3440.91 Safari/537.36"
60.15.65.52 - - [09/May/2025:15:04:32 -0400] "GET /index.tar HTTP/1.1" 500 276 "-" "Mozilla/5.0 (X11; Linux x86_64) AppleWebKit/537.36 (KHTML, like Gecko) Chrome/70.0.3538.80 Safari/537.36 OPR/56.0.3051.116"
60.15.65.52 - - [09/May/2025:15:04:32 -0400] "GET /index.tar.bz2 HTTP/1.1" 500 276 "-" "Mozilla/5.0 (Windows NT 6.0) AppleWebKit/537.36 (KHTML, like Gecko) Chrome/61.0.3163.79 Safari/537.36"
60.15.65.56 - - [09/May/2025:15:04:32 -0400] "GET /js.tar.bz2 HTTP/1.1" 500 276 "-" "Mozilla/5.0 (Macintosh; Intel Mac OS X 10_11_3) AppleWebKit/537.36 (KHTML, like Gecko) Chrome/66.0.3359.139 Safari/537.36"
60.15.65.56 - - [09/May/2025:15:04:32 -0400] "GET /joomla.tar.gz HTTP/1.1" 500 276 "-" "Mozilla/5.0 (Windows NT 6.0) AppleWebKit/537.36 (KHTML, like Gecko) Chrome/68.0.3440.106 Safari/537.36"
60.15.65.54 - - [09/May/2025:15:04:32 -0400] "GET /local.tar.bz2 HTTP/1.1" 500 276 "-" "Mozilla/5.0 (X11; Linux x86_64; rv:57.0.3) Gecko/20100101 Firefox/57.0.3"
221.210.252.132 - - [09/May/2025:15:04:32 -0400] "GET /faisunzip.tar.tgz HTTP/1.1" 500 276 "-" "Mozilla/5.0 (X11; Linux i686; rv:66.0.4) Gecko/20100101 Firefox/66.0.4"
60.15.65.56 - - [09/May/2025:15:04:32 -0400] "GET /local.rar HTTP/1.1" 500 276 "-" "Mozilla/5.0 (Windows NT 6.2) AppleWebKit/537.36 (KHTML, like Gecko) Chrome/75.0.3770 Safari/537.36 OPR/57.0.3098.116"
221.210.252.132 - - [09/May/2025:15:04:32 -0400] "GET /localhost.tgz HTTP/1.1" 500 276 "-" "Mozilla/5.0 (X11; Linux i686; rv:53.0) Gecko/20100101 Firefox/53.0"
60.15.65.70 - - [09/May/2025:15:04:32 -0400] "GET /js.tar.tgz HTTP/1.1" 500 276 "-" "Mozilla/5.0 (X11; Linux i686) AppleWebKit/537.36 (KHTML, like Gecko) Chrome/69.0.3497.92 Safari/537.36 OPR/55.0.2994.44"
221.210.252.132 - - [09/May/2025:15:04:32 -0400] "GET /data.war HTTP/1.1" 500 276 "-" "Mozilla/5.0 (X11; Linux i686) AppleWebKit/537.36 (KHTML, like Gecko) Chrome/72.0.3626 Safari/537.36 OPR/56.0.3051.36"
60.15.65.65 - - [09/May/2025:15:04:32 -0400] "GET /members.gz HTTP/1.1" 500 21 "-" "Mozilla/5.0 (Macintosh; Intel Mac OS X 10_11_5) AppleWebKit/537.36 (KHTML, like Gecko) Chrome/72.0.3626 Safari/537.36 OPR/56.0.3051.36"
60.15.65.62 - - [09/May/2025:15:04:32 -0400] "GET /js.sql.gz HTTP/1.1" 500 21 "-" "Mozilla/5.0 (Windows NT 10.0; WOW64) AppleWebKit/537.36 (KHTML, like Gecko) Chrome/69.0.3497.81 Safari/537.36"
60.15.65.53 - - [09/May/2025:15:04:32 -0400] "GET /jsp.war HTTP/1.1" 500 21 "-" "Mozilla/5.0 (Windows NT 6.3; rv:52.9.0) Gecko/20100101 Firefox/52.9.0"
60.15.65.70 - - [09/May/2025:15:04:32 -0400] "GET /files.war HTTP/1.1" 500 276 "-" "Mozilla/5.0 (X11; Linux i686) AppleWebKit/537.36 (KHTML, like Gecko) Chrome/67.0.3396.87 Safari/537.36 OPR/54.0.2952.54"
60.15.65.54 - - [09/May/2025:15:04:32 -0400] "GET /forum.sql HTTP/1.1" 500 21 "-" "Mozilla/5.0 (X11; Linux i686 on x86_64) AppleWebKit/537.36 (KHTML, like Gecko) Chrome/65.0.3325.181 Safari/537.36 OPR/52.0.2871.40"
60.15.65.65 - - [09/May/2025:15:04:32 -0400] "GET /localhost.sql HTTP/1.1" 500 276 "-" "Mozilla/5.0 (X11; Linux i686; rv:63.0) Gecko/20100101 Firefox/63.0"
60.15.65.52 - - [09/May/2025:15:04:32 -0400] "GET /members.sql HTTP/1.1" 500 276 "-" "Mozilla/5.0 (X11; Linux i686 on x86_64) AppleWebKit/537.36 (KHTML, like Gecko) Chrome/66.0.3359.181 Safari/537.36 OPR/53.0.2907.110"
60.15.65.63 - - [09/May/2025:15:04:32 -0400] "GET /jsp.bak HTTP/1.1" 500 276 "-" "Mozilla/5.0 (Macintosh; Intel Mac OS X 10_10_3) AppleWebKit/537.36 (KHTML, like Gecko) Chrome/62.0.3202.89 Safari/537.36"
60.15.65.81 - - [09/May/2025:15:04:32 -0400] "GET /faisunzip.sql HTTP/1.1" 500 276 "-" "Mozilla/5.0 (Macintosh; Intel Mac OS X 10_12_1) AppleWebKit/537.36 (KHTML, like Gecko) Chrome/68.0.3440.75 Safari/537.36 OPR/54.0.2952.64"
60.15.65.52 - - [09/May/2025:15:04:32 -0400] "GET /dump.zip HTTP/1.1" 500 21 "-" "Mozilla/5.0 (Macintosh; Intel Mac OS X 10_14_2; rv:52.1.1) Gecko/20100101 Firefox/52.1.1"
60.15.65.76 - - [09/May/2025:15:04:32 -0400] "GET /localhost.bak HTTP/1.1" 500 276 "-" "Mozilla/5.0 (X11; Linux x86_64) AppleWebKit/537.36 (KHTML, like Gecko) Chrome/69.0.3497.92 Safari/537.36 OPR/55.0.2994.44"
60.15.65.56 - - [09/May/2025:15:04:32 -0400] "GET /master.war HTTP/1.1" 500 276 "-" "Mozilla/5.0 (Windows NT 10.0; Win64; x64) AppleWebKit/537.36 (KHTML, like Gecko) Chrome/68.0.3440.106 Safari/537.36 OPR/55.0.2994.61"
60.15.65.62 - - [09/May/2025:15:04:32 -0400] "GET /home.zip HTTP/1.1" 500 276 "-" "Mozilla/5.0 (Macintosh; Intel Mac OS X 10_11_4; rv:52.5.0) Gecko/20100101 Firefox/52.5.0"
60.15.65.56 - - [09/May/2025:15:04:32 -0400] "GET /forum.tar.gz HTTP/1.1" 500 276 "-" "Mozilla/5.0 (Macintosh; Intel Mac OS X 10_13_3) AppleWebKit/537.36 (KHTML, like Gecko) Chrome/66.0.3359.170 Safari/537.36"
60.15.65.55 - - [09/May/2025:15:04:32 -0400] "GET /html.sql.gz HTTP/1.1" 500 276 "-" "Mozilla/5.0 (Macintosh; Intel Mac OS X 10_14_2) AppleWebKit/537.36 (KHTML, like Gecko) Chrome/74.0.3729 Safari/537.36 OPR/57.0.3098.106"
60.15.65.63 - - [09/May/2025:15:04:32 -0400] "GET /members.bak HTTP/1.1" 500 276 "-" "Mozilla/5.0 (Windows NT 6.0; rv:67.0) Gecko/20100101 Firefox/67.0"
60.15.65.54 - - [09/May/2025:15:04:32 -0400] "GET /my.jar HTTP/1.1" 500 21 "-" "Mozilla/5.0 (Macintosh; Intel Mac OS X 10_13_2) AppleWebKit/537.36 (KHTML, like Gecko) Chrome/64.0.3282.137 Safari/537.36"
60.15.65.76 - - [09/May/2025:15:04:32 -0400] "GET /files.tar HTTP/1.1" 500 276 "-" "Mozilla/5.0 (Windows NT 6.0; WOW64; rv:60.5.2) Gecko/20100101 Firefox/60.5.2"
60.15.65.62 - - [09/May/2025:15:04:32 -0400] "GET /media.rar HTTP/1.1" 500 276 "-" "Mozilla/5.0 (Windows NT 10.0; Win64; x64; rv:67.0) Gecko/20100101 Firefox/67.0"
60.15.65.81 - - [09/May/2025:15:04:32 -0400] "GET /dump.rar HTTP/1.1" 500 276 "-" "Mozilla/5.0 (Macintosh; Intel Mac OS X 10_10_2) AppleWebKit/537.36 (KHTML, like Gecko) Chrome/66.0.3359.181 Safari/537.36 OPR/53.0.2907.110"
60.15.65.63 - - [09/May/2025:15:04:32 -0400] "GET /members.tgz HTTP/1.1" 500 276 "-" "Mozilla/5.0 (Macintosh; Intel Mac OS X 10_10_4) AppleWebKit/537.36 (KHTML, like Gecko) Chrome/70.0.3538.102 Safari/537.36 OPR/56.0.3051.116"
60.15.65.65 - - [09/May/2025:15:04:32 -0400] "GET /html.tar.tgz HTTP/1.1" 500 276 "-" "Mozilla/5.0 (Windows NT 6.1; WOW64) AppleWebKit/537.36 (KHTML, like Gecko) Chrome/70.0.3538.77 Safari/537.36"
60.15.65.66 - - [09/May/2025:15:04:32 -0400] "GET /master.sql HTTP/1.1" 500 276 "-" "Mozilla/5.0 (Macintosh; Intel Mac OS X 10_13_4) AppleWebKit/537.36 (KHTML, like Gecko) Chrome/68.0.3440.91 Safari/537.36 OPR/55.0.2994.61"
60.15.65.84 - - [09/May/2025:15:04:32 -0400] "GET /html.gz HTTP/1.1" 500 276 "-" "Mozilla/5.0 (X11; Linux i686) AppleWebKit/537.36 (KHTML, like Gecko) Chrome/60.0.3112.78 Safari/537.36"
60.15.65.64 - - [09/May/2025:15:04:32 -0400] "GET /js.bak HTTP/1.1" 500 21 "-" "Mozilla/5.0 (X11; Linux x86_64) AppleWebKit/537.36 (KHTML, like Gecko) Chrome/69.0.3497.92 Safari/537.36"
60.15.65.53 - - [09/May/2025:15:04:32 -0400] "GET /joomla.tgz HTTP/1.1" 500 21 "-" "Mozilla/5.0 (X11; Linux i686) AppleWebKit/537.36 (KHTML, like Gecko) Chrome/75.0.3770 Safari/537.36 OPR/57.0.3098.116"
60.15.65.81 - - [09/May/2025:15:04:32 -0400] "GET /local.tgz HTTP/1.1" 500 276 "-" "Mozilla/5.0 (Macintosh; Intel Mac OS X 10_12_4) AppleWebKit/537.36 (KHTML, like Gecko) Chrome/66.0.3359.117 Safari/537.36"
60.15.65.67 - - [09/May/2025:15:04:32 -0400] "GET /master.bak HTTP/1.1" 500 276 "-" "Mozilla/5.0 (X11; Linux i686 on x86_64; rv:52.3.0) Gecko/20100101 Firefox/52.3.0"
60.15.65.56 - - [09/May/2025:15:04:32 -0400] "GET /jsp.7z HTTP/1.1" 500 276 "-" "Mozilla/5.0 (Windows NT 6.1; Win64; x64; rv:60.0.2) Gecko/20100101 Firefox/60.0.2"
60.15.65.64 - - [09/May/2025:15:04:32 -0400] "GET /master.tar HTTP/1.1" 500 276 "-" "Mozilla/5.0 (Windows NT 6.0) AppleWebKit/537.36 (KHTML, like Gecko) Chrome/69.0.3497.92 Safari/537.36"
60.15.65.70 - - [09/May/2025:15:04:32 -0400] "GET /home.sql.gz HTTP/1.1" 500 276 "-" "Mozilla/5.0 (Windows NT 6.0; Win64; x64; rv:50.0) Gecko/20100101 Firefox/50.0"
60.15.65.58 - - [09/May/2025:15:04:32 -0400] "GET /js.sql HTTP/1.1" 500 276 "-" "Mozilla/5.0 (X11; Linux i686 on x86_64) AppleWebKit/537.36 (KHTML, like Gecko) Chrome/66.0.3359.117 Safari/537.36 OPR/53.0.2907.99"
60.15.65.58 - - [09/May/2025:15:04:32 -0400] "GET /faisunzip.tar.bz2 HTTP/1.1" 500 276 "-" "Mozilla/5.0 (Macintosh; Intel Mac OS X 10_13_2; rv:57.0.1) Gecko/20100101 Firefox/57.0.1"
60.15.65.81 - - [09/May/2025:15:04:32 -0400] "GET /com.sql.gz HTTP/1.1" 500 21 "-" "Mozilla/5.0 (X11; Linux x86_64) AppleWebKit/537.36 (KHTML, like Gecko) Chrome/67.0.3396.99 Safari/537.36 OPR/54.0.2952.64"
60.15.65.77 - - [09/May/2025:15:04:32 -0400] "GET /members.tar.gz HTTP/1.1" 500 276 "-" "Mozilla/5.0 (Windows NT 6.2; rv:60.2.1) Gecko/20100101 Firefox/60.2.1"
60.15.65.53 - - [09/May/2025:15:04:32 -0400] "GET /data.jar HTTP/1.1" 500 276 "-" "Mozilla/5.0 (X11; Linux i686; rv:52.1.0) Gecko/20100101 Firefox/52.1.0"
60.15.65.52 - - [09/May/2025:15:04:32 -0400] "GET /home.sql HTTP/1.1" 500 276 "-" "Mozilla/5.0 (X11; Linux i686 on x86_64) AppleWebKit/537.36 (KHTML, like Gecko) Chrome/71.0.3578.98 Safari/537.36"
60.15.65.84 - - [09/May/2025:15:04:32 -0400] "GET /jsp.sql.gz HTTP/1.1" 500 276 "-" "Mozilla/5.0 (X11; Linux i686) AppleWebKit/537.36 (KHTML, like Gecko) Chrome/64.0.3282.140 Safari/537.36 OPR/50.0.2762.58"
60.15.65.52 - - [09/May/2025:15:04:32 -0400] "GET /forum.rar HTTP/1.1" 500 276 "-" "Mozilla/5.0 (Macintosh; Intel Mac OS X 10_14_1) AppleWebKit/537.36 (KHTML, like Gecko) Chrome/71.0.3578.98 Safari/537.36"
60.15.65.56 - - [09/May/2025:15:04:32 -0400] "GET /files.gz HTTP/1.1" 500 276 "-" "Mozilla/5.0 (Macintosh; Intel Mac OS X 10_10_4) AppleWebKit/537.36 (KHTML, like Gecko) Chrome/64.0.3282.137 Safari/537.36"
60.15.65.55 - - [09/May/2025:15:04:32 -0400] "GET /members.sql.gz HTTP/1.1" 500 276 "-" "Mozilla/5.0 (Macintosh; Intel Mac OS X 10_14_2) AppleWebKit/537.36 (KHTML, like Gecko) Chrome/66.0.3359.139 Safari/537.36"
60.15.65.67 - - [09/May/2025:15:04:32 -0400] "GET /joomla.sql.gz HTTP/1.1" 500 276 "-" "Mozilla/5.0 (Windows NT 10.0; WOW64) AppleWebKit/537.36 (KHTML, like Gecko) Chrome/67.0.3396.79 Safari/537.36 OPR/54.0.2952.60"
60.15.65.56 - - [09/May/2025:15:04:32 -0400] "GET /jsp.tgz HTTP/1.1" 500 276 "-" "Mozilla/5.0 (Windows NT 10.0; WOW64) AppleWebKit/537.36 (KHTML, like Gecko) Chrome/70.0.3538.67 Safari/537.36"
60.15.65.65 - - [09/May/2025:15:04:32 -0400] "GET /db.sql.gz HTTP/1.1" 500 21 "-" "Mozilla/5.0 (Windows NT 6.3; rv:66.0.5) Gecko/20100101 Firefox/66.0.5"
60.15.65.52 - - [09/May/2025:15:04:32 -0400] "GET /jsp.gz HTTP/1.1" 500 276 "-" "Mozilla/5.0 (Windows NT 6.1; Win64; x64) AppleWebKit/537.36 (KHTML, like Gecko) Chrome/66.0.3359.117 Safari/537.36"
60.15.65.84 - - [09/May/2025:15:04:32 -0400] "GET /master.tgz HTTP/1.1" 500 276 "-" "Mozilla/5.0 (X11; Linux i686 on x86_64) AppleWebKit/537.36 (KHTML, like Gecko) Chrome/70.0.3538.110 Safari/537.36"
60.15.65.64 - - [09/May/2025:15:04:32 -0400] "GET /index.zip HTTP/1.1" 500 276 "-" "Mozilla/5.0 (Windows NT 10.0; WOW64) AppleWebKit/537.36 (KHTML, like Gecko) Chrome/62.0.3202.84 Safari/537.36"
60.15.65.54 - - [09/May/2025:15:04:32 -0400] "GET /home.war HTTP/1.1" 500 276 "-" "Mozilla/5.0 (Macintosh; Intel Mac OS X 10_14_2; rv:66.0.1) Gecko/20100101 Firefox/66.0.1"
60.15.65.56 - - [09/May/2025:15:04:32 -0400] "GET /master.gz HTTP/1.1" 500 21 "-" "Mozilla/5.0 (Macintosh; Intel Mac OS X 10_11_2) AppleWebKit/537.36 (KHTML, like Gecko) Chrome/64.0.3282.137 Safari/537.36 OPR/50.0.2762.67"
60.15.65.63 - - [09/May/2025:15:04:32 -0400] "GET /html.sql HTTP/1.1" 500 276 "-" "Mozilla/5.0 (X11; Linux i686; rv:52.7.0) Gecko/20100101 Firefox/52.7.0"
60.15.65.64 - - [09/May/2025:15:04:32 -0400] "GET /members.jar HTTP/1.1" 500 276 "-" "Mozilla/5.0 (Macintosh; Intel Mac OS X 10_12_3; rv:60.4.0) Gecko/20100101 Firefox/60.4.0"
60.15.65.76 - - [09/May/2025:15:04:32 -0400] "GET /my.zip HTTP/1.1" 500 276 "-" "Mozilla/5.0 (X11; Linux i686 on x86_64; rv:52.7.1) Gecko/20100101 Firefox/52.7.1"
60.15.65.95 - - [09/May/2025:15:04:32 -0400] "GET /members.tar HTTP/1.1" 500 276 "-" "Mozilla/5.0 (X11; Linux i686) AppleWebKit/537.36 (KHTML, like Gecko) Chrome/69.0.3497.92 Safari/537.36 OPR/55.0.2994.44"
60.15.65.76 - - [09/May/2025:15:04:32 -0400] "GET /my.tgz HTTP/1.1" 500 276 "-" "Mozilla/5.0 (Macintosh; Intel Mac OS X 10_12_5; rv:66.0.3) Gecko/20100101 Firefox/66.0.3"
60.15.65.62 - - [09/May/2025:15:04:32 -0400] "GET /new.rar HTTP/1.1" 500 21 "-" "Mozilla/5.0 (Macintosh; Intel Mac OS X 10_14_1) AppleWebKit/537.36 (KHTML, like Gecko) Chrome/74.0.3729 Safari/537.36 OPR/57.0.3098.106"
60.15.65.67 - - [09/May/2025:15:04:32 -0400] "GET /mysql.tgz HTTP/1.1" 500 276 "-" "Mozilla/5.0 (Windows NT 6.1) AppleWebKit/537.36 (KHTML, like Gecko) Chrome/63.0.3239.111 Safari/537.36"
221.210.252.132 - - [09/May/2025:15:04:32 -0400] "GET /members.7z HTTP/1.1" 500 276 "-" "Mozilla/5.0 (Macintosh; Intel Mac OS X 10_12_3; rv:61.0.1) Gecko/20100101 Firefox/61.0.1"
60.15.65.54 - - [09/May/2025:15:04:32 -0400] "GET /mysql.tar HTTP/1.1" 500 21 "-" "Mozilla/5.0 (X11; Linux i686) AppleWebKit/537.36 (KHTML, like Gecko) Chrome/67.0.3396.87 Safari/537.36"
60.15.65.64 - - [09/May/2025:15:04:32 -0400] "GET /mysql.tar.gz HTTP/1.1" 500 276 "-" "Mozilla/5.0 (Windows NT 10.0; Win64; x64) AppleWebKit/537.36 (KHTML, like Gecko) Chrome/68.0.3440.106 Safari/537.36 OPR/55.0.2994.61"
60.15.65.84 - - [09/May/2025:15:04:32 -0400] "GET /mysql.sql HTTP/1.1" 500 276 "-" "Mozilla/5.0 (X11; Linux i686) AppleWebKit/537.36 (KHTML, like Gecko) Chrome/65.0.3325.109 Safari/537.36"
60.15.65.66 - - [09/May/2025:15:04:32 -0400] "GET /my.tar.bz2 HTTP/1.1" 500 276 "-" "Mozilla/5.0 (Macintosh; Intel Mac OS X 10_11_6; rv:60.5.2) Gecko/20100101 Firefox/60.5.2"
60.15.65.64 - - [09/May/2025:15:04:32 -0400] "GET /mysql.tar.bz2 HTTP/1.1" 500 21 "-" "Mozilla/5.0 (Windows NT 10.0; Win64; x64; rv:55.0.2) Gecko/20100101 Firefox/55.0.2"
60.15.65.70 - - [09/May/2025:15:04:32 -0400] "GET /html.tar.gz HTTP/1.1" 500 276 "-" "Mozilla/5.0 (Macintosh; Intel Mac OS X 10_14_2; rv:52.1.0) Gecko/20100101 Firefox/52.1.0"
60.15.65.95 - - [09/May/2025:15:04:32 -0400] "GET /home.rar HTTP/1.1" 500 276 "-" "Mozilla/5.0 (Windows NT 10.0; Win64; x64) AppleWebKit/537.36 (KHTML, like Gecko) Chrome/67.0.3396.99 Safari/537.36"
60.15.65.66 - - [09/May/2025:15:04:32 -0400] "GET /master.jar HTTP/1.1" 500 276 "-" "Mozilla/5.0 (Macintosh; Intel Mac OS X 10_10_6) AppleWebKit/537.36 (KHTML, like Gecko) Chrome/69.0.3497.100 Safari/537.36 OPR/55.0.2994.37"
60.15.65.58 - - [09/May/2025:15:04:32 -0400] "GET /mysql.sql.gz HTTP/1.1" 500 276 "-" "Mozilla/5.0 (X11; Linux x86_64) AppleWebKit/537.36 (KHTML, like Gecko) Chrome/69.0.3497.81 Safari/537.36 OPR/55.0.2994.47"
60.15.65.81 - - [09/May/2025:15:04:32 -0400] "GET /my.rar HTTP/1.1" 500 276 "-" "Mozilla/5.0 (X11; Linux i686) AppleWebKit/537.36 (KHTML, like Gecko) Chrome/62.0.3202.94 Safari/537.36"
60.15.65.70 - - [09/May/2025:15:04:32 -0400] "GET /joomla.tar HTTP/1.1" 500 276 "-" "Mozilla/5.0 (Macintosh; Intel Mac OS X 10_11_6; rv:52.0) Gecko/20100101 Firefox/52.0"
60.15.65.56 - - [09/May/2025:15:04:32 -0400] "GET /my.tar.gz HTTP/1.1" 500 276 "-" "Mozilla/5.0 (Windows NT 6.0) AppleWebKit/537.36 (KHTML, like Gecko) Chrome/72.0.3626 Safari/537.36 OPR/56.0.3051.36"
60.15.65.84 - - [09/May/2025:15:04:32 -0400] "GET /mysql.jar HTTP/1.1" 500 276 "-" "Mozilla/5.0 (X11; Linux i686) AppleWebKit/537.36 (KHTML, like Gecko) Chrome/71.0.3578.80 Safari/537.36 OPR/56.0.3051.104"
60.15.65.63 - - [09/May/2025:15:04:32 -0400] "GET /my.sql HTTP/1.1" 500 276 "-" "Mozilla/5.0 (Windows NT 10.0; Win64; x64) AppleWebKit/537.36 (KHTML, like Gecko) Chrome/61.0.3163.79 Safari/537.36"
60.15.65.62 - - [09/May/2025:15:04:32 -0400] "GET /new.tar.bz2 HTTP/1.1" 500 276 "-" "Mozilla/5.0 (Windows NT 10.0; Win64; x64) AppleWebKit/537.36 (KHTML, like Gecko) Chrome/75.0.3770 Safari/537.36"
60.15.65.58 - - [09/May/2025:15:04:32 -0400] "GET /my.tar HTTP/1.1" 500 276 "-" "Mozilla/5.0 (Macintosh; Intel Mac OS X 10_10_4; rv:57.0) Gecko/20100101 Firefox/57.0"
60.15.65.95 - - [09/May/2025:15:04:32 -0400] "GET /members.tar.tgz HTTP/1.1" 500 276 "-" "Mozilla/5.0 (Windows NT 6.2; WOW64) AppleWebKit/537.36 (KHTML, like Gecko) Chrome/71.0.3578.98 Safari/537.36 OPR/56.0.3051.52"
60.15.65.52 - - [09/May/2025:15:04:32 -0400] "GET /my.bak HTTP/1.1" 500 276 "-" "Mozilla/5.0 (Macintosh; Intel Mac OS X 10_12_3) AppleWebKit/537.36 (KHTML, like Gecko) Chrome/68.0.3440.1805 Safari/537.36"
60.15.65.55 - - [09/May/2025:15:04:32 -0400] "GET /new.jar HTTP/1.1" 500 276 "-" "Mozilla/5.0 (X11; Linux x86_64) AppleWebKit/537.36 (KHTML, like Gecko) Chrome/65.0.3325.162 Safari/537.36"
60.15.65.95 - - [09/May/2025:15:04:32 -0400] "GET /mysql.gz HTTP/1.1" 500 276 "-" "Mozilla/5.0 (Windows NT 10.0; Win64; x64; rv:65.0.1) Gecko/20100101 Firefox/65.0.1"
60.15.65.81 - - [09/May/2025:15:04:32 -0400] "GET /new.zip HTTP/1.1" 500 276 "-" "Mozilla/5.0 (X11; Linux i686) AppleWebKit/537.36 (KHTML, like Gecko) Chrome/73.0.3683 Safari/537.36"
60.15.65.56 - - [09/May/2025:15:04:32 -0400] "GET /my.7z HTTP/1.1" 500 21 "-" "Mozilla/5.0 (Macintosh; Intel Mac OS X 10_13_3; rv:60.2.1) Gecko/20100101 Firefox/60.2.1"
60.15.65.76 - - [09/May/2025:15:04:32 -0400] "GET /mysql.war HTTP/1.1" 500 21 "-" "Mozilla/5.0 (X11; Linux x86_64; rv:52.1.1) Gecko/20100101 Firefox/52.1.1"
60.15.65.76 - - [09/May/2025:15:04:32 -0400] "GET /mysql.bak HTTP/1.1" 500 21 "-" "Mozilla/5.0 (Windows NT 6.1; Win64; x64) AppleWebKit/537.36 (KHTML, like Gecko) Chrome/66.0.3359.170 Safari/537.36"
60.15.65.53 - - [09/May/2025:15:04:32 -0400] "GET /my.tar.tgz HTTP/1.1" 500 21 "-" "Mozilla/5.0 (X11; Linux i686 on x86_64; rv:66.0.2) Gecko/20100101 Firefox/66.0.2"
60.15.65.70 - - [09/May/2025:15:04:32 -0400] "GET /my.gz HTTP/1.1" 500 276 "-" "Mozilla/5.0 (Macintosh; Intel Mac OS X 10_10_2; rv:60.1.0) Gecko/20100101 Firefox/60.1.0"
60.15.65.66 - - [09/May/2025:15:04:32 -0400] "GET /mysql.tar.tgz HTTP/1.1" 500 276 "-" "Mozilla/5.0 (Windows NT 6.0) AppleWebKit/537.36 (KHTML, like Gecko) Chrome/66.0.3359.139 Safari/537.36 OPR/53.0.2907.106"
60.15.65.53 - - [09/May/2025:15:04:32 -0400] "GET /my.sql.gz HTTP/1.1" 500 276 "-" "Mozilla/5.0 (X11; Linux x86_64) AppleWebKit/537.36 (KHTML, like Gecko) Chrome/66.0.3359.181 Safari/537.36"
60.15.65.67 - - [09/May/2025:15:04:32 -0400] "GET /mysql.zip HTTP/1.1" 500 276 "-" "Mozilla/5.0 (Macintosh; Intel Mac OS X 10_14_1) AppleWebKit/537.36 (KHTML, like Gecko) Chrome/66.0.3359.181 Safari/537.36"
60.15.65.56 - - [09/May/2025:15:04:32 -0400] "GET /mysql.rar HTTP/1.1" 500 276 "-" "Mozilla/5.0 (Windows NT 6.0) AppleWebKit/537.36 (KHTML, like Gecko) Chrome/65.0.3325.181 Safari/537.36"
60.15.65.58 - - [09/May/2025:15:04:32 -0400] "GET /new.7z HTTP/1.1" 500 276 "-" "Mozilla/5.0 (Windows NT 6.2; Win64; x64) AppleWebKit/537.36 (KHTML, like Gecko) Chrome/65.0.3325.181 Safari/537.36 OPR/52.0.2871.40"
221.210.252.132 - - [09/May/2025:15:04:32 -0400] "GET /mysql.7z HTTP/1.1" 500 276 "-" "Mozilla/5.0 (X11; Linux i686 on x86_64) AppleWebKit/537.36 (KHTML, like Gecko) Chrome/64.0.3282.137 Safari/537.36 OPR/50.0.2762.67"
60.15.65.54 - - [09/May/2025:15:04:32 -0400] "GET /new.war HTTP/1.1" 500 21 "-" "Mozilla/5.0 (Windows NT 10.0; Win64; x64; rv:59.0.2) Gecko/20100101 Firefox/59.0.2"
60.15.65.56 - - [09/May/2025:15:04:32 -0400] "GET /new.tar HTTP/1.1" 500 276 "-" "Mozilla/5.0 (Macintosh; Intel Mac OS X 10_14_1) AppleWebKit/537.36 (KHTML, like Gecko) Chrome/69.0.3497.100 Safari/537.36 OPR/55.0.2994.37"
60.15.65.62 - - [09/May/2025:15:04:32 -0400] "GET /new.sql.gz HTTP/1.1" 500 21 "-" "Mozilla/5.0 (Macintosh; Intel Mac OS X 10_12_3; rv:51.0.1) Gecko/20100101 Firefox/51.0.1"
60.15.65.53 - - [09/May/2025:15:04:32 -0400] "GET /new.sql HTTP/1.1" 500 21 "-" "Mozilla/5.0 (Macintosh; Intel Mac OS X 10_11_3) AppleWebKit/537.36 (KHTML, like Gecko) Chrome/70.0.3538.80 Safari/537.36 OPR/56.0.3051.116"
60.15.65.63 - - [09/May/2025:15:04:32 -0400] "GET /new.tar.tgz HTTP/1.1" 500 276 "-" "Mozilla/5.0 (Windows NT 10.0; WOW64) AppleWebKit/537.36 (KHTML, like Gecko) Chrome/62.0.3202.84 Safari/537.36"
60.15.65.58 - - [09/May/2025:15:04:32 -0400] "GET /my.war HTTP/1.1" 500 276 "-" "Mozilla/5.0 (Macintosh; Intel Mac OS X 10_14_2) AppleWebKit/537.36 (KHTML, like Gecko) Chrome/70.0.3538.67 Safari/537.36"
60.15.65.58 - - [09/May/2025:15:04:32 -0400] "GET /new.gz HTTP/1.1" 500 276 "-" "Mozilla/5.0 (X11; Linux x86_64; rv:60.0) Gecko/20100101 Firefox/60.0"
60.15.65.53 - - [09/May/2025:15:04:32 -0400] "GET /old.zip HTTP/1.1" 500 21 "-" "Mozilla/5.0 (Windows NT 10.0; Win64; x64; rv:64.0) Gecko/20100101 Firefox/64.0"
60.15.65.81 - - [09/May/2025:15:04:32 -0400] "GET /old.rar HTTP/1.1" 500 21 "-" "Mozilla/5.0 (Macintosh; Intel Mac OS X 10_11_5; rv:57.0) Gecko/20100101 Firefox/57.0"
60.15.65.76 - - [09/May/2025:15:04:32 -0400] "GET /new.bak HTTP/1.1" 500 276 "-" "Mozilla/5.0 (Windows NT 6.1; Win64; x64; rv:62.0) Gecko/20100101 Firefox/62.0"
60.15.65.63 - - [09/May/2025:15:04:33 -0400] "GET /old.tar.gz HTTP/1.1" 500 276 "-" "Mozilla/5.0 (Windows NT 6.2; rv:55.0) Gecko/20100101 Firefox/55.0"
60.15.65.63 - - [09/May/2025:15:04:32 -0400] "GET /new.tgz HTTP/1.1" 500 21 "-" "Mozilla/5.0 (Windows NT 6.2; WOW64) AppleWebKit/537.36 (KHTML, like Gecko) Chrome/71.0.3578.80 Safari/537.36 OPR/56.0.3051.104"
60.15.65.77 - - [09/May/2025:15:04:33 -0400] "GET /orders.tgz HTTP/1.1" 500 21 "-" "Mozilla/5.0 (Macintosh; Intel Mac OS X 10_14_1; rv:50.0.2) Gecko/20100101 Firefox/50.0.2"
60.15.65.62 - - [09/May/2025:15:04:32 -0400] "GET /new.tar.gz HTTP/1.1" 500 276 "-" "Mozilla/5.0 (X11; Linux x86_64; rv:61.0.2) Gecko/20100101 Firefox/61.0.2"
221.210.252.132 - - [09/May/2025:15:04:33 -0400] "GET /old.tar HTTP/1.1" 500 276 "-" "Mozilla/5.0 (Macintosh; Intel Mac OS X 10_14_1; rv:56.0.2) Gecko/20100101 Firefox/56.0.2"
60.15.65.62 - - [09/May/2025:15:04:33 -0400] "GET /old.jar HTTP/1.1" 500 276 "-" "Mozilla/5.0 (Windows NT 6.3; Win64; x64) AppleWebKit/537.36 (KHTML, like Gecko) Chrome/64.0.3282.137 Safari/537.36"
60.15.65.76 - - [09/May/2025:15:04:33 -0400] "GET /old.tar.bz2 HTTP/1.1" 500 276 "-" "Mozilla/5.0 (Macintosh; Intel Mac OS X 10_13_2; rv:52.0) Gecko/20100101 Firefox/52.0"
60.15.65.95 - - [09/May/2025:15:04:33 -0400] "GET /old.sql.gz HTTP/1.1" 500 276 "-" "Mozilla/5.0 (Windows NT 10.0; Win64; x64; rv:52.0.1) Gecko/20100101 Firefox/52.0.1"
60.15.65.62 - - [09/May/2025:15:04:33 -0400] "GET /orders.tar.bz2 HTTP/1.1" 500 21 "-" "Mozilla/5.0 (Windows NT 10.0; Win64; x64; rv:58.0) Gecko/20100101 Firefox/58.0"
60.15.65.63 - - [09/May/2025:15:04:33 -0400] "GET /orders.zip HTTP/1.1" 500 276 "-" "Mozilla/5.0 (X11; Linux x86_64) AppleWebKit/537.36 (KHTML, like Gecko) Chrome/66.0.3359.117 Safari/537.36"
60.15.65.52 - - [09/May/2025:15:04:33 -0400] "GET /orders.tar.gz HTTP/1.1" 500 276 "-" "Mozilla/5.0 (X11; Linux x86_64) AppleWebKit/537.36 (KHTML, like Gecko) Chrome/76.0.3809 Safari/537.36"
60.15.65.54 - - [09/May/2025:15:04:33 -0400] "GET /old.tar.tgz HTTP/1.1" 500 276 "-" "Mozilla/5.0 (Macintosh; Intel Mac OS X 10_14_2) AppleWebKit/537.36 (KHTML, like Gecko) Chrome/73.0.3683 Safari/537.36 OPR/57.0.3098.91"
60.15.65.56 - - [09/May/2025:15:04:33 -0400] "GET /old.sql HTTP/1.1" 500 276 "-" "Mozilla/5.0 (Windows NT 10.0; Win64; x64) AppleWebKit/537.36 (KHTML, like Gecko) Chrome/67.0.3396.79 Safari/537.36 OPR/54.0.2952.60"
60.15.65.70 - - [09/May/2025:15:04:33 -0400] "GET /orders.7z HTTP/1.1" 500 276 "-" "Mozilla/5.0 (Macintosh; Intel Mac OS X 10_13_1) AppleWebKit/537.36 (KHTML, like Gecko) Chrome/77.0 Safari/537.36"
60.15.65.63 - - [09/May/2025:15:04:33 -0400] "GET /orders.rar HTTP/1.1" 500 276 "-" "Mozilla/5.0 (X11; Linux i686 on x86_64) AppleWebKit/537.36 (KHTML, like Gecko) Chrome/75.0.3770 Safari/537.36"
60.15.65.66 - - [09/May/2025:15:04:33 -0400] "GET /orders.bak HTTP/1.1" 500 276 "-" "Mozilla/5.0 (Macintosh; Intel Mac OS X 10_12_6) AppleWebKit/537.36 (KHTML, like Gecko) Chrome/65.0.3325.109 Safari/537.36"
60.15.65.63 - - [09/May/2025:15:04:33 -0400] "GET /orders.jar HTTP/1.1" 500 276 "-" "Mozilla/5.0 (Windows NT 6.2; Win64; x64) AppleWebKit/537.36 (KHTML, like Gecko) Chrome/70.0.3538.102 Safari/537.36 OPR/56.0.3051.116"
60.15.65.53 - - [09/May/2025:15:04:33 -0400] "GET /orders.tar HTTP/1.1" 500 276 "-" "Mozilla/5.0 (X11; Linux i686 on x86_64; rv:52.9.0) Gecko/20100101 Firefox/52.9.0"
60.15.65.81 - - [09/May/2025:15:04:33 -0400] "GET /php.7z HTTP/1.1" 500 276 "-" "Mozilla/5.0 (Windows NT 6.3; WOW64) AppleWebKit/537.36 (KHTML, like Gecko) Chrome/71.0.3578.98 Safari/537.36 OPR/56.0.3051.52"
60.15.65.55 - - [09/May/2025:15:04:33 -0400] "GET /php.sql.gz HTTP/1.1" 500 276 "-" "Mozilla/5.0 (X11; Linux i686) AppleWebKit/537.36 (KHTML, like Gecko) Chrome/67.0.3396.87 Safari/537.36"
60.15.65.76 - - [09/May/2025:15:04:33 -0400] "GET /orders.gz HTTP/1.1" 500 276 "-" "Mozilla/5.0 (Macintosh; Intel Mac OS X 10_12_6) AppleWebKit/537.36 (KHTML, like Gecko) Chrome/65.0.3325.162 Safari/537.36 OPR/51.0.2830.55"
60.15.65.65 - - [09/May/2025:15:04:33 -0400] "GET /php.zip HTTP/1.1" 500 276 "-" "Mozilla/5.0 (Windows NT 10.0; WOW64; rv:60.0.1) Gecko/20100101 Firefox/60.0.1"
60.15.65.54 - - [09/May/2025:15:04:33 -0400] "GET /php.bak HTTP/1.1" 500 276 "-" "Mozilla/5.0 (Windows NT 6.1; Win64; x64; rv:59.0.3) Gecko/20100101 Firefox/59.0.3"
60.15.65.64 - - [09/May/2025:15:04:33 -0400] "GET /orders.sql HTTP/1.1" 500 276 "-" "Mozilla/5.0 (Macintosh; Intel Mac OS X 10_10_3) AppleWebKit/537.36 (KHTML, like Gecko) Chrome/60.0.3112.116 Safari/537.36"
60.15.65.54 - - [09/May/2025:15:04:33 -0400] "GET /site.tar.tgz HTTP/1.1" 500 276 "-" "Mozilla/5.0 (X11; Linux x86_64) AppleWebKit/537.36 (KHTML, like Gecko) Chrome/70.0.3538.102 Safari/537.36"
60.15.65.84 - - [09/May/2025:15:04:33 -0400] "GET /old.tgz HTTP/1.1" 500 21 "-" "Mozilla/5.0 (Windows NT 6.2; rv:51.0) Gecko/20100101 Firefox/51.0"
60.15.65.76 - - [09/May/2025:15:04:33 -0400] "GET /orders.sql.gz HTTP/1.1" 500 276 "-" "Mozilla/5.0 (Macintosh; Intel Mac OS X 10_12_3) AppleWebKit/537.36 (KHTML, like Gecko) Chrome/77.0 Safari/537.36 OPR/60.0.3255.170"
60.15.65.77 - - [09/May/2025:15:04:33 -0400] "GET /orders.war HTTP/1.1" 500 21 "-" "Mozilla/5.0 (X11; Linux i686) AppleWebKit/537.36 (KHTML, like Gecko) Chrome/71.0.3578.98 Safari/537.36 OPR/56.0.3051.52"
221.210.252.132 - - [09/May/2025:15:04:33 -0400] "GET /old.bak HTTP/1.1" 500 276 "-" "Mozilla/5.0 (Windows NT 6.0; rv:60.4.0) Gecko/20100101 Firefox/60.4.0"
60.15.65.66 - - [09/May/2025:15:04:33 -0400] "GET /old.war HTTP/1.1" 500 276 "-" "Mozilla/5.0 (Macintosh; Intel Mac OS X 10_13_5) AppleWebKit/537.36 (KHTML, like Gecko) Chrome/71.0.3578.80 Safari/537.36"
60.15.65.58 - - [09/May/2025:15:04:33 -0400] "GET /old.gz HTTP/1.1" 500 276 "-" "Mozilla/5.0 (Macintosh; Intel Mac OS X 10_12_6; rv:61.0.2) Gecko/20100101 Firefox/61.0.2"
60.15.65.52 - - [09/May/2025:15:04:33 -0400] "GET /orders.tar.tgz HTTP/1.1" 500 276 "-" "Mozilla/5.0 (Windows NT 6.1) AppleWebKit/537.36 (KHTML, like Gecko) Chrome/67.0.3396.99 Safari/537.36"
60.15.65.54 - - [09/May/2025:15:04:33 -0400] "GET /sales.sql HTTP/1.1" 500 21 "-" "Mozilla/5.0 (Windows NT 6.0) AppleWebKit/537.36 (KHTML, like Gecko) Chrome/66.0.3359.139 Safari/537.36 OPR/53.0.2907.106"
60.15.65.63 - - [09/May/2025:15:04:33 -0400] "GET /site.tar.bz2 HTTP/1.1" 500 276 "-" "Mozilla/5.0 (Windows NT 10.0; WOW64; rv:65.0.1) Gecko/20100101 Firefox/65.0.1"
60.15.65.70 - - [09/May/2025:15:04:33 -0400] "GET /php.tgz HTTP/1.1" 500 276 "-" "Mozilla/5.0 (X11; Linux x86_64) AppleWebKit/537.36 (KHTML, like Gecko) Chrome/66.0.3359.170 Safari/537.36 OPR/52.0.2871.64"
60.15.65.54 - - [09/May/2025:15:04:33 -0400] "GET /php.sql HTTP/1.1" 500 21 "-" "Mozilla/5.0 (Macintosh; Intel Mac OS X 10_13_4) AppleWebKit/537.36 (KHTML, like Gecko) Chrome/67.0.3396.62 Safari/537.36 OPR/53.0.2907.68"
60.15.65.67 - - [09/May/2025:15:04:33 -0400] "GET /old.7z HTTP/1.1" 500 21 "-" "Mozilla/5.0 (Macintosh; Intel Mac OS X 10_11_1) AppleWebKit/537.36 (KHTML, like Gecko) Chrome/67.0.3396.87 Safari/537.36"
60.15.65.56 - - [09/May/2025:15:04:33 -0400] "GET /sales.rar HTTP/1.1" 500 276 "-" "Mozilla/5.0 (X11; Linux i686 on x86_64) AppleWebKit/537.36 (KHTML, like Gecko) Chrome/67.0.3396.79 Safari/537.36 OPR/54.0.2952.60"
60.15.65.58 - - [09/May/2025:15:04:33 -0400] "GET /sales.tar.tgz HTTP/1.1" 500 276 "-" "Mozilla/5.0 (X11; Linux i686; rv:52.7.0) Gecko/20100101 Firefox/52.7.0"
60.15.65.55 - - [09/May/2025:15:04:33 -0400] "GET /sales.7z HTTP/1.1" 500 276 "-" "Mozilla/5.0 (Macintosh; Intel Mac OS X 10_10_1; rv:52.7.3) Gecko/20100101 Firefox/52.7.3"
