60.15.65.84 - - [09/May/2025:15:04:32 -0400] "GET /2011.gz HTTP/1.1" 500 276 "-" "Mozilla/5.0 (Windows NT 10.0; Win64; x64) AppleWebKit/537.36 (KHTML, like Gecko) Chrome/68.0.3440.75 Safari/537.36 OPR/54.0.2952.64"
60.15.65.52 - - [09/May/2025:15:04:32 -0400] "GET /127.0.0.1.7z HTTP/1.1" 500 276 "-" "Mozilla/5.0 (Windows NT 10.0; Win64; x64) AppleWebKit/537.36 (KHTML, like Gecko) Chrome/66.0.3359.181 Safari/537.36 OPR/53.0.2907.110"
60.15.65.95 - - [09/May/2025:15:04:32 -0400] "GET /2013.war HTTP/1.1" 500 21 "-" "Mozilla/5.0 (X11; Linux i686) AppleWebKit/537.36 (KHTML, like Gecko) Chrome/77.0 Safari/537.36 OPR/58.0.3135.127"
60.15.65.55 - - [09/May/2025:15:04:32 -0400] "GET /2012.tar.tgz HTTP/1.1" 500 21 "-" "Mozilla/5.0 (X11; Linux i686 on x86_64) AppleWebKit/537.36 (KHTML, like Gecko) Chrome/71.0.3578.80 Safari/537.36 OPR/56.0.3051.104"
60.15.65.77 - - [09/May/2025:15:04:32 -0400] "GET /admin.jar HTTP/1.1" 500 21 "-" "Mozilla/5.0 (Windows NT 6.2) AppleWebKit/537.36 (KHTML, like Gecko) Chrome/66.0.3359.117 Safari/537.36 OPR/53.0.2907.99"
60.15.65.95 - - [09/May/2025:15:04:32 -0400] "GET /2016.gz HTTP/1.1" 500 276 "-" "Mozilla/5.0 (Macintosh; Intel Mac OS X 10_13_5) AppleWebKit/537.36 (KHTML, like Gecko) Chrome/65.0.3325.181 Safari/537.36 OPR/52.0.2871.40"
60.15.65.77 - - [09/May/2025:15:04:32 -0400] "GET /2022.tar.tgz HTTP/1.1" 500 276 "-" "Mozilla/5.0 (Windows NT 6.0; Win64; x64) AppleWebKit/537.36 (KHTML, like Gecko) Chrome/64.0.3282.137 Safari/537.36 OPR/50.0.2762.67"
60.15.65.95 - - [09/May/2025:15:04:32 -0400] "GET /2014.tar.tgz HTTP/1.1" 500 276 "-" "Mozilla/5.0 (Windows NT 10.0; Win64; x64; rv:53.0.2) Gecko/20100101 Firefox/53.0.2"
60.15.65.77 - - [09/May/2025:15:04:32 -0400] "GET /2020.tar HTTP/1.1" 500 276 "-" "Mozilla/5.0 (X11; Linux i686) AppleWebKit/537.36 (KHTML, like Gecko) Chrome/64.0.3282.140 Safari/537.36"
60.15.65.77 - - [09/May/2025:15:04:32 -0400] "GET /2017.sql.gz HTTP/1.1" 500 21 "-" "Mozilla/5.0 (X11; Linux x86_64) AppleWebKit/537.36 (KHTML, like Gecko) Chrome/69.0.3497.92 Safari/537.36 OPR/55.0.2994.44"
60.15.65.77 - - [09/May/2025:15:04:32 -0400] "GET /2024.zip HTTP/1.1" 500 21 "-" "Mozilla/5.0 (Macintosh; Intel Mac OS X 10_13_4; rv:60.5.1) Gecko/20100101 Firefox/60.5.1"
60.15.65.95 - - [09/May/2025:15:04:32 -0400] "GET /2017.gz HTTP/1.1" 500 276 "-" "Mozilla/5.0 (X11; Linux i686) AppleWebKit/537.36 (KHTML, like Gecko) Chrome/67.0.3396.87 Safari/537.36 OPR/54.0.2952.54"
60.15.65.54 - - [09/May/2025:15:04:32 -0400] "GET /2015.7z HTTP/1.1" 500 21 "-" "Mozilla/5.0 (Windows NT 10.0; WOW64) AppleWebKit/537.36 (KHTML, like Gecko) Chrome/74.0.3729 Safari/537.36 OPR/57.0.3098.106"
60.15.65.77 - - [09/May/2025:15:04:32 -0400] "GET /2018.rar HTTP/1.1" 500 21 "-" "Mozilla/5.0 (Macintosh; Intel Mac OS X 10_14_1) AppleWebKit/537.36 (KHTML, like Gecko) Chrome/67.0.3396.87 Safari/537.36 OPR/54.0.2952.54"
60.15.65.52 - - [09/May/2025:15:04:32 -0400] "GET /2016.sql HTTP/1.1" 500 276 "-" "Mozilla/5.0 (Macintosh; Intel Mac OS X 10_12_1) AppleWebKit/537.36 (KHTML, like Gecko) Chrome/71.0.3578.98 Safari/537.36 OPR/56.0.3051.52"
60.15.65.62 - - [09/May/2025:15:04:32 -0400] "GET /2020.war HTTP/1.1" 500 276 "-" "Mozilla/5.0 (X11; Linux i686) AppleWebKit/537.36 (KHTML, like Gecko) Chrome/70.0.3538.80 Safari/537.36 OPR/56.0.3051.116"
60.15.65.84 - - [09/May/2025:15:04:32 -0400] "GET /2017.jar HTTP/1.1" 500 276 "-" "Mozilla/5.0 (Macintosh; Intel Mac OS X 10_13_3; rv:56.0) Gecko/20100101 Firefox/56.0"
60.15.65.62 - - [09/May/2025:15:04:32 -0400] "GET /admin.tar.gz HTTP/1.1" 500 276 "-" "Mozilla/5.0 (X11; Linux x86_64; rv:60.0.1) Gecko/20100101 Firefox/60.0.1"
221.210.252.132 - - [09/May/2025:15:04:32 -0400] "GET /2015.gz HTTP/1.1" 500 276 "-" "Mozilla/5.0 (Macintosh; Intel Mac OS X 10_14_1) AppleWebKit/537.36 (KHTML, like Gecko) Chrome/77.0 Safari/537.36 OPR/60.0.3255.170"
221.210.252.132 - - [09/May/2025:15:04:32 -0400] "GET /2013.jar HTTP/1.1" 500 276 "-" "Mozilla/5.0 (X11; Linux i686) AppleWebKit/537.36 (KHTML, like Gecko) Chrome/66.0.3359.181 Safari/537.36 OPR/53.0.2907.110"
221.210.252.132 - - [09/May/2025:15:04:32 -0400] "GET /1.jar HTTP/1.1" 500 21 "-" "Mozilla/5.0 (Windows NT 10.0; Win64; x64; rv:65.0) Gecko/20100101 Firefox/65.0"
221.210.252.132 - - [09/May/2025:15:04:32 -0400] "GET /2014.tar.bz2 HTTP/1.1" 500 276 "-" "Mozilla/5.0 (X11; Linux i686; rv:60.4.0) Gecko/20100101 Firefox/60.4.0"
60.15.65.84 - - [09/May/2025:15:04:32 -0400] "GET /2020.zip HTTP/1.1" 500 276 "-" "Mozilla/5.0 (X11; Linux i686; rv:65.0) Gecko/20100101 Firefox/65.0"
60.15.65.65 - - [09/May/2025:15:04:32 -0400] "GET /2016.war HTTP/1.1" 500 276 "-" "Mozilla/5.0 (X11; Linux x86_64) AppleWebKit/537.36 (KHTML, like Gecko) Chrome/65.0.3325.162 Safari/537.36 OPR/51.0.2830.55"
60.15.65.63 - - [09/May/2025:15:04:32 -0400] "GET /2019.tar.gz HTTP/1.1" 500 276 "-" "Mozilla/5.0 (Windows NT 6.2) AppleWebKit/537.36 (KHTML, like Gecko) Chrome/67.0.3396.87 Safari/537.36 OPR/54.0.2952.54"
60.15.65.53 - - [09/May/2025:15:04:32 -0400] "GET /2012.zip HTTP/1.1" 500 21 "-" "Mozilla/5.0 (Macintosh; Intel Mac OS X 10_10_6; rv:66.0.1) Gecko/20100101 Firefox/66.0.1"
60.15.65.67 - - [09/May/2025:15:04:32 -0400] "GET /2013.tar.tgz HTTP/1.1" 500 276 "-" "Mozilla/5.0 (X11; Linux i686; rv:60.3.0) Gecko/20100101 Firefox/60.3.0"
60.15.65.55 - - [09/May/2025:15:04:32 -0400] "GET /127.0.0.1.jar HTTP/1.1" 500 276 "-" "Mozilla/5.0 (X11; Linux i686) AppleWebKit/537.36 (KHTML, like Gecko) Chrome/67.0.3396.62 Safari/537.36 OPR/53.0.2907.68"
60.15.65.81 - - [09/May/2025:15:04:32 -0400] "GET /2018.gz HTTP/1.1" 500 276 "-" "Mozilla/5.0 (Macintosh; Intel Mac OS X 10_14_1) AppleWebKit/537.36 (KHTML, like Gecko) Chrome/60.0.3112.78 Safari/537.36"
60.15.65.77 - - [09/May/2025:15:04:32 -0400] "GET /2016.sql.gz HTTP/1.1" 500 21 "-" "Mozilla/5.0 (Macintosh; Intel Mac OS X 10_12_6) AppleWebKit/537.36 (KHTML, like Gecko) Chrome/70.0.3538.110 Safari/537.36 OPR/56.0.3051.52"
60.15.65.70 - - [09/May/2025:15:04:32 -0400] "GET /2018.tar.gz HTTP/1.1" 500 276 "-" "Mozilla/5.0 (Windows NT 10.0; Win64; x64) AppleWebKit/537.36 (KHTML, like Gecko) Chrome/67.0.3396.79 Safari/537.36"
60.15.65.84 - - [09/May/2025:15:04:32 -0400] "GET /2016.bak HTTP/1.1" 500 276 "-" "Mozilla/5.0 (X11; Linux i686; rv:52.5.3) Gecko/20100101 Firefox/52.5.3"
60.15.65.65 - - [09/May/2025:15:04:32 -0400] "GET /2018.war HTTP/1.1" 500 276 "-" "Mozilla/5.0 (Macintosh; Intel Mac OS X 10_10_4) AppleWebKit/537.36 (KHTML, like Gecko) Chrome/61.0.3163.79 Safari/537.36"
60.15.65.52 - - [09/May/2025:15:04:32 -0400] "GET /127.0.0.1.tar.bz2 HTTP/1.1" 500 276 "-" "Mozilla/5.0 (X11; Linux i686 on x86_64) AppleWebKit/537.36 (KHTML, like Gecko) Chrome/69.0.3497.100 Safari/537.36 OPR/55.0.2994.37"
60.15.65.84 - - [09/May/2025:15:04:32 -0400] "GET /2010.tar.bz2 HTTP/1.1" 500 276 "-" "Mozilla/5.0 (Windows NT 6.3; Win64; x64) AppleWebKit/537.36 (KHTML, like Gecko) Chrome/65.0.3325.181 Safari/537.36 OPR/52.0.2871.40"
60.15.65.65 - - [09/May/2025:15:04:32 -0400] "GET /2019.tar.bz2 HTTP/1.1" 500 276 "-" "Mozilla/5.0 (Windows NT 6.1) AppleWebKit/537.36 (KHTML, like Gecko) Chrome/64.0.3282.186 Safari/537.36 OPR/51.0.2830.40"
60.15.65.63 - - [09/May/2025:15:04:32 -0400] "GET /2022.jar HTTP/1.1" 500 276 "-" "Mozilla/5.0 (X11; Linux i686 on x86_64; rv:52.4.0) Gecko/20100101 Firefox/52.4.0"
60.15.65.65 - - [09/May/2025:15:04:32 -0400] "GET /2014.gz HTTP/1.1" 500 21 "-" "Mozilla/5.0 (Windows NT 6.2) AppleWebKit/537.36 (KHTML, like Gecko) Chrome/69.0.3497.92 Safari/537.36 OPR/55.0.2994.44"
60.15.65.63 - - [09/May/2025:15:04:32 -0400] "GET /2011.war HTTP/1.1" 500 276 "-" "Mozilla/5.0 (Macintosh; Intel Mac OS X 10_12_6) AppleWebKit/537.36 (KHTML, like Gecko) Chrome/63.0.3239.111 Safari/537.36"
60.15.65.52 - - [09/May/2025:15:04:32 -0400] "GET /admin.tgz HTTP/1.1" 500 21 "-" "Mozilla/5.0 (X11; Linux x86_64) AppleWebKit/537.36 (KHTML, like Gecko) Chrome/73.0.3683 Safari/537.36"
60.15.65.66 - - [09/May/2025:15:04:32 -0400] "GET /127.0.0.1.tar.tgz HTTP/1.1" 500 276 "-" "Mozilla/5.0 (Windows NT 6.0) AppleWebKit/537.36 (KHTML, like Gecko) Chrome/68.0.3440.1805 Safari/537.36"
60.15.65.76 - - [09/May/2025:15:04:32 -0400] "GET /2016.tar.gz HTTP/1.1" 500 276 "-" "Mozilla/5.0 (Windows NT 6.2; rv:57.0.2) Gecko/20100101 Firefox/57.0.2"
60.15.65.77 - - [09/May/2025:15:04:32 -0400] "GET /2018.tar.bz2 HTTP/1.1" 500 276 "-" "Mozilla/5.0 (X11; Linux i686; rv:65.0.1) Gecko/20100101 Firefox/65.0.1"
60.15.65.64 - - [09/May/2025:15:04:32 -0400] "GET /2011.tar.bz2 HTTP/1.1" 500 276 "-" "Mozilla/5.0 (Macintosh; Intel Mac OS X 10_12_2) AppleWebKit/537.36 (KHTML, like Gecko) Chrome/68.0.3440.1805 Safari/537.36 OPR/54.0.2952.51"
60.15.65.66 - - [09/May/2025:15:04:32 -0400] "GET /127.0.0.1.rar HTTP/1.1" 500 276 "-" "Mozilla/5.0 (Macintosh; Intel Mac OS X 10_11_1) AppleWebKit/537.36 (KHTML, like Gecko) Chrome/70.0.3538.77 Safari/537.36 OPR/56.0.3051.43"
60.15.65.62 - - [09/May/2025:15:04:32 -0400] "GET /2012.bak HTTP/1.1" 500 276 "-" "Mozilla/5.0 (Windows NT 6.3) AppleWebKit/537.36 (KHTML, like Gecko) Chrome/67.0.3396.62 Safari/537.36 OPR/53.0.2907.68"
60.15.65.63 - - [09/May/2025:15:04:32 -0400] "GET /2011.tar.gz HTTP/1.1" 500 276 "-" "Mozilla/5.0 (X11; Linux i686; rv:52.2.0) Gecko/20100101 Firefox/52.2.0"
60.15.65.67 - - [09/May/2025:15:04:32 -0400] "GET /2012.sql HTTP/1.1" 500 276 "-" "Mozilla/5.0 (Macintosh; Intel Mac OS X 10_11_2) AppleWebKit/537.36 (KHTML, like Gecko) Chrome/64.0.3282.167 Safari/537.36"
60.15.65.77 - - [09/May/2025:15:04:32 -0400] "GET /2018.7z HTTP/1.1" 500 276 "-" "Mozilla/5.0 (X11; Linux i686; rv:52.4.1) Gecko/20100101 Firefox/52.4.1"
60.15.65.77 - - [09/May/2025:15:04:32 -0400] "GET /2015.tar HTTP/1.1" 500 276 "-" "Mozilla/5.0 (X11; Linux i686 on x86_64) AppleWebKit/537.36 (KHTML, like Gecko) Chrome/72.0.3626 Safari/537.36"
60.15.65.52 - - [09/May/2025:15:04:32 -0400] "GET /2012.jar HTTP/1.1" 500 276 "-" "Mozilla/5.0 (X11; Linux i686) AppleWebKit/537.36 (KHTML, like Gecko) Chrome/66.0.3359.117 Safari/537.36 OPR/53.0.2907.99"
60.15.65.66 - - [09/May/2025:15:04:32 -0400] "GET /1.7z HTTP/1.1" 500 276 "-" "Mozilla/5.0 (X11; Linux x86_64) AppleWebKit/537.36 (KHTML, like Gecko) Chrome/70.0.3538.77 Safari/537.36 OPR/56.0.3051.43"
60.15.65.53 - - [09/May/2025:15:04:32 -0400] "GET /127.0.0.1.gz HTTP/1.1" 500 276 "-" "Mozilla/5.0 (Windows NT 10.0; Win64; x64) AppleWebKit/537.36 (KHTML, like Gecko) Chrome/68.0.3440.91 Safari/537.36"
60.15.65.55 - - [09/May/2025:15:04:32 -0400] "GET /2016.tar.bz2 HTTP/1.1" 500 276 "-" "Mozilla/5.0 (Windows NT 10.0; WOW64) AppleWebKit/537.36 (KHTML, like Gecko) Chrome/67.0.3396.87 Safari/537.36 OPR/54.0.2952.54"
60.15.65.62 - - [09/May/2025:15:04:32 -0400] "GET /2024.war HTTP/1.1" 500 276 "-" "Mozilla/5.0 (Windows NT 6.1; Win64; x64) AppleWebKit/537.36 (KHTML, like Gecko) Chrome/68.0.3440.75 Safari/537.36 OPR/54.0.2952.64"
60.15.65.63 - - [09/May/2025:15:04:32 -0400] "GET /2010.zip HTTP/1.1" 500 276 "-" "Mozilla/5.0 (Macintosh; Intel Mac OS X 10_10_5) AppleWebKit/537.36 (KHTML, like Gecko) Chrome/77.0 Safari/537.36"
60.15.65.70 - - [09/May/2025:15:04:32 -0400] "GET /2011.jar HTTP/1.1" 500 276 "-" "Mozilla/5.0 (X11; Linux i686 on x86_64; rv:60.0.2) Gecko/20100101 Firefox/60.0.2"
60.15.65.67 - - [09/May/2025:15:04:32 -0400] "GET /2010.sql.gz HTTP/1.1" 500 276 "-" "Mozilla/5.0 (Macintosh; Intel Mac OS X 10_10_4) AppleWebKit/537.36 (KHTML, like Gecko) Chrome/62.0.3202.94 Safari/537.36"
221.210.252.132 - - [09/May/2025:15:04:32 -0400] "GET /2011.bak HTTP/1.1" 500 276 "-" "Mozilla/5.0 (Windows NT 6.2; Win64; x64) AppleWebKit/537.36 (KHTML, like Gecko) Chrome/66.0.3359.139 Safari/537.36"
60.15.65.55 - - [09/May/2025:15:04:32 -0400] "GET /127.0.0.1.tgz HTTP/1.1" 500 276 "-" "Mozilla/5.0 (Windows NT 6.1; rv:57.0) Gecko/20100101 Firefox/57.0"
60.15.65.55 - - [09/May/2025:15:04:32 -0400] "GET /2015.tgz HTTP/1.1" 500 276 "-" "Mozilla/5.0 (Windows NT 10.0; WOW64) AppleWebKit/537.36 (KHTML, like Gecko) Chrome/68.0.3440.75 Safari/537.36 OPR/54.0.2952.64"
60.15.65.63 - - [09/May/2025:15:04:32 -0400] "GET /2012.sql.gz HTTP/1.1" 500 276 "-" "Mozilla/5.0 (X11; Linux x86_64; rv:55.0) Gecko/20100101 Firefox/55.0"
60.15.65.52 - - [09/May/2025:15:04:32 -0400] "GET /2023.zip HTTP/1.1" 500 21 "-" "Mozilla/5.0 (X11; Linux x86_64) AppleWebKit/537.36 (KHTML, like Gecko) Chrome/65.0.3325.181 Safari/537.36 OPR/52.0.2871.40"
60.15.65.52 - - [09/May/2025:15:04:32 -0400] "GET /2025.sql.gz HTTP/1.1" 500 21 "-" "Mozilla/5.0 (X11; Linux x86_64) AppleWebKit/537.36 (KHTML, like Gecko) Chrome/69.0.3497.100 Safari/537.36 OPR/55.0.2994.37"
221.210.252.132 - - [09/May/2025:15:04:32 -0400] "GET /media.jar HTTP/1.1" 500 276 "-" "Mozilla/5.0 (X11; Linux i686) AppleWebKit/537.36 (KHTML, like Gecko) Chrome/63.0.3239.132 Safari/537.36"
60.15.65.76 - - [09/May/2025:15:04:32 -0400] "GET /2014.jar HTTP/1.1" 500 276 "-" "Mozilla/5.0 (Windows NT 10.0; WOW64) AppleWebKit/537.36 (KHTML, like Gecko) Chrome/64.0.3282.137 Safari/537.36 OPR/50.0.2762.67"
60.15.65.76 - - [09/May/2025:15:04:32 -0400] "GET /media.bak HTTP/1.1" 500 276 "-" "Mozilla/5.0 (Windows NT 6.1; WOW64; rv:60.2.0) Gecko/20100101 Firefox/60.2.0"
60.15.65.63 - - [09/May/2025:15:04:32 -0400] "GET /2012.tar.gz HTTP/1.1" 500 276 "-" "Mozilla/5.0 (X11; Linux i686 on x86_64) AppleWebKit/537.36 (KHTML, like Gecko) Chrome/67.0.3396.62 Safari/537.36 OPR/53.0.2907.68"
60.15.65.65 - - [09/May/2025:15:04:32 -0400] "GET /2010.bak HTTP/1.1" 500 21 "-" "Mozilla/5.0 (X11; Linux i686) AppleWebKit/537.36 (KHTML, like Gecko) Chrome/69.0.3497.100 Safari/537.36 OPR/55.0.2994.37"
60.15.65.64 - - [09/May/2025:15:04:32 -0400] "GET /media.7z HTTP/1.1" 500 276 "-" "Mozilla/5.0 (X11; Linux x86_64) AppleWebKit/537.36 (KHTML, like Gecko) Chrome/64.0.3282.140 Safari/537.36"
60.15.65.54 - - [09/May/2025:15:04:32 -0400] "GET /2017.sql HTTP/1.1" 500 276 "-" "Mozilla/5.0 (X11; Linux x86_64) AppleWebKit/537.36 (KHTML, like Gecko) Chrome/76.0.3809 Safari/537.36"
60.15.65.77 - - [09/May/2025:15:04:32 -0400] "GET /2024.gz HTTP/1.1" 500 21 "-" "Mozilla/5.0 (Windows NT 6.0) AppleWebKit/537.36 (KHTML, like Gecko) Chrome/67.0.3396.79 Safari/537.36"
221.210.252.132 - - [09/May/2025:15:04:32 -0400] "GET /2015.rar HTTP/1.1" 500 276 "-" "Mozilla/5.0 (Windows NT 6.0) AppleWebKit/537.36 (KHTML, like Gecko) Chrome/61.0.3163.98 Safari/537.36"
60.15.65.77 - - [09/May/2025:15:04:32 -0400] "GET /127.0.0.1.war HTTP/1.1" 500 276 "-" "Mozilla/5.0 (Windows NT 6.2; rv:52.1.1) Gecko/20100101 Firefox/52.1.1"
60.15.65.70 - - [09/May/2025:15:04:32 -0400] "GET /2013.tar.bz2 HTTP/1.1" 500 276 "-" "Mozilla/5.0 (X11; Linux i686 on x86_64) AppleWebKit/537.36 (KHTML, like Gecko) Chrome/70.0.3538.110 Safari/537.36 OPR/56.0.3051.52"
60.15.65.65 - - [09/May/2025:15:04:32 -0400] "GET /archive.tar.gz HTTP/1.1" 500 276 "-" "Mozilla/5.0 (Macintosh; Intel Mac OS X 10_14_2) AppleWebKit/537.36 (KHTML, like Gecko) Chrome/66.0.3359.117 Safari/537.36"
60.15.65.62 - - [09/May/2025:15:04:32 -0400] "GET /1.war HTTP/1.1" 500 276 "-" "Mozilla/5.0 (Windows NT 10.0; WOW64; rv:54.0) Gecko/20100101 Firefox/54.0"
60.15.65.95 - - [09/May/2025:15:04:32 -0400] "GET /127.0.0.1.tar HTTP/1.1" 500 276 "-" "Mozilla/5.0 (Windows NT 10.0; Win64; x64; rv:52.8.1) Gecko/20100101 Firefox/52.8.1"
60.15.65.76 - - [09/May/2025:15:04:32 -0400] "GET /2016.jar HTTP/1.1" 500 276 "-" "Mozilla/5.0 (X11; Linux x86_64; rv:52.1.2) Gecko/20100101 Firefox/52.1.2"
60.15.65.70 - - [09/May/2025:15:04:32 -0400] "GET /2011.tar.tgz HTTP/1.1" 500 276 "-" "Mozilla/5.0 (Windows NT 10.0; WOW64) AppleWebKit/537.36 (KHTML, like Gecko) Chrome/67.0.3396.62 Safari/537.36 OPR/53.0.2907.68"
60.15.65.56 - - [09/May/2025:15:04:32 -0400] "GET /1.sql.gz HTTP/1.1" 500 21 "-" "Mozilla/5.0 (Macintosh; Intel Mac OS X 10_12_5) AppleWebKit/537.36 (KHTML, like Gecko) Chrome/77.0 Safari/537.36"
60.15.65.67 - - [09/May/2025:15:04:32 -0400] "GET /2013.sql.gz HTTP/1.1" 500 276 "-" "Mozilla/5.0 (X11; Linux i686) AppleWebKit/537.36 (KHTML, like Gecko) Chrome/65.0.3325.109 Safari/537.36"
60.15.65.64 - - [09/May/2025:15:04:32 -0400] "GET /127.0.0.1.bak HTTP/1.1" 500 21 "-" "Mozilla/5.0 (Macintosh; Intel Mac OS X 10_11_4) AppleWebKit/537.36 (KHTML, like Gecko) Chrome/69.0.3497.81 Safari/537.36"
60.15.65.70 - - [09/May/2025:15:04:32 -0400] "GET /2014.war HTTP/1.1" 500 276 "-" "Mozilla/5.0 (Windows NT 10.0; Win64; x64; rv:62.0.2) Gecko/20100101 Firefox/62.0.2"
60.15.65.56 - - [09/May/2025:15:04:32 -0400] "GET /2015.tar.bz2 HTTP/1.1" 500 276 "-" "Mozilla/5.0 (Macintosh; Intel Mac OS X 10_13_3) AppleWebKit/537.36 (KHTML, like Gecko) Chrome/66.0.3359.158 Safari/537.36 OPR/52.0.2871.99"
60.15.65.77 - - [09/May/2025:15:04:32 -0400] "GET /2012.7z HTTP/1.1" 500 21 "-" "Mozilla/5.0 (X11; Linux x86_64) AppleWebKit/537.36 (KHTML, like Gecko) Chrome/64.0.3282.137 Safari/537.36"
221.210.252.132 - - [09/May/2025:15:04:32 -0400] "GET /2015.war HTTP/1.1" 500 276 "-" "Mozilla/5.0 (Windows NT 10.0; Win64; x64) AppleWebKit/537.36 (KHTML, like Gecko) Chrome/68.0.3440.84 Safari/537.36 OPR/54.0.2952.71"
221.210.252.132 - - [09/May/2025:15:04:32 -0400] "GET /2017.tar HTTP/1.1" 500 21 "-" "Mozilla/5.0 (X11; Linux i686) AppleWebKit/537.36 (KHTML, like Gecko) Chrome/60.0.3112.78 Safari/537.36"
60.15.65.52 - - [09/May/2025:15:04:32 -0400] "GET /media.war HTTP/1.1" 500 276 "-" "Mozilla/5.0 (X11; Linux x86_64; rv:55.0.2) Gecko/20100101 Firefox/55.0.2"
60.15.65.70 - - [09/May/2025:15:04:32 -0400] "GET /2015.bak HTTP/1.1" 500 21 "-" "Mozilla/5.0 (X11; Linux i686 on x86_64) AppleWebKit/537.36 (KHTML, like Gecko) Chrome/67.0.3396.79 Safari/537.36 OPR/54.0.2952.60"
60.15.65.52 - - [09/May/2025:15:04:32 -0400] "GET /2018.jar HTTP/1.1" 500 276 "-" "Mozilla/5.0 (Macintosh; Intel Mac OS X 10_11_6; rv:56.0.1) Gecko/20100101 Firefox/56.0.1"
60.15.65.54 - - [09/May/2025:15:04:32 -0400] "GET /1.gz HTTP/1.1" 500 276 "-" "Mozilla/5.0 (Macintosh; Intel Mac OS X 10_14_2) AppleWebKit/537.36 (KHTML, like Gecko) Chrome/64.0.3282.140 Safari/537.36"
221.210.252.132 - - [09/May/2025:15:04:32 -0400] "GET /2013.bak HTTP/1.1" 500 276 "-" "Mozilla/5.0 (Macintosh; Intel Mac OS X 10_13_5; rv:65.0) Gecko/20100101 Firefox/65.0"
221.210.252.132 - - [09/May/2025:15:04:32 -0400] "GET /1.sql HTTP/1.1" 500 276 "-" "Mozilla/5.0 (Macintosh; Intel Mac OS X 10_14_1; rv:52.8.1) Gecko/20100101 Firefox/52.8.1"
60.15.65.58 - - [09/May/2025:15:04:32 -0400] "GET /2014.sql.gz HTTP/1.1" 500 276 "-" "Mozilla/5.0 (Macintosh; Intel Mac OS X 10_13_5) AppleWebKit/537.36 (KHTML, like Gecko) Chrome/70.0.3538.80 Safari/537.36"
60.15.65.81 - - [09/May/2025:15:04:32 -0400] "GET /2013.gz HTTP/1.1" 500 21 "-" "Mozilla/5.0 (X11; Linux i686; rv:60.5.0) Gecko/20100101 Firefox/60.5.0"
60.15.65.84 - - [09/May/2025:15:04:32 -0400] "GET /2017.tar.gz HTTP/1.1" 500 276 "-" "Mozilla/5.0 (Macintosh; Intel Mac OS X 10_13_1; rv:52.7.0) Gecko/20100101 Firefox/52.7.0"
60.15.65.76 - - [09/May/2025:15:04:32 -0400] "GET /2015.sql.gz HTTP/1.1" 500 276 "-" "Mozilla/5.0 (Windows NT 10.0; Win64; x64) AppleWebKit/537.36 (KHTML, like Gecko) Chrome/70.0.3538.77 Safari/537.36 OPR/56.0.3051.43"
60.15.65.76 - - [09/May/2025:15:04:32 -0400] "GET /2012.war HTTP/1.1" 500 276 "-" "Mozilla/5.0 (Macintosh; Intel Mac OS X 10_14_2; rv:60.0.2) Gecko/20100101 Firefox/60.0.2"
60.15.65.64 - - [09/May/2025:15:04:32 -0400] "GET /2025.sql HTTP/1.1" 500 276 "-" "Mozilla/5.0 (Macintosh; Intel Mac OS X 10_13_1; rv:60.5.2) Gecko/20100101 Firefox/60.5.2"
60.15.65.53 - - [09/May/2025:15:04:32 -0400] "GET /1.tar.tgz HTTP/1.1" 500 276 "-" "Mozilla/5.0 (Windows NT 10.0; WOW64) AppleWebKit/537.36 (KHTML, like Gecko) Chrome/68.0.3440.106 Safari/537.36 OPR/55.0.2994.61"
60.15.65.81 - - [09/May/2025:15:04:32 -0400] "GET /2025.tgz HTTP/1.1" 500 21 "-" "Mozilla/5.0 (X11; Linux i686 on x86_64) AppleWebKit/537.36 (KHTML, like Gecko) Chrome/72.0.3626 Safari/537.36"
60.15.65.53 - - [09/May/2025:15:04:32 -0400] "GET /2022.war HTTP/1.1" 500 21 "-" "Mozilla/5.0 (X11; Linux x86_64) AppleWebKit/537.36 (KHTML, like Gecko) Chrome/65.0.3325.181 Safari/537.36"
221.210.252.132 - - [09/May/2025:15:04:32 -0400] "GET /2014.bak HTTP/1.1" 500 276 "-" "Mozilla/5.0 (Windows NT 10.0; Win64; x64; rv:63.0.3) Gecko/20100101 Firefox/63.0.3"
60.15.65.64 - - [09/May/2025:15:04:32 -0400] "GET /2015.zip HTTP/1.1" 500 21 "-" "Mozilla/5.0 (Macintosh; Intel Mac OS X 10_14_1) AppleWebKit/537.36 (KHTML, like Gecko) Chrome/77.0 Safari/537.36"
60.15.65.66 - - [09/May/2025:15:04:32 -0400] "GET /2021.zip HTTP/1.1" 500 276 "-" "Mozilla/5.0 (Macintosh; Intel Mac OS X 10_10_3; rv:60.3.0) Gecko/20100101 Firefox/60.3.0"
60.15.65.56 - - [09/May/2025:15:04:32 -0400] "GET /1.tar.bz2 HTTP/1.1" 500 276 "-" "Mozilla/5.0 (X11; Linux i686; rv:54.0) Gecko/20100101 Firefox/54.0"
60.15.65.63 - - [09/May/2025:15:04:32 -0400] "GET /2022.bak HTTP/1.1" 500 21 "-" "Mozilla/5.0 (Windows NT 6.3; Win64; x64; rv:59.0.3) Gecko/20100101 Firefox/59.0.3"
60.15.65.64 - - [09/May/2025:15:04:32 -0400] "GET /2017.tar.bz2 HTTP/1.1" 500 21 "-" "Mozilla/5.0 (Macintosh; Intel Mac OS X 10_10_2) AppleWebKit/537.36 (KHTML, like Gecko) Chrome/69.0.3497.92 Safari/537.36 OPR/55.0.2994.44"
60.15.65.76 - - [09/May/2025:15:04:32 -0400] "GET /2010.7z HTTP/1.1" 500 276 "-" "Mozilla/5.0 (Macintosh; Intel Mac OS X 10_13_2) AppleWebKit/537.36 (KHTML, like Gecko) Chrome/67.0.3396.87 Safari/537.36 OPR/54.0.2952.54"
60.15.65.81 - - [09/May/2025:15:04:32 -0400] "GET /2025.7z HTTP/1.1" 500 21 "-" "Mozilla/5.0 (X11; Linux x86_64) AppleWebKit/537.36 (KHTML, like Gecko) Chrome/72.0.3626 Safari/537.36"
60.15.65.56 - - [09/May/2025:15:04:32 -0400] "GET /2021.rar HTTP/1.1" 500 276 "-" "Mozilla/5.0 (Macintosh; Intel Mac OS X 10_10_5) AppleWebKit/537.36 (KHTML, like Gecko) Chrome/69.0.3497.81 Safari/537.36 OPR/55.0.2994.47"
221.210.252.132 - - [09/May/2025:15:04:32 -0400] "GET /2010.gz HTTP/1.1" 500 276 "-" "Mozilla/5.0 (X11; Linux i686 on x86_64) AppleWebKit/537.36 (KHTML, like Gecko) Chrome/64.0.3282.137 Safari/537.36 OPR/50.0.2762.67"
60.15.65.55 - - [09/May/2025:15:04:32 -0400] "GET /media.sql.gz HTTP/1.1" 500 21 "-" "Mozilla/5.0 (X11; Linux x86_64) AppleWebKit/537.36 (KHTML, like Gecko) Chrome/76.0.3809 Safari/537.36"
60.15.65.95 - - [09/May/2025:15:04:32 -0400] "GET /2024.tar HTTP/1.1" 500 276 "-" "Mozilla/5.0 (X11; Linux x86_64; rv:50.0) Gecko/20100101 Firefox/50.0"
60.15.65.70 - - [09/May/2025:15:04:32 -0400] "GET /2019.rar HTTP/1.1" 500 276 "-" "Mozilla/5.0 (X11; Linux x86_64; rv:59.0.1) Gecko/20100101 Firefox/59.0.1"
60.15.65.52 - - [09/May/2025:15:04:32 -0400] "GET /backup.tar.bz2 HTTP/1.1" 500 276 "-" "Mozilla/5.0 (Windows NT 10.0; WOW64) AppleWebKit/537.36 (KHTML, like Gecko) Chrome/66.0.3359.117 Safari/537.36 OPR/53.0.2907.99"
60.15.65.54 - - [09/May/2025:15:04:32 -0400] "GET /2010.rar HTTP/1.1" 500 21 "-" "Mozilla/5.0 (Windows NT 10.0; WOW64) AppleWebKit/537.36 (KHTML, like Gecko) Chrome/66.0.3359.158 Safari/537.36 OPR/52.0.2871.99"
60.15.65.58 - - [09/May/2025:15:04:32 -0400] "GET /2013.tgz HTTP/1.1" 500 276 "-" "Mozilla/5.0 (Windows NT 10.0; Win64; x64) AppleWebKit/537.36 (KHTML, like Gecko) Chrome/66.0.3359.181 Safari/537.36"
60.15.65.56 - - [09/May/2025:15:04:32 -0400] "GET /2010.jar HTTP/1.1" 500 276 "-" "Mozilla/5.0 (X11; Linux x86_64) AppleWebKit/537.36 (KHTML, like Gecko) Chrome/73.0.3683 Safari/537.36"
60.15.65.66 - - [09/May/2025:15:04:32 -0400] "GET /1.tgz HTTP/1.1" 500 21 "-" "Mozilla/5.0 (X11; Linux x86_64) AppleWebKit/537.36 (KHTML, like Gecko) Chrome/71.0.3578.98 Safari/537.36"
60.15.65.66 - - [09/May/2025:15:04:32 -0400] "GET /archive.jar HTTP/1.1" 500 276 "-" "Mozilla/5.0 (Macintosh; Intel Mac OS X 10_11_1; rv:55.0) Gecko/20100101 Firefox/55.0"
221.210.252.132 - - [09/May/2025:15:04:32 -0400] "GET /2019.gz HTTP/1.1" 500 276 "-" "Mozilla/5.0 (Macintosh; Intel Mac OS X 10_12_5) AppleWebKit/537.36 (KHTML, like Gecko) Chrome/67.0.3396.87 Safari/537.36"
60.15.65.64 - - [09/May/2025:15:04:32 -0400] "GET /2024.tar.gz HTTP/1.1" 500 276 "-" "Mozilla/5.0 (Windows NT 6.1; WOW64; rv:57.0.3) Gecko/20100101 Firefox/57.0.3"
60.15.65.67 - - [09/May/2025:15:04:32 -0400] "GET /auth.sql HTTP/1.1" 500 276 "-" "Mozilla/5.0 (Windows NT 10.0; Win64; x64; rv:60.5.1) Gecko/20100101 Firefox/60.5.1"
60.15.65.77 - - [09/May/2025:15:04:32 -0400] "GET /2023.bak HTTP/1.1" 500 276 "-" "Mozilla/5.0 (X11; Linux i686 on x86_64; rv:62.0.2) Gecko/20100101 Firefox/62.0.2"
60.15.65.84 - - [09/May/2025:15:04:32 -0400] "GET /code.war HTTP/1.1" 500 276 "-" "Mozilla/5.0 (Macintosh; Intel Mac OS X 10_13_5) AppleWebKit/537.36 (KHTML, like Gecko) Chrome/60.0.3112.78 Safari/537.36"
60.15.65.54 - - [09/May/2025:15:04:32 -0400] "GET /2018.bak HTTP/1.1" 500 276 "-" "Mozilla/5.0 (Windows NT 6.2; rv:58.0.2) Gecko/20100101 Firefox/58.0.2"
60.15.65.70 - - [09/May/2025:15:04:32 -0400] "GET /2020.bak HTTP/1.1" 500 276 "-" "Mozilla/5.0 (Macintosh; Intel Mac OS X 10_14_2; rv:56.0.1) Gecko/20100101 Firefox/56.0.1"
60.15.65.77 - - [09/May/2025:15:04:32 -0400] "GET /2021.tar HTTP/1.1" 500 276 "-" "Mozilla/5.0 (Windows NT 10.0; WOW64) AppleWebKit/537.36 (KHTML, like Gecko) Chrome/66.0.3359.117 Safari/537.36 OPR/53.0.2907.99"
60.15.65.52 - - [09/May/2025:15:04:32 -0400] "GET /2017.tar.tgz HTTP/1.1" 500 276 "-" "Mozilla/5.0 (X11; Linux i686; rv:52.4.0) Gecko/20100101 Firefox/52.4.0"
60.15.65.76 - - [09/May/2025:15:04:32 -0400] "GET /2019.sql.gz HTTP/1.1" 500 21 "-" "Mozilla/5.0 (Macintosh; Intel Mac OS X 10_13_2; rv:55.0) Gecko/20100101 Firefox/55.0"
60.15.65.55 - - [09/May/2025:15:04:32 -0400] "GET /admin.gz HTTP/1.1" 500 21 "-" "Mozilla/5.0 (Macintosh; Intel Mac OS X 10_13_2; rv:66.0.3) Gecko/20100101 Firefox/66.0.3"
60.15.65.55 - - [09/May/2025:15:04:32 -0400] "GET /back.rar HTTP/1.1" 500 21 "-" "Mozilla/5.0 (X11; Linux x86_64) AppleWebKit/537.36 (KHTML, like Gecko) Chrome/75.0.3770 Safari/537.36"
60.15.65.62 - - [09/May/2025:15:04:32 -0400] "GET /2025.jar HTTP/1.1" 500 21 "-" "Mozilla/5.0 (X11; Linux x86_64) AppleWebKit/537.36 (KHTML, like Gecko) Chrome/77.0 Safari/537.36 OPR/58.0.3135.127"
60.15.65.54 - - [09/May/2025:15:04:32 -0400] "GET /bak.sql HTTP/1.1" 500 21 "-" "Mozilla/5.0 (X11; Linux i686; rv:58.0) Gecko/20100101 Firefox/58.0"
60.15.65.63 - - [09/May/2025:15:04:32 -0400] "GET /2023.rar HTTP/1.1" 500 276 "-" "Mozilla/5.0 (X11; Linux i686) AppleWebKit/537.36 (KHTML, like Gecko) Chrome/73.0.3683 Safari/537.36"
60.15.65.56 - - [09/May/2025:15:04:32 -0400] "GET /2020.gz HTTP/1.1" 500 21 "-" "Mozilla/5.0 (Macintosh; Intel Mac OS X 10_14_2; rv:60.5.0) Gecko/20100101 Firefox/60.5.0"
60.15.65.76 - - [09/May/2025:15:04:32 -0400] "GET /2021.tgz HTTP/1.1" 500 21 "-" "Mozilla/5.0 (X11; Linux x86_64; rv:59.0.2) Gecko/20100101 Firefox/59.0.2"
60.15.65.77 - - [09/May/2025:15:04:32 -0400] "GET /2020.tar.gz HTTP/1.1" 500 276 "-" "Mozilla/5.0 (Macintosh; Intel Mac OS X 10_13_3; rv:52.3.0) Gecko/20100101 Firefox/52.3.0"
60.15.65.52 - - [09/May/2025:15:04:32 -0400] "GET /2020.rar HTTP/1.1" 500 276 "-" "Mozilla/5.0 (X11; Linux x86_64; rv:67.0) Gecko/20100101 Firefox/67.0"
60.15.65.77 - - [09/May/2025:15:04:32 -0400] "GET /2018.zip HTTP/1.1" 500 276 "-" "Mozilla/5.0 (Macintosh; Intel Mac OS X 10_10_1) AppleWebKit/537.36 (KHTML, like Gecko) Chrome/75.0.3770 Safari/537.36"
60.15.65.77 - - [09/May/2025:15:04:32 -0400] "GET /2018.tar.tgz HTTP/1.1" 500 276 "-" "Mozilla/5.0 (X11; Linux x86_64) AppleWebKit/537.36 (KHTML, like Gecko) Chrome/63.0.3239.111 Safari/537.36"
60.15.65.55 - - [09/May/2025:15:04:32 -0400] "GET /admin.war HTTP/1.1" 500 21 "-" "Mozilla/5.0 (Windows NT 10.0; Win64; x64) AppleWebKit/537.36 (KHTML, like Gecko) Chrome/60.0.3112.78 Safari/537.36"
60.15.65.81 - - [09/May/2025:15:04:32 -0400] "GET /2021.sql HTTP/1.1" 500 276 "-" "Mozilla/5.0 (Macintosh; Intel Mac OS X 10_10_6) AppleWebKit/537.36 (KHTML, like Gecko) Chrome/67.0.3396.79 Safari/537.36"
60.15.65.53 - - [09/May/2025:15:04:32 -0400] "GET /2016.zip HTTP/1.1" 500 276 "-" "Mozilla/5.0 (X11; Linux i686) AppleWebKit/537.36 (KHTML, like Gecko) Chrome/70.0.3538.102 Safari/537.36"
60.15.65.64 - - [09/May/2025:15:04:32 -0400] "GET /back.jar HTTP/1.1" 500 21 "-" "Mozilla/5.0 (Macintosh; Intel Mac OS X 10_13_1) AppleWebKit/537.36 (KHTML, like Gecko) Chrome/65.0.3325.181 Safari/537.36"
60.15.65.52 - - [09/May/2025:15:04:32 -0400] "GET /2025.tar HTTP/1.1" 500 276 "-" "Mozilla/5.0 (Macintosh; Intel Mac OS X 10_11_4; rv:51.0.1) Gecko/20100101 Firefox/51.0.1"
60.15.65.67 - - [09/May/2025:15:04:32 -0400] "GET /2016.7z HTTP/1.1" 500 21 "-" "Mozilla/5.0 (X11; Linux x86_64; rv:52.1.0) Gecko/20100101 Firefox/52.1.0"
60.15.65.62 - - [09/May/2025:15:04:32 -0400] "GET /media.sql HTTP/1.1" 500 21 "-" "Mozilla/5.0 (X11; Linux i686) AppleWebKit/537.36 (KHTML, like Gecko) Chrome/64.0.3282.140 Safari/537.36 OPR/50.0.2762.58"
60.15.65.63 - - [09/May/2025:15:04:32 -0400] "GET /2023.gz HTTP/1.1" 500 276 "-" "Mozilla/5.0 (Macintosh; Intel Mac OS X 10_14_2) AppleWebKit/537.36 (KHTML, like Gecko) Chrome/65.0.3325.162 Safari/537.36 OPR/51.0.2830.55"
60.15.65.65 - - [09/May/2025:15:04:32 -0400] "GET /2019.sql HTTP/1.1" 500 21 "-" "Mozilla/5.0 (X11; Linux x86_64; rv:55.0.1) Gecko/20100101 Firefox/55.0.1"
60.15.65.77 - - [09/May/2025:15:04:32 -0400] "GET /2024.rar HTTP/1.1" 500 276 "-" "Mozilla/5.0 (Macintosh; Intel Mac OS X 10_14_1) AppleWebKit/537.36 (KHTML, like Gecko) Chrome/67.0.3396.87 Safari/537.36 OPR/54.0.2952.54"
221.210.252.132 - - [09/May/2025:15:04:32 -0400] "GET /2021.jar HTTP/1.1" 500 21 "-" "Mozilla/5.0 (Macintosh; Intel Mac OS X 10_11_3) AppleWebKit/537.36 (KHTML, like Gecko) Chrome/68.0.3440.106 Safari/537.36"
60.15.65.76 - - [09/May/2025:15:04:32 -0400] "GET /2018.sql.gz HTTP/1.1" 500 21 "-" "Mozilla/5.0 (Macintosh; Intel Mac OS X 10_12_3) AppleWebKit/537.36 (KHTML, like Gecko) Chrome/66.0.3359.181 Safari/537.36 OPR/53.0.2907.110"
60.15.65.56 - - [09/May/2025:15:04:32 -0400] "GET /2019.tgz HTTP/1.1" 500 21 "-" "Mozilla/5.0 (Macintosh; Intel Mac OS X 10_11_1; rv:52.5.0) Gecko/20100101 Firefox/52.5.0"
60.15.65.58 - - [09/May/2025:15:04:32 -0400] "GET /aspx.war HTTP/1.1" 500 21 "-" "Mozilla/5.0 (Macintosh; Intel Mac OS X 10_13_5; rv:67.0.1) Gecko/20100101 Firefox/67.0.1"
60.15.65.76 - - [09/May/2025:15:04:32 -0400] "GET /2018.sql HTTP/1.1" 500 276 "-" "Mozilla/5.0 (Macintosh; Intel Mac OS X 10_13_4) AppleWebKit/537.36 (KHTML, like Gecko) Chrome/72.0.3626 Safari/537.36 OPR/56.0.3051.36"
60.15.65.55 - - [09/May/2025:15:04:32 -0400] "GET /2024.sql.gz HTTP/1.1" 500 276 "-" "Mozilla/5.0 (X11; Linux i686 on x86_64; rv:59.0) Gecko/20100101 Firefox/59.0"
60.15.65.65 - - [09/May/2025:15:04:32 -0400] "GET /bin.zip HTTP/1.1" 500 276 "-" "Mozilla/5.0 (Windows NT 6.3; WOW64; rv:52.8.0) Gecko/20100101 Firefox/52.8.0"
60.15.65.70 - - [09/May/2025:15:04:32 -0400] "GET /2019.tar.tgz HTTP/1.1" 500 276 "-" "Mozilla/5.0 (X11; Linux i686 on x86_64) AppleWebKit/537.36 (KHTML, like Gecko) Chrome/64.0.3282.140 Safari/537.36"
60.15.65.84 - - [09/May/2025:15:04:32 -0400] "GET /2022.tar HTTP/1.1" 500 21 "-" "Mozilla/5.0 (Windows NT 10.0; WOW64) AppleWebKit/537.36 (KHTML, like Gecko) Chrome/64.0.3282.137 Safari/537.36 OPR/50.0.2762.67"
60.15.65.63 - - [09/May/2025:15:04:32 -0400] "GET /2019.tar HTTP/1.1" 500 276 "-" "Mozilla/5.0 (Macintosh; Intel Mac OS X 10_12_2) AppleWebKit/537.36 (KHTML, like Gecko) Chrome/67.0.3396.99 Safari/537.36"
60.15.65.67 - - [09/May/2025:15:04:32 -0400] "GET /2024.bak HTTP/1.1" 500 276 "-" "Mozilla/5.0 (Macintosh; Intel Mac OS X 10_14_2) AppleWebKit/537.36 (KHTML, like Gecko) Chrome/77.0 Safari/537.36 OPR/60.0.3255.170"
60.15.65.70 - - [09/May/2025:15:04:32 -0400] "GET /2019.zip HTTP/1.1" 500 276 "-" "Mozilla/5.0 (Windows NT 10.0; WOW64; rv:52.8.0) Gecko/20100101 Firefox/52.8.0"
60.15.65.56 - - [09/May/2025:15:04:32 -0400] "GET /2023.7z HTTP/1.1" 500 276 "-" "Mozilla/5.0 (X11; Linux x86_64) AppleWebKit/537.36 (KHTML, like Gecko) Chrome/67.0.3396.79 Safari/537.36 OPR/54.0.2952.60"
60.15.65.55 - - [09/May/2025:15:04:32 -0400] "GET /2020.sql.gz HTTP/1.1" 500 276 "-" "Mozilla/5.0 (X11; Linux x86_64) AppleWebKit/537.36 (KHTML, like Gecko) Chrome/65.0.3325.181 Safari/537.36"
60.15.65.67 - - [09/May/2025:15:04:32 -0400] "GET /admin.tar.tgz HTTP/1.1" 500 21 "-" "Mozilla/5.0 (X11; Linux i686 on x86_64) AppleWebKit/537.36 (KHTML, like Gecko) Chrome/63.0.3239.132 Safari/537.36"
60.15.65.95 - - [09/May/2025:15:04:32 -0400] "GET /2021.bak HTTP/1.1" 500 276 "-" "Mozilla/5.0 (Macintosh; Intel Mac OS X 10_10_5; rv:52.1.0) Gecko/20100101 Firefox/52.1.0"
60.15.65.56 - - [09/May/2025:15:04:32 -0400] "GET /2024.tgz HTTP/1.1" 500 276 "-" "Mozilla/5.0 (X11; Linux x86_64) AppleWebKit/537.36 (KHTML, like Gecko) Chrome/68.0.3440.91 Safari/537.36 OPR/55.0.2994.61"
60.15.65.53 - - [09/May/2025:15:04:32 -0400] "GET /2017.war HTTP/1.1" 500 21 "-" "Mozilla/5.0 (Windows NT 6.1; Win64; x64; rv:61.0.2) Gecko/20100101 Firefox/61.0.2"
60.15.65.62 - - [09/May/2025:15:04:32 -0400] "GET /bak.bak HTTP/1.1" 500 21 "-" "Mozilla/5.0 (Windows NT 6.0) AppleWebKit/537.36 (KHTML, like Gecko) Chrome/65.0.3325.109 Safari/537.36 OPR/51.0.2830.34"
60.15.65.54 - - [09/May/2025:15:04:32 -0400] "GET /2024.sql HTTP/1.1" 500 21 "-" "Mozilla/5.0 (Windows NT 10.0; WOW64; rv:57.0) Gecko/20100101 Firefox/57.0"
60.15.65.56 - - [09/May/2025:15:04:32 -0400] "GET /2020.tar.bz2 HTTP/1.1" 500 276 "-" "Mozilla/5.0 (Macintosh; Intel Mac OS X 10_14_1) AppleWebKit/537.36 (KHTML, like Gecko) Chrome/66.0.3359.181 Safari/537.36"
60.15.65.70 - - [09/May/2025:15:04:32 -0400] "GET /2019.war HTTP/1.1" 500 276 "-" "Mozilla/5.0 (X11; Linux i686) AppleWebKit/537.36 (KHTML, like Gecko) Chrome/63.0.3239.84 Safari/537.36"
60.15.65.77 - - [09/May/2025:15:04:32 -0400] "GET /auth.zip HTTP/1.1" 500 276 "-" "Mozilla/5.0 (Macintosh; Intel Mac OS X 10_10_3) AppleWebKit/537.36 (KHTML, like Gecko) Chrome/64.0.3282.119 Safari/537.36"
60.15.65.95 - - [09/May/2025:15:04:32 -0400] "GET /archive.tar.bz2 HTTP/1.1" 500 276 "-" "Mozilla/5.0 (Macintosh; Intel Mac OS X 10_13_3) AppleWebKit/537.36 (KHTML, like Gecko) Chrome/61.0.3163.100 Safari/537.36"
60.15.65.56 - - [09/May/2025:15:04:32 -0400] "GET /2021.7z HTTP/1.1" 500 276 "-" "Mozilla/5.0 (Windows NT 6.0; WOW64) AppleWebKit/537.36 (KHTML, like Gecko) Chrome/68.0.3440.106 Safari/537.36 OPR/55.0.2994.61"
60.15.65.63 - - [09/May/2025:15:04:32 -0400] "GET /auth.war HTTP/1.1" 500 21 "-" "Mozilla/5.0 (X11; Linux i686; rv:52.2.1) Gecko/20100101 Firefox/52.2.1"
60.15.65.62 - - [09/May/2025:15:04:32 -0400] "GET /2018.tar HTTP/1.1" 500 21 "-" "Mozilla/5.0 (Macintosh; Intel Mac OS X 10_11_3) AppleWebKit/537.36 (KHTML, like Gecko) Chrome/65.0.3325.181 Safari/537.36"
60.15.65.53 - - [09/May/2025:15:04:32 -0400] "GET /asp.sql HTTP/1.1" 500 276 "-" "Mozilla/5.0 (Macintosh; Intel Mac OS X 10_12_4; rv:52.4.1) Gecko/20100101 Firefox/52.4.1"
60.15.65.70 - - [09/May/2025:15:04:32 -0400] "GET /2023.sql.gz HTTP/1.1" 500 276 "-" "Mozilla/5.0 (Macintosh; Intel Mac OS X 10_13_3) AppleWebKit/537.36 (KHTML, like Gecko) Chrome/73.0.3683 Safari/537.36 OPR/57.0.3098.91"
60.15.65.70 - - [09/May/2025:15:04:32 -0400] "GET /2019.7z HTTP/1.1" 500 21 "-" "Mozilla/5.0 (X11; Linux i686) AppleWebKit/537.36 (KHTML, like Gecko) Chrome/71.0.3578.80 Safari/537.36"
60.15.65.65 - - [09/May/2025:15:04:32 -0400] "GET /bbs.tar.gz HTTP/1.1" 500 276 "-" "Mozilla/5.0 (Macintosh; Intel Mac OS X 10_13_5) AppleWebKit/537.36 (KHTML, like Gecko) Chrome/67.0.3396.79 Safari/537.36 OPR/54.0.2952.60"
60.15.65.58 - - [09/May/2025:15:04:32 -0400] "GET /2021.war HTTP/1.1" 500 276 "-" "Mozilla/5.0 (Macintosh; Intel Mac OS X 10_13_1; rv:55.0) Gecko/20100101 Firefox/55.0"
60.15.65.81 - - [09/May/2025:15:04:32 -0400] "GET /2025.tar.gz HTTP/1.1" 500 21 "-" "Mozilla/5.0 (Windows NT 10.0; Win64; x64) AppleWebKit/537.36 (KHTML, like Gecko) Chrome/71.0.3578.80 Safari/537.36 OPR/56.0.3051.104"
60.15.65.56 - - [09/May/2025:15:04:32 -0400] "GET /admin.tar HTTP/1.1" 500 276 "-" "Mozilla/5.0 (Macintosh; Intel Mac OS X 10_11_1) AppleWebKit/537.36 (KHTML, like Gecko) Chrome/63.0.3239.83 Safari/537.36"
60.15.65.56 - - [09/May/2025:15:04:32 -0400] "GET /admin.sql HTTP/1.1" 500 276 "-" "Mozilla/5.0 (Windows NT 10.0; WOW64; rv:67.0) Gecko/20100101 Firefox/67.0"
60.15.65.56 - - [09/May/2025:15:04:32 -0400] "GET /2025.war HTTP/1.1" 500 21 "-" "Mozilla/5.0 (Windows NT 6.2; Win64; x64) AppleWebKit/537.36 (KHTML, like Gecko) Chrome/67.0.3396.87 Safari/537.36"
60.15.65.76 - - [09/May/2025:15:04:32 -0400] "GET /2023.war HTTP/1.1" 500 276 "-" "Mozilla/5.0 (Macintosh; Intel Mac OS X 10_11_3) AppleWebKit/537.36 (KHTML, like Gecko) Chrome/70.0.3538.80 Safari/537.36 OPR/56.0.3051.116"
60.15.65.64 - - [09/May/2025:15:04:32 -0400] "GET /2020.sql HTTP/1.1" 500 276 "-" "Mozilla/5.0 (Windows NT 6.1) AppleWebKit/537.36 (KHTML, like Gecko) Chrome/66.0.3359.117 Safari/537.36"
60.15.65.56 - - [09/May/2025:15:04:32 -0400] "GET /2022.rar HTTP/1.1" 500 21 "-" "Mozilla/5.0 (X11; Linux i686) AppleWebKit/537.36 (KHTML, like Gecko) Chrome/68.0.3440.75 Safari/537.36"
60.15.65.65 - - [09/May/2025:15:04:32 -0400] "GET /2021.gz HTTP/1.1" 500 276 "-" "Mozilla/5.0 (X11; Linux i686; rv:52.4.1) Gecko/20100101 Firefox/52.4.1"
60.15.65.58 - - [09/May/2025:15:04:32 -0400] "GET /2015.sql HTTP/1.1" 500 276 "-" "Mozilla/5.0 (Windows NT 10.0; Win64; x64) AppleWebKit/537.36 (KHTML, like Gecko) Chrome/70.0.3538.80 Safari/537.36 OPR/56.0.3051.116"
60.15.65.76 - - [09/May/2025:15:04:32 -0400] "GET /2025.gz HTTP/1.1" 500 21 "-" "Mozilla/5.0 (Macintosh; Intel Mac OS X 10_12_5; rv:55.0.3) Gecko/20100101 Firefox/55.0.3"
60.15.65.58 - - [09/May/2025:15:04:32 -0400] "GET /auth.gz HTTP/1.1" 500 21 "-" "Mozilla/5.0 (Windows NT 6.0; rv:61.0.1) Gecko/20100101 Firefox/61.0.1"
221.210.252.132 - - [09/May/2025:15:04:32 -0400] "GET /2022.tgz HTTP/1.1" 500 21 "-" "Mozilla/5.0 (Windows NT 6.3; Win64; x64) AppleWebKit/537.36 (KHTML, like Gecko) Chrome/67.0.3396.99 Safari/537.36"
60.15.65.95 - - [09/May/2025:15:04:32 -0400] "GET /2024.tar.tgz HTTP/1.1" 500 276 "-" "Mozilla/5.0 (X11; Linux i686 on x86_64) AppleWebKit/537.36 (KHTML, like Gecko) Chrome/67.0.3396.99 Safari/537.36 OPR/54.0.2952.64"
60.15.65.53 - - [09/May/2025:15:04:32 -0400] "GET /admin.bak HTTP/1.1" 500 276 "-" "Mozilla/5.0 (Windows NT 10.0; Win64; x64) AppleWebKit/537.36 (KHTML, like Gecko) Chrome/74.0.3729 Safari/537.36"
60.15.65.53 - - [09/May/2025:15:04:32 -0400] "GET /asp.zip HTTP/1.1" 500 21 "-" "Mozilla/5.0 (Macintosh; Intel Mac OS X 10_11_2; rv:52.4.1) Gecko/20100101 Firefox/52.4.1"
60.15.65.56 - - [09/May/2025:15:04:32 -0400] "GET /admin.zip HTTP/1.1" 500 276 "-" "Mozilla/5.0 (Macintosh; Intel Mac OS X 10_11_6) AppleWebKit/537.36 (KHTML, like Gecko) Chrome/67.0.3396.62 Safari/537.36 OPR/53.0.2907.68"
60.15.65.81 - - [09/May/2025:15:04:32 -0400] "GET /bak.jar HTTP/1.1" 500 276 "-" "Mozilla/5.0 (Macintosh; Intel Mac OS X 10_11_6) AppleWebKit/537.36 (KHTML, like Gecko) Chrome/61.0.3163.98 Safari/537.36"
60.15.65.64 - - [09/May/2025:15:04:32 -0400] "GET /archive.tgz HTTP/1.1" 500 276 "-" "Mozilla/5.0 (Windows NT 10.0; Win64; x64) AppleWebKit/537.36 (KHTML, like Gecko) Chrome/77.0 Safari/537.36 OPR/58.0.3135.127"
60.15.65.65 - - [09/May/2025:15:04:32 -0400] "GET /back.tar HTTP/1.1" 500 276 "-" "Mozilla/5.0 (Windows NT 6.1; Win64; x64) AppleWebKit/537.36 (KHTML, like Gecko) Chrome/68.0.3440.91 Safari/537.36 OPR/55.0.2994.61"
60.15.65.64 - - [09/May/2025:15:04:32 -0400] "GET /2024.jar HTTP/1.1" 500 276 "-" "Mozilla/5.0 (X11; Linux i686) AppleWebKit/537.36 (KHTML, like Gecko) Chrome/66.0.3359.117 Safari/537.36 OPR/53.0.2907.99"
60.15.65.81 - - [09/May/2025:15:04:32 -0400] "GET /asp.tar.gz HTTP/1.1" 500 276 "-" "Mozilla/5.0 (Macintosh; Intel Mac OS X 10_14_2; rv:61.0) Gecko/20100101 Firefox/61.0"
60.15.65.84 - - [09/May/2025:15:04:32 -0400] "GET /bak.gz HTTP/1.1" 500 276 "-" "Mozilla/5.0 (X11; Linux x86_64) AppleWebKit/537.36 (KHTML, like Gecko) Chrome/71.0.3578.80 Safari/537.36"
60.15.65.52 - - [09/May/2025:15:04:32 -0400] "GET /2023.tar.bz2 HTTP/1.1" 500 276 "-" "Mozilla/5.0 (X11; Linux i686 on x86_64; rv:60.2.1) Gecko/20100101 Firefox/60.2.1"
60.15.65.84 - - [09/May/2025:15:04:32 -0400] "GET /2025.rar HTTP/1.1" 500 276 "-" "Mozilla/5.0 (Windows NT 10.0; WOW64) AppleWebKit/537.36 (KHTML, like Gecko) Chrome/64.0.3282.186 Safari/537.36 OPR/51.0.2830.40"
60.15.65.77 - - [09/May/2025:15:04:32 -0400] "GET /backup.tar.tgz HTTP/1.1" 500 276 "-" "Mozilla/5.0 (Macintosh; Intel Mac OS X 10_12_4) AppleWebKit/537.36 (KHTML, like Gecko) Chrome/71.0.3578.98 Safari/537.36"
60.15.65.56 - - [09/May/2025:15:04:32 -0400] "GET /2020.7z HTTP/1.1" 500 276 "-" "Mozilla/5.0 (Macintosh; Intel Mac OS X 10_13_4; rv:62.0) Gecko/20100101 Firefox/62.0"
60.15.65.62 - - [09/May/2025:15:04:32 -0400] "GET /auth.7z HTTP/1.1" 500 276 "-" "Mozilla/5.0 (Macintosh; Intel Mac OS X 10_14_1) AppleWebKit/537.36 (KHTML, like Gecko) Chrome/76.0.3809 Safari/537.36 OPR/58.0.3135.107"
60.15.65.63 - - [09/May/2025:15:04:32 -0400] "GET /bak.tgz HTTP/1.1" 500 276 "-" "Mozilla/5.0 (X11; Linux i686 on x86_64; rv:58.0.1) Gecko/20100101 Firefox/58.0.1"
60.15.65.84 - - [09/May/2025:15:04:32 -0400] "GET /auth.tgz HTTP/1.1" 500 276 "-" "Mozilla/5.0 (X11; Linux x86_64) AppleWebKit/537.36 (KHTML, like Gecko) Chrome/70.0.3538.77 Safari/537.36 OPR/56.0.3051.43"
60.15.65.62 - - [09/May/2025:15:04:32 -0400] "GET /2023.tar.gz HTTP/1.1" 500 276 "-" "Mozilla/5.0 (Macintosh; Intel Mac OS X 10_10_5) AppleWebKit/537.36 (KHTML, like Gecko) Chrome/77.0 Safari/537.36 OPR/58.0.3135.127"
60.15.65.52 - - [09/May/2025:15:04:32 -0400] "GET /backup.bak HTTP/1.1" 500 21 "-" "Mozilla/5.0 (Windows NT 10.0; WOW64) AppleWebKit/537.36 (KHTML, like Gecko) Chrome/62.0.3202.62 Safari/537.36"
60.15.65.77 - - [09/May/2025:15:04:32 -0400] "GET /2024.tar.bz2 HTTP/1.1" 500 276 "-" "Mozilla/5.0 (Macintosh; Intel Mac OS X 10_11_4) AppleWebKit/537.36 (KHTML, like Gecko) Chrome/65.0.3325.162 Safari/537.36"
60.15.65.84 - - [09/May/2025:15:04:32 -0400] "GET /2022.zip HTTP/1.1" 500 276 "-" "Mozilla/5.0 (Macintosh; Intel Mac OS X 10_14_2; rv:59.0.2) Gecko/20100101 Firefox/59.0.2"
60.15.65.64 - - [09/May/2025:15:04:32 -0400] "GET /bak.7z HTTP/1.1" 500 276 "-" "Mozilla/5.0 (Windows NT 6.2) AppleWebKit/537.36 (KHTML, like Gecko) Chrome/65.0.3325.162 Safari/537.36 OPR/51.0.2830.55"
60.15.65.95 - - [09/May/2025:15:04:32 -0400] "GET /2020.tgz HTTP/1.1" 500 276 "-" "Mozilla/5.0 (Macintosh; Intel Mac OS X 10_14_1) AppleWebKit/537.36 (KHTML, like Gecko) Chrome/66.0.3359.181 Safari/537.36"
60.15.65.81 - - [09/May/2025:15:04:32 -0400] "GET /2025.tar.tgz HTTP/1.1" 500 276 "-" "Mozilla/5.0 (X11; Linux i686 on x86_64) AppleWebKit/537.36 (KHTML, like Gecko) Chrome/65.0.3325.162 Safari/537.36 OPR/51.0.2830.55"
60.15.65.65 - - [09/May/2025:15:04:32 -0400] "GET /clients.gz HTTP/1.1" 500 21 "-" "Mozilla/5.0 (X11; Linux x86_64; rv:52.3.0) Gecko/20100101 Firefox/52.3.0"
60.15.65.95 - - [09/May/2025:15:04:32 -0400] "GET /bbs.tgz HTTP/1.1" 500 276 "-" "Mozilla/5.0 (X11; Linux x86_64; rv:63.0) Gecko/20100101 Firefox/63.0"
60.15.65.55 - - [09/May/2025:15:04:32 -0400] "GET /asp.tar HTTP/1.1" 500 276 "-" "Mozilla/5.0 (Windows NT 6.1; rv:66.0.2) Gecko/20100101 Firefox/66.0.2"
60.15.65.54 - - [09/May/2025:15:04:32 -0400] "GET /2020.tar.tgz HTTP/1.1" 500 21 "-" "Mozilla/5.0 (X11; Linux x86_64; rv:59.0.3) Gecko/20100101 Firefox/59.0.3"
60.15.65.63 - - [09/May/2025:15:04:32 -0400] "GET /bin.tgz HTTP/1.1" 500 276 "-" "Mozilla/5.0 (X11; Linux i686) AppleWebKit/537.36 (KHTML, like Gecko) Chrome/65.0.3325.162 Safari/537.36"
60.15.65.77 - - [09/May/2025:15:04:32 -0400] "GET /archive.rar HTTP/1.1" 500 276 "-" "Mozilla/5.0 (X11; Linux i686; rv:66.0.2) Gecko/20100101 Firefox/66.0.2"
60.15.65.84 - - [09/May/2025:15:04:32 -0400] "GET /aspx.tar HTTP/1.1" 500 21 "-" "Mozilla/5.0 (Macintosh; Intel Mac OS X 10_12_3) AppleWebKit/537.36 (KHTML, like Gecko) Chrome/72.0.3626 Safari/537.36 OPR/56.0.3051.36"
60.15.65.67 - - [09/May/2025:15:04:32 -0400] "GET /archive.7z HTTP/1.1" 500 21 "-" "Mozilla/5.0 (Windows NT 10.0; WOW64) AppleWebKit/537.36 (KHTML, like Gecko) Chrome/63.0.3239.108 Safari/537.36"
60.15.65.63 - - [09/May/2025:15:04:32 -0400] "GET /backup.rar HTTP/1.1" 500 276 "-" "Mozilla/5.0 (Windows NT 10.0; WOW64) AppleWebKit/537.36 (KHTML, like Gecko) Chrome/70.0.3538.77 Safari/537.36 OPR/56.0.3051.43"
60.15.65.70 - - [09/May/2025:15:04:32 -0400] "GET /2021.tar.bz2 HTTP/1.1" 500 276 "-" "Mozilla/5.0 (Windows NT 10.0; WOW64) AppleWebKit/537.36 (KHTML, like Gecko) Chrome/67.0.3396.99 Safari/537.36 OPR/54.0.2952.64"
60.15.65.70 - - [09/May/2025:15:04:32 -0400] "GET /2022.7z HTTP/1.1" 500 276 "-" "Mozilla/5.0 (Windows NT 6.2) AppleWebKit/537.36 (KHTML, like Gecko) Chrome/76.0.3809 Safari/537.36"
60.15.65.54 - - [09/May/2025:15:04:32 -0400] "GET /auth.jar HTTP/1.1" 500 276 "-" "Mozilla/5.0 (X11; Linux i686 on x86_64) AppleWebKit/537.36 (KHTML, like Gecko) Chrome/67.0.3396.87 Safari/537.36 OPR/54.0.2952.54"
60.15.65.62 - - [09/May/2025:15:04:32 -0400] "GET /bak.tar HTTP/1.1" 500 21 "-" "Mozilla/5.0 (Macintosh; Intel Mac OS X 10_12_5) AppleWebKit/537.36 (KHTML, like Gecko) Chrome/66.0.3359.181 Safari/537.36"
60.15.65.84 - - [09/May/2025:15:04:32 -0400] "GET /admin.sql.gz HTTP/1.1" 500 276 "-" "Mozilla/5.0 (Macintosh; Intel Mac OS X 10_11_3; rv:54.0) Gecko/20100101 Firefox/54.0"
60.15.65.77 - - [09/May/2025:15:04:32 -0400] "GET /backups.zip HTTP/1.1" 500 276 "-" "Mozilla/5.0 (Macintosh; Intel Mac OS X 10_14_1; rv:63.0) Gecko/20100101 Firefox/63.0"
60.15.65.54 - - [09/May/2025:15:04:32 -0400] "GET /dat.sql HTTP/1.1" 500 21 "-" "Mozilla/5.0 (Windows NT 6.0) AppleWebKit/537.36 (KHTML, like Gecko) Chrome/77.0 Safari/537.36 OPR/60.0.3255.170"
60.15.65.56 - - [09/May/2025:15:04:32 -0400] "GET /auth.tar.gz HTTP/1.1" 500 276 "-" "Mozilla/5.0 (Windows NT 10.0; WOW64; rv:60.3.0) Gecko/20100101 Firefox/60.3.0"
60.15.65.53 - - [09/May/2025:15:04:32 -0400] "GET /admin.tar.bz2 HTTP/1.1" 500 276 "-" "Mozilla/5.0 (X11; Linux i686; rv:50.0.2) Gecko/20100101 Firefox/50.0.2"
60.15.65.56 - - [09/May/2025:15:04:32 -0400] "GET /clients.tar HTTP/1.1" 500 276 "-" "Mozilla/5.0 (Macintosh; Intel Mac OS X 10_13_5) AppleWebKit/537.36 (KHTML, like Gecko) Chrome/72.0.3626 Safari/537.36"
60.15.65.54 - - [09/May/2025:15:04:32 -0400] "GET /bin.rar HTTP/1.1" 500 276 "-" "Mozilla/5.0 (Macintosh; Intel Mac OS X 10_14_1; rv:52.1.1) Gecko/20100101 Firefox/52.1.1"
60.15.65.66 - - [09/May/2025:15:04:32 -0400] "GET /2020.jar HTTP/1.1" 500 21 "-" "Mozilla/5.0 (X11; Linux i686; rv:59.0.3) Gecko/20100101 Firefox/59.0.3"
60.15.65.66 - - [09/May/2025:15:04:32 -0400] "GET /auth.rar HTTP/1.1" 500 21 "-" "Mozilla/5.0 (Windows NT 6.2; WOW64; rv:60.0) Gecko/20100101 Firefox/60.0"
60.15.65.63 - - [09/May/2025:15:04:32 -0400] "GET /archive.zip HTTP/1.1" 500 276 "-" "Mozilla/5.0 (X11; Linux i686 on x86_64) AppleWebKit/537.36 (KHTML, like Gecko) Chrome/61.0.3163.98 Safari/537.36"
60.15.65.58 - - [09/May/2025:15:04:32 -0400] "GET /2023.tgz HTTP/1.1" 500 21 "-" "Mozilla/5.0 (Macintosh; Intel Mac OS X 10_13_2; rv:60.0.2) Gecko/20100101 Firefox/60.0.2"
60.15.65.77 - - [09/May/2025:15:04:32 -0400] "GET /2022.gz HTTP/1.1" 500 276 "-" "Mozilla/5.0 (Windows NT 10.0; Win64; x64) AppleWebKit/537.36 (KHTML, like Gecko) Chrome/68.0.3440.75 Safari/537.36 OPR/54.0.2952.64"
60.15.65.56 - - [09/May/2025:15:04:32 -0400] "GET /aspx.sql HTTP/1.1" 500 276 "-" "Mozilla/5.0 (Windows NT 6.0; Win64; x64; rv:57.0.4) Gecko/20100101 Firefox/57.0.4"
60.15.65.66 - - [09/May/2025:15:04:32 -0400] "GET /2023.tar.tgz HTTP/1.1" 500 21 "-" "Mozilla/5.0 (X11; Linux i686) AppleWebKit/537.36 (KHTML, like Gecko) Chrome/68.0.3440.75 Safari/537.36"
60.15.65.52 - - [09/May/2025:15:04:32 -0400] "GET /archive.war HTTP/1.1" 500 21 "-" "Mozilla/5.0 (X11; Linux i686) AppleWebKit/537.36 (KHTML, like Gecko) Chrome/69.0.3497.100 Safari/537.36 OPR/55.0.2994.37"
60.15.65.70 - - [09/May/2025:15:04:32 -0400] "GET /2023.sql HTTP/1.1" 500 21 "-" "Mozilla/5.0 (X11; Linux i686 on x86_64) AppleWebKit/537.36 (KHTML, like Gecko) Chrome/70.0.3538.67 Safari/537.36 OPR/56.0.3051.99"
60.15.65.66 - - [09/May/2025:15:04:32 -0400] "GET /backup.sql.gz HTTP/1.1" 500 21 "-" "Mozilla/5.0 (X11; Linux i686 on x86_64; rv:58.0.2) Gecko/20100101 Firefox/58.0.2"
60.15.65.62 - - [09/May/2025:15:04:32 -0400] "GET /asp.war HTTP/1.1" 500 21 "-" "Mozilla/5.0 (X11; Linux x86_64) AppleWebKit/537.36 (KHTML, like Gecko) Chrome/77.0 Safari/537.36 OPR/58.0.3135.127"
60.15.65.58 - - [09/May/2025:15:04:32 -0400] "GET /clients.sql HTTP/1.1" 500 21 "-" "Mozilla/5.0 (Windows NT 10.0; Win64; x64; rv:58.0) Gecko/20100101 Firefox/58.0"
60.15.65.67 - - [09/May/2025:15:04:32 -0400] "GET /dat.7z HTTP/1.1" 500 276 "-" "Mozilla/5.0 (X11; Linux x86_64; rv:60.5.2) Gecko/20100101 Firefox/60.5.2"
60.15.65.63 - - [09/May/2025:15:04:32 -0400] "GET /2025.tar.bz2 HTTP/1.1" 500 276 "-" "Mozilla/5.0 (Macintosh; Intel Mac OS X 10_11_4) AppleWebKit/537.36 (KHTML, like Gecko) Chrome/64.0.3282.137 Safari/537.36 OPR/50.0.2762.67"
60.15.65.95 - - [09/May/2025:15:04:32 -0400] "GET /backups.tgz HTTP/1.1" 500 276 "-" "Mozilla/5.0 (Windows NT 10.0; WOW64) AppleWebKit/537.36 (KHTML, like Gecko) Chrome/66.0.3359.181 Safari/537.36"
60.15.65.58 - - [09/May/2025:15:04:32 -0400] "GET /2022.sql HTTP/1.1" 500 276 "-" "Mozilla/5.0 (Macintosh; Intel Mac OS X 10_10_2; rv:57.0.4) Gecko/20100101 Firefox/57.0.4"
60.15.65.95 - - [09/May/2025:15:04:32 -0400] "GET /2022.tar.bz2 HTTP/1.1" 500 21 "-" "Mozilla/5.0 (Windows NT 10.0; Win64; x64; rv:60.3.0) Gecko/20100101 Firefox/60.3.0"
221.210.252.132 - - [09/May/2025:15:04:32 -0400] "GET /2021.tar.gz HTTP/1.1" 500 276 "-" "Mozilla/5.0 (Macintosh; Intel Mac OS X 10_10_5) AppleWebKit/537.36 (KHTML, like Gecko) Chrome/75.0.3770 Safari/537.36 OPR/57.0.3098.116"
60.15.65.53 - - [09/May/2025:15:04:32 -0400] "GET /back.sql HTTP/1.1" 500 276 "-" "Mozilla/5.0 (Macintosh; Intel Mac OS X 10_14_2) AppleWebKit/537.36 (KHTML, like Gecko) Chrome/65.0.3325.162 Safari/537.36"
60.15.65.77 - - [09/May/2025:15:04:32 -0400] "GET /2022.sql.gz HTTP/1.1" 500 276 "-" "Mozilla/5.0 (X11; Linux i686; rv:66.0) Gecko/20100101 Firefox/66.0"
60.15.65.84 - - [09/May/2025:15:04:32 -0400] "GET /asp.sql.gz HTTP/1.1" 500 276 "-" "Mozilla/5.0 (Windows NT 6.3) AppleWebKit/537.36 (KHTML, like Gecko) Chrome/71.0.3578.80 Safari/537.36 OPR/56.0.3051.104"
