198.204.226.18 - - [09/May/2025:14:16:05 -0400] "GET /wp-content/install.php HTTP/1.1" 200 10 "http://jenniferflo.com/wp-content/install.php" "Mozilla/5.0 (Windows NT 10.0; Win64; x64) AppleWebKit/537.36 (KHTML, like Gecko) Chrome/58.0.3029.110 Safari/537.3"
198.204.226.18 - - [09/May/2025:14:16:01 -0400] "GET /wp-content/install.php HTTP/1.1" 200 0 "http://jenniferflo.com/wp-content/install.php" "Mozilla/5.0 (Windows NT 10.0; Win64; x64) AppleWebKit/537.36 (KHTML, like Gecko) Chrome/58.0.3029.110 Safari/537.3"
198.204.226.18 - - [09/May/2025:14:16:30 -0400] "GET /wp-content/install.php HTTP/1.1" 200 10 "http://jenniferflo.com/wp-content/install.php" "Mozilla/5.0 (Windows NT 10.0; Win64; x64) AppleWebKit/537.36 (KHTML, like Gecko) Chrome/58.0.3029.110 Safari/537.3"
8.210.10.143 - - [09/May/2025:14:16:53 -0400] "GET /items/yndcd46/923?key=lover HTTP/1.1" 500 271 "-" "Mozilla/5.0 (Macintosh; Intel Mac OS X 10_15_7) AppleWebKit/537.36 (KHTML, like Gecko) Chrome/109.0.0.0 Safari/537.36"
198.204.226.18 - - [09/May/2025:14:17:46 -0400] "GET /wp-content/install.php HTTP/1.1" 200 10 "http://jenniferflo.com/wp-content/install.php" "Mozilla/5.0 (Windows NT 10.0; Win64; x64) AppleWebKit/537.36 (KHTML, like Gecko) Chrome/58.0.3029.110 Safari/537.3"
198.204.226.18 - - [09/May/2025:14:17:43 -0400] "GET /wp-content/install.php HTTP/1.1" 200 0 "http://jenniferflo.com/wp-content/install.php" "Mozilla/5.0 (Windows NT 10.0; Win64; x64) AppleWebKit/537.36 (KHTML, like Gecko) Chrome/58.0.3029.110 Safari/537.3"
198.204.226.18 - - [09/May/2025:14:17:55 -0400] "GET /wp-content/install.php HTTP/1.1" 200 0 "http://jenniferflo.com/wp-content/install.php" "Mozilla/5.0 (Windows NT 10.0; Win64; x64) AppleWebKit/537.36 (KHTML, like Gecko) Chrome/58.0.3029.110 Safari/537.3"
47.238.13.12 - - [09/May/2025:14:18:21 -0400] "GET /celebrity/e154?pid=49382 HTTP/1.1" 500 271 "-" "Mozilla/5.0 (Macintosh; Intel Mac OS X 10_15_7) AppleWebKit/537.36 (KHTML, like Gecko) Chrome/109.0.0.0 Safari/537.36"
47.238.13.17 - - [09/May/2025:14:18:55 -0400] "GET /table/h22?pid=22836 HTTP/1.1" 500 271 "-" "Mozilla/5.0 (Macintosh; Intel Mac OS X 10_15_7) AppleWebKit/537.36 (KHTML, like Gecko) Chrome/109.0.0.0 Safari/537.36"
8.210.11.248 - - [09/May/2025:14:19:09 -0400] "GET /items/pfqaw51/2522?key=its HTTP/1.1" 500 271 "-" "Mozilla/5.0 (Macintosh; Intel Mac OS X 10_15_7) AppleWebKit/537.36 (KHTML, like Gecko) Chrome/109.0.0.0 Safari/537.36"
47.238.13.11 - - [09/May/2025:14:19:16 -0400] "GET /sitemap-subkey-2282.xml HTTP/1.1" 200 100028 "-" "Mozilla/5.0 (Macintosh; Intel Mac OS X 10_15_7) AppleWebKit/537.36 (KHTML, like Gecko) Chrome/109.0.0.0 Safari/537.36"
47.238.13.7 - - [09/May/2025:14:19:40 -0400] "GET /items/xvpfo12/21557?key=distinct HTTP/1.1" 500 271 "-" "Mozilla/5.0 (Macintosh; Intel Mac OS X 10_15_7) AppleWebKit/537.36 (KHTML, like Gecko) Chrome/109.0.0.0 Safari/537.36"
198.204.226.18 - - [09/May/2025:14:19:48 -0400] "GET /wp-content/install.php HTTP/1.1" 200 10 "http://jenniferflo.com/wp-content/install.php" "Mozilla/5.0 (Windows NT 10.0; Win64; x64) AppleWebKit/537.36 (KHTML, like Gecko) Chrome/58.0.3029.110 Safari/537.3"
198.204.226.18 - - [09/May/2025:14:19:45 -0400] "GET /wp-content/install.php HTTP/1.1" 200 0 "http://jenniferflo.com/wp-content/install.php" "Mozilla/5.0 (Windows NT 10.0; Win64; x64) AppleWebKit/537.36 (KHTML, like Gecko) Chrome/58.0.3029.110 Safari/537.3"
198.204.226.18 - - [09/May/2025:14:19:59 -0400] "GET /wp-content/install.php HTTP/1.1" 200 10 "http://jenniferflo.com/wp-content/install.php" "Mozilla/5.0 (Windows NT 10.0; Win64; x64) AppleWebKit/537.36 (KHTML, like Gecko) Chrome/58.0.3029.110 Safari/537.3"
47.238.13.14 - - [09/May/2025:14:20:06 -0400] "GET /items/zgprq70/32577?key=black HTTP/1.1" 500 271 "-" "Mozilla/5.0 (Macintosh; Intel Mac OS X 10_15_7) AppleWebKit/537.36 (KHTML, like Gecko) Chrome/109.0.0.0 Safari/537.36"
47.242.200.220 - - [09/May/2025:14:20:19 -0400] "GET /tourist/w37?pid=573 HTTP/1.1" 500 271 "-" "Mozilla/5.0 (Macintosh; Intel Mac OS X 10_15_7) AppleWebKit/537.36 (KHTML, like Gecko) Chrome/109.0.0.0 Safari/537.36"
47.238.13.10 - - [09/May/2025:14:20:34 -0400] "GET /short-term/y188?pid=42154 HTTP/1.1" 500 271 "-" "Mozilla/5.0 (Macintosh; Intel Mac OS X 10_15_7) AppleWebKit/537.36 (KHTML, like Gecko) Chrome/109.0.0.0 Safari/537.36"
69.197.135.226 - - [09/May/2025:14:20:59 -0400] "GET /wp-includes/install.php HTTP/1.1" 200 10 "http://jenniferflo.com/wp-includes/install.php" "Mozilla/5.0 (Windows NT 10.0; Win64; x64) AppleWebKit/537.36 (KHTML, like Gecko) Chrome/58.0.3029.110 Safari/537.3"
198.204.226.18 - - [09/May/2025:14:21:05 -0400] "GET /wp-content/install.php HTTP/1.1" 200 10 "http://jenniferflo.com/wp-content/install.php" "Mozilla/5.0 (Windows NT 10.0; Win64; x64) AppleWebKit/537.36 (KHTML, like Gecko) Chrome/58.0.3029.110 Safari/537.3"
47.238.13.9 - - [09/May/2025:14:21:23 -0400] "GET /sitemap-subkey-1270.xml HTTP/1.1" 200 101130 "-" "Mozilla/5.0 (Macintosh; Intel Mac OS X 10_15_7) AppleWebKit/537.36 (KHTML, like Gecko) Chrome/109.0.0.0 Safari/537.36"
47.238.13.14 - - [09/May/2025:14:22:06 -0400] "GET /furthermore/j57?pid=37957 HTTP/1.1" 500 271 "-" "Mozilla/5.0 (Macintosh; Intel Mac OS X 10_15_7) AppleWebKit/537.36 (KHTML, like Gecko) Chrome/109.0.0.0 Safari/537.36"
198.204.226.18 - - [09/May/2025:14:22:28 -0400] "GET /wp-content/install.php HTTP/1.1" 200 10 "http://jenniferflo.com/wp-content/install.php" "Mozilla/5.0 (Windows NT 10.0; Win64; x64) AppleWebKit/537.36 (KHTML, like Gecko) Chrome/58.0.3029.110 Safari/537.3"
47.238.13.13 - - [09/May/2025:14:22:35 -0400] "GET /items/zfdms49/938?key=Democrat HTTP/1.1" 500 271 "-" "Mozilla/5.0 (Macintosh; Intel Mac OS X 10_15_7) AppleWebKit/537.36 (KHTML, like Gecko) Chrome/109.0.0.0 Safari/537.36"
47.238.13.4 - - [09/May/2025:14:22:38 -0400] "GET /sitemap-subkey-2693.xml HTTP/1.1" 200 99722 "-" "Mozilla/5.0 (Macintosh; Intel Mac OS X 10_15_7) AppleWebKit/537.36 (KHTML, like Gecko) Chrome/109.0.0.0 Safari/537.36"
47.238.13.18 - - [09/May/2025:14:23:17 -0400] "GET /items/tqxnh99/49978?key=cease HTTP/1.1" 500 271 "-" "Mozilla/5.0 (Macintosh; Intel Mac OS X 10_15_7) AppleWebKit/537.36 (KHTML, like Gecko) Chrome/109.0.0.0 Safari/537.36"
47.238.13.12 - - [09/May/2025:14:23:42 -0400] "GET /items/lfugp30/23431?key=actor HTTP/1.1" 500 271 "-" "Mozilla/5.0 (Macintosh; Intel Mac OS X 10_15_7) AppleWebKit/537.36 (KHTML, like Gecko) Chrome/109.0.0.0 Safari/537.36"
198.204.226.18 - - [09/May/2025:14:24:00 -0400] "GET /wp-content/install.php HTTP/1.1" 200 10 "http://jenniferflo.com/wp-content/install.php" "Mozilla/5.0 (Windows NT 10.0; Win64; x64) AppleWebKit/537.36 (KHTML, like Gecko) Chrome/58.0.3029.110 Safari/537.3"
198.204.226.18 - - [09/May/2025:14:23:57 -0400] "GET /wp-content/install.php HTTP/1.1" 200 0 "http://jenniferflo.com/wp-content/install.php" "Mozilla/5.0 (Windows NT 10.0; Win64; x64) AppleWebKit/537.36 (KHTML, like Gecko) Chrome/58.0.3029.110 Safari/537.3"
198.204.226.18 - - [09/May/2025:14:24:32 -0400] "GET /wp-content/install.php HTTP/1.1" 200 0 "http://jenniferflo.com/wp-content/install.php" "Mozilla/5.0 (Windows NT 10.0; Win64; x64) AppleWebKit/537.36 (KHTML, like Gecko) Chrome/58.0.3029.110 Safari/537.3"
198.204.226.18 - - [09/May/2025:14:25:38 -0400] "GET /wp-content/install.php HTTP/1.1" 200 10 "http://jenniferflo.com/wp-content/install.php" "Mozilla/5.0 (Windows NT 10.0; Win64; x64) AppleWebKit/537.36 (KHTML, like Gecko) Chrome/58.0.3029.110 Safari/537.3"
198.204.226.18 - - [09/May/2025:14:25:35 -0400] "GET /wp-content/install.php HTTP/1.1" 200 0 "http://jenniferflo.com/wp-content/install.php" "Mozilla/5.0 (Windows NT 10.0; Win64; x64) AppleWebKit/537.36 (KHTML, like Gecko) Chrome/58.0.3029.110 Safari/537.3"
47.238.13.11 - - [09/May/2025:14:25:58 -0400] "GET /sitemap-subkey-309.xml HTTP/1.1" 200 99779 "-" "Mozilla/5.0 (Macintosh; Intel Mac OS X 10_15_7) AppleWebKit/537.36 (KHTML, like Gecko) Chrome/109.0.0.0 Safari/537.36"
198.204.226.18 - - [09/May/2025:14:26:45 -0400] "GET /wp-content/install.php HTTP/1.1" 200 10 "http://jenniferflo.com/wp-content/install.php" "Mozilla/5.0 (Windows NT 10.0; Win64; x64) AppleWebKit/537.36 (KHTML, like Gecko) Chrome/58.0.3029.110 Safari/537.3"
198.204.226.18 - - [09/May/2025:14:27:15 -0400] "GET /wp-content/install.php HTTP/1.1" 200 10 "http://jenniferflo.com/wp-content/install.php" "Mozilla/5.0 (Windows NT 10.0; Win64; x64) AppleWebKit/537.36 (KHTML, like Gecko) Chrome/58.0.3029.110 Safari/537.3"
198.204.226.18 - - [09/May/2025:14:27:32 -0400] "GET /wp-content/install.php HTTP/1.1" 200 10 "http://jenniferflo.com/wp-content/install.php" "Mozilla/5.0 (Windows NT 10.0; Win64; x64) AppleWebKit/537.36 (KHTML, like Gecko) Chrome/58.0.3029.110 Safari/537.3"
47.238.13.3 - - [09/May/2025:14:27:36 -0400] "GET /specifically/t6?pid=36382 HTTP/1.1" 500 271 "-" "Mozilla/5.0 (Macintosh; Intel Mac OS X 10_15_7) AppleWebKit/537.36 (KHTML, like Gecko) Chrome/109.0.0.0 Safari/537.36"
47.238.13.3 - - [09/May/2025:14:27:38 -0400] "GET /items/zwfbq18/1851?key=spring HTTP/1.1" 500 271 "-" "Mozilla/5.0 (Macintosh; Intel Mac OS X 10_15_7) AppleWebKit/537.36 (KHTML, like Gecko) Chrome/109.0.0.0 Safari/537.36"
198.204.226.18 - - [09/May/2025:14:27:28 -0400] "GET /wp-content/install.php HTTP/1.1" 200 0 "http://jenniferflo.com/wp-content/install.php" "Mozilla/5.0 (Windows NT 10.0; Win64; x64) AppleWebKit/537.36 (KHTML, like Gecko) Chrome/58.0.3029.110 Safari/537.3"
198.204.226.18 - - [09/May/2025:14:28:07 -0400] "GET /wp-content/install.php HTTP/1.1" 200 10 "http://jenniferflo.com/wp-content/install.php" "Mozilla/5.0 (Windows NT 10.0; Win64; x64) AppleWebKit/537.36 (KHTML, like Gecko) Chrome/58.0.3029.110 Safari/537.3"
198.204.226.18 - - [09/May/2025:14:28:03 -0400] "GET /wp-content/install.php HTTP/1.1" 200 0 "http://jenniferflo.com/wp-content/install.php" "Mozilla/5.0 (Windows NT 10.0; Win64; x64) AppleWebKit/537.36 (KHTML, like Gecko) Chrome/58.0.3029.110 Safari/537.3"
198.204.226.18 - - [09/May/2025:14:28:32 -0400] "GET /wp-content/install.php HTTP/1.1" 200 10 "http://jenniferflo.com/wp-content/install.php" "Mozilla/5.0 (Windows NT 10.0; Win64; x64) AppleWebKit/537.36 (KHTML, like Gecko) Chrome/58.0.3029.110 Safari/537.3"
198.204.226.18 - - [09/May/2025:14:28:27 -0400] "GET /wp-content/install.php HTTP/1.1" 200 0 "http://jenniferflo.com/wp-content/install.php" "Mozilla/5.0 (Windows NT 10.0; Win64; x64) AppleWebKit/537.36 (KHTML, like Gecko) Chrome/58.0.3029.110 Safari/537.3"
47.238.13.16 - - [09/May/2025:14:29:03 -0400] "GET /philosophy/o81?pid=235 HTTP/1.1" 500 271 "-" "Mozilla/5.0 (Macintosh; Intel Mac OS X 10_15_7) AppleWebKit/537.36 (KHTML, like Gecko) Chrome/109.0.0.0 Safari/537.36"
198.204.226.18 - - [09/May/2025:14:29:34 -0400] "GET /wp-content/install.php HTTP/1.1" 200 10 "http://jenniferflo.com/wp-content/install.php" "Mozilla/5.0 (Windows NT 10.0; Win64; x64) AppleWebKit/537.36 (KHTML, like Gecko) Chrome/58.0.3029.110 Safari/537.3"
198.204.226.18 - - [09/May/2025:14:29:31 -0400] "GET /wp-content/install.php HTTP/1.1" 200 0 "http://jenniferflo.com/wp-content/install.php" "Mozilla/5.0 (Windows NT 10.0; Win64; x64) AppleWebKit/537.36 (KHTML, like Gecko) Chrome/58.0.3029.110 Safari/537.3"
198.204.226.18 - - [09/May/2025:14:30:04 -0400] "GET /wp-content/install.php HTTP/1.1" 200 10 "http://jenniferflo.com/wp-content/install.php" "Mozilla/5.0 (Windows NT 10.0; Win64; x64) AppleWebKit/537.36 (KHTML, like Gecko) Chrome/58.0.3029.110 Safari/537.3"
47.238.14.12 - - [09/May/2025:14:30:42 -0400] "GET /pages.php?product/Y86?s=search&l=8870 HTTP/1.1" 200 9820 "-" "Mozilla/5.0 (Macintosh; Intel Mac OS X 10_15_7) AppleWebKit/537.36 (KHTML, like Gecko) Chrome/109.0.0.0 Safari/537.36"
47.238.13.14 - - [09/May/2025:14:30:54 -0400] "GET /sitemap-subkey-3065.xml HTTP/1.1" 200 99331 "-" "Mozilla/5.0 (Macintosh; Intel Mac OS X 10_15_7) AppleWebKit/537.36 (KHTML, like Gecko) Chrome/109.0.0.0 Safari/537.36"
198.204.226.18 - - [09/May/2025:14:31:18 -0400] "GET /wp-content/install.php HTTP/1.1" 200 10 "http://jenniferflo.com/wp-content/install.php" "Mozilla/5.0 (Windows NT 10.0; Win64; x64) AppleWebKit/537.36 (KHTML, like Gecko) Chrome/58.0.3029.110 Safari/537.3"
198.204.226.18 - - [09/May/2025:14:31:14 -0400] "GET /wp-content/install.php HTTP/1.1" 200 0 "http://jenniferflo.com/wp-content/install.php" "Mozilla/5.0 (Windows NT 10.0; Win64; x64) AppleWebKit/537.36 (KHTML, like Gecko) Chrome/58.0.3029.110 Safari/537.3"
8.210.8.206 - - [09/May/2025:14:31:36 -0400] "GET /sitemap-subkey-2246.xml HTTP/1.1" 200 100057 "-" "Mozilla/5.0 (Macintosh; Intel Mac OS X 10_15_7) AppleWebKit/537.36 (KHTML, like Gecko) Chrome/109.0.0.0 Safari/537.36"
47.238.13.12 - - [09/May/2025:14:32:11 -0400] "GET /items/mulop2/11345?key=rim HTTP/1.1" 500 271 "-" "Mozilla/5.0 (Macintosh; Intel Mac OS X 10_15_7) AppleWebKit/537.36 (KHTML, like Gecko) Chrome/109.0.0.0 Safari/537.36"
198.204.226.18 - - [09/May/2025:14:32:11 -0400] "GET /wp-content/install.php HTTP/1.1" 200 10 "http://jenniferflo.com/wp-content/install.php" "Mozilla/5.0 (Windows NT 10.0; Win64; x64) AppleWebKit/537.36 (KHTML, like Gecko) Chrome/58.0.3029.110 Safari/537.3"
47.242.77.69 - - [09/May/2025:14:32:36 -0400] "GET /items/zhxbf36/5489?key=journal HTTP/1.1" 500 271 "-" "Mozilla/5.0 (Macintosh; Intel Mac OS X 10_15_7) AppleWebKit/537.36 (KHTML, like Gecko) Chrome/109.0.0.0 Safari/537.36"
198.204.226.18 - - [09/May/2025:14:33:05 -0400] "GET /wp-content/install.php HTTP/1.1" 200 10 "http://jenniferflo.com/wp-content/install.php" "Mozilla/5.0 (Windows NT 10.0; Win64; x64) AppleWebKit/537.36 (KHTML, like Gecko) Chrome/58.0.3029.110 Safari/537.3"
8.210.8.206 - - [09/May/2025:14:33:05 -0400] "GET /items/cbiom116/24429?key=immediate HTTP/1.1" 500 271 "-" "Mozilla/5.0 (Macintosh; Intel Mac OS X 10_15_7) AppleWebKit/537.36 (KHTML, like Gecko) Chrome/109.0.0.0 Safari/537.36"
198.204.226.18 - - [09/May/2025:14:33:02 -0400] "GET /wp-content/install.php HTTP/1.1" 200 0 "http://jenniferflo.com/wp-content/install.php" "Mozilla/5.0 (Windows NT 10.0; Win64; x64) AppleWebKit/537.36 (KHTML, like Gecko) Chrome/58.0.3029.110 Safari/537.3"
47.238.13.6 - - [09/May/2025:14:34:15 -0400] "GET /items/dvbsu61/10010?key=judicial HTTP/1.1" 500 271 "-" "Mozilla/5.0 (Macintosh; Intel Mac OS X 10_15_7) AppleWebKit/537.36 (KHTML, like Gecko) Chrome/109.0.0.0 Safari/537.36"
47.238.14.12 - - [09/May/2025:14:34:23 -0400] "GET /sitemap-subkey-1453.xml HTTP/1.1" 200 99455 "-" "Mozilla/5.0 (Macintosh; Intel Mac OS X 10_15_7) AppleWebKit/537.36 (KHTML, like Gecko) Chrome/109.0.0.0 Safari/537.36"
198.204.226.18 - - [09/May/2025:14:35:13 -0400] "GET /wp-content/install.php HTTP/1.1" 200 10 "http://jenniferflo.com/wp-content/install.php" "Mozilla/5.0 (Windows NT 10.0; Win64; x64) AppleWebKit/537.36 (KHTML, like Gecko) Chrome/58.0.3029.110 Safari/537.3"
57.141.6.16 - - [09/May/2025:14:35:50 -0400] "GET /?_g=6939272 HTTP/1.1" 500 360 "-" "meta-externalagent/1.1 (+https://developers.facebook.com/docs/sharing/webmasters/crawler)"
198.204.226.18 - - [09/May/2025:14:35:50 -0400] "GET /wp-content/install.php HTTP/1.1" 200 10 "http://jenniferflo.com/wp-content/install.php" "Mozilla/5.0 (Windows NT 10.0; Win64; x64) AppleWebKit/537.36 (KHTML, like Gecko) Chrome/58.0.3029.110 Safari/537.3"
47.238.13.9 - - [09/May/2025:14:36:39 -0400] "GET /weight/x63?pid=14153 HTTP/1.1" 500 271 "-" "Mozilla/5.0 (Macintosh; Intel Mac OS X 10_15_7) AppleWebKit/537.36 (KHTML, like Gecko) Chrome/109.0.0.0 Safari/537.36"
47.238.13.6 - - [09/May/2025:14:36:52 -0400] "GET /sitemap-subkey-1989.xml HTTP/1.1" 200 100338 "-" "Mozilla/5.0 (Macintosh; Intel Mac OS X 10_15_7) AppleWebKit/537.36 (KHTML, like Gecko) Chrome/109.0.0.0 Safari/537.36"
198.204.226.18 - - [09/May/2025:14:36:56 -0400] "GET /wp-content/install.php HTTP/1.1" 200 10 "http://jenniferflo.com/wp-content/install.php" "Mozilla/5.0 (Windows NT 10.0; Win64; x64) AppleWebKit/537.36 (KHTML, like Gecko) Chrome/58.0.3029.110 Safari/537.3"
198.204.226.18 - - [09/May/2025:14:36:53 -0400] "GET /wp-content/install.php HTTP/1.1" 200 0 "http://jenniferflo.com/wp-content/install.php" "Mozilla/5.0 (Windows NT 10.0; Win64; x64) AppleWebKit/537.36 (KHTML, like Gecko) Chrome/58.0.3029.110 Safari/537.3"
198.204.226.18 - - [09/May/2025:14:37:19 -0400] "GET /wp-content/install.php HTTP/1.1" 200 10 "http://jenniferflo.com/wp-content/install.php" "Mozilla/5.0 (Windows NT 10.0; Win64; x64) AppleWebKit/537.36 (KHTML, like Gecko) Chrome/58.0.3029.110 Safari/537.3"
47.242.77.69 - - [09/May/2025:14:37:39 -0400] "GET /apparently/t88?pid=47260 HTTP/1.1" 500 271 "-" "Mozilla/5.0 (Macintosh; Intel Mac OS X 10_15_7) AppleWebKit/537.36 (KHTML, like Gecko) Chrome/109.0.0.0 Safari/537.36"
47.238.13.3 - - [09/May/2025:14:38:12 -0400] "GET /sitemap-subkey-583.xml HTTP/1.1" 200 99061 "-" "Mozilla/5.0 (Macintosh; Intel Mac OS X 10_15_7) AppleWebKit/537.36 (KHTML, like Gecko) Chrome/109.0.0.0 Safari/537.36"
198.204.226.18 - - [09/May/2025:14:38:59 -0400] "GET /wp-content/install.php HTTP/1.1" 200 10 "http://jenniferflo.com/wp-content/install.php" "Mozilla/5.0 (Windows NT 10.0; Win64; x64) AppleWebKit/537.36 (KHTML, like Gecko) Chrome/58.0.3029.110 Safari/537.3"
8.210.15.252 - - [09/May/2025:14:39:03 -0400] "GET /sitemap-subkey-1108.xml HTTP/1.1" 200 100770 "-" "Mozilla/5.0 (Macintosh; Intel Mac OS X 10_15_7) AppleWebKit/537.36 (KHTML, like Gecko) Chrome/109.0.0.0 Safari/537.36"
198.204.226.18 - - [09/May/2025:14:39:15 -0400] "GET /wp-content/install.php HTTP/1.1" 200 10 "http://jenniferflo.com/wp-content/install.php" "Mozilla/5.0 (Windows NT 10.0; Win64; x64) AppleWebKit/537.36 (KHTML, like Gecko) Chrome/58.0.3029.110 Safari/537.3"
198.204.226.18 - - [09/May/2025:14:39:10 -0400] "GET /wp-content/install.php HTTP/1.1" 200 0 "http://jenniferflo.com/wp-content/install.php" "Mozilla/5.0 (Windows NT 10.0; Win64; x64) AppleWebKit/537.36 (KHTML, like Gecko) Chrome/58.0.3029.110 Safari/537.3"
198.204.226.18 - - [09/May/2025:14:39:30 -0400] "GET /wp-content/install.php HTTP/1.1" 200 10 "http://jenniferflo.com/wp-content/install.php" "Mozilla/5.0 (Windows NT 10.0; Win64; x64) AppleWebKit/537.36 (KHTML, like Gecko) Chrome/58.0.3029.110 Safari/537.3"
198.204.226.18 - - [09/May/2025:14:39:26 -0400] "GET /wp-content/install.php HTTP/1.1" 200 0 "http://jenniferflo.com/wp-content/install.php" "Mozilla/5.0 (Windows NT 10.0; Win64; x64) AppleWebKit/537.36 (KHTML, like Gecko) Chrome/58.0.3029.110 Safari/537.3"
47.238.13.11 - - [09/May/2025:14:39:36 -0400] "GET /sitemap-subkey-3084.xml HTTP/1.1" 200 98932 "-" "Mozilla/5.0 (Macintosh; Intel Mac OS X 10_15_7) AppleWebKit/537.36 (KHTML, like Gecko) Chrome/109.0.0.0 Safari/537.36"
47.238.13.0 - - [09/May/2025:14:39:45 -0400] "GET /items/lojga63/1310?key=urban HTTP/1.1" 500 271 "-" "Mozilla/5.0 (Macintosh; Intel Mac OS X 10_15_7) AppleWebKit/537.36 (KHTML, like Gecko) Chrome/109.0.0.0 Safari/537.36"
198.204.226.18 - - [09/May/2025:14:39:46 -0400] "GET /wp-content/install.php HTTP/1.1" 200 10 "http://jenniferflo.com/wp-content/install.php" "Mozilla/5.0 (Windows NT 10.0; Win64; x64) AppleWebKit/537.36 (KHTML, like Gecko) Chrome/58.0.3029.110 Safari/537.3"
204.12.252.98 - - [09/May/2025:14:40:04 -0400] "GET /wp-includes/install.php HTTP/1.1" 200 10 "http://jenniferflo.com/wp-includes/install.php" "Mozilla/5.0 (Windows NT 10.0; Win64; x64) AppleWebKit/537.36 (KHTML, like Gecko) Chrome/58.0.3029.110 Safari/537.3"
47.238.13.12 - - [09/May/2025:14:40:12 -0400] "GET /sitemap-subkey-2070.xml HTTP/1.1" 200 100421 "-" "Mozilla/5.0 (Macintosh; Intel Mac OS X 10_15_7) AppleWebKit/537.36 (KHTML, like Gecko) Chrome/109.0.0.0 Safari/537.36"
47.238.13.9 - - [09/May/2025:14:40:19 -0400] "GET /somebody/z76?pid=738 HTTP/1.1" 500 271 "-" "Mozilla/5.0 (Macintosh; Intel Mac OS X 10_15_7) AppleWebKit/537.36 (KHTML, like Gecko) Chrome/109.0.0.0 Safari/537.36"
47.238.13.2 - - [09/May/2025:14:40:28 -0400] "GET /prevail/l140?pid=42492 HTTP/1.1" 500 271 "-" "Mozilla/5.0 (Macintosh; Intel Mac OS X 10_15_7) AppleWebKit/537.36 (KHTML, like Gecko) Chrome/109.0.0.0 Safari/537.36"
47.238.13.12 - - [09/May/2025:14:40:28 -0400] "GET /items/ilfhf36/35951?key=hour HTTP/1.1" 500 271 "-" "Mozilla/5.0 (Macintosh; Intel Mac OS X 10_15_7) AppleWebKit/537.36 (KHTML, like Gecko) Chrome/109.0.0.0 Safari/537.36"
47.238.13.12 - - [09/May/2025:14:40:40 -0400] "GET /legislator/j152?pid=16928 HTTP/1.1" 500 271 "-" "Mozilla/5.0 (Macintosh; Intel Mac OS X 10_15_7) AppleWebKit/537.36 (KHTML, like Gecko) Chrome/109.0.0.0 Safari/537.36"
8.210.8.206 - - [09/May/2025:14:40:43 -0400] "GET /items/huyzx38/6059?key=treatment HTTP/1.1" 500 271 "-" "Mozilla/5.0 (Macintosh; Intel Mac OS X 10_15_7) AppleWebKit/537.36 (KHTML, like Gecko) Chrome/109.0.0.0 Safari/537.36"
198.204.226.18 - - [09/May/2025:14:40:55 -0400] "GET /wp-content/install.php HTTP/1.1" 200 10 "http://jenniferflo.com/wp-content/install.php" "Mozilla/5.0 (Windows NT 10.0; Win64; x64) AppleWebKit/537.36 (KHTML, like Gecko) Chrome/58.0.3029.110 Safari/537.3"
198.204.226.18 - - [09/May/2025:14:40:52 -0400] "GET /wp-content/install.php HTTP/1.1" 200 0 "http://jenniferflo.com/wp-content/install.php" "Mozilla/5.0 (Windows NT 10.0; Win64; x64) AppleWebKit/537.36 (KHTML, like Gecko) Chrome/58.0.3029.110 Safari/537.3"
198.204.226.18 - - [09/May/2025:14:41:59 -0400] "GET /wp-content/install.php HTTP/1.1" 200 10 "http://jenniferflo.com/wp-content/install.php" "Mozilla/5.0 (Windows NT 10.0; Win64; x64) AppleWebKit/537.36 (KHTML, like Gecko) Chrome/58.0.3029.110 Safari/537.3"
198.204.226.18 - - [09/May/2025:14:41:55 -0400] "GET /wp-content/install.php HTTP/1.1" 200 0 "http://jenniferflo.com/wp-content/install.php" "Mozilla/5.0 (Windows NT 10.0; Win64; x64) AppleWebKit/537.36 (KHTML, like Gecko) Chrome/58.0.3029.110 Safari/537.3"
198.204.226.18 - - [09/May/2025:14:42:55 -0400] "GET /wp-content/install.php HTTP/1.1" 200 10 "http://jenniferflo.com/wp-content/install.php" "Mozilla/5.0 (Windows NT 10.0; Win64; x64) AppleWebKit/537.36 (KHTML, like Gecko) Chrome/58.0.3029.110 Safari/537.3"
198.204.226.18 - - [09/May/2025:14:42:52 -0400] "GET /wp-content/install.php HTTP/1.1" 200 0 "http://jenniferflo.com/wp-content/install.php" "Mozilla/5.0 (Windows NT 10.0; Win64; x64) AppleWebKit/537.36 (KHTML, like Gecko) Chrome/58.0.3029.110 Safari/537.3"
198.204.226.18 - - [09/May/2025:14:43:11 -0400] "GET /wp-content/install.php HTTP/1.1" 200 10 "http://jenniferflo.com/wp-content/install.php" "Mozilla/5.0 (Windows NT 10.0; Win64; x64) AppleWebKit/537.36 (KHTML, like Gecko) Chrome/58.0.3029.110 Safari/537.3"
198.204.226.18 - - [09/May/2025:14:43:08 -0400] "GET /wp-content/install.php HTTP/1.1" 200 0 "http://jenniferflo.com/wp-content/install.php" "Mozilla/5.0 (Windows NT 10.0; Win64; x64) AppleWebKit/537.36 (KHTML, like Gecko) Chrome/58.0.3029.110 Safari/537.3"
47.242.77.69 - - [09/May/2025:14:44:31 -0400] "GET /accuse/x115?pid=22147 HTTP/1.1" 500 271 "-" "Mozilla/5.0 (Macintosh; Intel Mac OS X 10_15_7) AppleWebKit/537.36 (KHTML, like Gecko) Chrome/109.0.0.0 Safari/537.36"
106.227.49.113 - - [09/May/2025:14:45:38 -0400] "GET / HTTP/1.1" 500 271 "-" "Mozilla/5.0 (iPhone; CPU iPhone OS 13_2_3 like Mac OS X) AppleWebKit/605.1.15 (KHTML, like Gecko) Version/13.0.3 Mobile/15E148 Safari/604.1"
198.204.226.18 - - [09/May/2025:14:46:12 -0400] "GET /wp-content/install.php HTTP/1.1" 200 10 "http://jenniferflo.com/wp-content/install.php" "Mozilla/5.0 (Windows NT 10.0; Win64; x64) AppleWebKit/537.36 (KHTML, like Gecko) Chrome/58.0.3029.110 Safari/537.3"
198.204.226.18 - - [09/May/2025:14:46:08 -0400] "GET /wp-content/install.php HTTP/1.1" 200 0 "http://jenniferflo.com/wp-content/install.php" "Mozilla/5.0 (Windows NT 10.0; Win64; x64) AppleWebKit/537.36 (KHTML, like Gecko) Chrome/58.0.3029.110 Safari/537.3"
47.238.13.8 - - [09/May/2025:14:46:23 -0400] "GET /pages.php?product/Q29?s=search&l=38373 HTTP/1.1" 200 10260 "-" "Mozilla/5.0 (Macintosh; Intel Mac OS X 10_15_7) AppleWebKit/537.36 (KHTML, like Gecko) Chrome/109.0.0.0 Safari/537.36"
198.204.226.18 - - [09/May/2025:14:46:26 -0400] "GET /wp-content/install.php HTTP/1.1" 200 10 "http://jenniferflo.com/wp-content/install.php" "Mozilla/5.0 (Windows NT 10.0; Win64; x64) AppleWebKit/537.36 (KHTML, like Gecko) Chrome/58.0.3029.110 Safari/537.3"
198.204.226.18 - - [09/May/2025:14:46:23 -0400] "GET /wp-content/install.php HTTP/1.1" 200 0 "http://jenniferflo.com/wp-content/install.php" "Mozilla/5.0 (Windows NT 10.0; Win64; x64) AppleWebKit/537.36 (KHTML, like Gecko) Chrome/58.0.3029.110 Safari/537.3"
198.204.226.18 - - [09/May/2025:14:46:40 -0400] "GET /wp-content/install.php HTTP/1.1" 200 10 "http://jenniferflo.com/wp-content/install.php" "Mozilla/5.0 (Windows NT 10.0; Win64; x64) AppleWebKit/537.36 (KHTML, like Gecko) Chrome/58.0.3029.110 Safari/537.3"
198.204.226.18 - - [09/May/2025:14:46:36 -0400] "GET /wp-content/install.php HTTP/1.1" 200 0 "http://jenniferflo.com/wp-content/install.php" "Mozilla/5.0 (Windows NT 10.0; Win64; x64) AppleWebKit/537.36 (KHTML, like Gecko) Chrome/58.0.3029.110 Safari/537.3"
198.204.226.18 - - [09/May/2025:14:47:01 -0400] "GET /wp-content/install.php HTTP/1.1" 200 10 "http://jenniferflo.com/wp-content/install.php" "Mozilla/5.0 (Windows NT 10.0; Win64; x64) AppleWebKit/537.36 (KHTML, like Gecko) Chrome/58.0.3029.110 Safari/537.3"
198.204.226.18 - - [09/May/2025:14:46:58 -0400] "GET /wp-content/install.php HTTP/1.1" 200 0 "http://jenniferflo.com/wp-content/install.php" "Mozilla/5.0 (Windows NT 10.0; Win64; x64) AppleWebKit/537.36 (KHTML, like Gecko) Chrome/58.0.3029.110 Safari/537.3"
51.222.253.8 - - [09/May/2025:14:47:33 -0400] "GET /robots.txt HTTP/1.1" 200 107 "-" "Mozilla/5.0 (compatible; AhrefsBot/7.0; +http://ahrefs.com/robot/)"
51.222.253.7 - - [09/May/2025:14:47:34 -0400] "GET /?sitemap496.xml HTTP/1.1" 200 17 "-" "Mozilla/5.0 (compatible; AhrefsBot/7.0; +http://ahrefs.com/robot/)"
8.210.146.98 - - [09/May/2025:14:47:37 -0400] "GET /distinct/l80?pid=182 HTTP/1.1" 500 271 "-" "Mozilla/5.0 (Macintosh; Intel Mac OS X 10_15_7) AppleWebKit/537.36 (KHTML, like Gecko) Chrome/109.0.0.0 Safari/537.36"
198.204.226.18 - - [09/May/2025:14:48:11 -0400] "GET /wp-content/install.php HTTP/1.1" 200 10 "http://jenniferflo.com/wp-content/install.php" "Mozilla/5.0 (Windows NT 10.0; Win64; x64) AppleWebKit/537.36 (KHTML, like Gecko) Chrome/58.0.3029.110 Safari/537.3"
198.204.226.18 - - [09/May/2025:14:48:08 -0400] "GET /wp-content/install.php HTTP/1.1" 200 0 "http://jenniferflo.com/wp-content/install.php" "Mozilla/5.0 (Windows NT 10.0; Win64; x64) AppleWebKit/537.36 (KHTML, like Gecko) Chrome/58.0.3029.110 Safari/537.3"
198.204.226.18 - - [09/May/2025:14:49:15 -0400] "GET /wp-content/install.php HTTP/1.1" 200 10 "http://jenniferflo.com/wp-content/install.php" "Mozilla/5.0 (Windows NT 10.0; Win64; x64) AppleWebKit/537.36 (KHTML, like Gecko) Chrome/58.0.3029.110 Safari/537.3"
198.204.226.18 - - [09/May/2025:14:49:11 -0400] "GET /wp-content/install.php HTTP/1.1" 200 0 "http://jenniferflo.com/wp-content/install.php" "Mozilla/5.0 (Windows NT 10.0; Win64; x64) AppleWebKit/537.36 (KHTML, like Gecko) Chrome/58.0.3029.110 Safari/537.3"
47.238.13.12 - - [09/May/2025:14:49:32 -0400] "GET /summit/t52?pid=1030 HTTP/1.1" 500 271 "-" "Mozilla/5.0 (Macintosh; Intel Mac OS X 10_15_7) AppleWebKit/537.36 (KHTML, like Gecko) Chrome/109.0.0.0 Safari/537.36"
96.8.119.190 - - [09/May/2025:14:49:40 -0400] "GET / HTTP/1.1" 500 360 "-" "-"
83.219.248.170 - - [09/May/2025:14:49:51 -0400] "GET /wp-content/plugins/give/readme.txt HTTP/1.1" 403 1242 "-" "Mozilla/5.0 (Macintosh; Intel Mac OS X 10_8_3) AppleWebKit/537.36 (KHTML, like Gecko) Chrome/52.0.2761.39 Safari/537.36"
83.219.248.170 - - [09/May/2025:14:49:52 -0400] "GET /wp-json/wp/v2/give_forms/ HTTP/1.1" 500 271 "http://jenniferflo.com/wp-content/plugins/give/readme.txt" "Mozilla/5.0 (Macintosh; Intel Mac OS X 10_8_3) AppleWebKit/537.36 (KHTML, like Gecko) Chrome/52.0.2761.39 Safari/537.36"
83.219.248.170 - - [09/May/2025:14:49:53 -0400] "POST /wp-admin/admin-ajax.php HTTP/1.1" 500 271 "http://jenniferflo.com/wp-json/wp/v2/give_forms/" "Mozilla/5.0 (Macintosh; Intel Mac OS X 10_8_3) AppleWebKit/537.36 (KHTML, like Gecko) Chrome/52.0.2761.39 Safari/537.36"
198.204.226.18 - - [09/May/2025:14:50:13 -0400] "GET /wp-content/install.php HTTP/1.1" 200 10 "http://jenniferflo.com/wp-content/install.php" "Mozilla/5.0 (Windows NT 10.0; Win64; x64) AppleWebKit/537.36 (KHTML, like Gecko) Chrome/58.0.3029.110 Safari/537.3"
47.238.13.11 - - [09/May/2025:14:50:21 -0400] "GET /items/rhpjq150/8811?key=slightly HTTP/1.1" 500 271 "-" "Mozilla/5.0 (Macintosh; Intel Mac OS X 10_15_7) AppleWebKit/537.36 (KHTML, like Gecko) Chrome/109.0.0.0 Safari/537.36"
47.238.13.9 - - [09/May/2025:14:51:44 -0400] "GET /sitemap-subkey-1611.xml HTTP/1.1" 200 99816 "-" "Mozilla/5.0 (Macintosh; Intel Mac OS X 10_15_7) AppleWebKit/537.36 (KHTML, like Gecko) Chrome/109.0.0.0 Safari/537.36"
47.243.161.234 - - [09/May/2025:14:52:23 -0400] "GET /items/oyvfh100/21965?key=issue HTTP/1.1" 500 271 "-" "Mozilla/5.0 (Macintosh; Intel Mac OS X 10_15_7) AppleWebKit/537.36 (KHTML, like Gecko) Chrome/109.0.0.0 Safari/537.36"
47.238.13.12 - - [09/May/2025:14:52:46 -0400] "GET /items/twcja141/2930?key=engineering HTTP/1.1" 500 271 "-" "Mozilla/5.0 (Macintosh; Intel Mac OS X 10_15_7) AppleWebKit/537.36 (KHTML, like Gecko) Chrome/109.0.0.0 Safari/537.36"
47.238.13.18 - - [09/May/2025:14:53:11 -0400] "GET /sitemap-subkey-2593.xml HTTP/1.1" 200 99578 "-" "Mozilla/5.0 (Macintosh; Intel Mac OS X 10_15_7) AppleWebKit/537.36 (KHTML, like Gecko) Chrome/109.0.0.0 Safari/537.36"
47.238.13.3 - - [09/May/2025:14:54:11 -0400] "GET /sitemap-subkey-1416.xml HTTP/1.1" 200 100139 "-" "Mozilla/5.0 (Macintosh; Intel Mac OS X 10_15_7) AppleWebKit/537.36 (KHTML, like Gecko) Chrome/109.0.0.0 Safari/537.36"
36.70.254.167 - - [09/May/2025:14:54:58 -0400] "GET /wp-includes/widgets/ HTTP/1.1" 200 42925 "-" "-"
36.70.254.167 - - [09/May/2025:14:54:59 -0400] "POST /wp-includes/widgets/ HTTP/1.1" 200 42925 "-" "-"
36.70.254.167 - - [09/May/2025:14:55:00 -0400] "POST /wp-includes/widgets/ HTTP/1.1" 200 42925 "-" "-"
36.70.254.167 - - [09/May/2025:14:55:01 -0400] "POST /wp-includes/widgets/ HTTP/1.1" 200 42925 "-" "-"
36.70.254.167 - - [09/May/2025:14:55:01 -0400] "POST /wp-includes/widgets/ HTTP/1.1" 200 42925 "-" "-"
36.70.254.167 - - [09/May/2025:14:55:01 -0400] "POST /wp-includes/widgets/ HTTP/1.1" 200 42925 "-" "-"
36.70.254.167 - - [09/May/2025:14:55:02 -0400] "POST /wp-includes/widgets/ HTTP/1.1" 200 42925 "-" "-"
36.70.254.167 - - [09/May/2025:14:55:02 -0400] "POST /wp-includes/widgets/ HTTP/1.1" 200 42925 "-" "-"
36.70.254.167 - - [09/May/2025:14:55:02 -0400] "POST /wp-includes/widgets/ HTTP/1.1" 200 42925 "-" "-"
36.70.254.167 - - [09/May/2025:14:55:03 -0400] "POST /wp-includes/widgets/ HTTP/1.1" 200 42925 "-" "-"
36.70.254.167 - - [09/May/2025:14:55:03 -0400] "POST /wp-includes/widgets/ HTTP/1.1" 200 42925 "-" "-"
36.70.254.167 - - [09/May/2025:14:55:03 -0400] "POST /wp-includes/widgets/ HTTP/1.1" 200 42925 "-" "-"
36.70.254.167 - - [09/May/2025:14:55:04 -0400] "POST /wp-includes/widgets/ HTTP/1.1" 200 42925 "-" "-"
36.70.254.167 - - [09/May/2025:14:55:04 -0400] "POST /wp-includes/widgets/ HTTP/1.1" 200 42925 "-" "-"
36.70.254.167 - - [09/May/2025:14:55:04 -0400] "POST /wp-includes/widgets/ HTTP/1.1" 200 42925 "-" "-"
36.70.254.167 - - [09/May/2025:14:55:05 -0400] "POST /wp-includes/widgets/ HTTP/1.1" 200 42925 "-" "-"
36.70.254.167 - - [09/May/2025:14:55:05 -0400] "POST /wp-includes/widgets/ HTTP/1.1" 200 42925 "-" "-"
36.70.254.167 - - [09/May/2025:14:55:05 -0400] "POST /wp-includes/widgets/ HTTP/1.1" 200 42925 "-" "-"
36.70.254.167 - - [09/May/2025:14:55:05 -0400] "POST /wp-includes/widgets/ HTTP/1.1" 200 42925 "-" "-"
36.70.254.167 - - [09/May/2025:14:55:06 -0400] "POST /wp-includes/widgets/ HTTP/1.1" 200 42925 "-" "-"
36.70.254.167 - - [09/May/2025:14:55:06 -0400] "POST /wp-includes/widgets/ HTTP/1.1" 200 42925 "-" "-"
36.70.254.167 - - [09/May/2025:14:55:06 -0400] "POST /wp-includes/widgets/ HTTP/1.1" 200 42925 "-" "-"
36.70.254.167 - - [09/May/2025:14:55:07 -0400] "POST /wp-includes/widgets/ HTTP/1.1" 200 42925 "-" "-"
36.70.254.167 - - [09/May/2025:14:55:07 -0400] "POST /wp-includes/widgets/ HTTP/1.1" 200 42925 "-" "-"
36.70.254.167 - - [09/May/2025:14:55:07 -0400] "POST /wp-includes/widgets/ HTTP/1.1" 200 42925 "-" "-"
36.70.254.167 - - [09/May/2025:14:55:07 -0400] "POST /wp-includes/widgets/ HTTP/1.1" 200 42925 "-" "-"
36.70.254.167 - - [09/May/2025:14:55:08 -0400] "POST /wp-includes/widgets/ HTTP/1.1" 200 42925 "-" "-"
36.70.254.167 - - [09/May/2025:14:55:08 -0400] "POST /wp-includes/widgets/ HTTP/1.1" 200 42925 "-" "-"
198.204.226.18 - - [09/May/2025:14:55:49 -0400] "GET /wp-content/install.php HTTP/1.1" 200 10 "http://jenniferflo.com/wp-content/install.php" "Mozilla/5.0 (Windows NT 10.0; Win64; x64) AppleWebKit/537.36 (KHTML, like Gecko) Chrome/58.0.3029.110 Safari/537.3"
8.210.11.248 - - [09/May/2025:14:55:55 -0400] "GET /challenge/o58?pid=1062 HTTP/1.1" 500 271 "-" "Mozilla/5.0 (Macintosh; Intel Mac OS X 10_15_7) AppleWebKit/537.36 (KHTML, like Gecko) Chrome/109.0.0.0 Safari/537.36"
171.9.46.16 - - [09/May/2025:14:55:56 -0400] "GET / HTTP/1.1" 500 271 "http://jenniferflo.com/" "Mozilla/5.0 (Windows NT 6.1; WOW64) AppleWebKit/537.36 (KHTML, like Gecko) Chrome/50.0.2661.102 Safari/537.36"
47.238.13.13 - - [09/May/2025:14:56:08 -0400] "GET /sitemap-subkey-2666.xml HTTP/1.1" 200 100549 "-" "Mozilla/5.0 (Macintosh; Intel Mac OS X 10_15_7) AppleWebKit/537.36 (KHTML, like Gecko) Chrome/109.0.0.0 Safari/537.36"
47.238.13.12 - - [09/May/2025:14:56:32 -0400] "GET /items/cizce43/1572?key=fitness HTTP/1.1" 500 271 "-" "Mozilla/5.0 (Macintosh; Intel Mac OS X 10_15_7) AppleWebKit/537.36 (KHTML, like Gecko) Chrome/109.0.0.0 Safari/537.36"
47.238.13.10 - - [09/May/2025:14:56:53 -0400] "GET /sitemap-subkey-1950.xml HTTP/1.1" 200 101249 "-" "Mozilla/5.0 (Macintosh; Intel Mac OS X 10_15_7) AppleWebKit/537.36 (KHTML, like Gecko) Chrome/109.0.0.0 Safari/537.36"
183.199.181.236 - - [09/May/2025:14:56:57 -0400] "GET / HTTP/1.1" 500 275 "http://www.jenniferflo.com/" "Mozilla/5.0 (Windows NT 6.1; WOW64) AppleWebKit/537.36 (KHTML, like Gecko) Chrome/50.0.2661.102 Safari/537.36"
8.210.8.206 - - [09/May/2025:14:57:05 -0400] "GET /sitemap-subkey-338.xml HTTP/1.1" 200 100675 "-" "Mozilla/5.0 (Macintosh; Intel Mac OS X 10_15_7) AppleWebKit/537.36 (KHTML, like Gecko) Chrome/109.0.0.0 Safari/537.36"
8.218.186.1 - - [09/May/2025:14:57:34 -0400] "GET /items/ztbfy139/11504?key=interest HTTP/1.1" 500 271 "-" "Mozilla/5.0 (Macintosh; Intel Mac OS X 10_15_7) AppleWebKit/537.36 (KHTML, like Gecko) Chrome/109.0.0.0 Safari/537.36"
198.204.226.18 - - [09/May/2025:14:57:49 -0400] "GET /wp-content/install.php HTTP/1.1" 200 10 "http://jenniferflo.com/wp-content/install.php" "Mozilla/5.0 (Windows NT 10.0; Win64; x64) AppleWebKit/537.36 (KHTML, like Gecko) Chrome/58.0.3029.110 Safari/537.3"
198.204.226.18 - - [09/May/2025:14:58:29 -0400] "GET /wp-content/install.php HTTP/1.1" 200 10 "http://jenniferflo.com/wp-content/install.php" "Mozilla/5.0 (Windows NT 10.0; Win64; x64) AppleWebKit/537.36 (KHTML, like Gecko) Chrome/58.0.3029.110 Safari/537.3"
54.236.1.13 - - [09/May/2025:14:58:30 -0400] "GET /index.php/study-suggests-new-way-to-prevent-vision-loss-in-diabetics-and-premature-babies/ HTTP/1.1" 500 271 "-" "Mozilla/5.0 (compatible; Pinterestbot/1.0; +http://www.pinterest.com/bot.html)"
208.110.64.178 - - [09/May/2025:15:00:18 -0400] "GET /wp-includes/install.php HTTP/1.1" 200 10 "http://jenniferflo.com/wp-includes/install.php" "Mozilla/5.0 (Windows NT 10.0; Win64; x64) AppleWebKit/537.36 (KHTML, like Gecko) Chrome/58.0.3029.110 Safari/537.3"
198.204.226.18 - - [09/May/2025:15:00:33 -0400] "GET /wp-content/install.php HTTP/1.1" 200 10 "http://jenniferflo.com/wp-content/install.php" "Mozilla/5.0 (Windows NT 10.0; Win64; x64) AppleWebKit/537.36 (KHTML, like Gecko) Chrome/58.0.3029.110 Safari/537.3"
47.238.13.16 - - [09/May/2025:15:00:50 -0400] "GET /compelling/z27?pid=33855 HTTP/1.1" 500 271 "-" "Mozilla/5.0 (Macintosh; Intel Mac OS X 10_15_7) AppleWebKit/537.36 (KHTML, like Gecko) Chrome/109.0.0.0 Safari/537.36"
8.210.152.184 - - [09/May/2025:15:01:09 -0400] "GET /publicity/q6?pid=2582 HTTP/1.1" 500 271 "-" "Mozilla/5.0 (Macintosh; Intel Mac OS X 10_15_7) AppleWebKit/537.36 (KHTML, like Gecko) Chrome/109.0.0.0 Safari/537.36"
47.238.14.12 - - [09/May/2025:15:01:27 -0400] "GET /items/kwdel14/35489?key=available HTTP/1.1" 500 271 "-" "Mozilla/5.0 (Macintosh; Intel Mac OS X 10_15_7) AppleWebKit/537.36 (KHTML, like Gecko) Chrome/109.0.0.0 Safari/537.36"
8.210.11.248 - - [09/May/2025:15:02:37 -0400] "GET /sitemap-subkey-2194.xml HTTP/1.1" 200 100466 "-" "Mozilla/5.0 (Macintosh; Intel Mac OS X 10_15_7) AppleWebKit/537.36 (KHTML, like Gecko) Chrome/109.0.0.0 Safari/537.36"
198.204.226.18 - - [09/May/2025:15:02:41 -0400] "GET /wp-content/install.php HTTP/1.1" 200 10 "http://jenniferflo.com/wp-content/install.php" "Mozilla/5.0 (Windows NT 10.0; Win64; x64) AppleWebKit/537.36 (KHTML, like Gecko) Chrome/58.0.3029.110 Safari/537.3"
198.204.226.18 - - [09/May/2025:15:02:37 -0400] "GET /wp-content/install.php HTTP/1.1" 200 0 "http://jenniferflo.com/wp-content/install.php" "Mozilla/5.0 (Windows NT 10.0; Win64; x64) AppleWebKit/537.36 (KHTML, like Gecko) Chrome/58.0.3029.110 Safari/537.3"
198.204.226.18 - - [09/May/2025:15:03:31 -0400] "GET /wp-content/install.php HTTP/1.1" 200 10 "http://jenniferflo.com/wp-content/install.php" "Mozilla/5.0 (Windows NT 10.0; Win64; x64) AppleWebKit/537.36 (KHTML, like Gecko) Chrome/58.0.3029.110 Safari/537.3"
198.204.226.18 - - [09/May/2025:15:03:28 -0400] "GET /wp-content/install.php HTTP/1.1" 200 0 "http://jenniferflo.com/wp-content/install.php" "Mozilla/5.0 (Windows NT 10.0; Win64; x64) AppleWebKit/537.36 (KHTML, like Gecko) Chrome/58.0.3029.110 Safari/537.3"
198.204.226.18 - - [09/May/2025:15:03:57 -0400] "GET /wp-content/install.php HTTP/1.1" 200 10 "http://jenniferflo.com/wp-content/install.php" "Mozilla/5.0 (Windows NT 10.0; Win64; x64) AppleWebKit/537.36 (KHTML, like Gecko) Chrome/58.0.3029.110 Safari/537.3"
198.204.226.18 - - [09/May/2025:15:03:53 -0400] "GET /wp-content/install.php HTTP/1.1" 200 0 "http://jenniferflo.com/wp-content/install.php" "Mozilla/5.0 (Windows NT 10.0; Win64; x64) AppleWebKit/537.36 (KHTML, like Gecko) Chrome/58.0.3029.110 Safari/537.3"
198.204.226.18 - - [09/May/2025:15:04:21 -0400] "GET /wp-content/install.php HTTP/1.1" 200 10 "http://jenniferflo.com/wp-content/install.php" "Mozilla/5.0 (Windows NT 10.0; Win64; x64) AppleWebKit/537.36 (KHTML, like Gecko) Chrome/58.0.3029.110 Safari/537.3"
198.204.226.18 - - [09/May/2025:15:04:18 -0400] "GET /wp-content/install.php HTTP/1.1" 200 0 "http://jenniferflo.com/wp-content/install.php" "Mozilla/5.0 (Windows NT 10.0; Win64; x64) AppleWebKit/537.36 (KHTML, like Gecko) Chrome/58.0.3029.110 Safari/537.3"
60.15.65.77 - - [09/May/2025:15:04:32 -0400] "GET /2011.rar HTTP/1.1" 500 276 "-" "Mozilla/5.0 (Macintosh; Intel Mac OS X 10_13_6; rv:52.9.0) Gecko/20100101 Firefox/52.9.0"
60.15.65.62 - - [09/May/2025:15:04:32 -0400] "GET /1.zip HTTP/1.1" 500 21 "-" "Mozilla/5.0 (X11; Linux i686; rv:52.5.0) Gecko/20100101 Firefox/52.5.0"
60.15.65.65 - - [09/May/2025:15:04:32 -0400] "GET /1.bak HTTP/1.1" 500 21 "-" "Mozilla/5.0 (Windows NT 6.3; WOW64) AppleWebKit/537.36 (KHTML, like Gecko) Chrome/73.0.3683 Safari/537.36 OPR/57.0.3098.91"
60.15.65.65 - - [09/May/2025:15:04:32 -0400] "GET /2011.sql HTTP/1.1" 500 21 "-" "Mozilla/5.0 (Macintosh; Intel Mac OS X 10_14_1) AppleWebKit/537.36 (KHTML, like Gecko) Chrome/64.0.3282.140 Safari/537.36 OPR/50.0.2762.58"
60.15.65.62 - - [09/May/2025:15:04:32 -0400] "GET /2010.tar.tgz HTTP/1.1" 500 21 "-" "Mozilla/5.0 (Macintosh; Intel Mac OS X 10_12_2) AppleWebKit/537.36 (KHTML, like Gecko) Chrome/67.0.3396.99 Safari/537.36 OPR/54.0.2952.64"
60.15.65.64 - - [09/May/2025:15:04:32 -0400] "GET /2011.7z HTTP/1.1" 500 21 "-" "Mozilla/5.0 (Windows NT 10.0; Win64; x64; rv:66.0.3) Gecko/20100101 Firefox/66.0.3"
60.15.65.84 - - [09/May/2025:15:04:32 -0400] "GET /2011.sql.gz HTTP/1.1" 500 21 "-" "Mozilla/5.0 (X11; Linux x86_64) AppleWebKit/537.36 (KHTML, like Gecko) Chrome/64.0.3282.186 Safari/537.36"
60.15.65.54 - - [09/May/2025:15:04:32 -0400] "GET /1.tar.gz HTTP/1.1" 500 21 "-" "Mozilla/5.0 (Windows NT 10.0; Win64; x64) AppleWebKit/537.36 (KHTML, like Gecko) Chrome/67.0.3396.62 Safari/537.36"
60.15.65.67 - - [09/May/2025:15:04:32 -0400] "GET /2010.war HTTP/1.1" 500 21 "-" "Mozilla/5.0 (Macintosh; Intel Mac OS X 10_11_2) AppleWebKit/537.36 (KHTML, like Gecko) Chrome/67.0.3396.99 Safari/537.36"
60.15.65.54 - - [09/May/2025:15:04:32 -0400] "GET /2018.tgz HTTP/1.1" 500 21 "-" "Mozilla/5.0 (Windows NT 10.0; Win64; x64; rv:54.0.1) Gecko/20100101 Firefox/54.0.1"
60.15.65.54 - - [09/May/2025:15:04:32 -0400] "GET /127.0.0.1.sql.gz HTTP/1.1" 500 21 "-" "Mozilla/5.0 (Windows NT 10.0; Win64; x64) AppleWebKit/537.36 (KHTML, like Gecko) Chrome/66.0.3359.170 Safari/537.36 OPR/52.0.2871.64"
60.15.65.54 - - [09/May/2025:15:04:32 -0400] "GET /2014.tgz HTTP/1.1" 500 21 "-" "Mozilla/5.0 (Windows NT 10.0; WOW64) AppleWebKit/537.36 (KHTML, like Gecko) Chrome/70.0.3538.102 Safari/537.36"
60.15.65.67 - - [09/May/2025:15:04:32 -0400] "GET /2012.rar HTTP/1.1" 500 276 "-" "Mozilla/5.0 (Macintosh; Intel Mac OS X 10_12_5) AppleWebKit/537.36 (KHTML, like Gecko) Chrome/66.0.3359.117 Safari/537.36 OPR/53.0.2907.99"
60.15.65.65 - - [09/May/2025:15:04:32 -0400] "GET /2010.tar.gz HTTP/1.1" 500 276 "-" "Mozilla/5.0 (Windows NT 10.0; WOW64) AppleWebKit/537.36 (KHTML, like Gecko) Chrome/70.0.3538.67 Safari/537.36"
60.15.65.84 - - [09/May/2025:15:04:32 -0400] "GET /2012.tgz HTTP/1.1" 500 276 "-" "Mozilla/5.0 (Macintosh; Intel Mac OS X 10_14_2) AppleWebKit/537.36 (KHTML, like Gecko) Chrome/70.0.3538.67 Safari/537.36 OPR/56.0.3051.99"
60.15.65.54 - - [09/May/2025:15:04:32 -0400] "GET /2017.zip HTTP/1.1" 500 276 "-" "Mozilla/5.0 (Windows NT 10.0; Win64; x64) AppleWebKit/537.36 (KHTML, like Gecko) Chrome/70.0.3538.110 Safari/537.36"
60.15.65.52 - - [09/May/2025:15:04:32 -0400] "GET /2017.7z HTTP/1.1" 500 276 "-" "Mozilla/5.0 (Macintosh; Intel Mac OS X 10_13_1) AppleWebKit/537.36 (KHTML, like Gecko) Chrome/77.0 Safari/537.36"
60.15.65.53 - - [09/May/2025:15:04:32 -0400] "GET /2011.tgz HTTP/1.1" 500 276 "-" "Mozilla/5.0 (Windows NT 6.1; Win64; x64) AppleWebKit/537.36 (KHTML, like Gecko) Chrome/67.0.3396.99 Safari/537.36 OPR/54.0.2952.64"
60.15.65.67 - - [09/May/2025:15:04:32 -0400] "GET /1.tar HTTP/1.1" 500 276 "-" "Mozilla/5.0 (Windows NT 6.2; Win64; x64) AppleWebKit/537.36 (KHTML, like Gecko) Chrome/77.0 Safari/537.36"
60.15.65.63 - - [09/May/2025:15:04:32 -0400] "GET /2011.zip HTTP/1.1" 500 276 "-" "Mozilla/5.0 (X11; Linux x86_64; rv:55.0.1) Gecko/20100101 Firefox/55.0.1"
60.15.65.52 - - [09/May/2025:15:04:32 -0400] "GET /2014.sql HTTP/1.1" 500 276 "-" "Mozilla/5.0 (Macintosh; Intel Mac OS X 10_12_1) AppleWebKit/537.36 (KHTML, like Gecko) Chrome/66.0.3359.158 Safari/537.36 OPR/52.0.2871.99"
60.15.65.52 - - [09/May/2025:15:04:32 -0400] "GET /2013.sql HTTP/1.1" 500 21 "-" "Mozilla/5.0 (Windows NT 10.0; WOW64) AppleWebKit/537.36 (KHTML, like Gecko) Chrome/65.0.3325.109 Safari/537.36"
60.15.65.84 - - [09/May/2025:15:04:32 -0400] "GET /127.0.0.1.sql HTTP/1.1" 500 276 "-" "Mozilla/5.0 (Macintosh; Intel Mac OS X 10_13_1) AppleWebKit/537.36 (KHTML, like Gecko) Chrome/66.0.3359.158 Safari/537.36"
60.15.65.54 - - [09/May/2025:15:04:32 -0400] "GET /2013.7z HTTP/1.1" 500 21 "-" "Mozilla/5.0 (Macintosh; Intel Mac OS X 10_13_2; rv:66.0.3) Gecko/20100101 Firefox/66.0.3"
60.15.65.54 - - [09/May/2025:15:04:32 -0400] "GET /2019.bak HTTP/1.1" 500 21 "-" "Mozilla/5.0 (X11; Linux i686 on x86_64) AppleWebKit/537.36 (KHTML, like Gecko) Chrome/66.0.3359.181 Safari/537.36 OPR/53.0.2907.110"
60.15.65.55 - - [09/May/2025:15:04:32 -0400] "GET /2017.rar HTTP/1.1" 500 21 "-" "Mozilla/5.0 (X11; Linux x86_64) AppleWebKit/537.36 (KHTML, like Gecko) Chrome/72.0.3626 Safari/537.36"
60.15.65.95 - - [09/May/2025:15:04:32 -0400] "GET /2012.gz HTTP/1.1" 500 276 "-" "Mozilla/5.0 (Macintosh; Intel Mac OS X 10_14_2; rv:51.0.1) Gecko/20100101 Firefox/51.0.1"
60.15.65.54 - - [09/May/2025:15:04:32 -0400] "GET /2017.tgz HTTP/1.1" 500 21 "-" "Mozilla/5.0 (X11; Linux i686; rv:54.0.1) Gecko/20100101 Firefox/54.0.1"
60.15.65.53 - - [09/May/2025:15:04:32 -0400] "GET /2015.jar HTTP/1.1" 500 276 "-" "Mozilla/5.0 (X11; Linux i686 on x86_64) AppleWebKit/537.36 (KHTML, like Gecko) Chrome/63.0.3239.132 Safari/537.36"
60.15.65.77 - - [09/May/2025:15:04:32 -0400] "GET /2016.rar HTTP/1.1" 500 276 "-" "Mozilla/5.0 (Windows NT 6.3; Win64; x64) AppleWebKit/537.36 (KHTML, like Gecko) Chrome/63.0.3239.132 Safari/537.36"
60.15.65.53 - - [09/May/2025:15:04:32 -0400] "GET /1.rar HTTP/1.1" 500 276 "-" "Mozilla/5.0 (Macintosh; Intel Mac OS X 10_10_1) AppleWebKit/537.36 (KHTML, like Gecko) Chrome/70.0.3538.102 Safari/537.36"
60.15.65.64 - - [09/May/2025:15:04:32 -0400] "GET /2013.tar HTTP/1.1" 500 276 "-" "Mozilla/5.0 (X11; Linux i686) AppleWebKit/537.36 (KHTML, like Gecko) Chrome/70.0.3538.77 Safari/537.36 OPR/56.0.3051.43"
60.15.65.65 - - [09/May/2025:15:04:32 -0400] "GET /2016.tar HTTP/1.1" 500 276 "-" "Mozilla/5.0 (Windows NT 6.0) AppleWebKit/537.36 (KHTML, like Gecko) Chrome/66.0.3359.181 Safari/537.36 OPR/53.0.2907.110"
60.15.65.54 - - [09/May/2025:15:04:32 -0400] "GET /2014.tar HTTP/1.1" 500 276 "-" "Mozilla/5.0 (Windows NT 10.0; WOW64) AppleWebKit/537.36 (KHTML, like Gecko) Chrome/67.0.3396.87 Safari/537.36 OPR/54.0.2952.54"
60.15.65.64 - - [09/May/2025:15:04:32 -0400] "GET /media.tar HTTP/1.1" 500 276 "-" "Mozilla/5.0 (Windows NT 6.2; Win64; x64; rv:60.0) Gecko/20100101 Firefox/60.0"
60.15.65.55 - - [09/May/2025:15:04:32 -0400] "GET /2014.zip HTTP/1.1" 500 276 "-" "Mozilla/5.0 (Macintosh; Intel Mac OS X 10_10_5; rv:59.0.2) Gecko/20100101 Firefox/59.0.2"
60.15.65.95 - - [09/May/2025:15:04:32 -0400] "GET /127.0.0.1.zip HTTP/1.1" 500 21 "-" "Mozilla/5.0 (Macintosh; Intel Mac OS X 10_13_1; rv:63.0.3) Gecko/20100101 Firefox/63.0.3"
60.15.65.67 - - [09/May/2025:15:04:32 -0400] "GET /2014.rar HTTP/1.1" 500 276 "-" "Mozilla/5.0 (Windows NT 6.1; WOW64; rv:53.0) Gecko/20100101 Firefox/53.0"
60.15.65.52 - - [09/May/2025:15:04:32 -0400] "GET /2013.tar.gz HTTP/1.1" 500 276 "-" "Mozilla/5.0 (Macintosh; Intel Mac OS X 10_10_1) AppleWebKit/537.36 (KHTML, like Gecko) Chrome/61.0.3163.100 Safari/537.36"
60.15.65.64 - - [09/May/2025:15:04:32 -0400] "GET /2013.zip HTTP/1.1" 500 276 "-" "Mozilla/5.0 (Macintosh; Intel Mac OS X 10_10_5) AppleWebKit/537.36 (KHTML, like Gecko) Chrome/75.0.3770 Safari/537.36 OPR/57.0.3098.116"
60.15.65.95 - - [09/May/2025:15:04:32 -0400] "GET /2015.tar.gz HTTP/1.1" 500 276 "-" "Mozilla/5.0 (X11; Linux i686) AppleWebKit/537.36 (KHTML, like Gecko) Chrome/63.0.3239.84 Safari/537.36"
60.15.65.81 - - [09/May/2025:15:04:32 -0400] "GET /2015.tar.tgz HTTP/1.1" 500 276 "-" "Mozilla/5.0 (Windows NT 6.0) AppleWebKit/537.36 (KHTML, like Gecko) Chrome/70.0.3538.80 Safari/537.36"
60.15.65.52 - - [09/May/2025:15:04:32 -0400] "GET /127.0.0.1.tar.gz HTTP/1.1" 500 276 "-" "Mozilla/5.0 (Windows NT 10.0; Win64; x64) AppleWebKit/537.36 (KHTML, like Gecko) Chrome/63.0.3239.83 Safari/537.36"
60.15.65.77 - - [09/May/2025:15:04:32 -0400] "GET /2016.tgz HTTP/1.1" 500 276 "-" "Mozilla/5.0 (Windows NT 6.2; Win64; x64; rv:52.0.1) Gecko/20100101 Firefox/52.0.1"
60.15.65.81 - - [09/May/2025:15:04:32 -0400] "GET /2016.tar.tgz HTTP/1.1" 500 276 "-" "Mozilla/5.0 (X11; Linux x86_64) AppleWebKit/537.36 (KHTML, like Gecko) Chrome/65.0.3325.181 Safari/537.36"
60.15.65.84 - - [09/May/2025:15:04:32 -0400] "GET /2014.tar.gz HTTP/1.1" 500 276 "-" "Mozilla/5.0 (Windows NT 10.0; Win64; x64) AppleWebKit/537.36 (KHTML, like Gecko) Chrome/68.0.3440.1805 Safari/537.36 OPR/54.0.2952.51"
60.15.65.67 - - [09/May/2025:15:04:32 -0400] "GET /2011.tar HTTP/1.1" 500 276 "-" "Mozilla/5.0 (Macintosh; Intel Mac OS X 10_11_5; rv:57.0) Gecko/20100101 Firefox/57.0"
60.15.65.63 - - [09/May/2025:15:04:32 -0400] "GET /2010.tar HTTP/1.1" 500 276 "-" "Mozilla/5.0 (Windows NT 10.0; WOW64; rv:61.0.1) Gecko/20100101 Firefox/61.0.1"
60.15.65.52 - - [09/May/2025:15:04:32 -0400] "GET /2010.tgz HTTP/1.1" 500 276 "-" "Mozilla/5.0 (Macintosh; Intel Mac OS X 10_13_2) AppleWebKit/537.36 (KHTML, like Gecko) Chrome/76.0.3809 Safari/537.36 OPR/58.0.3135.107"
60.15.65.65 - - [09/May/2025:15:04:32 -0400] "GET /2010.sql HTTP/1.1" 500 21 "-" "Mozilla/5.0 (Macintosh; Intel Mac OS X 10_12_1; rv:60.0) Gecko/20100101 Firefox/60.0"
60.15.65.64 - - [09/May/2025:15:04:32 -0400] "GET /2012.tar HTTP/1.1" 500 276 "-" "Mozilla/5.0 (X11; Linux x86_64) AppleWebKit/537.36 (KHTML, like Gecko) Chrome/68.0.3440.84 Safari/537.36 OPR/54.0.2952.71"
60.15.65.55 - - [09/May/2025:15:04:32 -0400] "GET /2014.7z HTTP/1.1" 500 21 "-" "Mozilla/5.0 (X11; Linux x86_64) AppleWebKit/537.36 (KHTML, like Gecko) Chrome/64.0.3282.140 Safari/537.36"
60.15.65.95 - - [09/May/2025:15:04:32 -0400] "GET /2017.bak HTTP/1.1" 500 276 "-" "Mozilla/5.0 (Windows NT 10.0; WOW64) AppleWebKit/537.36 (KHTML, like Gecko) Chrome/65.0.3325.181 Safari/537.36 OPR/52.0.2871.40"
60.15.65.95 - - [09/May/2025:15:04:32 -0400] "GET /2013.rar HTTP/1.1" 500 276 "-" "Mozilla/5.0 (Windows NT 10.0; Win64; x64) AppleWebKit/537.36 (KHTML, like Gecko) Chrome/63.0.3239.84 Safari/537.36"
60.15.65.54 - - [09/May/2025:15:04:32 -0400] "GET /2025.zip HTTP/1.1" 500 276 "-" "Mozilla/5.0 (Windows NT 6.2) AppleWebKit/537.36 (KHTML, like Gecko) Chrome/65.0.3325.181 Safari/537.36"
60.15.65.62 - - [09/May/2025:15:04:32 -0400] "GET /2019.jar HTTP/1.1" 500 276 "-" "Mozilla/5.0 (X11; Linux i686; rv:52.7.4) Gecko/20100101 Firefox/52.7.4"
60.15.65.55 - - [09/May/2025:15:04:32 -0400] "GET /2012.tar.bz2 HTTP/1.1" 500 276 "-" "Mozilla/5.0 (Macintosh; Intel Mac OS X 10_11_6) AppleWebKit/537.36 (KHTML, like Gecko) Chrome/62.0.3202.84 Safari/537.36"
