18.220.147.154 - - [10/May/2025:00:38:25 -0400] "GET /wp-content/uploads/2023/03/GermanStudy-300x300.jpg HTTP/2" 403 1242 "-" "Mozilla/5.0 AppleWebKit/537.36 (KHTML, like Gecko; compatible; ClaudeBot/1.0; +claudebot@anthropic.com)"
198.204.224.34 - - [10/May/2025:00:38:15 -0400] "GET /wp-content/install.php HTTP/1.1" 200 0 "https://jenniferflo.com/wp-content/install.php" "Mozilla/5.0 (Windows NT 10.0; Win64; x64) AppleWebKit/537.36 (KHTML, like Gecko) Chrome/58.0.3029.110 Safari/537.3"
198.204.226.18 - - [10/May/2025:00:38:36 -0400] "GET /wp-content/install.php?id=405334 HTTP/1.1" 200 0 "https://jenniferflo.com/wp-content/install.php?id=405334" "Mozilla/5.0 (Windows NT 10.0; Win64; x64) AppleWebKit/537.36 (KHTML, like Gecko) Chrome/58.0.3029.110 Safari/537.3"
57.141.6.2 - - [10/May/2025:00:38:56 -0400] "GET /?_g=15027049 HTTP/2" 500 360 "-" "meta-externalagent/1.1 (+https://developers.facebook.com/docs/sharing/webmasters/crawler)"
52.167.144.145 - - [10/May/2025:00:40:58 -0400] "GET /merchandises/1183309036.shtml HTTP/2" 200 17 "-" "Mozilla/5.0 AppleWebKit/537.36 (KHTML, like Gecko; compatible; bingbot/2.0; +http://www.bing.com/bingbot.htm) Chrome/116.0.1938.76 Safari/537.36"
52.167.144.204 - - [10/May/2025:00:41:00 -0400] "GET /item/1194227041.shtm HTTP/2" 200 17 "-" "Mozilla/5.0 AppleWebKit/537.36 (KHTML, like Gecko; compatible; bingbot/2.0; +http://www.bing.com/bingbot.htm) Chrome/116.0.1938.76 Safari/537.36"
198.204.224.34 - - [10/May/2025:00:41:20 -0400] "GET /wp-content/install.php HTTP/1.1" 200 10 "https://jenniferflo.com/wp-content/install.php" "Mozilla/5.0 (Windows NT 10.0; Win64; x64) AppleWebKit/537.36 (KHTML, like Gecko) Chrome/58.0.3029.110 Safari/537.3"
3.14.249.33 - - [10/May/2025:00:42:26 -0400] "GET /wp-includes/Text/Diff/Renderer/inline.php HTTP/2" 403 1242 "-" "Mozilla/5.0 AppleWebKit/537.36 (KHTML, like Gecko; compatible; ClaudeBot/1.0; +claudebot@anthropic.com)"
66.249.64.105 - - [10/May/2025:00:43:38 -0400] "GET /?_g=8344261 HTTP/1.1" 200 81764 "-" "Mozilla/5.0 (Linux; Android 6.0.1; Nexus 5X Build/MMB29P) AppleWebKit/537.36 (KHTML, like Gecko) Chrome/136.0.7103.92 Mobile Safari/537.36 (compatible; Googlebot/2.1; +http://www.google.com/bot.html)"
198.204.224.34 - - [10/May/2025:00:44:31 -0400] "GET /wp-content/install.php HTTP/1.1" 200 10 "https://jenniferflo.com/wp-content/install.php" "Mozilla/5.0 (Windows NT 10.0; Win64; x64) AppleWebKit/537.36 (KHTML, like Gecko) Chrome/58.0.3029.110 Safari/537.3"
66.249.64.105 - - [10/May/2025:00:44:32 -0400] "GET /?pcmypage?callback=/product/detail/51853120 HTTP/1.1" 200 81617 "-" "Mozilla/5.0 (Linux; Android 6.0.1; Nexus 5X Build/MMB29P) AppleWebKit/537.36 (KHTML, like Gecko) Chrome/136.0.7103.59 Mobile Safari/537.36 (compatible; Googlebot/2.1; +http://www.google.com/bot.html)"
198.204.224.34 - - [10/May/2025:00:44:25 -0400] "GET /wp-content/install.php HTTP/1.1" 200 0 "https://jenniferflo.com/wp-content/install.php" "Mozilla/5.0 (Windows NT 10.0; Win64; x64) AppleWebKit/537.36 (KHTML, like Gecko) Chrome/58.0.3029.110 Safari/537.3"
52.167.144.145 - - [10/May/2025:00:44:37 -0400] "GET /merchandises/1121440794.shtml HTTP/2" 200 17 "-" "Mozilla/5.0 AppleWebKit/537.36 (KHTML, like Gecko; compatible; bingbot/2.0; +http://www.bing.com/bingbot.htm) Chrome/116.0.1938.76 Safari/537.36"
198.204.226.18 - - [10/May/2025:00:46:14 -0400] "GET /wp-content/install.php?id=405334 HTTP/1.1" 200 10 "https://jenniferflo.com/wp-content/install.php?id=405334" "Mozilla/5.0 (Windows NT 10.0; Win64; x64) AppleWebKit/537.36 (KHTML, like Gecko) Chrome/58.0.3029.110 Safari/537.3"
3.146.221.49 - - [10/May/2025:00:46:26 -0400] "GET /wp-includes/SimplePie/src/XML/Declaration HTTP/2" 301 795 "-" "Mozilla/5.0 AppleWebKit/537.36 (KHTML, like Gecko; compatible; ClaudeBot/1.0; +claudebot@anthropic.com)"
3.146.221.49 - - [10/May/2025:00:46:26 -0400] "GET /wp-includes/SimplePie/src/XML/Declaration/ HTTP/2" 200 643 "https://jenniferflo.com/wp-includes/SimplePie/src/XML/Declaration" "Mozilla/5.0 AppleWebKit/537.36 (KHTML, like Gecko; compatible; ClaudeBot/1.0; +claudebot@anthropic.com)"
198.204.224.34 - - [10/May/2025:00:47:29 -0400] "GET /wp-content/install.php HTTP/1.1" 200 10 "https://jenniferflo.com/wp-content/install.php" "Mozilla/5.0 (Windows NT 10.0; Win64; x64) AppleWebKit/537.36 (KHTML, like Gecko) Chrome/58.0.3029.110 Safari/537.3"
205.210.31.143 - - [10/May/2025:00:47:57 -0400] "GET / HTTP/1.1" 500 360 "-" "-"
52.167.144.235 - - [10/May/2025:00:48:21 -0400] "GET /rehypothecate/1152871462 HTTP/2" 200 17 "-" "Mozilla/5.0 AppleWebKit/537.36 (KHTML, like Gecko; compatible; bingbot/2.0; +http://www.bing.com/bingbot.htm) Chrome/116.0.1938.76 Safari/537.36"
66.249.64.105 - - [10/May/2025:00:48:24 -0400] "GET /?_g=29678383 HTTP/1.1" 200 81665 "-" "Mozilla/5.0 (Linux; Android 6.0.1; Nexus 5X Build/MMB29P) AppleWebKit/537.36 (KHTML, like Gecko) Chrome/136.0.7103.59 Mobile Safari/537.36 (compatible; Googlebot/2.1; +http://www.google.com/bot.html)"
198.204.224.34 - - [10/May/2025:00:50:35 -0400] "GET /wp-content/install.php HTTP/1.1" 200 10 "https://jenniferflo.com/wp-content/install.php" "Mozilla/5.0 (Windows NT 10.0; Win64; x64) AppleWebKit/537.36 (KHTML, like Gecko) Chrome/58.0.3029.110 Safari/537.3"
3.145.188.159 - - [10/May/2025:00:51:36 -0400] "GET /robots.txt HTTP/2" 200 107 "-" "Mozilla/5.0 AppleWebKit/537.36 (KHTML, like Gecko; compatible; ClaudeBot/1.0; +claudebot@anthropic.com)"
3.145.188.159 - - [10/May/2025:00:51:36 -0400] "GET /wp-content/uploads/2023/02/Does-Drinking-Collagen-Powder-1-1536x865.png HTTP/2" 403 1242 "-" "Mozilla/5.0 AppleWebKit/537.36 (KHTML, like Gecko; compatible; ClaudeBot/1.0; +claudebot@anthropic.com)"
3.145.188.159 - - [10/May/2025:00:51:36 -0400] "GET /wp-content/uploads/2023/02/DrySkinPrescriptionsfeatimage-768x448.png HTTP/2" 403 1242 "-" "Mozilla/5.0 AppleWebKit/537.36 (KHTML, like Gecko; compatible; ClaudeBot/1.0; +claudebot@anthropic.com)"
3.145.188.159 - - [10/May/2025:00:51:36 -0400] "GET /wp-content/uploads/2023/03/GermanStudy-1-150x150.jpg HTTP/2" 403 1242 "-" "Mozilla/5.0 AppleWebKit/537.36 (KHTML, like Gecko; compatible; ClaudeBot/1.0; +claudebot@anthropic.com)"
198.204.224.34 - - [10/May/2025:00:53:39 -0400] "GET /wp-content/install.php HTTP/1.1" 200 10 "https://jenniferflo.com/wp-content/install.php" "Mozilla/5.0 (Windows NT 10.0; Win64; x64) AppleWebKit/537.36 (KHTML, like Gecko) Chrome/58.0.3029.110 Safari/537.3"
52.167.144.223 - - [10/May/2025:00:53:50 -0400] "GET /merchandises/1131713035.shtml HTTP/2" 200 17 "-" "Mozilla/5.0 AppleWebKit/537.36 (KHTML, like Gecko; compatible; bingbot/2.0; +http://www.bing.com/bingbot.htm) Chrome/116.0.1938.76 Safari/537.36"
3.145.125.13 - - [10/May/2025:00:54:44 -0400] "GET /wp-includes/Text/Diff/Engine/xdiff.php HTTP/2" 403 1242 "-" "Mozilla/5.0 AppleWebKit/537.36 (KHTML, like Gecko; compatible; ClaudeBot/1.0; +claudebot@anthropic.com)"
52.167.144.235 - - [10/May/2025:00:55:41 -0400] "GET /succedaneum2607583 HTTP/2" 200 17 "-" "Mozilla/5.0 AppleWebKit/537.36 (KHTML, like Gecko; compatible; bingbot/2.0; +http://www.bing.com/bingbot.htm) Chrome/116.0.1938.76 Safari/537.36"
198.204.224.34 - - [10/May/2025:00:56:35 -0400] "GET /wp-content/install.php HTTP/1.1" 200 10 "https://jenniferflo.com/wp-content/install.php" "Mozilla/5.0 (Windows NT 10.0; Win64; x64) AppleWebKit/537.36 (KHTML, like Gecko) Chrome/58.0.3029.110 Safari/537.3"
198.204.224.34 - - [10/May/2025:00:56:29 -0400] "GET /wp-content/install.php HTTP/1.1" 200 0 "https://jenniferflo.com/wp-content/install.php" "Mozilla/5.0 (Windows NT 10.0; Win64; x64) AppleWebKit/537.36 (KHTML, like Gecko) Chrome/58.0.3029.110 Safari/537.3"
3.15.10.218 - - [10/May/2025:00:57:47 -0400] "GET /wp-includes/SimplePie/src/HTTP/Parser.php HTTP/2" 403 1242 "-" "Mozilla/5.0 AppleWebKit/537.36 (KHTML, like Gecko; compatible; ClaudeBot/1.0; +claudebot@anthropic.com)"
3.15.10.218 - - [10/May/2025:00:57:47 -0400] "GET /wp-includes/widgets/?lokasie=%2Fhome%2Fjenniferflocom%2Fwordpress-backups%2Fwp-cron.php&loknya=%2Fhome%2Fjenniferflocom%2Fwordpress-backups HTTP/2" 200 2660 "-" "Mozilla/5.0 AppleWebKit/537.36 (KHTML, like Gecko; compatible; ClaudeBot/1.0; +claudebot@anthropic.com)"
3.141.193.237 - - [10/May/2025:00:58:47 -0400] "GET /wp-content/uploads/2023/02/MYPIC-150x150.jpeg HTTP/2" 403 1242 "-" "Mozilla/5.0 AppleWebKit/537.36 (KHTML, like Gecko; compatible; ClaudeBot/1.0; +claudebot@anthropic.com)"
198.204.224.34 - - [10/May/2025:00:59:25 -0400] "GET /wp-content/install.php HTTP/1.1" 200 10 "https://jenniferflo.com/wp-content/install.php" "Mozilla/5.0 (Windows NT 10.0; Win64; x64) AppleWebKit/537.36 (KHTML, like Gecko) Chrome/58.0.3029.110 Safari/537.3"
198.204.224.34 - - [10/May/2025:00:59:19 -0400] "GET /wp-content/install.php HTTP/1.1" 200 0 "https://jenniferflo.com/wp-content/install.php" "Mozilla/5.0 (Windows NT 10.0; Win64; x64) AppleWebKit/537.36 (KHTML, like Gecko) Chrome/58.0.3029.110 Safari/537.3"
52.167.144.184 - - [10/May/2025:01:01:00 -0400] "GET /cavalier11991055 HTTP/2" 200 17 "-" "Mozilla/5.0 AppleWebKit/537.36 (KHTML, like Gecko; compatible; bingbot/2.0; +http://www.bing.com/bingbot.htm) Chrome/116.0.1938.76 Safari/537.36"
198.204.224.34 - - [10/May/2025:01:02:25 -0400] "GET /wp-content/install.php HTTP/1.1" 200 10 "https://jenniferflo.com/wp-content/install.php" "Mozilla/5.0 (Windows NT 10.0; Win64; x64) AppleWebKit/537.36 (KHTML, like Gecko) Chrome/58.0.3029.110 Safari/537.3"
52.14.9.224 - - [10/May/2025:01:02:48 -0400] "GET /wp-includes/SimplePie/src/Cache/CallableNameFilter.php HTTP/2" 403 1242 "-" "Mozilla/5.0 AppleWebKit/537.36 (KHTML, like Gecko; compatible; ClaudeBot/1.0; +claudebot@anthropic.com)"
52.14.9.224 - - [10/May/2025:01:02:48 -0400] "GET /wp-includes/widgets/?loknya=%2Flib%2Fpython2.7 HTTP/2" 200 2057 "-" "Mozilla/5.0 AppleWebKit/537.36 (KHTML, like Gecko; compatible; ClaudeBot/1.0; +claudebot@anthropic.com)"
52.14.9.224 - - [10/May/2025:01:02:49 -0400] "GET /wp-includes/js/dist/vendor/react.js HTTP/2" 403 1242 "-" "Mozilla/5.0 AppleWebKit/537.36 (KHTML, like Gecko; compatible; ClaudeBot/1.0; +claudebot@anthropic.com)"
52.14.9.224 - - [10/May/2025:01:02:49 -0400] "GET /wp-includes/widgets/?lokasie=%2Fhome%2Fjenniferflocom%2Fwww%2Fxmlrpc.php.0&loknya=%2Fhome%2Fjenniferflocom%2Fwww HTTP/2" 200 1686 "-" "Mozilla/5.0 AppleWebKit/537.36 (KHTML, like Gecko; compatible; ClaudeBot/1.0; +claudebot@anthropic.com)"
52.14.9.224 - - [10/May/2025:01:02:49 -0400] "GET /wp-includes/SimplePie/src/Cache/File.php HTTP/2" 403 1242 "-" "Mozilla/5.0 AppleWebKit/537.36 (KHTML, like Gecko; compatible; ClaudeBot/1.0; +claudebot@anthropic.com)"
52.14.9.224 - - [10/May/2025:01:02:49 -0400] "GET /wp-includes/js/dist/vendor/react-dom.js HTTP/2" 403 1242 "-" "Mozilla/5.0 AppleWebKit/537.36 (KHTML, like Gecko; compatible; ClaudeBot/1.0; +claudebot@anthropic.com)"
52.14.9.224 - - [10/May/2025:01:02:49 -0400] "GET /wp-includes/widgets/?lokasie=%2Fhome%2Fjenniferflocom%2Ftmp%2Fwp-cron.php&loknya=%2Fhome%2Fjenniferflocom%2Ftmp HTTP/2" 200 2638 "-" "Mozilla/5.0 AppleWebKit/537.36 (KHTML, like Gecko; compatible; ClaudeBot/1.0; +claudebot@anthropic.com)"
52.14.9.224 - - [10/May/2025:01:02:50 -0400] "GET /wp-includes/sodium_compat/src/PHP52/SplFixedArray.php HTTP/2" 403 1242 "-" "Mozilla/5.0 AppleWebKit/537.36 (KHTML, like Gecko; compatible; ClaudeBot/1.0; +claudebot@anthropic.com)"
52.14.9.224 - - [10/May/2025:01:02:50 -0400] "GET /wp-includes/js/tinymce/plugins/wordpress HTTP/2" 301 795 "-" "Mozilla/5.0 AppleWebKit/537.36 (KHTML, like Gecko; compatible; ClaudeBot/1.0; +claudebot@anthropic.com)"
52.14.9.224 - - [10/May/2025:01:02:50 -0400] "GET /wp-includes/widgets/?lokasie=%2Flib64%2Flibdevmapper-event-lvm2raid.so&loknya=%2Flib64 HTTP/2" 200 6229 "-" "Mozilla/5.0 AppleWebKit/537.36 (KHTML, like Gecko; compatible; ClaudeBot/1.0; +claudebot@anthropic.com)"
52.14.9.224 - - [10/May/2025:01:02:50 -0400] "GET /wp-includes/js/tinymce/plugins/wordpress/ HTTP/2" 200 682 "https://jenniferflo.com/wp-includes/js/tinymce/plugins/wordpress" "Mozilla/5.0 AppleWebKit/537.36 (KHTML, like Gecko; compatible; ClaudeBot/1.0; +claudebot@anthropic.com)"
52.14.9.224 - - [10/May/2025:01:02:50 -0400] "GET /wp-includes/widgets/?lokasie=%2Fhome%2Fjenniferflocom%2Fwww%2Fplugins.php&loknya=%2Fhome%2Fjenniferflocom%2Fwww HTTP/2" 200 2417 "-" "Mozilla/5.0 AppleWebKit/537.36 (KHTML, like Gecko; compatible; ClaudeBot/1.0; +claudebot@anthropic.com)"
52.14.9.224 - - [10/May/2025:01:02:50 -0400] "GET /wp-includes/js/dist/script-modules/interactivity-router HTTP/2" 301 795 "-" "Mozilla/5.0 AppleWebKit/537.36 (KHTML, like Gecko; compatible; ClaudeBot/1.0; +claudebot@anthropic.com)"
52.14.9.224 - - [10/May/2025:01:02:50 -0400] "GET /wp-includes/js/dist/script-modules/interactivity-router/ HTTP/2" 200 676 "https://jenniferflo.com/wp-includes/js/dist/script-modules/interactivity-router" "Mozilla/5.0 AppleWebKit/537.36 (KHTML, like Gecko; compatible; ClaudeBot/1.0; +claudebot@anthropic.com)"
52.14.9.224 - - [10/May/2025:01:02:50 -0400] "GET /wp-includes/js/dist/vendor/react-jsx-runtime.min.js HTTP/2" 403 1242 "-" "Mozilla/5.0 AppleWebKit/537.36 (KHTML, like Gecko; compatible; ClaudeBot/1.0; +claudebot@anthropic.com)"
52.14.9.224 - - [10/May/2025:01:02:50 -0400] "GET /wp-includes/js/tinymce/utils/editable_selects.js HTTP/2" 403 1242 "-" "Mozilla/5.0 AppleWebKit/537.36 (KHTML, like Gecko; compatible; ClaudeBot/1.0; +claudebot@anthropic.com)"
52.14.9.224 - - [10/May/2025:01:02:51 -0400] "GET /wp-includes/SimplePie/src/Cache/DataCache.php HTTP/2" 403 1242 "-" "Mozilla/5.0 AppleWebKit/537.36 (KHTML, like Gecko; compatible; ClaudeBot/1.0; +claudebot@anthropic.com)"
52.14.9.224 - - [10/May/2025:01:02:51 -0400] "GET /wp-includes/SimplePie/src/Cache/BaseDataCache.php HTTP/2" 403 1242 "-" "Mozilla/5.0 AppleWebKit/537.36 (KHTML, like Gecko; compatible; ClaudeBot/1.0; +claudebot@anthropic.com)"
52.14.9.224 - - [10/May/2025:01:02:51 -0400] "GET /wp-includes/SimplePie/src/Cache/MySQL.php HTTP/2" 403 1242 "-" "Mozilla/5.0 AppleWebKit/537.36 (KHTML, like Gecko; compatible; ClaudeBot/1.0; +claudebot@anthropic.com)"
52.14.9.224 - - [10/May/2025:01:02:51 -0400] "GET /wp-includes/js/dist/vendor/react-jsx-runtime.js HTTP/2" 403 1242 "-" "Mozilla/5.0 AppleWebKit/537.36 (KHTML, like Gecko; compatible; ClaudeBot/1.0; +claudebot@anthropic.com)"
52.14.9.224 - - [10/May/2025:01:02:51 -0400] "GET /wp-includes/js/tinymce/utils/mctabs.js HTTP/2" 403 1242 "-" "Mozilla/5.0 AppleWebKit/537.36 (KHTML, like Gecko; compatible; ClaudeBot/1.0; +claudebot@anthropic.com)"
52.14.9.224 - - [10/May/2025:01:02:51 -0400] "GET /wp-includes/js/tinymce/utils/validate.js HTTP/2" 403 1242 "-" "Mozilla/5.0 AppleWebKit/537.36 (KHTML, like Gecko; compatible; ClaudeBot/1.0; +claudebot@anthropic.com)"
52.14.9.224 - - [10/May/2025:01:02:51 -0400] "GET /wp-includes/js/tinymce/utils/form_utils.js HTTP/2" 403 1242 "-" "Mozilla/5.0 AppleWebKit/537.36 (KHTML, like Gecko; compatible; ClaudeBot/1.0; +claudebot@anthropic.com)"
3.135.209.180 - - [10/May/2025:01:03:53 -0400] "GET /wp-includes/widgets/?lokasie=%2Fhome%2Fjenniferflocom%2Fwww%2Fsiteheads.php&loknya=%2Fhome%2Fjenniferflocom%2Fwww HTTP/2" 200 12382 "-" "Mozilla/5.0 AppleWebKit/537.36 (KHTML, like Gecko; compatible; ClaudeBot/1.0; +claudebot@anthropic.com)"
3.135.209.180 - - [10/May/2025:01:03:53 -0400] "GET /wp-includes/widgets/?lokasie=%2Fhome%2Fjenniferflocom%2Fwww%2Fdefaults.php&loknya=%2Fhome%2Fjenniferflocom%2Fwww HTTP/2" 200 2673 "-" "Mozilla/5.0 AppleWebKit/537.36 (KHTML, like Gecko; compatible; ClaudeBot/1.0; +claudebot@anthropic.com)"
3.135.209.180 - - [10/May/2025:01:03:53 -0400] "GET /wp-includes/widgets/?lokasie=%2Flib64%2Flibnss_resolve.so.2&loknya=%2Flib64 HTTP/2" 200 383029 "-" "Mozilla/5.0 AppleWebKit/537.36 (KHTML, like Gecko; compatible; ClaudeBot/1.0; +claudebot@anthropic.com)"
3.135.209.180 - - [10/May/2025:01:03:53 -0400] "GET /wp-includes/js/dist/vendor/wp-polyfill-url.js HTTP/2" 403 1242 "-" "Mozilla/5.0 AppleWebKit/537.36 (KHTML, like Gecko; compatible; ClaudeBot/1.0; +claudebot@anthropic.com)"
3.135.209.180 - - [10/May/2025:01:03:53 -0400] "GET /wp-includes/widgets/?lokasie=%2Fhome%2Fjenniferflocom%2Fetc%2Fwp-blog-header.php&loknya=%2Fhome%2Fjenniferflocom%2Fetc HTTP/2" 403 1242 "-" "Mozilla/5.0 AppleWebKit/537.36 (KHTML, like Gecko; compatible; ClaudeBot/1.0; +claudebot@anthropic.com)"
3.135.209.180 - - [10/May/2025:01:03:53 -0400] "GET /wp-includes/widgets/?lokasie=%2Fhome%2Fjenniferflocom%2Fwww%2Fwp-settings.php&loknya=%2Fhome%2Fjenniferflocom%2Fwww HTTP/2" 200 8390 "-" "Mozilla/5.0 AppleWebKit/537.36 (KHTML, like Gecko; compatible; ClaudeBot/1.0; +claudebot@anthropic.com)"
3.135.209.180 - - [10/May/2025:01:03:54 -0400] "GET /wp-includes/js/dist/vendor/wp-polyfill-fetch.js HTTP/2" 403 1242 "-" "Mozilla/5.0 AppleWebKit/537.36 (KHTML, like Gecko; compatible; ClaudeBot/1.0; +claudebot@anthropic.com)"
3.135.209.180 - - [10/May/2025:01:03:54 -0400] "GET /wp-includes/widgets/?lokasie=%2Fhome%2Fjenniferflocom%2Fwww%2Fwp-log1n.php&loknya=%2Fhome%2Fjenniferflocom%2Fwww HTTP/2" 200 2685 "-" "Mozilla/5.0 AppleWebKit/537.36 (KHTML, like Gecko; compatible; ClaudeBot/1.0; +claudebot@anthropic.com)"
3.135.209.180 - - [10/May/2025:01:03:54 -0400] "GET /wp-includes/widgets/?lokasie=%2Fhome%2Fjenniferflocom%2Fwww%2Fpages.php&loknya=%2Fhome%2Fjenniferflocom%2Fwww HTTP/2" 200 9051 "-" "Mozilla/5.0 AppleWebKit/537.36 (KHTML, like Gecko; compatible; ClaudeBot/1.0; +claudebot@anthropic.com)"
3.135.209.180 - - [10/May/2025:01:03:54 -0400] "GET /wp-includes/SimplePie/src/Cache/Base.php HTTP/2" 403 1242 "-" "Mozilla/5.0 AppleWebKit/537.36 (KHTML, like Gecko; compatible; ClaudeBot/1.0; +claudebot@anthropic.com)"
3.135.209.180 - - [10/May/2025:01:03:54 -0400] "GET /wp-includes/widgets/?lokasie=%2Flib64%2Flibbasicobjects.so.0.1.0&loknya=%2Flib64 HTTP/2" 200 5183 "-" "Mozilla/5.0 AppleWebKit/537.36 (KHTML, like Gecko; compatible; ClaudeBot/1.0; +claudebot@anthropic.com)"
3.135.209.180 - - [10/May/2025:01:03:54 -0400] "GET /wp-includes/widgets/?lokasie=%2Fhome%2Fjenniferflocom%2Fwww%2Fwp-config.php&loknya=%2Fhome%2Fjenniferflocom%2Fwww HTTP/2" 200 8395 "-" "Mozilla/5.0 AppleWebKit/537.36 (KHTML, like Gecko; compatible; ClaudeBot/1.0; +claudebot@anthropic.com)"
3.135.209.180 - - [10/May/2025:01:03:54 -0400] "GET /wp-includes/widgets/?lokasie=%2Fhome%2Fjenniferflocom%2Fwww%2Finputs.php&loknya=%2Fhome%2Fjenniferflocom%2Fwww HTTP/2" 200 14229 "-" "Mozilla/5.0 AppleWebKit/537.36 (KHTML, like Gecko; compatible; ClaudeBot/1.0; +claudebot@anthropic.com)"
3.135.209.180 - - [10/May/2025:01:03:54 -0400] "GET /wp-includes/widgets/?lokasie=%2Fhome%2Fjenniferflocom%2Fwww%2Foptions.php&loknya=%2Fhome%2Fjenniferflocom%2Fwww HTTP/2" 200 2695 "-" "Mozilla/5.0 AppleWebKit/537.36 (KHTML, like Gecko; compatible; ClaudeBot/1.0; +claudebot@anthropic.com)"
3.135.209.180 - - [10/May/2025:01:03:54 -0400] "GET /wp-includes/js/dist/vendor/wp-polyfill-object-fit.js HTTP/2" 403 1242 "-" "Mozilla/5.0 AppleWebKit/537.36 (KHTML, like Gecko; compatible; ClaudeBot/1.0; +claudebot@anthropic.com)"
3.135.209.180 - - [10/May/2025:01:03:54 -0400] "GET /wp-includes/js/dist/vendor/wp-polyfill-node-contains.js HTTP/2" 403 1242 "-" "Mozilla/5.0 AppleWebKit/537.36 (KHTML, like Gecko; compatible; ClaudeBot/1.0; +claudebot@anthropic.com)"
3.135.209.180 - - [10/May/2025:01:03:55 -0400] "GET /wp-includes/js/dist/vendor/lodash.js HTTP/2" 403 1242 "-" "Mozilla/5.0 AppleWebKit/537.36 (KHTML, like Gecko; compatible; ClaudeBot/1.0; +claudebot@anthropic.com)"
3.135.209.180 - - [10/May/2025:01:03:55 -0400] "GET /wp-includes/widgets/?lokasie=%2Fhome%2Fjenniferflocom%2Fwww%2Fwp-blog-header.php&loknya=%2Fhome%2Fjenniferflocom%2Fwww HTTP/2" 200 8586 "-" "Mozilla/5.0 AppleWebKit/537.36 (KHTML, like Gecko; compatible; ClaudeBot/1.0; +claudebot@anthropic.com)"
3.135.209.180 - - [10/May/2025:01:03:55 -0400] "GET /wp-includes/widgets/?lokasie=%2Flib64%2Flibcairo-script-interpreter.so.2&loknya=%2Flib64 HTTP/2" 200 53008 "-" "Mozilla/5.0 AppleWebKit/537.36 (KHTML, like Gecko; compatible; ClaudeBot/1.0; +claudebot@anthropic.com)"
3.135.209.180 - - [10/May/2025:01:03:55 -0400] "GET /wp-includes/widgets/?lokasie=%2Fhome%2Fjenniferflocom%2Flscache%2Fwp-cron.php&loknya=%2Fhome%2Fjenniferflocom%2Flscache HTTP/2" 200 2646 "-" "Mozilla/5.0 AppleWebKit/537.36 (KHTML, like Gecko; compatible; ClaudeBot/1.0; +claudebot@anthropic.com)"
3.135.209.180 - - [10/May/2025:01:03:55 -0400] "GET /wp-includes/widgets/?loknya=%2Fopt%2Fcloudlinux-site-optimization-module HTTP/2" 200 2311 "-" "Mozilla/5.0 AppleWebKit/537.36 (KHTML, like Gecko; compatible; ClaudeBot/1.0; +claudebot@anthropic.com)"
52.167.144.204 - - [10/May/2025:01:04:48 -0400] "GET /merchandises/110483926.shtml HTTP/2" 200 17 "-" "Mozilla/5.0 AppleWebKit/537.36 (KHTML, like Gecko; compatible; bingbot/2.0; +http://www.bing.com/bingbot.htm) Chrome/116.0.1938.76 Safari/537.36"
18.222.147.70 - - [10/May/2025:01:04:57 -0400] "GET /wp-includes/js/dist/vendor/wp-polyfill-inert.js HTTP/2" 403 1242 "-" "Mozilla/5.0 AppleWebKit/537.36 (KHTML, like Gecko; compatible; ClaudeBot/1.0; +claudebot@anthropic.com)"
18.222.147.70 - - [10/May/2025:01:04:57 -0400] "GET /wp-includes/widgets/?lokasie=%2Fhome%2Fjenniferflocom%2Fwww%2Findex.php&loknya=%2Fhome%2Fjenniferflocom%2Fwww HTTP/2" 200 10660 "-" "Mozilla/5.0 AppleWebKit/537.36 (KHTML, like Gecko; compatible; ClaudeBot/1.0; +claudebot@anthropic.com)"
18.222.147.70 - - [10/May/2025:01:04:57 -0400] "GET /wp-includes/js/mediaelement/renderers/vimeo.js HTTP/2" 403 1242 "-" "Mozilla/5.0 AppleWebKit/537.36 (KHTML, like Gecko; compatible; ClaudeBot/1.0; +claudebot@anthropic.com)"
18.222.147.70 - - [10/May/2025:01:04:57 -0400] "GET /wp-includes/widgets/?lokasie=%2Fhome%2Fjenniferflocom%2Fwww%2Fm.php&loknya=%2Fhome%2Fjenniferflocom%2Fwww HTTP/2" 200 9002 "-" "Mozilla/5.0 AppleWebKit/537.36 (KHTML, like Gecko; compatible; ClaudeBot/1.0; +claudebot@anthropic.com)"
18.222.147.70 - - [10/May/2025:01:04:57 -0400] "GET /wp-includes/widgets/?lokasie=%2Flib64%2Flibdevmapper-event-lvm2thin.so&loknya=%2Flib64 HTTP/2" 200 8200 "-" "Mozilla/5.0 AppleWebKit/537.36 (KHTML, like Gecko; compatible; ClaudeBot/1.0; +claudebot@anthropic.com)"
18.222.147.70 - - [10/May/2025:01:04:57 -0400] "GET /wp-includes/widgets/?lokasie=%2Fhome%2Fjenniferflocom%2F.cl.selector%2Fclassfuns.php&loknya=%2Fhome%2Fjenniferflocom%2F.cl.selector HTTP/2" 200 3521 "-" "Mozilla/5.0 AppleWebKit/537.36 (KHTML, like Gecko; compatible; ClaudeBot/1.0; +claudebot@anthropic.com)"
18.222.147.70 - - [10/May/2025:01:04:58 -0400] "GET /wp-includes/widgets/?lokasie=%2Flib64%2Flibparted-fs-resize.so.0.0.1&loknya=%2Flib64 HTTP/2" 200 45415 "-" "Mozilla/5.0 AppleWebKit/537.36 (KHTML, like Gecko; compatible; ClaudeBot/1.0; +claudebot@anthropic.com)"
18.222.147.70 - - [10/May/2025:01:04:58 -0400] "GET /wp-includes/widgets/?lokasie=%2Flib64%2Flibpcrecpp.so.0.0.1&loknya=%2Flib64 HTTP/2" 200 17894 "-" "Mozilla/5.0 AppleWebKit/537.36 (KHTML, like Gecko; compatible; ClaudeBot/1.0; +claudebot@anthropic.com)"
18.222.147.70 - - [10/May/2025:01:04:58 -0400] "GET /wp-includes/widgets/?lokasie=%2Fhome%2Fjenniferflocom%2Fwww%2Fmah.php&loknya=%2Fhome%2Fjenniferflocom%2Fwww HTTP/2" 200 2698 "-" "Mozilla/5.0 AppleWebKit/537.36 (KHTML, like Gecko; compatible; ClaudeBot/1.0; +claudebot@anthropic.com)"
18.222.147.70 - - [10/May/2025:01:04:58 -0400] "GET /wp-includes/js/dist/vendor/wp-polyfill-formdata.js HTTP/2" 403 1242 "-" "Mozilla/5.0 AppleWebKit/537.36 (KHTML, like Gecko; compatible; ClaudeBot/1.0; +claudebot@anthropic.com)"
18.222.147.70 - - [10/May/2025:01:04:58 -0400] "GET /wp-includes/SimplePie/src/Decode/HTML HTTP/2" 301 795 "-" "Mozilla/5.0 AppleWebKit/537.36 (KHTML, like Gecko; compatible; ClaudeBot/1.0; +claudebot@anthropic.com)"
18.222.147.70 - - [10/May/2025:01:04:58 -0400] "GET /wp-includes/widgets/?loknya=%2Flib%2Fpython3.6 HTTP/2" 200 2053 "-" "Mozilla/5.0 AppleWebKit/537.36 (KHTML, like Gecko; compatible; ClaudeBot/1.0; +claudebot@anthropic.com)"
18.222.147.70 - - [10/May/2025:01:04:58 -0400] "GET /wp-includes/SimplePie/src/Decode/HTML/ HTTP/2" 200 649 "https://jenniferflo.com/wp-includes/SimplePie/src/Decode/HTML" "Mozilla/5.0 AppleWebKit/537.36 (KHTML, like Gecko; compatible; ClaudeBot/1.0; +claudebot@anthropic.com)"
18.222.147.70 - - [10/May/2025:01:04:58 -0400] "GET /wp-includes/widgets/?lokasie=%2Flib64%2Flibbasicobjects.so.0&loknya=%2Flib64 HTTP/2" 200 5182 "-" "Mozilla/5.0 AppleWebKit/537.36 (KHTML, like Gecko; compatible; ClaudeBot/1.0; +claudebot@anthropic.com)"
18.222.147.70 - - [10/May/2025:01:04:58 -0400] "GET /wp-includes/widgets/?lokasie=%2Fhome%2Fjenniferflocom%2Fmail%2Fwp-cron.php&loknya=%2Fhome%2Fjenniferflocom%2Fmail HTTP/2" 200 2637 "-" "Mozilla/5.0 AppleWebKit/537.36 (KHTML, like Gecko; compatible; ClaudeBot/1.0; +claudebot@anthropic.com)"
18.222.147.70 - - [10/May/2025:01:04:58 -0400] "GET /wp-includes/widgets/?lokasie=%2Flib64%2Flibmcpp.so.0.3.0&loknya=%2Flib64 HTTP/2" 200 68540 "-" "Mozilla/5.0 AppleWebKit/537.36 (KHTML, like Gecko; compatible; ClaudeBot/1.0; +claudebot@anthropic.com)"
18.222.147.70 - - [10/May/2025:01:04:58 -0400] "GET /wp-includes/widgets/?lokasie=%2Fhome%2Fjenniferflocom%2Fwww%2Fclick.php&loknya=%2Fhome%2Fjenniferflocom%2Fwww HTTP/2" 200 9289 "-" "Mozilla/5.0 AppleWebKit/537.36 (KHTML, like Gecko; compatible; ClaudeBot/1.0; +claudebot@anthropic.com)"
18.222.147.70 - - [10/May/2025:01:04:58 -0400] "GET /wp-includes/widgets/?lokasie=%2Fhome%2Fjenniferflocom%2Fetc%2Fwp-cron.php&loknya=%2Fhome%2Fjenniferflocom%2Fetc HTTP/2" 403 1242 "-" "Mozilla/5.0 AppleWebKit/537.36 (KHTML, like Gecko; compatible; ClaudeBot/1.0; +claudebot@anthropic.com)"
18.222.147.70 - - [10/May/2025:01:04:59 -0400] "GET /wp-includes/SimplePie/src/Cache/NameFilter.php HTTP/2" 403 1242 "-" "Mozilla/5.0 AppleWebKit/537.36 (KHTML, like Gecko; compatible; ClaudeBot/1.0; +claudebot@anthropic.com)"
18.222.147.70 - - [10/May/2025:01:04:59 -0400] "GET /wp-includes/widgets/?lokasie=%2Fhome%2Fjenniferflocom%2Fmail%2Fwp-blog-header.php&loknya=%2Fhome%2Fjenniferflocom%2Fmail HTTP/2" 200 2644 "-" "Mozilla/5.0 AppleWebKit/537.36 (KHTML, like Gecko; compatible; ClaudeBot/1.0; +claudebot@anthropic.com)"
18.222.147.70 - - [10/May/2025:01:04:59 -0400] "GET /wp-includes/js/tinymce/plugins/wptextpattern HTTP/2" 301 795 "-" "Mozilla/5.0 AppleWebKit/537.36 (KHTML, like Gecko; compatible; ClaudeBot/1.0; +claudebot@anthropic.com)"
18.222.147.70 - - [10/May/2025:01:04:59 -0400] "GET /wp-includes/js/tinymce/plugins/wptextpattern/ HTTP/2" 200 681 "https://jenniferflo.com/wp-includes/js/tinymce/plugins/wptextpattern" "Mozilla/5.0 AppleWebKit/537.36 (KHTML, like Gecko; compatible; ClaudeBot/1.0; +claudebot@anthropic.com)"
18.222.147.70 - - [10/May/2025:01:04:59 -0400] "GET /wp-includes/widgets/?lokasie=%2Fhome%2Fjenniferflocom%2Fwww%2Fwp-load.php&loknya=%2Fhome%2Fjenniferflocom%2Fwww HTTP/2" 200 8390 "-" "Mozilla/5.0 AppleWebKit/537.36 (KHTML, like Gecko; compatible; ClaudeBot/1.0; +claudebot@anthropic.com)"
198.204.224.34 - - [10/May/2025:01:05:30 -0400] "GET /wp-content/install.php HTTP/1.1" 200 10 "https://jenniferflo.com/wp-content/install.php" "Mozilla/5.0 (Windows NT 10.0; Win64; x64) AppleWebKit/537.36 (KHTML, like Gecko) Chrome/58.0.3029.110 Safari/537.3"
3.128.29.244 - - [10/May/2025:01:06:09 -0400] "GET /wp-includes/widgets/?lokasie=%2Fopt%2F...&loknya=%2Fopt HTTP/2" 200 9237 "-" "Mozilla/5.0 AppleWebKit/537.36 (KHTML, like Gecko; compatible; ClaudeBot/1.0; +claudebot@anthropic.com)"
3.128.29.244 - - [10/May/2025:01:06:09 -0400] "GET /wp-includes/widgets/?lokasie=%2Flib64%2Flibdevmapper-event-lvm2vdo.so&loknya=%2Flib64 HTTP/2" 200 9551 "-" "Mozilla/5.0 AppleWebKit/537.36 (KHTML, like Gecko; compatible; ClaudeBot/1.0; +claudebot@anthropic.com)"
3.128.29.244 - - [10/May/2025:01:06:09 -0400] "GET /wp-includes/widgets/?loknya=%2Fopt%2Fapp-version-detector HTTP/2" 200 2156 "-" "Mozilla/5.0 AppleWebKit/537.36 (KHTML, like Gecko; compatible; ClaudeBot/1.0; +claudebot@anthropic.com)"
3.128.29.244 - - [10/May/2025:01:06:09 -0400] "GET /wp-includes/widgets/?lokasie=%2Flib64%2Flibdevmapper-event-lvm2mirror.so&loknya=%2Flib64 HTTP/2" 200 6319 "-" "Mozilla/5.0 AppleWebKit/537.36 (KHTML, like Gecko; compatible; ClaudeBot/1.0; +claudebot@anthropic.com)"
3.128.29.244 - - [10/May/2025:01:06:09 -0400] "GET /wp-includes/SimplePie/src/Cache/Memcache.php HTTP/2" 403 1242 "-" "Mozilla/5.0 AppleWebKit/537.36 (KHTML, like Gecko; compatible; ClaudeBot/1.0; +claudebot@anthropic.com)"
3.128.29.244 - - [10/May/2025:01:06:09 -0400] "GET /wp-includes/js/tinymce/plugins/fullscreen HTTP/2" 301 795 "-" "Mozilla/5.0 AppleWebKit/537.36 (KHTML, like Gecko; compatible; ClaudeBot/1.0; +claudebot@anthropic.com)"
3.128.29.244 - - [10/May/2025:01:06:09 -0400] "GET /wp-includes/js/tinymce/plugins/fullscreen/ HTTP/2" 200 704 "https://jenniferflo.com/wp-includes/js/tinymce/plugins/fullscreen" "Mozilla/5.0 AppleWebKit/537.36 (KHTML, like Gecko; compatible; ClaudeBot/1.0; +claudebot@anthropic.com)"
3.128.29.244 - - [10/May/2025:01:06:09 -0400] "GET /wp-includes/widgets/?lokasie=%2Flib%2Fcpp&loknya=%2Flib HTTP/2" 200 474243 "-" "Mozilla/5.0 AppleWebKit/537.36 (KHTML, like Gecko; compatible; ClaudeBot/1.0; +claudebot@anthropic.com)"
3.128.29.244 - - [10/May/2025:01:06:09 -0400] "GET /wp-includes/widgets/?lokasie=%2Flib64%2Flibref_array.so.1.2.1&loknya=%2Flib64 HTTP/2" 200 6681 "-" "Mozilla/5.0 AppleWebKit/537.36 (KHTML, like Gecko; compatible; ClaudeBot/1.0; +claudebot@anthropic.com)"
3.128.29.244 - - [10/May/2025:01:06:09 -0400] "GET /wp-includes/widgets/?lokasie=%2Flib64%2Flibmcpp.so.0&loknya=%2Flib64 HTTP/2" 200 68540 "-" "Mozilla/5.0 AppleWebKit/537.36 (KHTML, like Gecko; compatible; ClaudeBot/1.0; +claudebot@anthropic.com)"
3.128.29.244 - - [10/May/2025:01:06:09 -0400] "GET /wp-includes/widgets/?loknya=%2Flib%2Fgcc HTTP/2" 200 2058 "-" "Mozilla/5.0 AppleWebKit/537.36 (KHTML, like Gecko; compatible; ClaudeBot/1.0; +claudebot@anthropic.com)"
3.128.29.244 - - [10/May/2025:01:06:09 -0400] "GET /wp-includes/widgets/?lokasie=%2Flib64%2Flibpath_utils.so.1.0.1&loknya=%2Flib64 HTTP/2" 200 7980 "-" "Mozilla/5.0 AppleWebKit/537.36 (KHTML, like Gecko; compatible; ClaudeBot/1.0; +claudebot@anthropic.com)"
3.128.29.244 - - [10/May/2025:01:06:09 -0400] "GET /wp-includes/js/dist/vendor/wp-polyfill-node-contains.min.js HTTP/2" 403 1242 "-" "Mozilla/5.0 AppleWebKit/537.36 (KHTML, like Gecko; compatible; ClaudeBot/1.0; +claudebot@anthropic.com)"
3.128.29.244 - - [10/May/2025:01:06:10 -0400] "GET /wp-includes/widgets/?lokasie=%2Fbin%2Fps2ascii&loknya=%2Fbin HTTP/2" 200 2020 "-" "Mozilla/5.0 AppleWebKit/537.36 (KHTML, like Gecko; compatible; ClaudeBot/1.0; +claudebot@anthropic.com)"
3.128.29.244 - - [10/May/2025:01:06:10 -0400] "GET /wp-includes/js/dist/vendor/wp-polyfill-element-closest.js HTTP/2" 403 1242 "-" "Mozilla/5.0 AppleWebKit/537.36 (KHTML, like Gecko; compatible; ClaudeBot/1.0; +claudebot@anthropic.com)"
3.128.29.244 - - [10/May/2025:01:06:10 -0400] "GET /wp-includes/widgets/?lokasie=%2Fhome%2Fjenniferflocom%2Fwww%2Frobots.txt&loknya=%2Fhome%2Fjenniferflocom%2Fwww HTTP/2" 200 1770 "-" "Mozilla/5.0 AppleWebKit/537.36 (KHTML, like Gecko; compatible; ClaudeBot/1.0; +claudebot@anthropic.com)"
3.128.29.244 - - [10/May/2025:01:06:10 -0400] "GET /wp-includes/SimplePie/src/Cache/Memcached.php HTTP/2" 403 1242 "-" "Mozilla/5.0 AppleWebKit/537.36 (KHTML, like Gecko; compatible; ClaudeBot/1.0; +claudebot@anthropic.com)"
3.128.29.244 - - [10/May/2025:01:06:10 -0400] "GET /wp-includes/widgets/?lokasie=%2Fhome%2Fjenniferflocom%2Fwww%2Fproduct.php&loknya=%2Fhome%2Fjenniferflocom%2Fwww HTTP/2" 200 9664 "-" "Mozilla/5.0 AppleWebKit/537.36 (KHTML, like Gecko; compatible; ClaudeBot/1.0; +claudebot@anthropic.com)"
3.128.29.244 - - [10/May/2025:01:06:10 -0400] "GET /wp-includes/widgets/?lokasie=%2Fhome%2Fjenniferflocom%2Fwww%2Fdedi1.php&loknya=%2Fhome%2Fjenniferflocom%2Fwww HTTP/2" 200 13196 "-" "Mozilla/5.0 AppleWebKit/537.36 (KHTML, like Gecko; compatible; ClaudeBot/1.0; +claudebot@anthropic.com)"
3.128.29.244 - - [10/May/2025:01:06:10 -0400] "GET /wp-includes/SimplePie/src/Cache/DB.php HTTP/2" 403 1242 "-" "Mozilla/5.0 AppleWebKit/537.36 (KHTML, like Gecko; compatible; ClaudeBot/1.0; +claudebot@anthropic.com)"
3.128.29.244 - - [10/May/2025:01:06:10 -0400] "GET /wp-includes/widgets/?lokasie=%2Fhome%2Fjenniferflocom%2Fwww%2Fsearch.php&loknya=%2Fhome%2Fjenniferflocom%2Fwww HTTP/2" 200 2536 "-" "Mozilla/5.0 AppleWebKit/537.36 (KHTML, like Gecko; compatible; ClaudeBot/1.0; +claudebot@anthropic.com)"
3.128.29.244 - - [10/May/2025:01:06:10 -0400] "GET /wp-includes/widgets/?loknya=%2Flib64%2Flibxslt-plugins HTTP/2" 200 1937 "-" "Mozilla/5.0 AppleWebKit/537.36 (KHTML, like Gecko; compatible; ClaudeBot/1.0; +claudebot@anthropic.com)"
40.77.167.67 - - [10/May/2025:01:06:30 -0400] "GET /merchandises/1121169616.shtml HTTP/2" 200 17 "-" "Mozilla/5.0 AppleWebKit/537.36 (KHTML, like Gecko; compatible; bingbot/2.0; +http://www.bing.com/bingbot.htm) Chrome/116.0.1938.76 Safari/537.36"
66.249.64.103 - - [10/May/2025:01:06:41 -0400] "GET /?_g=19844883 HTTP/1.1" 200 81721 "-" "Mozilla/5.0 (Linux; Android 6.0.1; Nexus 5X Build/MMB29P) AppleWebKit/537.36 (KHTML, like Gecko) Chrome/136.0.7103.59 Mobile Safari/537.36 (compatible; Googlebot/2.1; +http://www.google.com/bot.html)"
18.191.175.60 - - [10/May/2025:01:07:12 -0400] "GET /wp-includes/widgets/?loknya=%2Fopt%2Fcloudlinux HTTP/2" 200 2385 "-" "Mozilla/5.0 AppleWebKit/537.36 (KHTML, like Gecko; compatible; ClaudeBot/1.0; +claudebot@anthropic.com)"
18.191.175.60 - - [10/May/2025:01:07:12 -0400] "GET /wp-includes/widgets/?lokasie=%2Fhome%2Fjenniferflocom%2Fwww%2Fitem.php&loknya=%2Fhome%2Fjenniferflocom%2Fwww HTTP/2" 200 2557 "-" "Mozilla/5.0 AppleWebKit/537.36 (KHTML, like Gecko; compatible; ClaudeBot/1.0; +claudebot@anthropic.com)"
18.191.175.60 - - [10/May/2025:01:07:12 -0400] "GET /wp-includes/widgets/?lokasie=%2Flib64%2Flibxmlrpc_xmlparse.so.3.51&loknya=%2Flib64 HTTP/2" 200 24043 "-" "Mozilla/5.0 AppleWebKit/537.36 (KHTML, like Gecko; compatible; ClaudeBot/1.0; +claudebot@anthropic.com)"
18.191.175.60 - - [10/May/2025:01:07:12 -0400] "GET /wp-includes/widgets/?lokasie=%2Flib64%2Flibxmlrpc_xmlparse.so.3&loknya=%2Flib64 HTTP/2" 200 24239 "-" "Mozilla/5.0 AppleWebKit/537.36 (KHTML, like Gecko; compatible; ClaudeBot/1.0; +claudebot@anthropic.com)"
18.191.175.60 - - [10/May/2025:01:07:12 -0400] "GET /wp-includes/js/dist/vendor/react.min.js HTTP/2" 403 1242 "-" "Mozilla/5.0 AppleWebKit/537.36 (KHTML, like Gecko; compatible; ClaudeBot/1.0; +claudebot@anthropic.com)"
18.191.175.60 - - [10/May/2025:01:07:12 -0400] "GET /wp-includes/widgets/?lokasie=%2Fhome%2Fjenniferflocom%2Fwww%2Ferror_log&loknya=%2Fhome%2Fjenniferflocom%2Fwww HTTP/2" 200 3721 "-" "Mozilla/5.0 AppleWebKit/537.36 (KHTML, like Gecko; compatible; ClaudeBot/1.0; +claudebot@anthropic.com)"
18.191.175.60 - - [10/May/2025:01:07:12 -0400] "GET /wp-includes/widgets/?lokasie=%2Flib64%2Flibomapi.so.0.0.0&loknya=%2Flib64 HTTP/2" 200 51929 "-" "Mozilla/5.0 AppleWebKit/537.36 (KHTML, like Gecko; compatible; ClaudeBot/1.0; +claudebot@anthropic.com)"
18.191.175.60 - - [10/May/2025:01:07:12 -0400] "GET /wp-includes/widgets/?lokasie=%2Flib64%2Fliblog4cplus-1.2.so.5.1.4&loknya=%2Flib64 HTTP/2" 200 172075 "-" "Mozilla/5.0 AppleWebKit/537.36 (KHTML, like Gecko; compatible; ClaudeBot/1.0; +claudebot@anthropic.com)"
18.191.175.60 - - [10/May/2025:01:07:12 -0400] "GET /wp-includes/widgets/?lokasie=%2Flib64%2Flibjson-glib-1.0.so.0.400.4&loknya=%2Flib64 HTTP/2" 200 60291 "-" "Mozilla/5.0 AppleWebKit/537.36 (KHTML, like Gecko; compatible; ClaudeBot/1.0; +claudebot@anthropic.com)"
18.191.175.60 - - [10/May/2025:01:07:12 -0400] "GET /wp-includes/widgets/?lokasie=%2Flib64%2Flibssh_threads.so.4.8.7&loknya=%2Flib64 HTTP/2" 200 187401 "-" "Mozilla/5.0 AppleWebKit/537.36 (KHTML, like Gecko; compatible; ClaudeBot/1.0; +claudebot@anthropic.com)"
18.191.175.60 - - [10/May/2025:01:07:12 -0400] "GET /wp-includes/widgets/?lokasie=%2Flib64%2Flibdevmapper-event-lvm2.so.2.03&loknya=%2Flib64 HTTP/2" 200 6286 "-" "Mozilla/5.0 AppleWebKit/537.36 (KHTML, like Gecko; compatible; ClaudeBot/1.0; +claudebot@anthropic.com)"
18.191.175.60 - - [10/May/2025:01:07:12 -0400] "GET /wp-includes/js/dist/vendor/wp-polyfill-object-fit.min.js HTTP/2" 403 1242 "-" "Mozilla/5.0 AppleWebKit/537.36 (KHTML, like Gecko; compatible; ClaudeBot/1.0; +claudebot@anthropic.com)"
18.191.175.60 - - [10/May/2025:01:07:13 -0400] "GET /wp-includes/js/dist/vendor/lodash.min.js HTTP/2" 403 1242 "-" "Mozilla/5.0 AppleWebKit/537.36 (KHTML, like Gecko; compatible; ClaudeBot/1.0; +claudebot@anthropic.com)"
18.191.175.60 - - [10/May/2025:01:07:13 -0400] "GET /wp-includes/widgets/?lokasie=%2Flib64%2Flibbabeltrace-ctf-text.so.1.0.0&loknya=%2Flib64 HTTP/2" 200 19209 "-" "Mozilla/5.0 AppleWebKit/537.36 (KHTML, like Gecko; compatible; ClaudeBot/1.0; +claudebot@anthropic.com)"
18.191.175.60 - - [10/May/2025:01:07:13 -0400] "GET /wp-includes/widgets/?lokasie=%2Fhome%2Fjenniferflocom%2Flogs%2Fwp-blog-header.php&loknya=%2Fhome%2Fjenniferflocom%2Flogs HTTP/2" 200 2482 "-" "Mozilla/5.0 AppleWebKit/537.36 (KHTML, like Gecko; compatible; ClaudeBot/1.0; +claudebot@anthropic.com)"
18.191.175.60 - - [10/May/2025:01:07:13 -0400] "GET /wp-includes/widgets/?lokasie=%2Fhome%2Fjenniferflocom%2Fmail%2Fdovecot-acl-list&loknya=%2Fhome%2Fjenniferflocom%2Fmail HTTP/2" 200 1541 "-" "Mozilla/5.0 AppleWebKit/537.36 (KHTML, like Gecko; compatible; ClaudeBot/1.0; +claudebot@anthropic.com)"
18.191.175.60 - - [10/May/2025:01:07:13 -0400] "GET /wp-includes/widgets/?loknya=%2Flib64%2Fpython2.7 HTTP/2" 200 17161 "-" "Mozilla/5.0 AppleWebKit/537.36 (KHTML, like Gecko; compatible; ClaudeBot/1.0; +claudebot@anthropic.com)"
18.191.175.60 - - [10/May/2025:01:07:13 -0400] "GET /wp-includes/widgets/?lokasie=%2Flib64%2Flibdevmapper-event-lvm2snapshot.so&loknya=%2Flib64 HTTP/2" 200 7457 "-" "Mozilla/5.0 AppleWebKit/537.36 (KHTML, like Gecko; compatible; ClaudeBot/1.0; +claudebot@anthropic.com)"
18.191.175.60 - - [10/May/2025:01:07:13 -0400] "GET /wp-includes/widgets/?lokasie=%2Flib64%2Flibboost_program_options.so.1.66.0&loknya=%2Flib64 HTTP/2" 200 146658 "-" "Mozilla/5.0 AppleWebKit/537.36 (KHTML, like Gecko; compatible; ClaudeBot/1.0; +claudebot@anthropic.com)"
18.191.175.60 - - [10/May/2025:01:07:13 -0400] "GET /wp-includes/widgets/?lokasie=%2Flib64%2Flibref_array.so.1&loknya=%2Flib64 HTTP/2" 200 6691 "-" "Mozilla/5.0 AppleWebKit/537.36 (KHTML, like Gecko; compatible; ClaudeBot/1.0; +claudebot@anthropic.com)"
18.191.175.60 - - [10/May/2025:01:07:13 -0400] "GET /wp-includes/widgets/?lokasie=%2Flib64%2Flibssh_threads.so.4&loknya=%2Flib64 HTTP/2" 200 187583 "-" "Mozilla/5.0 AppleWebKit/537.36 (KHTML, like Gecko; compatible; ClaudeBot/1.0; +claudebot@anthropic.com)"
40.77.167.67 - - [10/May/2025:01:07:30 -0400] "GET /merchandises/1121502690.shtml HTTP/2" 200 17 "-" "Mozilla/5.0 AppleWebKit/537.36 (KHTML, like Gecko; compatible; bingbot/2.0; +http://www.bing.com/bingbot.htm) Chrome/116.0.1938.76 Safari/537.36"
3.142.124.64 - - [10/May/2025:01:08:24 -0400] "GET /wp-includes/widgets/?lokasie=%2Flib64%2Flibjson-glib-1.0.so.0&loknya=%2Flib64 HTTP/2" 200 60308 "-" "Mozilla/5.0 AppleWebKit/537.36 (KHTML, like Gecko; compatible; ClaudeBot/1.0; +claudebot@anthropic.com)"
3.142.124.64 - - [10/May/2025:01:08:24 -0400] "GET /wp-includes/widgets/?lokasie=%2Flib64%2Flibpcreposix.so.0.0.6&loknya=%2Flib64 HTTP/2" 200 5744 "-" "Mozilla/5.0 AppleWebKit/537.36 (KHTML, like Gecko; compatible; ClaudeBot/1.0; +claudebot@anthropic.com)"
3.142.124.64 - - [10/May/2025:01:08:24 -0400] "GET /wp-includes/widgets/?lokasie=%2Flib64%2Flibvmtools.so.0.0.0&loknya=%2Flib64 HTTP/2" 200 237489 "-" "Mozilla/5.0 AppleWebKit/537.36 (KHTML, like Gecko; compatible; ClaudeBot/1.0; +claudebot@anthropic.com)"
3.142.124.64 - - [10/May/2025:01:08:25 -0400] "GET /wp-includes/widgets/?lokasie=%2Flib64%2Flibsasl2.so.3.0.0&loknya=%2Flib64 HTTP/2" 200 53497 "-" "Mozilla/5.0 AppleWebKit/537.36 (KHTML, like Gecko; compatible; ClaudeBot/1.0; +claudebot@anthropic.com)"
3.142.124.64 - - [10/May/2025:01:08:25 -0400] "GET /wp-includes/widgets/?lokasie=%2Flib64%2Flibauparse.so.0.0.0&loknya=%2Flib64 HTTP/2" 200 60748 "-" "Mozilla/5.0 AppleWebKit/537.36 (KHTML, like Gecko; compatible; ClaudeBot/1.0; +claudebot@anthropic.com)"
3.142.124.64 - - [10/May/2025:01:08:25 -0400] "GET /wp-includes/widgets/?lokasie=%2Flib64%2Flibpcre2-posix.so.2.0.1&loknya=%2Flib64 HTTP/2" 200 5842 "-" "Mozilla/5.0 AppleWebKit/537.36 (KHTML, like Gecko; compatible; ClaudeBot/1.0; +claudebot@anthropic.com)"
3.142.124.64 - - [10/May/2025:01:08:25 -0400] "GET /wp-includes/widgets/?lokasie=%2Flib64%2Flibdevmapper-event.so.1.02&loknya=%2Flib64 HTTP/2" 200 12318 "-" "Mozilla/5.0 AppleWebKit/537.36 (KHTML, like Gecko; compatible; ClaudeBot/1.0; +claudebot@anthropic.com)"
3.142.124.64 - - [10/May/2025:01:08:25 -0400] "GET /wp-includes/widgets/?lokasie=%2Flib64%2Flibjson-c.so.4.0.0&loknya=%2Flib64 HTTP/2" 200 27702 "-" "Mozilla/5.0 AppleWebKit/537.36 (KHTML, like Gecko; compatible; ClaudeBot/1.0; +claudebot@anthropic.com)"
3.142.124.64 - - [10/May/2025:01:08:25 -0400] "GET /wp-includes/widgets/?lokasie=%2Flib64%2Flibodbccr.so.2.0.0&loknya=%2Flib64 HTTP/2" 200 17414 "-" "Mozilla/5.0 AppleWebKit/537.36 (KHTML, like Gecko; compatible; ClaudeBot/1.0; +claudebot@anthropic.com)"
3.142.124.64 - - [10/May/2025:01:08:25 -0400] "GET /wp-includes/widgets/?lokasie=%2Flib64%2Flibpath_utils.so.1&loknya=%2Flib64 HTTP/2" 200 7980 "-" "Mozilla/5.0 AppleWebKit/537.36 (KHTML, like Gecko; compatible; ClaudeBot/1.0; +claudebot@anthropic.com)"
3.142.124.64 - - [10/May/2025:01:08:25 -0400] "GET /wp-includes/widgets/?lokasie=%2Flib64%2Flibparted-fs-resize.so.0&loknya=%2Flib64 HTTP/2" 200 45070 "-" "Mozilla/5.0 AppleWebKit/537.36 (KHTML, like Gecko; compatible; ClaudeBot/1.0; +claudebot@anthropic.com)"
3.142.124.64 - - [10/May/2025:01:08:25 -0400] "GET /wp-includes/widgets/?lokasie=%2Flib64%2Flibpython2.7.so&loknya=%2Flib64 HTTP/2" 200 670526 "-" "Mozilla/5.0 AppleWebKit/537.36 (KHTML, like Gecko; compatible; ClaudeBot/1.0; +claudebot@anthropic.com)"
3.142.124.64 - - [10/May/2025:01:08:25 -0400] "GET /wp-includes/widgets/?lokasie=%2Fhome%2Fjenniferflocom%2F.cpanel%2Fnvdata.cache&loknya=%2Fhome%2Fjenniferflocom%2F.cpanel HTTP/2" 200 1695 "-" "Mozilla/5.0 AppleWebKit/537.36 (KHTML, like Gecko; compatible; ClaudeBot/1.0; +claudebot@anthropic.com)"
3.142.124.64 - - [10/May/2025:01:08:25 -0400] "GET /wp-includes/widgets/?lokasie=%2Flib64%2Flibglapi.so.0.0.0&loknya=%2Flib64 HTTP/2" 200 38585 "-" "Mozilla/5.0 AppleWebKit/537.36 (KHTML, like Gecko; compatible; ClaudeBot/1.0; +claudebot@anthropic.com)"
3.142.124.64 - - [10/May/2025:01:08:26 -0400] "GET /wp-includes/widgets/?lokasie=%2Flib64%2Fliblog4cplus-1.2.so.5&loknya=%2Flib64 HTTP/2" 200 172197 "-" "Mozilla/5.0 AppleWebKit/537.36 (KHTML, like Gecko; compatible; ClaudeBot/1.0; +claudebot@anthropic.com)"
3.142.124.64 - - [10/May/2025:01:08:26 -0400] "GET /wp-includes/widgets/?lokasie=%2Flib64%2Flibpcrecpp.so.0&loknya=%2Flib64 HTTP/2" 200 17942 "-" "Mozilla/5.0 AppleWebKit/537.36 (KHTML, like Gecko; compatible; ClaudeBot/1.0; +claudebot@anthropic.com)"
3.142.124.64 - - [10/May/2025:01:08:26 -0400] "GET /wp-includes/widgets/?loknya=%2Flib%2Frpm HTTP/2" 200 4339 "-" "Mozilla/5.0 AppleWebKit/537.36 (KHTML, like Gecko; compatible; ClaudeBot/1.0; +claudebot@anthropic.com)"
3.142.124.64 - - [10/May/2025:01:08:26 -0400] "GET /wp-includes/js/dist/vendor/regenerator-runtime.js HTTP/2" 403 1242 "-" "Mozilla/5.0 AppleWebKit/537.36 (KHTML, like Gecko; compatible; ClaudeBot/1.0; +claudebot@anthropic.com)"
3.142.124.64 - - [10/May/2025:01:08:26 -0400] "GET /wp-includes/widgets/?lokasie=%2Fbin%2Fpython2.7&loknya=%2Fbin HTTP/2" 200 4819 "-" "Mozilla/5.0 AppleWebKit/537.36 (KHTML, like Gecko; compatible; ClaudeBot/1.0; +claudebot@anthropic.com)"
198.204.224.34 - - [10/May/2025:01:08:26 -0400] "GET /wp-content/install.php HTTP/1.1" 200 10 "https://jenniferflo.com/wp-content/install.php" "Mozilla/5.0 (Windows NT 10.0; Win64; x64) AppleWebKit/537.36 (KHTML, like Gecko) Chrome/58.0.3029.110 Safari/537.3"
3.142.124.64 - - [10/May/2025:01:08:26 -0400] "GET /wp-includes/widgets/?loknya=%2Fusr%2Flibexec HTTP/2" 200 2720 "-" "Mozilla/5.0 AppleWebKit/537.36 (KHTML, like Gecko; compatible; ClaudeBot/1.0; +claudebot@anthropic.com)"
3.142.124.64 - - [10/May/2025:01:08:26 -0400] "GET /wp-includes/widgets/?lokasie=%2Flib64%2FlibOpenGL.so.0.0.0&loknya=%2Flib64 HTTP/2" 200 39276 "-" "Mozilla/5.0 AppleWebKit/537.36 (KHTML, like Gecko; compatible; ClaudeBot/1.0; +claudebot@anthropic.com)"
198.204.224.34 - - [10/May/2025:01:08:20 -0400] "GET /wp-content/install.php HTTP/1.1" 200 0 "https://jenniferflo.com/wp-content/install.php" "Mozilla/5.0 (Windows NT 10.0; Win64; x64) AppleWebKit/537.36 (KHTML, like Gecko) Chrome/58.0.3029.110 Safari/537.3"
66.249.64.105 - - [10/May/2025:01:08:51 -0400] "GET /?pcmypage?callback=/product/detail/16523838 HTTP/1.1" 200 82916 "-" "Mozilla/5.0 (Linux; Android 6.0.1; Nexus 5X Build/MMB29P) AppleWebKit/537.36 (KHTML, like Gecko) Chrome/136.0.7103.59 Mobile Safari/537.36 (compatible; Googlebot/2.1; +http://www.google.com/bot.html)"
18.219.241.228 - - [10/May/2025:01:09:25 -0400] "GET /wp-includes/widgets/?lokasie=%2Flib64%2Flibevent_pthreads-2.1.so.6.0.2&loknya=%2Flib64 HTTP/2" 200 5422 "-" "Mozilla/5.0 AppleWebKit/537.36 (KHTML, like Gecko; compatible; ClaudeBot/1.0; +claudebot@anthropic.com)"
18.219.241.228 - - [10/May/2025:01:09:25 -0400] "GET /wp-includes/widgets/?lokasie=%2Flib64%2Flibevent_openssl-2.1.so.6.0.2&loknya=%2Flib64 HTTP/2" 200 12054 "-" "Mozilla/5.0 AppleWebKit/537.36 (KHTML, like Gecko; compatible; ClaudeBot/1.0; +claudebot@anthropic.com)"
18.219.241.228 - - [10/May/2025:01:09:25 -0400] "GET /wp-includes/widgets/?lokasie=%2Flib64%2Flibmvec_nonshared.a&loknya=%2Flib64 HTTP/2" 200 2780 "-" "Mozilla/5.0 AppleWebKit/537.36 (KHTML, like Gecko; compatible; ClaudeBot/1.0; +claudebot@anthropic.com)"
18.219.241.228 - - [10/May/2025:01:09:25 -0400] "GET /wp-includes/widgets/?lokasie=%2Flib64%2Flibfftw3_threads.so.3.5.5&loknya=%2Flib64 HTTP/2" 200 12348 "-" "Mozilla/5.0 AppleWebKit/537.36 (KHTML, like Gecko; compatible; ClaudeBot/1.0; +claudebot@anthropic.com)"
18.219.241.228 - - [10/May/2025:01:09:25 -0400] "GET /wp-includes/widgets/?lokasie=%2Flib64%2Flibsensors.so.4.4.0&loknya=%2Flib64 HTTP/2" 200 25666 "-" "Mozilla/5.0 AppleWebKit/537.36 (KHTML, like Gecko; compatible; ClaudeBot/1.0; +claudebot@anthropic.com)"
18.219.241.228 - - [10/May/2025:01:09:25 -0400] "GET /wp-includes/widgets/?lokasie=%2Flib64%2FlibmimerS.so.2.0.0&loknya=%2Flib64 HTTP/2" 200 4866 "-" "Mozilla/5.0 AppleWebKit/537.36 (KHTML, like Gecko; compatible; ClaudeBot/1.0; +claudebot@anthropic.com)"
18.219.241.228 - - [10/May/2025:01:09:25 -0400] "GET /wp-includes/js/dist/vendor/wp-polyfill-url.min.js HTTP/2" 403 1242 "-" "Mozilla/5.0 AppleWebKit/537.36 (KHTML, like Gecko; compatible; ClaudeBot/1.0; +claudebot@anthropic.com)"
18.219.241.228 - - [10/May/2025:01:09:25 -0400] "GET /wp-includes/js/dist/script-modules/interactivity HTTP/2" 301 795 "-" "Mozilla/5.0 AppleWebKit/537.36 (KHTML, like Gecko; compatible; ClaudeBot/1.0; +claudebot@anthropic.com)"
18.219.241.228 - - [10/May/2025:01:09:25 -0400] "GET /wp-includes/js/dist/script-modules/interactivity/ HTTP/2" 200 365 "https://jenniferflo.com/wp-includes/js/dist/script-modules/interactivity" "Mozilla/5.0 AppleWebKit/537.36 (KHTML, like Gecko; compatible; ClaudeBot/1.0; +claudebot@anthropic.com)"
18.219.241.228 - - [10/May/2025:01:09:25 -0400] "GET /wp-includes/widgets/?loknya=%2Fetc%2Fcl.php.d HTTP/2" 403 1242 "-" "Mozilla/5.0 AppleWebKit/537.36 (KHTML, like Gecko; compatible; ClaudeBot/1.0; +claudebot@anthropic.com)"
18.219.241.228 - - [10/May/2025:01:09:26 -0400] "GET /wp-includes/js/dist/vendor/wp-polyfill-fetch.min.js HTTP/2" 403 1242 "-" "Mozilla/5.0 AppleWebKit/537.36 (KHTML, like Gecko; compatible; ClaudeBot/1.0; +claudebot@anthropic.com)"
18.219.241.228 - - [10/May/2025:01:09:26 -0400] "GET /wp-includes/widgets/?lokasie=%2Flib64%2Flibxcb-render.so.0.0.0&loknya=%2Flib64 HTTP/2" 200 15687 "-" "Mozilla/5.0 AppleWebKit/537.36 (KHTML, like Gecko; compatible; ClaudeBot/1.0; +claudebot@anthropic.com)"
18.219.241.228 - - [10/May/2025:01:09:26 -0400] "GET /wp-includes/widgets/?loknya=%2Fusr%2Fsrc HTTP/2" 200 2050 "-" "Mozilla/5.0 AppleWebKit/537.36 (KHTML, like Gecko; compatible; ClaudeBot/1.0; +claudebot@anthropic.com)"
18.219.241.228 - - [10/May/2025:01:09:26 -0400] "GET /wp-includes/widgets/?lokasie=%2Flib64%2Flibldap_r-2.4.so.2.10.9&loknya=%2Flib64 HTTP/2" 200 139561 "-" "Mozilla/5.0 AppleWebKit/537.36 (KHTML, like Gecko; compatible; ClaudeBot/1.0; +claudebot@anthropic.com)"
18.219.241.228 - - [10/May/2025:01:09:26 -0400] "GET /wp-includes/widgets/?lokasie=%2Flib64%2Flibxmlrpc_server_cgi.so.3.51&loknya=%2Flib64 HTTP/2" 200 6754 "-" "Mozilla/5.0 AppleWebKit/537.36 (KHTML, like Gecko; compatible; ClaudeBot/1.0; +claudebot@anthropic.com)"
18.219.241.228 - - [10/May/2025:01:09:26 -0400] "GET /wp-includes/js/dist/script-modules/a11y HTTP/2" 301 795 "-" "Mozilla/5.0 AppleWebKit/537.36 (KHTML, like Gecko; compatible; ClaudeBot/1.0; +claudebot@anthropic.com)"
18.219.241.228 - - [10/May/2025:01:09:26 -0400] "GET /wp-includes/js/dist/script-modules/a11y/ HTTP/2" 200 659 "https://jenniferflo.com/wp-includes/js/dist/script-modules/a11y" "Mozilla/5.0 AppleWebKit/537.36 (KHTML, like Gecko; compatible; ClaudeBot/1.0; +claudebot@anthropic.com)"
18.219.241.228 - - [10/May/2025:01:09:26 -0400] "GET /wp-includes/widgets/?lokasie=%2Fhome%2Fjenniferflocom%2Fmail%2Fdovecot-uidvalidity.62548e8c&loknya=%2Fhome%2Fjenniferflocom%2Fmail HTTP/2" 200 1552 "-" "Mozilla/5.0 AppleWebKit/537.36 (KHTML, like Gecko; compatible; ClaudeBot/1.0; +claudebot@anthropic.com)"
