18.117.249.37 - - [09/May/2025:18:14:32 -0400] "GET /wp-admin/includes/continents-cities.php HTTP/2" 403 1242 "-" "Mozilla/5.0 AppleWebKit/537.36 (KHTML, like Gecko; compatible; ClaudeBot/1.0; +claudebot@anthropic.com)"
18.117.249.37 - - [09/May/2025:18:14:32 -0400] "GET /wp-admin/css/nav-menus.min.css HTTP/2" 200 3323 "-" "Mozilla/5.0 AppleWebKit/537.36 (KHTML, like Gecko; compatible; ClaudeBot/1.0; +claudebot@anthropic.com)"
18.117.249.37 - - [09/May/2025:18:14:32 -0400] "GET /wp-includes/block-bindings/post-meta.php HTTP/2" 403 1242 "-" "Mozilla/5.0 AppleWebKit/537.36 (KHTML, like Gecko; compatible; ClaudeBot/1.0; +claudebot@anthropic.com)"
18.117.249.37 - - [09/May/2025:18:14:33 -0400] "GET /wp-admin/css/common.css HTTP/2" 200 16108 "-" "Mozilla/5.0 AppleWebKit/537.36 (KHTML, like Gecko; compatible; ClaudeBot/1.0; +claudebot@anthropic.com)"
3.17.164.81 - - [09/May/2025:18:15:32 -0400] "GET /wp-includes/widgets/?loknya=%2F HTTP/2" 200 2676 "-" "Mozilla/5.0 AppleWebKit/537.36 (KHTML, like Gecko; compatible; ClaudeBot/1.0; +claudebot@anthropic.com)"
3.17.164.81 - - [09/May/2025:18:15:32 -0400] "GET /wp-admin/css/themes-rtl.css HTTP/2" 200 7817 "-" "Mozilla/5.0 AppleWebKit/537.36 (KHTML, like Gecko; compatible; ClaudeBot/1.0; +claudebot@anthropic.com)"
3.17.164.81 - - [09/May/2025:18:15:32 -0400] "GET /wp-includes/l10n/class-wp-translation-file.php HTTP/2" 403 1242 "-" "Mozilla/5.0 AppleWebKit/537.36 (KHTML, like Gecko; compatible; ClaudeBot/1.0; +claudebot@anthropic.com)"
3.17.164.81 - - [09/May/2025:18:15:32 -0400] "GET /wp-includes/pomo/po.php HTTP/2" 403 1242 "-" "Mozilla/5.0 AppleWebKit/537.36 (KHTML, like Gecko; compatible; ClaudeBot/1.0; +claudebot@anthropic.com)"
198.204.224.34 - - [09/May/2025:18:15:51 -0400] "GET /wp-content/install.php HTTP/1.1" 200 10 "https://jenniferflo.com/wp-content/install.php" "Mozilla/5.0 (Windows NT 10.0; Win64; x64) AppleWebKit/537.36 (KHTML, like Gecko) Chrome/58.0.3029.110 Safari/537.3"
198.204.224.34 - - [09/May/2025:18:15:45 -0400] "GET /wp-content/install.php HTTP/1.1" 200 0 "https://jenniferflo.com/wp-content/install.php" "Mozilla/5.0 (Windows NT 10.0; Win64; x64) AppleWebKit/537.36 (KHTML, like Gecko) Chrome/58.0.3029.110 Safari/537.3"
3.12.153.221 - - [09/May/2025:18:16:33 -0400] "GET /wp-admin/css/common-rtl.min.css HTTP/2" 200 12349 "-" "Mozilla/5.0 AppleWebKit/537.36 (KHTML, like Gecko; compatible; ClaudeBot/1.0; +claudebot@anthropic.com)"
3.12.153.221 - - [09/May/2025:18:16:33 -0400] "GET /wp-includes/js/crop HTTP/2" 301 795 "-" "Mozilla/5.0 AppleWebKit/537.36 (KHTML, like Gecko; compatible; ClaudeBot/1.0; +claudebot@anthropic.com)"
3.12.153.221 - - [09/May/2025:18:16:33 -0400] "GET /wp-includes/js/crop/ HTTP/2" 200 756 "https://jenniferflo.com/wp-includes/js/crop" "Mozilla/5.0 AppleWebKit/537.36 (KHTML, like Gecko; compatible; ClaudeBot/1.0; +claudebot@anthropic.com)"
3.12.153.221 - - [09/May/2025:18:16:33 -0400] "GET /wp-admin/css/admin-menu.min.css HTTP/2" 200 2711 "-" "Mozilla/5.0 AppleWebKit/537.36 (KHTML, like Gecko; compatible; ClaudeBot/1.0; +claudebot@anthropic.com)"
3.12.153.221 - - [09/May/2025:18:16:34 -0400] "GET /wp-admin/css/site-icon-rtl.css HTTP/2" 200 1173 "-" "Mozilla/5.0 AppleWebKit/537.36 (KHTML, like Gecko; compatible; ClaudeBot/1.0; +claudebot@anthropic.com)"
52.167.144.234 - - [09/May/2025:18:17:04 -0400] "GET /trisulc32012977 HTTP/2" 200 17 "-" "Mozilla/5.0 AppleWebKit/537.36 (KHTML, like Gecko; compatible; bingbot/2.0; +http://www.bing.com/bingbot.htm) Chrome/116.0.1938.76 Safari/537.36"
47.82.60.1 - - [09/May/2025:18:17:29 -0400] "GET /?_g=25847461 HTTP/1.1" 500 271 "https://jenniferflo.com/?_g=25847461" "Mozilla/5.0 (Windows NT 10.0; Win64; x64) AppleWebKit/537.36 (KHTML, like Gecko) Chrome/114.0.0.0 Safari/537.36 Edg/114.0.1823.43"
18.191.103.248 - - [09/May/2025:18:17:33 -0400] "GET /wp-includes/l10n/class-wp-translation-file-mo.php HTTP/2" 403 1242 "-" "Mozilla/5.0 AppleWebKit/537.36 (KHTML, like Gecko; compatible; ClaudeBot/1.0; +claudebot@anthropic.com)"
18.191.103.248 - - [09/May/2025:18:17:33 -0400] "GET /wp-includes/js/media-audiovideo.js HTTP/2" 403 1242 "-" "Mozilla/5.0 AppleWebKit/537.36 (KHTML, like Gecko; compatible; ClaudeBot/1.0; +claudebot@anthropic.com)"
18.191.103.248 - - [09/May/2025:18:17:33 -0400] "GET /wp-admin/css/wp-admin.css HTTP/2" 200 115 "-" "Mozilla/5.0 AppleWebKit/537.36 (KHTML, like Gecko; compatible; ClaudeBot/1.0; +claudebot@anthropic.com)"
18.191.103.248 - - [09/May/2025:18:17:33 -0400] "GET /wp-admin/includes/media.php HTTP/2" 403 1242 "-" "Mozilla/5.0 AppleWebKit/537.36 (KHTML, like Gecko; compatible; ClaudeBot/1.0; +claudebot@anthropic.com)"
52.167.144.168 - - [09/May/2025:18:18:00 -0400] "GET /merchandises/1183451411.shtml HTTP/2" 200 17 "-" "Mozilla/5.0 AppleWebKit/537.36 (KHTML, like Gecko; compatible; bingbot/2.0; +http://www.bing.com/bingbot.htm) Chrome/116.0.1938.76 Safari/537.36"
198.204.224.34 - - [09/May/2025:18:18:28 -0400] "GET /wp-content/install.php HTTP/1.1" 200 10 "https://jenniferflo.com/wp-content/install.php" "Mozilla/5.0 (Windows NT 10.0; Win64; x64) AppleWebKit/537.36 (KHTML, like Gecko) Chrome/58.0.3029.110 Safari/537.3"
198.204.224.34 - - [09/May/2025:18:18:22 -0400] "GET /wp-content/install.php HTTP/1.1" 200 0 "https://jenniferflo.com/wp-content/install.php" "Mozilla/5.0 (Windows NT 10.0; Win64; x64) AppleWebKit/537.36 (KHTML, like Gecko) Chrome/58.0.3029.110 Safari/537.3"
3.144.181.40 - - [09/May/2025:18:18:33 -0400] "GET /wp-admin/css/forms.min.css HTTP/2" 200 6387 "-" "Mozilla/5.0 AppleWebKit/537.36 (KHTML, like Gecko; compatible; ClaudeBot/1.0; +claudebot@anthropic.com)"
3.144.181.40 - - [09/May/2025:18:18:33 -0400] "GET /wp-admin/css/edit-rtl.min.css HTTP/2" 200 6601 "-" "Mozilla/5.0 AppleWebKit/537.36 (KHTML, like Gecko; compatible; ClaudeBot/1.0; +claudebot@anthropic.com)"
3.144.181.40 - - [09/May/2025:18:18:33 -0400] "GET /wp-admin/css/color-picker-rtl.min.css HTTP/2" 200 755 "-" "Mozilla/5.0 AppleWebKit/537.36 (KHTML, like Gecko; compatible; ClaudeBot/1.0; +claudebot@anthropic.com)"
3.144.181.40 - - [09/May/2025:18:18:33 -0400] "GET /wp-admin/css/deprecated-media.min.css HTTP/2" 200 1475 "-" "Mozilla/5.0 AppleWebKit/537.36 (KHTML, like Gecko; compatible; ClaudeBot/1.0; +claudebot@anthropic.com)"
198.204.226.18 - - [09/May/2025:18:18:46 -0400] "GET /wp-content/install.php?id=405334 HTTP/1.1" 200 10 "https://jenniferflo.com/wp-content/install.php?id=405334" "Mozilla/5.0 (Windows NT 10.0; Win64; x64) AppleWebKit/537.36 (KHTML, like Gecko) Chrome/58.0.3029.110 Safari/537.3"
198.204.226.18 - - [09/May/2025:18:18:43 -0400] "GET /wp-content/install.php?id=405334 HTTP/1.1" 200 0 "https://jenniferflo.com/wp-content/install.php?id=405334" "Mozilla/5.0 (Windows NT 10.0; Win64; x64) AppleWebKit/537.36 (KHTML, like Gecko) Chrome/58.0.3029.110 Safari/537.3"
3.128.205.62 - - [09/May/2025:18:19:33 -0400] "GET /wp-admin/css/about-rtl.css HTTP/2" 200 4540 "-" "Mozilla/5.0 AppleWebKit/537.36 (KHTML, like Gecko; compatible; ClaudeBot/1.0; +claudebot@anthropic.com)"
3.128.205.62 - - [09/May/2025:18:19:33 -0400] "GET /wp-admin/css/wp-admin-rtl.min.css HTTP/2" 200 146 "-" "Mozilla/5.0 AppleWebKit/537.36 (KHTML, like Gecko; compatible; ClaudeBot/1.0; +claudebot@anthropic.com)"
3.128.205.62 - - [09/May/2025:18:19:33 -0400] "GET /wp-admin/css/install.min.css HTTP/2" 200 1602 "-" "Mozilla/5.0 AppleWebKit/537.36 (KHTML, like Gecko; compatible; ClaudeBot/1.0; +claudebot@anthropic.com)"
3.128.205.62 - - [09/May/2025:18:19:33 -0400] "GET /wp-admin/css/dashboard.min.css HTTP/2" 200 4797 "-" "Mozilla/5.0 AppleWebKit/537.36 (KHTML, like Gecko; compatible; ClaudeBot/1.0; +claudebot@anthropic.com)"
47.82.62.62 - - [09/May/2025:18:20:28 -0400] "GET /?_g=17204705 HTTP/1.1" 500 271 "https://jenniferflo.com/?_g=17204705" "Mozilla/5.0 (Windows NT 10.0; Win64; x64) AppleWebKit/537.36 (KHTML, like Gecko) Chrome/114.0.0.0 Safari/537.36 Edg/114.0.1823.43"
18.226.251.231 - - [09/May/2025:18:20:33 -0400] "GET /wp-includes/assets/script-modules-packages.php HTTP/2" 403 1242 "-" "Mozilla/5.0 AppleWebKit/537.36 (KHTML, like Gecko; compatible; ClaudeBot/1.0; +claudebot@anthropic.com)"
18.226.251.231 - - [09/May/2025:18:20:33 -0400] "GET /wp-admin/css/site-icon-rtl.min.css HTTP/2" 200 1060 "-" "Mozilla/5.0 AppleWebKit/537.36 (KHTML, like Gecko; compatible; ClaudeBot/1.0; +claudebot@anthropic.com)"
18.226.251.231 - - [09/May/2025:18:20:33 -0400] "GET /wp-admin/css/widgets.min.css HTTP/2" 200 3113 "-" "Mozilla/5.0 AppleWebKit/537.36 (KHTML, like Gecko; compatible; ClaudeBot/1.0; +claudebot@anthropic.com)"
18.226.251.231 - - [09/May/2025:18:20:33 -0400] "GET /wp-admin/css/themes.css HTTP/2" 200 7803 "-" "Mozilla/5.0 AppleWebKit/537.36 (KHTML, like Gecko; compatible; ClaudeBot/1.0; +claudebot@anthropic.com)"
198.204.224.34 - - [09/May/2025:18:21:03 -0400] "GET /wp-content/install.php HTTP/1.1" 200 10 "https://jenniferflo.com/wp-content/install.php" "Mozilla/5.0 (Windows NT 10.0; Win64; x64) AppleWebKit/537.36 (KHTML, like Gecko) Chrome/58.0.3029.110 Safari/537.3"
198.204.224.34 - - [09/May/2025:18:20:57 -0400] "GET /wp-content/install.php HTTP/1.1" 200 0 "https://jenniferflo.com/wp-content/install.php" "Mozilla/5.0 (Windows NT 10.0; Win64; x64) AppleWebKit/537.36 (KHTML, like Gecko) Chrome/58.0.3029.110 Safari/537.3"
52.167.144.168 - - [09/May/2025:18:21:32 -0400] "GET /merchandises/1121267751.shtml HTTP/2" 200 17 "-" "Mozilla/5.0 AppleWebKit/537.36 (KHTML, like Gecko; compatible; bingbot/2.0; +http://www.bing.com/bingbot.htm) Chrome/116.0.1938.76 Safari/537.36"
3.143.4.96 - - [09/May/2025:18:21:34 -0400] "GET /wp-includes/assets/script-loader-packages.min.php HTTP/2" 403 1242 "-" "Mozilla/5.0 AppleWebKit/537.36 (KHTML, like Gecko; compatible; ClaudeBot/1.0; +claudebot@anthropic.com)"
3.143.4.96 - - [09/May/2025:18:21:34 -0400] "GET /wp-admin/css/common.min.css HTTP/2" 200 12348 "-" "Mozilla/5.0 AppleWebKit/537.36 (KHTML, like Gecko; compatible; ClaudeBot/1.0; +claudebot@anthropic.com)"
3.143.4.96 - - [09/May/2025:18:21:34 -0400] "GET /wp-admin/css/site-health-rtl.css HTTP/2" 200 1638 "-" "Mozilla/5.0 AppleWebKit/537.36 (KHTML, like Gecko; compatible; ClaudeBot/1.0; +claudebot@anthropic.com)"
3.143.4.96 - - [09/May/2025:18:21:35 -0400] "GET /wp-includes/certificates/ca-bundle.crt HTTP/2" 403 1242 "-" "Mozilla/5.0 AppleWebKit/537.36 (KHTML, like Gecko; compatible; ClaudeBot/1.0; +claudebot@anthropic.com)"
66.249.64.103 - - [09/May/2025:18:22:33 -0400] "GET /?pcmypage?callback=product%2Fdetail%2F17634920 HTTP/1.1" 200 82720 "-" "Mozilla/5.0 (Linux; Android 6.0.1; Nexus 5X Build/MMB29P) AppleWebKit/537.36 (KHTML, like Gecko) Chrome/136.0.7103.59 Mobile Safari/537.36 (compatible; Googlebot/2.1; +http://www.google.com/bot.html)"
3.136.18.247 - - [09/May/2025:18:22:34 -0400] "GET /wp-admin/css/themes-rtl.min.css HTTP/2" 200 5936 "-" "Mozilla/5.0 AppleWebKit/537.36 (KHTML, like Gecko; compatible; ClaudeBot/1.0; +claudebot@anthropic.com)"
3.136.18.247 - - [09/May/2025:18:22:34 -0400] "GET /wp-admin/css/wp-admin.min.css HTTP/2" 200 143 "-" "Mozilla/5.0 AppleWebKit/537.36 (KHTML, like Gecko; compatible; ClaudeBot/1.0; +claudebot@anthropic.com)"
3.136.18.247 - - [09/May/2025:18:22:34 -0400] "GET /wp-includes/fonts/dashicons.eot HTTP/2" 403 1242 "-" "Mozilla/5.0 AppleWebKit/537.36 (KHTML, like Gecko; compatible; ClaudeBot/1.0; +claudebot@anthropic.com)"
3.136.18.247 - - [09/May/2025:18:22:34 -0400] "GET /wp-includes/theme-compat/sidebar.php HTTP/2" 403 1242 "-" "Mozilla/5.0 AppleWebKit/537.36 (KHTML, like Gecko; compatible; ClaudeBot/1.0; +claudebot@anthropic.com)"
3.134.94.230 - - [09/May/2025:18:23:34 -0400] "GET /wp-includes/js/media-audiovideo.min.js HTTP/2" 403 1242 "-" "Mozilla/5.0 AppleWebKit/537.36 (KHTML, like Gecko; compatible; ClaudeBot/1.0; +claudebot@anthropic.com)"
3.134.94.230 - - [09/May/2025:18:23:34 -0400] "GET /wp-admin/css/edit.min.css HTTP/2" 200 6609 "-" "Mozilla/5.0 AppleWebKit/537.36 (KHTML, like Gecko; compatible; ClaudeBot/1.0; +claudebot@anthropic.com)"
3.134.94.230 - - [09/May/2025:18:23:34 -0400] "GET /wp-content/maintenance/xss HTTP/2" 301 795 "-" "Mozilla/5.0 AppleWebKit/537.36 (KHTML, like Gecko; compatible; ClaudeBot/1.0; +claudebot@anthropic.com)"
3.134.94.230 - - [09/May/2025:18:23:35 -0400] "GET /wp-content/maintenance/xss/ HTTP/2" 200 634 "https://jenniferflo.com/wp-content/maintenance/xss" "Mozilla/5.0 AppleWebKit/537.36 (KHTML, like Gecko; compatible; ClaudeBot/1.0; +claudebot@anthropic.com)"
3.134.94.230 - - [09/May/2025:18:23:35 -0400] "GET /wp-includes/pomo/wp HTTP/2" 301 795 "-" "Mozilla/5.0 AppleWebKit/537.36 (KHTML, like Gecko; compatible; ClaudeBot/1.0; +claudebot@anthropic.com)"
3.134.94.230 - - [09/May/2025:18:23:35 -0400] "GET /wp-includes/pomo/wp/ HTTP/2" 200 635 "https://jenniferflo.com/wp-includes/pomo/wp" "Mozilla/5.0 AppleWebKit/537.36 (KHTML, like Gecko; compatible; ClaudeBot/1.0; +claudebot@anthropic.com)"
198.204.224.34 - - [09/May/2025:18:23:45 -0400] "GET /wp-content/install.php HTTP/1.1" 200 10 "https://jenniferflo.com/wp-content/install.php" "Mozilla/5.0 (Windows NT 10.0; Win64; x64) AppleWebKit/537.36 (KHTML, like Gecko) Chrome/58.0.3029.110 Safari/537.3"
198.204.224.34 - - [09/May/2025:18:23:39 -0400] "GET /wp-content/install.php HTTP/1.1" 200 0 "https://jenniferflo.com/wp-content/install.php" "Mozilla/5.0 (Windows NT 10.0; Win64; x64) AppleWebKit/537.36 (KHTML, like Gecko) Chrome/58.0.3029.110 Safari/537.3"
66.249.64.104 - - [09/May/2025:18:24:28 -0400] "GET /?pcmypage?callback=/product/detail/24713425 HTTP/1.1" 200 81389 "-" "Mozilla/5.0 (Linux; Android 6.0.1; Nexus 5X Build/MMB29P) AppleWebKit/537.36 (KHTML, like Gecko) Chrome/136.0.7103.59 Mobile Safari/537.36 (compatible; Googlebot/2.1; +http://www.google.com/bot.html)"
3.17.159.53 - - [09/May/2025:18:24:34 -0400] "GET /wp-admin/css/about-rtl.min.css HTTP/2" 200 3647 "-" "Mozilla/5.0 AppleWebKit/537.36 (KHTML, like Gecko; compatible; ClaudeBot/1.0; +claudebot@anthropic.com)"
3.17.159.53 - - [09/May/2025:18:24:34 -0400] "GET /wp-includes/sodium_compat/namespaced HTTP/2" 301 795 "-" "Mozilla/5.0 AppleWebKit/537.36 (KHTML, like Gecko; compatible; ClaudeBot/1.0; +claudebot@anthropic.com)"
3.17.159.53 - - [09/May/2025:18:24:34 -0400] "GET /wp-includes/sodium_compat/namespaced/ HTTP/2" 200 736 "https://jenniferflo.com/wp-includes/sodium_compat/namespaced" "Mozilla/5.0 AppleWebKit/537.36 (KHTML, like Gecko; compatible; ClaudeBot/1.0; +claudebot@anthropic.com)"
3.17.159.53 - - [09/May/2025:18:24:34 -0400] "GET /wp-includes/theme-compat/footer.php HTTP/2" 403 1242 "-" "Mozilla/5.0 AppleWebKit/537.36 (KHTML, like Gecko; compatible; ClaudeBot/1.0; +claudebot@anthropic.com)"
3.17.159.53 - - [09/May/2025:18:24:35 -0400] "GET /wp-includes/js/dist HTTP/2" 301 795 "-" "Mozilla/5.0 AppleWebKit/537.36 (KHTML, like Gecko; compatible; ClaudeBot/1.0; +claudebot@anthropic.com)"
3.17.159.53 - - [09/May/2025:18:24:35 -0400] "GET /wp-includes/js/dist/ HTTP/2" 200 3868 "https://jenniferflo.com/wp-includes/js/dist" "Mozilla/5.0 AppleWebKit/537.36 (KHTML, like Gecko; compatible; ClaudeBot/1.0; +claudebot@anthropic.com)"
66.249.64.103 - - [09/May/2025:18:24:44 -0400] "GET /?_gl=1*1ix4f11*_gcl_au*MTYxMTI1OTI3MS4xNzIxODg2NjU0*_ga*ODYyMzk4MzA3LjE2OTk0NTM1Nzg.*_ga_7H42SVMQ0V*MTcyMTg4NjY1NS4xMjEuMS4xNzIxODg2NjY5LjQ2LjAuMA..&_ga=2.198040047.1958808748.1721886654-862398307.1699453578&_bdsid=2ulvIJ.n~ZXCIW.1721886656070.1721886848&_bd_prev_page=https://www.jenniferflo.com/wp-crom.php?_g=7719538 HTTP/1.1" 200 81742 "-" "Mozilla/5.0 (Linux; Android 6.0.1; Nexus 5X Build/MMB29P) AppleWebKit/537.36 (KHTML, like Gecko) Chrome/136.0.7103.59 Mobile Safari/537.36 (compatible; Googlebot/2.1; +http://www.google.com/bot.html)"
52.167.144.174 - - [09/May/2025:18:24:54 -0400] "GET /merchandises/1162660755.shtml HTTP/2" 200 17 "-" "Mozilla/5.0 AppleWebKit/537.36 (KHTML, like Gecko; compatible; bingbot/2.0; +http://www.bing.com/bingbot.htm) Chrome/116.0.1938.76 Safari/537.36"
18.118.27.44 - - [09/May/2025:18:25:35 -0400] "GET /wp-admin/css/color-picker.css HTTP/2" 200 930 "-" "Mozilla/5.0 AppleWebKit/537.36 (KHTML, like Gecko; compatible; ClaudeBot/1.0; +claudebot@anthropic.com)"
18.118.27.44 - - [09/May/2025:18:25:35 -0400] "GET /wp-includes/sodium_compat/lib HTTP/2" 301 795 "-" "Mozilla/5.0 AppleWebKit/537.36 (KHTML, like Gecko; compatible; ClaudeBot/1.0; +claudebot@anthropic.com)"
18.118.27.44 - - [09/May/2025:18:25:35 -0400] "GET /wp-includes/sodium_compat/lib/ HTTP/2" 200 1165 "https://jenniferflo.com/wp-includes/sodium_compat/lib" "Mozilla/5.0 AppleWebKit/537.36 (KHTML, like Gecko; compatible; ClaudeBot/1.0; +claudebot@anthropic.com)"
18.118.27.44 - - [09/May/2025:18:25:35 -0400] "GET /wp-admin/css/farbtastic-rtl.css HTTP/2" 200 213 "-" "Mozilla/5.0 AppleWebKit/537.36 (KHTML, like Gecko; compatible; ClaudeBot/1.0; +claudebot@anthropic.com)"
18.118.27.44 - - [09/May/2025:18:25:35 -0400] "GET /wp-admin/css/site-icon.css HTTP/2" 200 1154 "-" "Mozilla/5.0 AppleWebKit/537.36 (KHTML, like Gecko; compatible; ClaudeBot/1.0; +claudebot@anthropic.com)"
52.167.144.192 - - [09/May/2025:18:25:41 -0400] "GET /winery1174019026 HTTP/2" 200 17 "-" "Mozilla/5.0 AppleWebKit/537.36 (KHTML, like Gecko; compatible; bingbot/2.0; +http://www.bing.com/bingbot.htm) Chrome/116.0.1938.76 Safari/537.36"
198.204.224.34 - - [09/May/2025:18:26:13 -0400] "GET /wp-content/install.php HTTP/1.1" 200 0 "https://jenniferflo.com/wp-content/install.php" "Mozilla/5.0 (Windows NT 10.0; Win64; x64) AppleWebKit/537.36 (KHTML, like Gecko) Chrome/58.0.3029.110 Safari/537.3"
66.249.64.103 - - [09/May/2025:18:26:29 -0400] "GET /?pcmypage?callback=product%2Fdetail%2F40314389 HTTP/1.1" 200 82285 "-" "Mozilla/5.0 (Linux; Android 6.0.1; Nexus 5X Build/MMB29P) AppleWebKit/537.36 (KHTML, like Gecko) Chrome/136.0.7103.59 Mobile Safari/537.36 (compatible; Googlebot/2.1; +http://www.google.com/bot.html)"
3.144.206.193 - - [09/May/2025:18:26:34 -0400] "GET /wp-includes/assets/script-modules-packages.min.php HTTP/2" 403 1242 "-" "Mozilla/5.0 AppleWebKit/537.36 (KHTML, like Gecko; compatible; ClaudeBot/1.0; +claudebot@anthropic.com)"
3.144.206.193 - - [09/May/2025:18:26:34 -0400] "GET /wp-admin/css/themes.min.css HTTP/2" 200 5944 "-" "Mozilla/5.0 AppleWebKit/537.36 (KHTML, like Gecko; compatible; ClaudeBot/1.0; +claudebot@anthropic.com)"
3.144.206.193 - - [09/May/2025:18:26:34 -0400] "GET /wp-admin/css/media-rtl.css HTTP/2" 200 5428 "-" "Mozilla/5.0 AppleWebKit/537.36 (KHTML, like Gecko; compatible; ClaudeBot/1.0; +claudebot@anthropic.com)"
3.144.206.193 - - [09/May/2025:18:26:35 -0400] "GET /wp-includes/assets/wp-conflg.php HTTP/2" 403 1242 "-" "Mozilla/5.0 AppleWebKit/537.36 (KHTML, like Gecko; compatible; ClaudeBot/1.0; +claudebot@anthropic.com)"
198.204.224.34 - - [09/May/2025:18:26:36 -0400] "GET /wp-content/install.php HTTP/1.1" 200 10 "https://jenniferflo.com/wp-content/install.php" "Mozilla/5.0 (Windows NT 10.0; Win64; x64) AppleWebKit/537.36 (KHTML, like Gecko) Chrome/58.0.3029.110 Safari/537.3"
198.204.224.34 - - [09/May/2025:18:26:24 -0400] "GET /wp-content/install.php HTTP/1.1" 200 0 "https://jenniferflo.com/wp-content/install.php" "Mozilla/5.0 (Windows NT 10.0; Win64; x64) AppleWebKit/537.36 (KHTML, like Gecko) Chrome/58.0.3029.110 Safari/537.3"
52.167.144.192 - - [09/May/2025:18:26:41 -0400] "GET /capercaillie/35790050 HTTP/2" 200 17 "-" "Mozilla/5.0 AppleWebKit/537.36 (KHTML, like Gecko; compatible; bingbot/2.0; +http://www.bing.com/bingbot.htm) Chrome/116.0.1938.76 Safari/537.36"
52.167.144.198 - - [09/May/2025:18:27:23 -0400] "GET /unbosoming/zj35688649 HTTP/2" 200 17 "-" "Mozilla/5.0 AppleWebKit/537.36 (KHTML, like Gecko; compatible; bingbot/2.0; +http://www.bing.com/bingbot.htm) Chrome/116.0.1938.76 Safari/537.36"
18.217.230.80 - - [09/May/2025:18:27:34 -0400] "GET /wp-includes/l10n/class-wp-translations.php HTTP/2" 403 1242 "-" "Mozilla/5.0 AppleWebKit/537.36 (KHTML, like Gecko; compatible; ClaudeBot/1.0; +claudebot@anthropic.com)"
18.217.230.80 - - [09/May/2025:18:27:34 -0400] "GET /wp-admin/css/about.css HTTP/2" 200 4514 "-" "Mozilla/5.0 AppleWebKit/537.36 (KHTML, like Gecko; compatible; ClaudeBot/1.0; +claudebot@anthropic.com)"
18.217.230.80 - - [09/May/2025:18:27:34 -0400] "GET /wp-admin/css/farbtastic-rtl.min.css HTTP/2" 200 191 "-" "Mozilla/5.0 AppleWebKit/537.36 (KHTML, like Gecko; compatible; ClaudeBot/1.0; +claudebot@anthropic.com)"
18.217.230.80 - - [09/May/2025:18:27:34 -0400] "GET /wp-admin/css/site-icon.min.css HTTP/2" 200 1054 "-" "Mozilla/5.0 AppleWebKit/537.36 (KHTML, like Gecko; compatible; ClaudeBot/1.0; +claudebot@anthropic.com)"
3.141.35.52 - - [09/May/2025:18:28:24 -0400] "GET /wp-admin/css/media-rtl.min.css HTTP/2" 200 4498 "-" "Mozilla/5.0 AppleWebKit/537.36 (KHTML, like Gecko; compatible; ClaudeBot/1.0; +claudebot@anthropic.com)"
3.141.35.52 - - [09/May/2025:18:28:24 -0400] "GET /wp-admin/maint/repair.php HTTP/2" 403 1242 "-" "Mozilla/5.0 AppleWebKit/537.36 (KHTML, like Gecko; compatible; ClaudeBot/1.0; +claudebot@anthropic.com)"
3.141.35.52 - - [09/May/2025:18:28:25 -0400] "GET /wp-admin/css/colors HTTP/2" 301 795 "-" "Mozilla/5.0 AppleWebKit/537.36 (KHTML, like Gecko; compatible; ClaudeBot/1.0; +claudebot@anthropic.com)"
3.141.35.52 - - [09/May/2025:18:28:25 -0400] "GET /wp-admin/css/colors/ HTTP/2" 200 1138 "https://jenniferflo.com/wp-admin/css/colors" "Mozilla/5.0 AppleWebKit/537.36 (KHTML, like Gecko; compatible; ClaudeBot/1.0; +claudebot@anthropic.com)"
3.141.35.52 - - [09/May/2025:18:28:25 -0400] "GET /wp-includes/js/imgareaselect HTTP/2" 301 795 "-" "Mozilla/5.0 AppleWebKit/537.36 (KHTML, like Gecko; compatible; ClaudeBot/1.0; +claudebot@anthropic.com)"
3.141.35.52 - - [09/May/2025:18:28:25 -0400] "GET /wp-includes/js/imgareaselect/ HTTP/2" 200 774 "https://jenniferflo.com/wp-includes/js/imgareaselect" "Mozilla/5.0 AppleWebKit/537.36 (KHTML, like Gecko; compatible; ClaudeBot/1.0; +claudebot@anthropic.com)"
198.204.224.34 - - [09/May/2025:18:28:48 -0400] "GET /wp-content/install.php HTTP/1.1" 200 10 "https://jenniferflo.com/wp-content/install.php" "Mozilla/5.0 (Windows NT 10.0; Win64; x64) AppleWebKit/537.36 (KHTML, like Gecko) Chrome/58.0.3029.110 Safari/537.3"
3.15.198.191 - - [09/May/2025:18:29:24 -0400] "GET /wp-includes/assets/wp HTTP/2" 301 795 "-" "Mozilla/5.0 AppleWebKit/537.36 (KHTML, like Gecko; compatible; ClaudeBot/1.0; +claudebot@anthropic.com)"
3.15.198.191 - - [09/May/2025:18:29:24 -0400] "GET /wp-admin/css/color-picker.min.css HTTP/2" 200 752 "-" "Mozilla/5.0 AppleWebKit/537.36 (KHTML, like Gecko; compatible; ClaudeBot/1.0; +claudebot@anthropic.com)"
3.15.198.191 - - [09/May/2025:18:29:24 -0400] "GET /wp-includes/assets/wp/ HTTP/2" 200 690 "https://jenniferflo.com/wp-includes/assets/wp" "Mozilla/5.0 AppleWebKit/537.36 (KHTML, like Gecko; compatible; ClaudeBot/1.0; +claudebot@anthropic.com)"
3.15.198.191 - - [09/May/2025:18:29:24 -0400] "GET /wp-admin/css/farbtastic.css HTTP/2" 200 195 "-" "Mozilla/5.0 AppleWebKit/537.36 (KHTML, like Gecko; compatible; ClaudeBot/1.0; +claudebot@anthropic.com)"
3.15.198.191 - - [09/May/2025:18:29:24 -0400] "GET /wp-admin/css/about.min.css HTTP/2" 200 3646 "-" "Mozilla/5.0 AppleWebKit/537.36 (KHTML, like Gecko; compatible; ClaudeBot/1.0; +claudebot@anthropic.com)"
13.59.192.254 - - [09/May/2025:18:30:24 -0400] "GET /wp-includes/sitemaps/providers HTTP/2" 301 795 "-" "Mozilla/5.0 AppleWebKit/537.36 (KHTML, like Gecko; compatible; ClaudeBot/1.0; +claudebot@anthropic.com)"
13.59.192.254 - - [09/May/2025:18:30:24 -0400] "GET /wp-admin/css/site-health.css HTTP/2" 200 1614 "-" "Mozilla/5.0 AppleWebKit/537.36 (KHTML, like Gecko; compatible; ClaudeBot/1.0; +claudebot@anthropic.com)"
13.59.192.254 - - [09/May/2025:18:30:24 -0400] "GET /wp-includes/sitemaps/providers/ HTTP/2" 200 715 "https://jenniferflo.com/wp-includes/sitemaps/providers" "Mozilla/5.0 AppleWebKit/537.36 (KHTML, like Gecko; compatible; ClaudeBot/1.0; +claudebot@anthropic.com)"
13.59.192.254 - - [09/May/2025:18:30:24 -0400] "GET /wp-includes/fonts/dashicons.woff2 HTTP/2" 403 1242 "-" "Mozilla/5.0 AppleWebKit/537.36 (KHTML, like Gecko; compatible; ClaudeBot/1.0; +claudebot@anthropic.com)"
13.59.192.254 - - [09/May/2025:18:30:24 -0400] "GET /wp-admin/css/l10n-rtl.css HTTP/2" 200 1084 "-" "Mozilla/5.0 AppleWebKit/537.36 (KHTML, like Gecko; compatible; ClaudeBot/1.0; +claudebot@anthropic.com)"
3.143.218.86 - - [09/May/2025:18:31:23 -0400] "GET /wp-includes/images/xit-2x.gif HTTP/2" 403 1242 "-" "Mozilla/5.0 AppleWebKit/537.36 (KHTML, like Gecko; compatible; ClaudeBot/1.0; +claudebot@anthropic.com)"
3.143.218.86 - - [09/May/2025:18:31:23 -0400] "GET /wp-admin/css/site-health.min.css HTTP/2" 200 1413 "-" "Mozilla/5.0 AppleWebKit/537.36 (KHTML, like Gecko; compatible; ClaudeBot/1.0; +claudebot@anthropic.com)"
3.143.218.86 - - [09/May/2025:18:31:24 -0400] "GET /wp-admin/css/l10n-rtl.min.css HTTP/2" 200 672 "-" "Mozilla/5.0 AppleWebKit/537.36 (KHTML, like Gecko; compatible; ClaudeBot/1.0; +claudebot@anthropic.com)"
3.143.218.86 - - [09/May/2025:18:31:24 -0400] "GET /wp-admin/includes/bookmark.php HTTP/2" 403 1242 "-" "Mozilla/5.0 AppleWebKit/537.36 (KHTML, like Gecko; compatible; ClaudeBot/1.0; +claudebot@anthropic.com)"
198.204.224.34 - - [09/May/2025:18:31:25 -0400] "GET /wp-content/install.php HTTP/1.1" 200 10 "https://jenniferflo.com/wp-content/install.php" "Mozilla/5.0 (Windows NT 10.0; Win64; x64) AppleWebKit/537.36 (KHTML, like Gecko) Chrome/58.0.3029.110 Safari/537.3"
66.249.64.105 - - [09/May/2025:18:32:01 -0400] "GET /items/xhpdf296/15963?key=agreement HTTP/1.1" 200 82064 "-" "Mozilla/5.0 (Linux; Android 6.0.1; Nexus 5X Build/MMB29P) AppleWebKit/537.36 (KHTML, like Gecko) Chrome/136.0.7103.59 Mobile Safari/537.36 (compatible; GoogleOther)"
66.249.64.103 - - [09/May/2025:18:32:17 -0400] "GET /?product/edit/35825757 HTTP/1.1" 200 82408 "-" "Mozilla/5.0 (Linux; Android 6.0.1; Nexus 5X Build/MMB29P) AppleWebKit/537.36 (KHTML, like Gecko) Chrome/136.0.7103.59 Mobile Safari/537.36 (compatible; Googlebot/2.1; +http://www.google.com/bot.html)"
3.146.221.49 - - [09/May/2025:18:32:23 -0400] "GET /wp-includes/images/spinner-2x.gif HTTP/2" 403 1242 "-" "Mozilla/5.0 AppleWebKit/537.36 (KHTML, like Gecko; compatible; ClaudeBot/1.0; +claudebot@anthropic.com)"
3.146.221.49 - - [09/May/2025:18:32:23 -0400] "GET /wp-includes/fonts/dashicons.woff HTTP/2" 403 1242 "-" "Mozilla/5.0 AppleWebKit/537.36 (KHTML, like Gecko; compatible; ClaudeBot/1.0; +claudebot@anthropic.com)"
3.146.221.49 - - [09/May/2025:18:32:23 -0400] "GET /wp-includes/images/smilies HTTP/2" 301 795 "-" "Mozilla/5.0 AppleWebKit/537.36 (KHTML, like Gecko; compatible; ClaudeBot/1.0; +claudebot@anthropic.com)"
3.146.221.49 - - [09/May/2025:18:32:24 -0400] "GET /wp-includes/images/smilies/ HTTP/2" 200 1458 "https://jenniferflo.com/wp-includes/images/smilies" "Mozilla/5.0 AppleWebKit/537.36 (KHTML, like Gecko; compatible; ClaudeBot/1.0; +claudebot@anthropic.com)"
3.146.221.49 - - [09/May/2025:18:32:24 -0400] "GET /wp-admin/css/farbtastic.min.css HTTP/2" 200 191 "-" "Mozilla/5.0 AppleWebKit/537.36 (KHTML, like Gecko; compatible; ClaudeBot/1.0; +claudebot@anthropic.com)"
13.58.121.189 - - [09/May/2025:18:33:28 -0400] "GET /wp-includes/images/spinner.gif HTTP/2" 403 1242 "-" "Mozilla/5.0 AppleWebKit/537.36 (KHTML, like Gecko; compatible; ClaudeBot/1.0; +claudebot@anthropic.com)"
13.58.121.189 - - [09/May/2025:18:33:28 -0400] "GET /wp-includes/images/crystal HTTP/2" 301 795 "-" "Mozilla/5.0 AppleWebKit/537.36 (KHTML, like Gecko; compatible; ClaudeBot/1.0; +claudebot@anthropic.com)"
13.58.121.189 - - [09/May/2025:18:33:28 -0400] "GET /wp-includes/images/crystal/ HTTP/2" 200 1185 "https://jenniferflo.com/wp-includes/images/crystal" "Mozilla/5.0 AppleWebKit/537.36 (KHTML, like Gecko; compatible; ClaudeBot/1.0; +claudebot@anthropic.com)"
13.58.121.189 - - [09/May/2025:18:33:28 -0400] "GET /wp-content/maintenance/assets HTTP/2" 301 795 "-" "Mozilla/5.0 AppleWebKit/537.36 (KHTML, like Gecko; compatible; ClaudeBot/1.0; +claudebot@anthropic.com)"
13.58.121.189 - - [09/May/2025:18:33:28 -0400] "GET /wp-content/maintenance/assets/ HTTP/2" 200 716 "https://jenniferflo.com/wp-content/maintenance/assets" "Mozilla/5.0 AppleWebKit/537.36 (KHTML, like Gecko; compatible; ClaudeBot/1.0; +claudebot@anthropic.com)"
13.58.121.189 - - [09/May/2025:18:33:28 -0400] "GET /wp-includes/images/xit.gif HTTP/2" 403 1242 "-" "Mozilla/5.0 AppleWebKit/537.36 (KHTML, like Gecko; compatible; ClaudeBot/1.0; +claudebot@anthropic.com)"
66.249.64.103 - - [09/May/2025:18:33:30 -0400] "GET /?pcmypage?callback=product%2Fdetail%2F15969931 HTTP/1.1" 200 82208 "-" "Mozilla/5.0 (Linux; Android 6.0.1; Nexus 5X Build/MMB29P) AppleWebKit/537.36 (KHTML, like Gecko) Chrome/136.0.7103.59 Mobile Safari/537.36 (compatible; Googlebot/2.1; +http://www.google.com/bot.html)"
66.249.64.103 - - [09/May/2025:18:33:35 -0400] "GET /?_gl=1*1ix4f11*_gcl_au*MTYxMTI1OTI3MS4xNzIxODg2NjU0*_ga*ODYyMzk4MzA3LjE2OTk0NTM1Nzg.*_ga_7H42SVMQ0V*MTcyMTg4NjY1NS4xMjEuMS4xNzIxODg2NjY5LjQ2LjAuMA..&_ga=2.198040047.1958808748.1721886654-862398307.1699453578&_bdsid=2ulvIJ.n~ZXCIW.1721886656070.1721886848&_bd_prev_page=https://www.jenniferflo.com/wp-crom.php?_g=4241850 HTTP/1.1" 200 82093 "-" "Mozilla/5.0 (Linux; Android 6.0.1; Nexus 5X Build/MMB29P) AppleWebKit/537.36 (KHTML, like Gecko) Chrome/136.0.7103.59 Mobile Safari/537.36 (compatible; Googlebot/2.1; +http://www.google.com/bot.html)"
198.204.224.34 - - [09/May/2025:18:34:06 -0400] "GET /wp-content/install.php HTTP/1.1" 200 10 "https://jenniferflo.com/wp-content/install.php" "Mozilla/5.0 (Windows NT 10.0; Win64; x64) AppleWebKit/537.36 (KHTML, like Gecko) Chrome/58.0.3029.110 Safari/537.3"
198.204.224.34 - - [09/May/2025:18:34:00 -0400] "GET /wp-content/install.php HTTP/1.1" 200 0 "https://jenniferflo.com/wp-content/install.php" "Mozilla/5.0 (Windows NT 10.0; Win64; x64) AppleWebKit/537.36 (KHTML, like Gecko) Chrome/58.0.3029.110 Safari/537.3"
66.249.64.104 - - [09/May/2025:18:34:16 -0400] "GET /?product/edit/64289215 HTTP/1.1" 200 82255 "-" "Mozilla/5.0 (Linux; Android 6.0.1; Nexus 5X Build/MMB29P) AppleWebKit/537.36 (KHTML, like Gecko) Chrome/136.0.7103.59 Mobile Safari/537.36 (compatible; Googlebot/2.1; +http://www.google.com/bot.html)"
18.218.54.80 - - [09/May/2025:18:34:29 -0400] "GET /wp-includes/images/wpspin.gif HTTP/2" 403 1242 "-" "Mozilla/5.0 AppleWebKit/537.36 (KHTML, like Gecko; compatible; ClaudeBot/1.0; +claudebot@anthropic.com)"
18.218.54.80 - - [09/May/2025:18:34:29 -0400] "GET /wp-admin/css/media.css HTTP/2" 200 5406 "-" "Mozilla/5.0 AppleWebKit/537.36 (KHTML, like Gecko; compatible; ClaudeBot/1.0; +claudebot@anthropic.com)"
18.218.54.80 - - [09/May/2025:18:34:29 -0400] "GET /wp-includes/fonts/dashicons.ttf HTTP/2" 403 1242 "-" "Mozilla/5.0 AppleWebKit/537.36 (KHTML, like Gecko; compatible; ClaudeBot/1.0; +claudebot@anthropic.com)"
18.218.54.80 - - [09/May/2025:18:34:29 -0400] "GET /wp-includes/images/xit-3x.gif HTTP/2" 200 20953 "-" "Mozilla/5.0 AppleWebKit/537.36 (KHTML, like Gecko; compatible; ClaudeBot/1.0; +claudebot@anthropic.com)"
40.77.167.255 - - [09/May/2025:18:35:31 -0400] "GET /merchandises/1121440794.shtml HTTP/2" 200 17 "-" "Mozilla/5.0 AppleWebKit/537.36 (KHTML, like Gecko; compatible; bingbot/2.0; +http://www.bing.com/bingbot.htm) Chrome/116.0.1938.76 Safari/537.36"
3.15.7.20 - - [09/May/2025:18:35:32 -0400] "GET /wp-admin/css/l10n.css HTTP/2" 200 1066 "-" "Mozilla/5.0 AppleWebKit/537.36 (KHTML, like Gecko; compatible; ClaudeBot/1.0; +claudebot@anthropic.com)"
3.15.7.20 - - [09/May/2025:18:35:32 -0400] "GET /wp-admin/css/media.min.css HTTP/2" 200 4490 "-" "Mozilla/5.0 AppleWebKit/537.36 (KHTML, like Gecko; compatible; ClaudeBot/1.0; +claudebot@anthropic.com)"
3.15.7.20 - - [09/May/2025:18:35:32 -0400] "GET /wp-includes/images/wpspin-2x.gif HTTP/2" 403 1242 "-" "Mozilla/5.0 AppleWebKit/537.36 (KHTML, like Gecko; compatible; ClaudeBot/1.0; +claudebot@anthropic.com)"
40.77.167.10 - - [09/May/2025:18:35:54 -0400] "GET /reduced/guk/1154069160 HTTP/2" 200 17 "-" "Mozilla/5.0 AppleWebKit/537.36 (KHTML, like Gecko; compatible; bingbot/2.0; +http://www.bing.com/bingbot.htm) Chrome/116.0.1938.76 Safari/537.36"
198.204.224.34 - - [09/May/2025:18:36:34 -0400] "GET /wp-content/install.php HTTP/1.1" 200 10 "https://jenniferflo.com/wp-content/install.php" "Mozilla/5.0 (Windows NT 10.0; Win64; x64) AppleWebKit/537.36 (KHTML, like Gecko) Chrome/58.0.3029.110 Safari/537.3"
18.218.106.172 - - [09/May/2025:18:36:35 -0400] "GET /wp-includes/sodium_compat/composer.json HTTP/2" 403 1242 "-" "Mozilla/5.0 AppleWebKit/537.36 (KHTML, like Gecko; compatible; ClaudeBot/1.0; +claudebot@anthropic.com)"
18.218.106.172 - - [09/May/2025:18:36:35 -0400] "GET /wp-includes/pomo/translations.php HTTP/2" 403 1242 "-" "Mozilla/5.0 AppleWebKit/537.36 (KHTML, like Gecko; compatible; ClaudeBot/1.0; +claudebot@anthropic.com)"
18.218.106.172 - - [09/May/2025:18:36:35 -0400] "GET /wp-admin/css/l10n.min.css HTTP/2" 200 675 "-" "Mozilla/5.0 AppleWebKit/537.36 (KHTML, like Gecko; compatible; ClaudeBot/1.0; +claudebot@anthropic.com)"
18.218.106.172 - - [09/May/2025:18:36:35 -0400] "GET /wp-includes/images/blank.gif HTTP/2" 403 1242 "-" "Mozilla/5.0 AppleWebKit/537.36 (KHTML, like Gecko; compatible; ClaudeBot/1.0; +claudebot@anthropic.com)"
66.249.64.105 - - [09/May/2025:18:37:01 -0400] "GET /?pcmypage?callback=product/detail/20765140 HTTP/1.1" 200 81900 "-" "Mozilla/5.0 (Linux; Android 6.0.1; Nexus 5X Build/MMB29P) AppleWebKit/537.36 (KHTML, like Gecko) Chrome/136.0.7103.59 Mobile Safari/537.36 (compatible; Googlebot/2.1; +http://www.google.com/bot.html)"
3.144.237.87 - - [09/May/2025:18:37:36 -0400] "GET /wp-includes/fonts/dashicons.svg HTTP/2" 403 1242 "-" "Mozilla/5.0 AppleWebKit/537.36 (KHTML, like Gecko; compatible; ClaudeBot/1.0; +claudebot@anthropic.com)"
3.144.237.87 - - [09/May/2025:18:37:36 -0400] "GET /wp-includes/images/media HTTP/2" 301 795 "-" "Mozilla/5.0 AppleWebKit/537.36 (KHTML, like Gecko; compatible; ClaudeBot/1.0; +claudebot@anthropic.com)"
3.144.237.87 - - [09/May/2025:18:37:36 -0400] "GET /wp-includes/images/media/ HTTP/2" 200 1284 "https://jenniferflo.com/wp-includes/images/media" "Mozilla/5.0 AppleWebKit/537.36 (KHTML, like Gecko; compatible; ClaudeBot/1.0; +claudebot@anthropic.com)"
3.144.237.87 - - [09/May/2025:18:37:36 -0400] "GET /wp-content/maintenance/template.phtml HTTP/2" 403 1242 "-" "Mozilla/5.0 AppleWebKit/537.36 (KHTML, like Gecko; compatible; ClaudeBot/1.0; +claudebot@anthropic.com)"
66.249.64.104 - - [09/May/2025:18:37:38 -0400] "GET /scarceness/s1238705678?_gl=1*1xoydzf*_ga*ODU5NTc1NTk3LjE3Mjk5MzUwMTM.*_ga_GV6DXJNSVV*MTczMDUxMjczMi40LjEuMTczMDUxMjk0My4wLjAuMA..&_ga=2.115473155.481179279.1730512732-859575597.1729935013 HTTP/1.1" 200 81872 "-" "Mozilla/5.0 (Linux; Android 6.0.1; Nexus 5X Build/MMB29P) AppleWebKit/537.36 (KHTML, like Gecko) Chrome/136.0.7103.59 Mobile Safari/537.36 (compatible; Googlebot/2.1; +http://www.google.com/bot.html)"
18.222.84.251 - - [09/May/2025:18:38:39 -0400] "GET /robots.txt HTTP/2" 200 107 "-" "Mozilla/5.0 AppleWebKit/537.36 (KHTML, like Gecko; compatible; ClaudeBot/1.0; +claudebot@anthropic.com)"
18.222.84.251 - - [09/May/2025:18:38:39 -0400] "GET /wp-includes/images/down_arrow-2x.gif HTTP/2" 403 1242 "-" "Mozilla/5.0 AppleWebKit/537.36 (KHTML, like Gecko; compatible; ClaudeBot/1.0; +claudebot@anthropic.com)"
18.222.84.251 - - [09/May/2025:18:38:40 -0400] "GET /wp-content/uploads/2022/04/LGBTQ-e1519678259482.png HTTP/2" 403 1242 "-" "Mozilla/5.0 AppleWebKit/537.36 (KHTML, like Gecko; compatible; ClaudeBot/1.0; +claudebot@anthropic.com)"
198.204.224.34 - - [09/May/2025:18:39:11 -0400] "GET /wp-content/install.php HTTP/1.1" 200 10 "https://jenniferflo.com/wp-content/install.php" "Mozilla/5.0 (Windows NT 10.0; Win64; x64) AppleWebKit/537.36 (KHTML, like Gecko) Chrome/58.0.3029.110 Safari/537.3"
52.167.144.166 - - [09/May/2025:18:39:26 -0400] "GET /merchandises/110161459.shtml HTTP/2" 200 17 "-" "Mozilla/5.0 AppleWebKit/537.36 (KHTML, like Gecko; compatible; bingbot/2.0; +http://www.bing.com/bingbot.htm) Chrome/116.0.1938.76 Safari/537.36"
3.142.171.199 - - [09/May/2025:18:39:43 -0400] "GET /wp-includes/images/icon-pointer-flag-2x.png HTTP/2" 403 1242 "-" "Mozilla/5.0 AppleWebKit/537.36 (KHTML, like Gecko; compatible; ClaudeBot/1.0; +claudebot@anthropic.com)"
3.142.171.199 - - [09/May/2025:18:39:43 -0400] "GET /wp-includes/images/arrow-pointer-blue.png HTTP/2" 403 1242 "-" "Mozilla/5.0 AppleWebKit/537.36 (KHTML, like Gecko; compatible; ClaudeBot/1.0; +claudebot@anthropic.com)"
3.142.171.199 - - [09/May/2025:18:39:43 -0400] "GET /wp-includes/images/down_arrow.gif HTTP/2" 403 1242 "-" "Mozilla/5.0 AppleWebKit/537.36 (KHTML, like Gecko; compatible; ClaudeBot/1.0; +claudebot@anthropic.com)"
3.22.120.195 - - [09/May/2025:18:40:45 -0400] "GET /wp-includes/images/uploader-icons-2x.png HTTP/2" 403 1242 "-" "Mozilla/5.0 AppleWebKit/537.36 (KHTML, like Gecko; compatible; ClaudeBot/1.0; +claudebot@anthropic.com)"
3.22.120.195 - - [09/May/2025:18:40:46 -0400] "GET /wp-includes/images/arrow-pointer-blue-2x.png HTTP/2" 403 1242 "-" "Mozilla/5.0 AppleWebKit/537.36 (KHTML, like Gecko; compatible; ClaudeBot/1.0; +claudebot@anthropic.com)"
3.22.120.195 - - [09/May/2025:18:40:46 -0400] "GET /wp-includes/images/icon-pointer-flag.png HTTP/2" 403 1242 "-" "Mozilla/5.0 AppleWebKit/537.36 (KHTML, like Gecko; compatible; ClaudeBot/1.0; +claudebot@anthropic.com)"
3.22.120.195 - - [09/May/2025:18:40:46 -0400] "GET /wp-includes/images/admin-bar-sprite.png HTTP/2" 403 1242 "-" "Mozilla/5.0 AppleWebKit/537.36 (KHTML, like Gecko; compatible; ClaudeBot/1.0; +claudebot@anthropic.com)"
66.249.64.104 - - [09/May/2025:18:41:01 -0400] "GET /?pcmypage?callback=/product%2Fdetail%2F12198948 HTTP/1.1" 200 82070 "-" "Mozilla/5.0 (Linux; Android 6.0.1; Nexus 5X Build/MMB29P) AppleWebKit/537.36 (KHTML, like Gecko) Chrome/136.0.7103.59 Mobile Safari/537.36 (compatible; Googlebot/2.1; +http://www.google.com/bot.html)"
3.146.221.49 - - [09/May/2025:18:41:45 -0400] "GET /wp-includes/images/wpicons-2x.png HTTP/2" 403 1242 "-" "Mozilla/5.0 AppleWebKit/537.36 (KHTML, like Gecko; compatible; ClaudeBot/1.0; +claudebot@anthropic.com)"
3.146.221.49 - - [09/May/2025:18:41:46 -0400] "GET /wp-includes/images/toggle-arrow.png HTTP/2" 403 1242 "-" "Mozilla/5.0 AppleWebKit/537.36 (KHTML, like Gecko; compatible; ClaudeBot/1.0; +claudebot@anthropic.com)"
3.146.221.49 - - [09/May/2025:18:41:46 -0400] "GET /wp-includes/images/uploader-icons.png HTTP/2" 403 1242 "-" "Mozilla/5.0 AppleWebKit/537.36 (KHTML, like Gecko; compatible; ClaudeBot/1.0; +claudebot@anthropic.com)"
3.146.221.49 - - [09/May/2025:18:41:46 -0400] "GET /wp-includes/sodium_compat/LICENSE HTTP/2" 403 1242 "-" "Mozilla/5.0 AppleWebKit/537.36 (KHTML, like Gecko; compatible; ClaudeBot/1.0; +claudebot@anthropic.com)"
198.204.224.34 - - [09/May/2025:18:41:47 -0400] "GET /wp-content/install.php HTTP/1.1" 200 10 "https://jenniferflo.com/wp-content/install.php" "Mozilla/5.0 (Windows NT 10.0; Win64; x64) AppleWebKit/537.36 (KHTML, like Gecko) Chrome/58.0.3029.110 Safari/537.3"
52.14.93.7 - - [09/May/2025:18:42:47 -0400] "GET /wp-includes/images/w-logo-blue-white-bg.png HTTP/2" 403 1242 "-" "Mozilla/5.0 AppleWebKit/537.36 (KHTML, like Gecko; compatible; ClaudeBot/1.0; +claudebot@anthropic.com)"
52.14.93.7 - - [09/May/2025:18:42:47 -0400] "GET /wp-includes/images/w-logo-blue.png HTTP/2" 403 1242 "-" "Mozilla/5.0 AppleWebKit/537.36 (KHTML, like Gecko; compatible; ClaudeBot/1.0; +claudebot@anthropic.com)"
52.14.93.7 - - [09/May/2025:18:42:47 -0400] "GET /wp-includes/images/wpicons-3x.png HTTP/2" 200 44492 "-" "Mozilla/5.0 AppleWebKit/537.36 (KHTML, like Gecko; compatible; ClaudeBot/1.0; +claudebot@anthropic.com)"
52.14.93.7 - - [09/May/2025:18:42:47 -0400] "GET /wp-includes/images/rss.png HTTP/2" 403 1242 "-" "Mozilla/5.0 AppleWebKit/537.36 (KHTML, like Gecko; compatible; ClaudeBot/1.0; +claudebot@anthropic.com)"
52.167.144.168 - - [09/May/2025:18:42:54 -0400] "GET /blissless35688982 HTTP/2" 200 17 "-" "Mozilla/5.0 AppleWebKit/537.36 (KHTML, like Gecko; compatible; bingbot/2.0; +http://www.bing.com/bingbot.htm) Chrome/116.0.1938.76 Safari/537.36"
198.204.224.34 - - [09/May/2025:18:44:21 -0400] "GET /wp-content/install.php HTTP/1.1" 200 10 "https://jenniferflo.com/wp-content/install.php" "Mozilla/5.0 (Windows NT 10.0; Win64; x64) AppleWebKit/537.36 (KHTML, like Gecko) Chrome/58.0.3029.110 Safari/537.3"
40.77.167.13 - - [09/May/2025:18:44:45 -0400] "GET /hybridizing/1185644038 HTTP/2" 200 17 "-" "Mozilla/5.0 AppleWebKit/537.36 (KHTML, like Gecko; compatible; bingbot/2.0; +http://www.bing.com/bingbot.htm) Chrome/116.0.1938.76 Safari/537.36"
66.249.64.103 - - [09/May/2025:18:45:53 -0400] "GET /wp-crom.php?ludicrously/db183812643?_gl=1*1xoydzf*_ga*ODU5NTc1NTk3LjE3Mjk5MzUwMTM.*_ga_GV6DXJNSVV*MTczMDUxMjczMi40LjEuMTczMDUxMjk0My4wLjAuMA..&_ga=2.115473155.481179279.1730512732-859575597.1729935013 HTTP/1.1" 200 82736 "-" "Mozilla/5.0 (Linux; Android 6.0.1; Nexus 5X Build/MMB29P) AppleWebKit/537.36 (KHTML, like Gecko) Chrome/136.0.7103.59 Mobile Safari/537.36 (compatible; Googlebot/2.1; +http://www.google.com/bot.html)"
66.249.64.104 - - [09/May/2025:18:46:14 -0400] "GET /?strout1263261217?_gl=1*1xoydzf*_ga*ODU5NTc1NTk3LjE3Mjk5MzUwMTM.*_ga_GV6DXJNSVV*MTczMDUxMjczMi40LjEuMTczMDUxMjk0My4wLjAuMA..&_ga=2.115473155.481179279.1730512732-859575597.1729935013 HTTP/1.1" 200 81870 "-" "Mozilla/5.0 (Linux; Android 6.0.1; Nexus 5X Build/MMB29P) AppleWebKit/537.36 (KHTML, like Gecko) Chrome/136.0.7103.59 Mobile Safari/537.36 (compatible; Googlebot/2.1; +http://www.google.com/bot.html)"
198.204.224.34 - - [09/May/2025:18:47:01 -0400] "GET /wp-content/install.php HTTP/1.1" 200 10 "https://jenniferflo.com/wp-content/install.php" "Mozilla/5.0 (Windows NT 10.0; Win64; x64) AppleWebKit/537.36 (KHTML, like Gecko) Chrome/58.0.3029.110 Safari/537.3"
198.204.224.34 - - [09/May/2025:18:46:55 -0400] "GET /wp-content/install.php HTTP/1.1" 200 0 "https://jenniferflo.com/wp-content/install.php" "Mozilla/5.0 (Windows NT 10.0; Win64; x64) AppleWebKit/537.36 (KHTML, like Gecko) Chrome/58.0.3029.110 Safari/537.3"
47.82.61.109 - - [09/May/2025:18:47:18 -0400] "GET /?_g=22175449 HTTP/1.1" 500 271 "https://jenniferflo.com/?_g=22175449" "Mozilla/5.0 (Windows NT 10.0; Win64; x64) AppleWebKit/537.36 (KHTML, like Gecko) Chrome/114.0.0.0 Safari/537.36 Edg/114.0.1823.43"
52.167.144.173 - - [09/May/2025:18:49:33 -0400] "GET /merchandises/110358712.shtml HTTP/2" 200 17 "-" "Mozilla/5.0 AppleWebKit/537.36 (KHTML, like Gecko; compatible; bingbot/2.0; +http://www.bing.com/bingbot.htm) Chrome/116.0.1938.76 Safari/537.36"
198.204.224.34 - - [09/May/2025:18:49:37 -0400] "GET /wp-content/install.php HTTP/1.1" 200 10 "https://jenniferflo.com/wp-content/install.php" "Mozilla/5.0 (Windows NT 10.0; Win64; x64) AppleWebKit/537.36 (KHTML, like Gecko) Chrome/58.0.3029.110 Safari/537.3"
198.204.224.34 - - [09/May/2025:18:49:31 -0400] "GET /wp-content/install.php HTTP/1.1" 200 0 "https://jenniferflo.com/wp-content/install.php" "Mozilla/5.0 (Windows NT 10.0; Win64; x64) AppleWebKit/537.36 (KHTML, like Gecko) Chrome/58.0.3029.110 Safari/537.3"
66.249.64.104 - - [09/May/2025:18:50:16 -0400] "GET /?pcmypage?callback=product/detail/62936950 HTTP/1.1" 200 82535 "-" "Mozilla/5.0 (Linux; Android 6.0.1; Nexus 5X Build/MMB29P) AppleWebKit/537.36 (KHTML, like Gecko) Chrome/136.0.7103.59 Mobile Safari/537.36 (compatible; Googlebot/2.1; +http://www.google.com/bot.html)"
52.167.144.168 - - [09/May/2025:18:50:55 -0400] "GET /merchandises/1121307521.shtml HTTP/2" 200 17 "-" "Mozilla/5.0 AppleWebKit/537.36 (KHTML, like Gecko; compatible; bingbot/2.0; +http://www.bing.com/bingbot.htm) Chrome/116.0.1938.76 Safari/537.36"
198.204.226.18 - - [09/May/2025:18:51:16 -0400] "GET /wp-content/install.php?id=405334 HTTP/1.1" 200 10 "https://jenniferflo.com/wp-content/install.php?id=405334" "Mozilla/5.0 (Windows NT 10.0; Win64; x64) AppleWebKit/537.36 (KHTML, like Gecko) Chrome/58.0.3029.110 Safari/537.3"
198.204.224.34 - - [09/May/2025:18:52:07 -0400] "GET /wp-content/install.php HTTP/1.1" 200 0 "https://jenniferflo.com/wp-content/install.php" "Mozilla/5.0 (Windows NT 10.0; Win64; x64) AppleWebKit/537.36 (KHTML, like Gecko) Chrome/58.0.3029.110 Safari/537.3"
198.204.224.34 - - [09/May/2025:18:52:18 -0400] "GET /wp-content/install.php HTTP/1.1" 200 10 "https://jenniferflo.com/wp-content/install.php" "Mozilla/5.0 (Windows NT 10.0; Win64; x64) AppleWebKit/537.36 (KHTML, like Gecko) Chrome/58.0.3029.110 Safari/537.3"
198.204.226.18 - - [09/May/2025:18:53:56 -0400] "GET /wp-content/install.php?id=405334 HTTP/1.1" 200 10 "https://jenniferflo.com/wp-content/install.php?id=405334" "Mozilla/5.0 (Windows NT 10.0; Win64; x64) AppleWebKit/537.36 (KHTML, like Gecko) Chrome/58.0.3029.110 Safari/537.3"
198.204.224.34 - - [09/May/2025:18:54:46 -0400] "GET /wp-content/install.php HTTP/1.1" 200 10 "https://jenniferflo.com/wp-content/install.php" "Mozilla/5.0 (Windows NT 10.0; Win64; x64) AppleWebKit/537.36 (KHTML, like Gecko) Chrome/58.0.3029.110 Safari/537.3"
198.204.224.34 - - [09/May/2025:18:54:40 -0400] "GET /wp-content/install.php HTTP/1.1" 200 0 "https://jenniferflo.com/wp-content/install.php" "Mozilla/5.0 (Windows NT 10.0; Win64; x64) AppleWebKit/537.36 (KHTML, like Gecko) Chrome/58.0.3029.110 Safari/537.3"
47.79.0.5 - - [09/May/2025:18:55:48 -0400] "GET /category/skin-care HTTP/1.1" 500 271 "https://jenniferflo.com/category/skin-care" "Mozilla/5.0 (Windows NT 10.0; Win64; x64) AppleWebKit/537.36 (KHTML, like Gecko) Chrome/114.0.0.0 Safari/537.36 Edg/114.0.1823.43"
52.167.144.156 - - [09/May/2025:18:55:56 -0400] "GET /merchandises/112988337.shtml HTTP/2" 200 17 "-" "Mozilla/5.0 AppleWebKit/537.36 (KHTML, like Gecko; compatible; bingbot/2.0; +http://www.bing.com/bingbot.htm) Chrome/116.0.1938.76 Safari/537.36"
66.249.64.103 - - [09/May/2025:18:57:02 -0400] "GET /?safe_search/config?return_url=%2Fproduct%2Fdetail%2F74179881 HTTP/1.1" 200 81734 "-" "Mozilla/5.0 (Linux; Android 6.0.1; Nexus 5X Build/MMB29P) AppleWebKit/537.36 (KHTML, like Gecko) Chrome/136.0.7103.59 Mobile Safari/537.36 (compatible; Googlebot/2.1; +http://www.google.com/bot.html)"
47.82.62.81 - - [09/May/2025:18:57:02 -0400] "GET /wrinkle-remedy-collagen-intake-improves-wrinkles-and-elasticity HTTP/1.1" 500 271 "https://jenniferflo.com/wrinkle-remedy-collagen-intake-improves-wrinkles-and-elasticity" "Mozilla/5.0 (Windows NT 10.0; Win64; x64) AppleWebKit/537.36 (KHTML, like Gecko) Chrome/114.0.0.0 Safari/537.36 Edg/114.0.1823.43"
198.204.224.34 - - [09/May/2025:18:57:21 -0400] "GET /wp-content/install.php HTTP/1.1" 200 10 "https://jenniferflo.com/wp-content/install.php" "Mozilla/5.0 (Windows NT 10.0; Win64; x64) AppleWebKit/537.36 (KHTML, like Gecko) Chrome/58.0.3029.110 Safari/537.3"
198.204.224.34 - - [09/May/2025:18:57:15 -0400] "GET /wp-content/install.php HTTP/1.1" 200 0 "https://jenniferflo.com/wp-content/install.php" "Mozilla/5.0 (Windows NT 10.0; Win64; x64) AppleWebKit/537.36 (KHTML, like Gecko) Chrome/58.0.3029.110 Safari/537.3"
40.77.167.150 - - [09/May/2025:18:58:16 -0400] "GET /noctilucous1153122335 HTTP/2" 200 17 "-" "Mozilla/5.0 AppleWebKit/537.36 (KHTML, like Gecko; compatible; bingbot/2.0; +http://www.bing.com/bingbot.htm) Chrome/116.0.1938.76 Safari/537.36"
66.249.64.104 - - [09/May/2025:18:58:51 -0400] "GET /?pcmypage?callback=/product%2Fdetail%2F93196935 HTTP/1.1" 200 81822 "-" "Mozilla/5.0 (Linux; Android 6.0.1; Nexus 5X Build/MMB29P) AppleWebKit/537.36 (KHTML, like Gecko) Chrome/136.0.7103.59 Mobile Safari/537.36 (compatible; Googlebot/2.1; +http://www.google.com/bot.html)"
198.204.224.34 - - [09/May/2025:18:59:58 -0400] "GET /wp-content/install.php HTTP/1.1" 200 10 "https://jenniferflo.com/wp-content/install.php" "Mozilla/5.0 (Windows NT 10.0; Win64; x64) AppleWebKit/537.36 (KHTML, like Gecko) Chrome/58.0.3029.110 Safari/537.3"
198.204.224.34 - - [09/May/2025:18:59:52 -0400] "GET /wp-content/install.php HTTP/1.1" 200 0 "https://jenniferflo.com/wp-content/install.php" "Mozilla/5.0 (Windows NT 10.0; Win64; x64) AppleWebKit/537.36 (KHTML, like Gecko) Chrome/58.0.3029.110 Safari/537.3"
47.82.61.33 - - [09/May/2025:19:00:42 -0400] "GET /?_g=29035772 HTTP/1.1" 500 271 "https://jenniferflo.com/?_g=29035772" "Mozilla/5.0 (Windows NT 10.0; Win64; x64) AppleWebKit/537.36 (KHTML, like Gecko) Chrome/114.0.0.0 Safari/537.36 Edg/114.0.1823.43"
66.249.64.103 - - [09/May/2025:19:01:24 -0400] "GET /?pcmypage?callback=product/review/40299484 HTTP/1.1" 200 81501 "-" "Mozilla/5.0 (Linux; Android 6.0.1; Nexus 5X Build/MMB29P) AppleWebKit/537.36 (KHTML, like Gecko) Chrome/136.0.7103.59 Mobile Safari/537.36 (compatible; Googlebot/2.1; +http://www.google.com/bot.html)"
66.249.64.104 - - [09/May/2025:19:01:26 -0400] "GET /?pcmypage?callback=product%2Fdetail%2F34581409 HTTP/1.1" 200 81856 "-" "Mozilla/5.0 (Linux; Android 6.0.1; Nexus 5X Build/MMB29P) AppleWebKit/537.36 (KHTML, like Gecko) Chrome/136.0.7103.59 Mobile Safari/537.36 (compatible; Googlebot/2.1; +http://www.google.com/bot.html)"
52.167.144.22 - - [09/May/2025:19:02:38 -0400] "GET /item/1183717669.shtm HTTP/2" 200 17 "-" "Mozilla/5.0 AppleWebKit/537.36 (KHTML, like Gecko; compatible; bingbot/2.0; +http://www.bing.com/bingbot.htm) Chrome/116.0.1938.76 Safari/537.36"
198.204.224.34 - - [09/May/2025:19:02:43 -0400] "GET /wp-content/install.php HTTP/1.1" 200 10 "https://jenniferflo.com/wp-content/install.php" "Mozilla/5.0 (Windows NT 10.0; Win64; x64) AppleWebKit/537.36 (KHTML, like Gecko) Chrome/58.0.3029.110 Safari/537.3"
52.167.144.22 - - [09/May/2025:19:03:18 -0400] "GET /?uklnl/u875801.html HTTP/2" 200 17 "-" "Mozilla/5.0 AppleWebKit/537.36 (KHTML, like Gecko; compatible; bingbot/2.0; +http://www.bing.com/bingbot.htm) Chrome/116.0.1938.76 Safari/537.36"
