18.224.136.160 - - [09/May/2025:21:28:44 -0400] "GET /wp-includes/js/dist/development HTTP/2" 301 795 "-" "Mozilla/5.0 AppleWebKit/537.36 (KHTML, like Gecko; compatible; ClaudeBot/1.0; +claudebot@anthropic.com)"
18.224.136.160 - - [09/May/2025:21:28:44 -0400] "GET /wp-includes/js/dist/block-library.js HTTP/2" 403 1242 "-" "Mozilla/5.0 AppleWebKit/537.36 (KHTML, like Gecko; compatible; ClaudeBot/1.0; +claudebot@anthropic.com)"
18.224.136.160 - - [09/May/2025:21:28:44 -0400] "GET /wp-includes/js/dist/development/ HTTP/2" 200 698 "https://jenniferflo.com/wp-includes/js/dist/development" "Mozilla/5.0 AppleWebKit/537.36 (KHTML, like Gecko; compatible; ClaudeBot/1.0; +claudebot@anthropic.com)"
18.224.136.160 - - [09/May/2025:21:28:44 -0400] "GET /wp-includes/js/mediaelement/mediaelement-migrate.min.js HTTP/2" 403 1242 "-" "Mozilla/5.0 AppleWebKit/537.36 (KHTML, like Gecko; compatible; ClaudeBot/1.0; +claudebot@anthropic.com)"
18.224.136.160 - - [09/May/2025:21:28:44 -0400] "GET /wp-includes/SimplePie/src/XML HTTP/2" 301 795 "-" "Mozilla/5.0 AppleWebKit/537.36 (KHTML, like Gecko; compatible; ClaudeBot/1.0; +claudebot@anthropic.com)"
18.224.136.160 - - [09/May/2025:21:28:44 -0400] "GET /wp-includes/SimplePie/src/XML/ HTTP/2" 200 626 "https://jenniferflo.com/wp-includes/SimplePie/src/XML" "Mozilla/5.0 AppleWebKit/537.36 (KHTML, like Gecko; compatible; ClaudeBot/1.0; +claudebot@anthropic.com)"
13.58.219.150 - - [09/May/2025:21:29:45 -0400] "GET /wp-includes/widgets/?loknya=%2Fhome%2Fjenniferflocom%2F.wp-toolkit HTTP/2" 200 1950 "-" "Mozilla/5.0 AppleWebKit/537.36 (KHTML, like Gecko; compatible; ClaudeBot/1.0; +claudebot@anthropic.com)"
13.58.219.150 - - [09/May/2025:21:29:45 -0400] "GET /wp-includes/js/dist/viewport.min.js HTTP/2" 403 1242 "-" "Mozilla/5.0 AppleWebKit/537.36 (KHTML, like Gecko; compatible; ClaudeBot/1.0; +claudebot@anthropic.com)"
13.58.219.150 - - [09/May/2025:21:29:46 -0400] "GET /wp-includes/js/dist/dom.min.js HTTP/2" 403 1242 "-" "Mozilla/5.0 AppleWebKit/537.36 (KHTML, like Gecko; compatible; ClaudeBot/1.0; +claudebot@anthropic.com)"
13.58.219.150 - - [09/May/2025:21:29:46 -0400] "GET /wp-includes/widgets/?loknya=%2Fhome%2F HTTP/2" 200 2045 "-" "Mozilla/5.0 AppleWebKit/537.36 (KHTML, like Gecko; compatible; ClaudeBot/1.0; +claudebot@anthropic.com)"
198.204.224.34 - - [09/May/2025:21:30:22 -0400] "GET /wp-content/install.php HTTP/1.1" 200 10 "https://jenniferflo.com/wp-content/install.php" "Mozilla/5.0 (Windows NT 10.0; Win64; x64) AppleWebKit/537.36 (KHTML, like Gecko) Chrome/58.0.3029.110 Safari/537.3"
3.137.154.13 - - [09/May/2025:21:30:49 -0400] "GET /wp-includes/js/jcrop/jquery.Jcrop.min.js HTTP/2" 403 1242 "-" "Mozilla/5.0 AppleWebKit/537.36 (KHTML, like Gecko; compatible; ClaudeBot/1.0; +claudebot@anthropic.com)"
3.137.154.13 - - [09/May/2025:21:30:49 -0400] "GET /wp-content/uploads/2024/07 HTTP/2" 301 795 "-" "Mozilla/5.0 AppleWebKit/537.36 (KHTML, like Gecko; compatible; ClaudeBot/1.0; +claudebot@anthropic.com)"
3.137.154.13 - - [09/May/2025:21:30:49 -0400] "GET /wp-content/uploads/2024/07/ HTTP/2" 200 553 "https://jenniferflo.com/wp-content/uploads/2024/07" "Mozilla/5.0 AppleWebKit/537.36 (KHTML, like Gecko; compatible; ClaudeBot/1.0; +claudebot@anthropic.com)"
3.137.154.13 - - [09/May/2025:21:30:50 -0400] "GET /wp-includes/widgets/?loknya=%2Fhome%2Fjenniferflocom%2Fwordpress-backups HTTP/2" 200 2222 "-" "Mozilla/5.0 AppleWebKit/537.36 (KHTML, like Gecko; compatible; ClaudeBot/1.0; +claudebot@anthropic.com)"
3.137.154.13 - - [09/May/2025:21:30:50 -0400] "GET /wp-content/uploads/2024/02 HTTP/2" 301 795 "-" "Mozilla/5.0 AppleWebKit/537.36 (KHTML, like Gecko; compatible; ClaudeBot/1.0; +claudebot@anthropic.com)"
3.137.154.13 - - [09/May/2025:21:30:50 -0400] "GET /wp-content/uploads/2024/02/ HTTP/2" 200 553 "https://jenniferflo.com/wp-content/uploads/2024/02" "Mozilla/5.0 AppleWebKit/537.36 (KHTML, like Gecko; compatible; ClaudeBot/1.0; +claudebot@anthropic.com)"
66.249.64.103 - - [09/May/2025:21:31:30 -0400] "GET /selenographical39629469?_gl=1*1xoydzf*_ga*ODU5NTc1NTk3LjE3Mjk5MzUwMTM.*_ga_GV6DXJNSVV*MTczMDUxMjczMi40LjEuMTczMDUxMjk0My4wLjAuMA..&_ga=2.115473155.481179279.1730512732-859575597.1729935013 HTTP/1.1" 200 81300 "-" "Mozilla/5.0 (Linux; Android 6.0.1; Nexus 5X Build/MMB29P) AppleWebKit/537.36 (KHTML, like Gecko) Chrome/136.0.7103.59 Mobile Safari/537.36 (compatible; Googlebot/2.1; +http://www.google.com/bot.html)"
18.189.184.99 - - [09/May/2025:21:32:01 -0400] "GET /wp-content/uploads/2024/05 HTTP/2" 301 795 "-" "Mozilla/5.0 AppleWebKit/537.36 (KHTML, like Gecko; compatible; ClaudeBot/1.0; +claudebot@anthropic.com)"
18.189.184.99 - - [09/May/2025:21:32:01 -0400] "GET /wp-includes/SimplePie/src/HTTP HTTP/2" 301 795 "-" "Mozilla/5.0 AppleWebKit/537.36 (KHTML, like Gecko; compatible; ClaudeBot/1.0; +claudebot@anthropic.com)"
18.189.184.99 - - [09/May/2025:21:32:01 -0400] "GET /wp-content/uploads/2024/05/ HTTP/2" 200 553 "https://jenniferflo.com/wp-content/uploads/2024/05" "Mozilla/5.0 AppleWebKit/537.36 (KHTML, like Gecko; compatible; ClaudeBot/1.0; +claudebot@anthropic.com)"
18.189.184.99 - - [09/May/2025:21:32:01 -0400] "GET /wp-includes/SimplePie/src/HTTP/ HTTP/2" 200 638 "https://jenniferflo.com/wp-includes/SimplePie/src/HTTP" "Mozilla/5.0 AppleWebKit/537.36 (KHTML, like Gecko; compatible; ClaudeBot/1.0; +claudebot@anthropic.com)"
18.189.184.99 - - [09/May/2025:21:32:01 -0400] "GET /wp-content/uploads/2024/03 HTTP/2" 301 795 "-" "Mozilla/5.0 AppleWebKit/537.36 (KHTML, like Gecko; compatible; ClaudeBot/1.0; +claudebot@anthropic.com)"
18.189.184.99 - - [09/May/2025:21:32:01 -0400] "GET /wp-content/uploads/2024/03/ HTTP/2" 200 553 "https://jenniferflo.com/wp-content/uploads/2024/03" "Mozilla/5.0 AppleWebKit/537.36 (KHTML, like Gecko; compatible; ClaudeBot/1.0; +claudebot@anthropic.com)"
18.189.184.99 - - [09/May/2025:21:32:01 -0400] "GET /wp-content/uploads/2024/04 HTTP/2" 301 795 "-" "Mozilla/5.0 AppleWebKit/537.36 (KHTML, like Gecko; compatible; ClaudeBot/1.0; +claudebot@anthropic.com)"
18.189.184.99 - - [09/May/2025:21:32:01 -0400] "GET /wp-content/uploads/2024/04/ HTTP/2" 200 553 "https://jenniferflo.com/wp-content/uploads/2024/04" "Mozilla/5.0 AppleWebKit/537.36 (KHTML, like Gecko; compatible; ClaudeBot/1.0; +claudebot@anthropic.com)"
40.77.167.255 - - [09/May/2025:21:32:49 -0400] "GET /merchandises/240643689.shtml HTTP/2" 200 17 "-" "Mozilla/5.0 AppleWebKit/537.36 (KHTML, like Gecko; compatible; bingbot/2.0; +http://www.bing.com/bingbot.htm) Chrome/116.0.1938.76 Safari/537.36"
198.204.224.34 - - [09/May/2025:21:33:02 -0400] "GET /wp-content/install.php HTTP/1.1" 200 10 "https://jenniferflo.com/wp-content/install.php" "Mozilla/5.0 (Windows NT 10.0; Win64; x64) AppleWebKit/537.36 (KHTML, like Gecko) Chrome/58.0.3029.110 Safari/537.3"
198.204.224.34 - - [09/May/2025:21:32:56 -0400] "GET /wp-content/install.php HTTP/1.1" 200 0 "https://jenniferflo.com/wp-content/install.php" "Mozilla/5.0 (Windows NT 10.0; Win64; x64) AppleWebKit/537.36 (KHTML, like Gecko) Chrome/58.0.3029.110 Safari/537.3"
3.137.161.247 - - [09/May/2025:21:33:12 -0400] "GET /wp-content/uploads/2024/08 HTTP/2" 301 795 "-" "Mozilla/5.0 AppleWebKit/537.36 (KHTML, like Gecko; compatible; ClaudeBot/1.0; +claudebot@anthropic.com)"
3.137.161.247 - - [09/May/2025:21:33:12 -0400] "GET /wp-includes/js/mediaelement/wp-mediaelement.min.js HTTP/2" 403 1242 "-" "Mozilla/5.0 AppleWebKit/537.36 (KHTML, like Gecko; compatible; ClaudeBot/1.0; +claudebot@anthropic.com)"
3.137.161.247 - - [09/May/2025:21:33:12 -0400] "GET /wp-content/uploads/2024/08/ HTTP/2" 200 554 "https://jenniferflo.com/wp-content/uploads/2024/08" "Mozilla/5.0 AppleWebKit/537.36 (KHTML, like Gecko; compatible; ClaudeBot/1.0; +claudebot@anthropic.com)"
3.137.161.247 - - [09/May/2025:21:33:12 -0400] "GET /wp-content/uploads/2023/07 HTTP/2" 301 795 "-" "Mozilla/5.0 AppleWebKit/537.36 (KHTML, like Gecko; compatible; ClaudeBot/1.0; +claudebot@anthropic.com)"
3.137.161.247 - - [09/May/2025:21:33:12 -0400] "GET /wp-content/uploads/2023/07/ HTTP/2" 200 553 "https://jenniferflo.com/wp-content/uploads/2023/07" "Mozilla/5.0 AppleWebKit/537.36 (KHTML, like Gecko; compatible; ClaudeBot/1.0; +claudebot@anthropic.com)"
3.137.161.247 - - [09/May/2025:21:33:12 -0400] "GET /wp-content/uploads/2023/02 HTTP/2" 301 795 "-" "Mozilla/5.0 AppleWebKit/537.36 (KHTML, like Gecko; compatible; ClaudeBot/1.0; +claudebot@anthropic.com)"
3.137.161.247 - - [09/May/2025:21:33:12 -0400] "GET /wp-content/uploads/2023/02/ HTTP/2" 200 1578 "https://jenniferflo.com/wp-content/uploads/2023/02" "Mozilla/5.0 AppleWebKit/537.36 (KHTML, like Gecko; compatible; ClaudeBot/1.0; +claudebot@anthropic.com)"
66.249.64.104 - - [09/May/2025:21:33:57 -0400] "GET /?pcmypage?callback=product/detail/95129980 HTTP/1.1" 200 81992 "-" "Mozilla/5.0 (Linux; Android 6.0.1; Nexus 5X Build/MMB29P) AppleWebKit/537.36 (KHTML, like Gecko) Chrome/136.0.7103.59 Mobile Safari/537.36 (compatible; Googlebot/2.1; +http://www.google.com/bot.html)"
18.116.60.81 - - [09/May/2025:21:34:14 -0400] "GET /wp-content/uploads/2024/01 HTTP/2" 301 795 "-" "Mozilla/5.0 AppleWebKit/537.36 (KHTML, like Gecko; compatible; ClaudeBot/1.0; +claudebot@anthropic.com)"
18.116.60.81 - - [09/May/2025:21:34:14 -0400] "GET /wp-content/uploads/2023/03 HTTP/2" 301 795 "-" "Mozilla/5.0 AppleWebKit/537.36 (KHTML, like Gecko; compatible; ClaudeBot/1.0; +claudebot@anthropic.com)"
18.116.60.81 - - [09/May/2025:21:34:14 -0400] "GET /wp-content/uploads/2024/01/ HTTP/2" 200 640 "https://jenniferflo.com/wp-content/uploads/2024/01" "Mozilla/5.0 AppleWebKit/537.36 (KHTML, like Gecko; compatible; ClaudeBot/1.0; +claudebot@anthropic.com)"
18.116.60.81 - - [09/May/2025:21:34:14 -0400] "GET /wp-content/uploads/2023/03/ HTTP/2" 200 1431 "https://jenniferflo.com/wp-content/uploads/2023/03" "Mozilla/5.0 AppleWebKit/537.36 (KHTML, like Gecko; compatible; ClaudeBot/1.0; +claudebot@anthropic.com)"
18.116.60.81 - - [09/May/2025:21:34:14 -0400] "GET /wp-content/uploads/2023/04 HTTP/2" 301 795 "-" "Mozilla/5.0 AppleWebKit/537.36 (KHTML, like Gecko; compatible; ClaudeBot/1.0; +claudebot@anthropic.com)"
18.116.60.81 - - [09/May/2025:21:34:14 -0400] "GET /wp-content/uploads/2023/04/ HTTP/2" 200 553 "https://jenniferflo.com/wp-content/uploads/2023/04" "Mozilla/5.0 AppleWebKit/537.36 (KHTML, like Gecko; compatible; ClaudeBot/1.0; +claudebot@anthropic.com)"
18.116.60.81 - - [09/May/2025:21:34:14 -0400] "GET /wp-content/uploads/2024/06 HTTP/2" 301 795 "-" "Mozilla/5.0 AppleWebKit/537.36 (KHTML, like Gecko; compatible; ClaudeBot/1.0; +claudebot@anthropic.com)"
18.116.60.81 - - [09/May/2025:21:34:14 -0400] "GET /wp-content/uploads/2024/06/ HTTP/2" 200 553 "https://jenniferflo.com/wp-content/uploads/2024/06" "Mozilla/5.0 AppleWebKit/537.36 (KHTML, like Gecko; compatible; ClaudeBot/1.0; +claudebot@anthropic.com)"
52.167.144.147 - - [09/May/2025:21:34:20 -0400] "GET /?_g=2034094 HTTP/2" 200 17 "-" "Mozilla/5.0 AppleWebKit/537.36 (KHTML, like Gecko; compatible; bingbot/2.0; +http://www.bing.com/bingbot.htm) Chrome/116.0.1938.76 Safari/537.36"
52.167.144.162 - - [09/May/2025:21:34:33 -0400] "GET /?dswtn/a865797.html HTTP/2" 200 17 "-" "Mozilla/5.0 AppleWebKit/537.36 (KHTML, like Gecko; compatible; bingbot/2.0; +http://www.bing.com/bingbot.htm) Chrome/116.0.1938.76 Safari/537.36"
40.77.167.33 - - [09/May/2025:21:34:41 -0400] "GET /transmogrification764193893 HTTP/2" 200 17 "-" "Mozilla/5.0 AppleWebKit/537.36 (KHTML, like Gecko; compatible; bingbot/2.0; +http://www.bing.com/bingbot.htm) Chrome/116.0.1938.76 Safari/537.36"
198.204.226.18 - - [09/May/2025:21:34:45 -0400] "GET /wp-content/install.php?id=405334 HTTP/1.1" 200 10 "https://jenniferflo.com/wp-content/install.php?id=405334" "Mozilla/5.0 (Windows NT 10.0; Win64; x64) AppleWebKit/537.36 (KHTML, like Gecko) Chrome/58.0.3029.110 Safari/537.3"
52.167.144.162 - - [09/May/2025:21:34:46 -0400] "GET /subvening/uoq/1187025856 HTTP/2" 200 17 "-" "Mozilla/5.0 AppleWebKit/537.36 (KHTML, like Gecko; compatible; bingbot/2.0; +http://www.bing.com/bingbot.htm) Chrome/116.0.1938.76 Safari/537.36"
198.204.224.34 - - [09/May/2025:21:35:18 -0400] "GET /wp-content/install.php HTTP/1.1" 200 10 "https://jenniferflo.com/wp-content/install.php" "Mozilla/5.0 (Windows NT 10.0; Win64; x64) AppleWebKit/537.36 (KHTML, like Gecko) Chrome/58.0.3029.110 Safari/537.3"
18.223.213.54 - - [09/May/2025:21:35:24 -0400] "GET /wp-includes/js/dist/edit-site.min.js HTTP/2" 403 1242 "-" "Mozilla/5.0 AppleWebKit/537.36 (KHTML, like Gecko; compatible; ClaudeBot/1.0; +claudebot@anthropic.com)"
18.223.213.54 - - [09/May/2025:21:35:24 -0400] "GET /wp-includes/widgets/?loknya=%2Fhome%2Fjenniferflocom%2Fpublic_ftp HTTP/2" 200 2326 "-" "Mozilla/5.0 AppleWebKit/537.36 (KHTML, like Gecko; compatible; ClaudeBot/1.0; +claudebot@anthropic.com)"
18.223.213.54 - - [09/May/2025:21:35:24 -0400] "GET /wp-content/uploads/2023/05 HTTP/2" 301 795 "-" "Mozilla/5.0 AppleWebKit/537.36 (KHTML, like Gecko; compatible; ClaudeBot/1.0; +claudebot@anthropic.com)"
18.223.213.54 - - [09/May/2025:21:35:24 -0400] "GET /wp-content/uploads/2023/05/ HTTP/2" 200 553 "https://jenniferflo.com/wp-content/uploads/2023/05" "Mozilla/5.0 AppleWebKit/537.36 (KHTML, like Gecko; compatible; ClaudeBot/1.0; +claudebot@anthropic.com)"
18.223.213.54 - - [09/May/2025:21:35:25 -0400] "GET /wp-includes/widgets/?lokasie=%2Fhome%2Fjenniferflocom%2F.bash_profile&loknya=%2Fhome%2Fjenniferflocom HTTP/2" 200 1751 "-" "Mozilla/5.0 AppleWebKit/537.36 (KHTML, like Gecko; compatible; ClaudeBot/1.0; +claudebot@anthropic.com)"
3.144.200.28 - - [09/May/2025:21:36:25 -0400] "GET /wp-content/uploads/2024/09 HTTP/2" 301 795 "-" "Mozilla/5.0 AppleWebKit/537.36 (KHTML, like Gecko; compatible; ClaudeBot/1.0; +claudebot@anthropic.com)"
3.144.200.28 - - [09/May/2025:21:36:25 -0400] "GET /wp-includes/SimplePie/src/Gzdecode.php HTTP/2" 403 1242 "-" "Mozilla/5.0 AppleWebKit/537.36 (KHTML, like Gecko; compatible; ClaudeBot/1.0; +claudebot@anthropic.com)"
3.144.200.28 - - [09/May/2025:21:36:25 -0400] "GET /wp-content/uploads/2024/09/ HTTP/2" 200 554 "https://jenniferflo.com/wp-content/uploads/2024/09" "Mozilla/5.0 AppleWebKit/537.36 (KHTML, like Gecko; compatible; ClaudeBot/1.0; +claudebot@anthropic.com)"
3.144.200.28 - - [09/May/2025:21:36:26 -0400] "GET /wp-content/uploads/2023/06 HTTP/2" 301 795 "-" "Mozilla/5.0 AppleWebKit/537.36 (KHTML, like Gecko; compatible; ClaudeBot/1.0; +claudebot@anthropic.com)"
3.144.200.28 - - [09/May/2025:21:36:26 -0400] "GET /wp-content/uploads/2023/06/ HTTP/2" 200 553 "https://jenniferflo.com/wp-content/uploads/2023/06" "Mozilla/5.0 AppleWebKit/537.36 (KHTML, like Gecko; compatible; ClaudeBot/1.0; +claudebot@anthropic.com)"
3.144.200.28 - - [09/May/2025:21:36:26 -0400] "GET /wp-content/uploads/2023/08 HTTP/2" 301 795 "-" "Mozilla/5.0 AppleWebKit/537.36 (KHTML, like Gecko; compatible; ClaudeBot/1.0; +claudebot@anthropic.com)"
3.144.200.28 - - [09/May/2025:21:36:26 -0400] "GET /wp-content/uploads/2023/08/ HTTP/2" 200 554 "https://jenniferflo.com/wp-content/uploads/2023/08" "Mozilla/5.0 AppleWebKit/537.36 (KHTML, like Gecko; compatible; ClaudeBot/1.0; +claudebot@anthropic.com)"
3.133.122.83 - - [09/May/2025:21:37:29 -0400] "GET /wp-includes/js/wp/tKjMM.php HTTP/2" 403 1242 "-" "Mozilla/5.0 AppleWebKit/537.36 (KHTML, like Gecko; compatible; ClaudeBot/1.0; +claudebot@anthropic.com)"
3.133.122.83 - - [09/May/2025:21:37:29 -0400] "GET /wp-includes/widgets/?loknya=%2Fhome2 HTTP/2" 200 1915 "-" "Mozilla/5.0 AppleWebKit/537.36 (KHTML, like Gecko; compatible; ClaudeBot/1.0; +claudebot@anthropic.com)"
3.133.122.83 - - [09/May/2025:21:37:30 -0400] "GET /wp-content/uploads/2023/01 HTTP/2" 301 795 "-" "Mozilla/5.0 AppleWebKit/537.36 (KHTML, like Gecko; compatible; ClaudeBot/1.0; +claudebot@anthropic.com)"
3.133.122.83 - - [09/May/2025:21:37:30 -0400] "GET /wp-content/uploads/2023/01/ HTTP/2" 200 553 "https://jenniferflo.com/wp-content/uploads/2023/01" "Mozilla/5.0 AppleWebKit/537.36 (KHTML, like Gecko; compatible; ClaudeBot/1.0; +claudebot@anthropic.com)"
3.133.122.83 - - [09/May/2025:21:37:30 -0400] "GET /wp-includes/widgets/?loknya=%2Fhome%2Fjenniferflocom%2Ftmp HTTP/2" 200 2466 "-" "Mozilla/5.0 AppleWebKit/537.36 (KHTML, like Gecko; compatible; ClaudeBot/1.0; +claudebot@anthropic.com)"
198.204.224.34 - - [09/May/2025:21:38:00 -0400] "GET /wp-content/install.php HTTP/1.1" 200 10 "https://jenniferflo.com/wp-content/install.php" "Mozilla/5.0 (Windows NT 10.0; Win64; x64) AppleWebKit/537.36 (KHTML, like Gecko) Chrome/58.0.3029.110 Safari/537.3"
198.204.224.34 - - [09/May/2025:21:37:54 -0400] "GET /wp-content/install.php HTTP/1.1" 200 0 "https://jenniferflo.com/wp-content/install.php" "Mozilla/5.0 (Windows NT 10.0; Win64; x64) AppleWebKit/537.36 (KHTML, like Gecko) Chrome/58.0.3029.110 Safari/537.3"
66.249.64.103 - - [09/May/2025:21:38:31 -0400] "GET /?safe_search/config?return_url=/product/detail/24731565 HTTP/1.1" 200 81873 "-" "Mozilla/5.0 (Linux; Android 6.0.1; Nexus 5X Build/MMB29P) AppleWebKit/537.36 (KHTML, like Gecko) Chrome/136.0.7103.59 Mobile Safari/537.36 (compatible; Googlebot/2.1; +http://www.google.com/bot.html)"
3.17.162.15 - - [09/May/2025:21:38:42 -0400] "GET /wp-content/uploads/2023/09 HTTP/2" 301 795 "-" "Mozilla/5.0 AppleWebKit/537.36 (KHTML, like Gecko; compatible; ClaudeBot/1.0; +claudebot@anthropic.com)"
3.17.162.15 - - [09/May/2025:21:38:42 -0400] "GET /wp-includes/SimplePie/src/SimplePie.php HTTP/2" 403 1242 "-" "Mozilla/5.0 AppleWebKit/537.36 (KHTML, like Gecko; compatible; ClaudeBot/1.0; +claudebot@anthropic.com)"
3.17.162.15 - - [09/May/2025:21:38:42 -0400] "GET /wp-content/uploads/2023/09/ HTTP/2" 200 554 "https://jenniferflo.com/wp-content/uploads/2023/09" "Mozilla/5.0 AppleWebKit/537.36 (KHTML, like Gecko; compatible; ClaudeBot/1.0; +claudebot@anthropic.com)"
3.17.162.15 - - [09/May/2025:21:38:43 -0400] "GET /wp-includes/SimplePie/src/Parser.php HTTP/2" 403 1242 "-" "Mozilla/5.0 AppleWebKit/537.36 (KHTML, like Gecko; compatible; ClaudeBot/1.0; +claudebot@anthropic.com)"
3.17.162.15 - - [09/May/2025:21:38:43 -0400] "GET /wp-includes/sodium_compat/lib/constants.php HTTP/2" 403 1242 "-" "Mozilla/5.0 AppleWebKit/537.36 (KHTML, like Gecko; compatible; ClaudeBot/1.0; +claudebot@anthropic.com)"
198.204.226.18 - - [09/May/2025:21:39:45 -0400] "GET /wp-content/install.php?id=405334 HTTP/1.1" 200 10 "https://jenniferflo.com/wp-content/install.php?id=405334" "Mozilla/5.0 (Windows NT 10.0; Win64; x64) AppleWebKit/537.36 (KHTML, like Gecko) Chrome/58.0.3029.110 Safari/537.3"
198.204.226.18 - - [09/May/2025:21:39:42 -0400] "GET /wp-content/install.php?id=405334 HTTP/1.1" 200 0 "https://jenniferflo.com/wp-content/install.php?id=405334" "Mozilla/5.0 (Windows NT 10.0; Win64; x64) AppleWebKit/537.36 (KHTML, like Gecko) Chrome/58.0.3029.110 Safari/537.3"
18.119.129.134 - - [09/May/2025:21:39:55 -0400] "GET /wp-includes/SimplePie/src/Core.php HTTP/2" 403 1242 "-" "Mozilla/5.0 AppleWebKit/537.36 (KHTML, like Gecko; compatible; ClaudeBot/1.0; +claudebot@anthropic.com)"
18.119.129.134 - - [09/May/2025:21:39:55 -0400] "GET /wp-includes/widgets/?lokasie=%2Fhome%2Fjenniferflocom%2F.bashrc&loknya=%2Fhome%2Fjenniferflocom HTTP/2" 200 1901 "-" "Mozilla/5.0 AppleWebKit/537.36 (KHTML, like Gecko; compatible; ClaudeBot/1.0; +claudebot@anthropic.com)"
18.119.129.134 - - [09/May/2025:21:39:55 -0400] "GET /wp-includes/js/mediaelement/mediaelement.min.js HTTP/2" 403 1242 "-" "Mozilla/5.0 AppleWebKit/537.36 (KHTML, like Gecko; compatible; ClaudeBot/1.0; +claudebot@anthropic.com)"
18.119.129.134 - - [09/May/2025:21:39:55 -0400] "GET /wp-includes/widgets/?loknya=%2Fhome%2Fjenniferflocom%2Fssl HTTP/2" 200 2448 "-" "Mozilla/5.0 AppleWebKit/537.36 (KHTML, like Gecko; compatible; ClaudeBot/1.0; +claudebot@anthropic.com)"
198.204.224.34 - - [09/May/2025:21:40:37 -0400] "GET /wp-content/install.php HTTP/1.1" 200 10 "https://jenniferflo.com/wp-content/install.php" "Mozilla/5.0 (Windows NT 10.0; Win64; x64) AppleWebKit/537.36 (KHTML, like Gecko) Chrome/58.0.3029.110 Safari/537.3"
198.204.224.34 - - [09/May/2025:21:40:31 -0400] "GET /wp-content/install.php HTTP/1.1" 200 0 "https://jenniferflo.com/wp-content/install.php" "Mozilla/5.0 (Windows NT 10.0; Win64; x64) AppleWebKit/537.36 (KHTML, like Gecko) Chrome/58.0.3029.110 Safari/537.3"
18.188.136.24 - - [09/May/2025:21:40:58 -0400] "GET /wp-includes/js/tinymce/utils HTTP/2" 301 795 "-" "Mozilla/5.0 AppleWebKit/537.36 (KHTML, like Gecko; compatible; ClaudeBot/1.0; +claudebot@anthropic.com)"
18.188.136.24 - - [09/May/2025:21:40:58 -0400] "GET /wp-includes/widgets/?lokasie=%2Fhome%2Fjenniferflocom%2F.bash_logout&loknya=%2Fhome%2Fjenniferflocom HTTP/2" 200 1688 "-" "Mozilla/5.0 AppleWebKit/537.36 (KHTML, like Gecko; compatible; ClaudeBot/1.0; +claudebot@anthropic.com)"
18.188.136.24 - - [09/May/2025:21:40:58 -0400] "GET /wp-includes/js/tinymce/utils/ HTTP/2" 200 770 "https://jenniferflo.com/wp-includes/js/tinymce/utils" "Mozilla/5.0 AppleWebKit/537.36 (KHTML, like Gecko; compatible; ClaudeBot/1.0; +claudebot@anthropic.com)"
18.188.136.24 - - [09/May/2025:21:40:58 -0400] "GET /wp-includes/widgets/?loknya=%2Fhome%2Fjenniferflocom%2Flscache HTTP/2" 200 2655 "-" "Mozilla/5.0 AppleWebKit/537.36 (KHTML, like Gecko; compatible; ClaudeBot/1.0; +claudebot@anthropic.com)"
18.188.136.24 - - [09/May/2025:21:40:58 -0400] "GET /wp-includes/js/dist/date.min.js HTTP/2" 403 1242 "-" "Mozilla/5.0 AppleWebKit/537.36 (KHTML, like Gecko; compatible; ClaudeBot/1.0; +claudebot@anthropic.com)"
18.218.96.239 - - [09/May/2025:21:42:02 -0400] "GET /wp-includes/SimplePie/src/Caption.php HTTP/2" 403 1242 "-" "Mozilla/5.0 AppleWebKit/537.36 (KHTML, like Gecko; compatible; ClaudeBot/1.0; +claudebot@anthropic.com)"
18.218.96.239 - - [09/May/2025:21:42:02 -0400] "GET /wp-includes/sitemaps/providers/class-wp-sitemaps-users.php HTTP/2" 403 1242 "-" "Mozilla/5.0 AppleWebKit/537.36 (KHTML, like Gecko; compatible; ClaudeBot/1.0; +claudebot@anthropic.com)"
18.218.96.239 - - [09/May/2025:21:42:02 -0400] "GET /wp-content/uploads/2024/10 HTTP/2" 301 795 "-" "Mozilla/5.0 AppleWebKit/537.36 (KHTML, like Gecko; compatible; ClaudeBot/1.0; +claudebot@anthropic.com)"
18.218.96.239 - - [09/May/2025:21:42:02 -0400] "GET /wp-content/uploads/2024/10/ HTTP/2" 200 638 "https://jenniferflo.com/wp-content/uploads/2024/10" "Mozilla/5.0 AppleWebKit/537.36 (KHTML, like Gecko; compatible; ClaudeBot/1.0; +claudebot@anthropic.com)"
18.218.96.239 - - [09/May/2025:21:42:03 -0400] "GET /wp-includes/SimplePie/src/Cache HTTP/2" 301 795 "-" "Mozilla/5.0 AppleWebKit/537.36 (KHTML, like Gecko; compatible; ClaudeBot/1.0; +claudebot@anthropic.com)"
18.218.96.239 - - [09/May/2025:21:42:03 -0400] "GET /wp-includes/SimplePie/src/Cache/ HTTP/2" 200 1178 "https://jenniferflo.com/wp-includes/SimplePie/src/Cache" "Mozilla/5.0 AppleWebKit/537.36 (KHTML, like Gecko; compatible; ClaudeBot/1.0; +claudebot@anthropic.com)"
198.204.226.18 - - [09/May/2025:21:42:29 -0400] "GET /wp-content/install.php?id=405334 HTTP/1.1" 200 10 "https://jenniferflo.com/wp-content/install.php?id=405334" "Mozilla/5.0 (Windows NT 10.0; Win64; x64) AppleWebKit/537.36 (KHTML, like Gecko) Chrome/58.0.3029.110 Safari/537.3"
198.204.226.18 - - [09/May/2025:21:42:26 -0400] "GET /wp-content/install.php?id=405334 HTTP/1.1" 200 0 "https://jenniferflo.com/wp-content/install.php?id=405334" "Mozilla/5.0 (Windows NT 10.0; Win64; x64) AppleWebKit/537.36 (KHTML, like Gecko) Chrome/58.0.3029.110 Safari/537.3"
52.167.144.172 - - [09/May/2025:21:42:39 -0400] "GET /merchandises/1183290082.shtml HTTP/2" 200 17 "-" "Mozilla/5.0 AppleWebKit/537.36 (KHTML, like Gecko; compatible; bingbot/2.0; +http://www.bing.com/bingbot.htm) Chrome/116.0.1938.76 Safari/537.36"
3.23.102.192 - - [09/May/2025:21:43:04 -0400] "GET /wp-includes/SimplePie/src/Exception.php HTTP/2" 403 1242 "-" "Mozilla/5.0 AppleWebKit/537.36 (KHTML, like Gecko; compatible; ClaudeBot/1.0; +claudebot@anthropic.com)"
3.23.102.192 - - [09/May/2025:21:43:04 -0400] "GET /wp-includes/js/codemirror/codemirror.min.css HTTP/2" 403 1242 "-" "Mozilla/5.0 AppleWebKit/537.36 (KHTML, like Gecko; compatible; ClaudeBot/1.0; +claudebot@anthropic.com)"
3.23.102.192 - - [09/May/2025:21:43:04 -0400] "GET /wp-content/uploads/2022/07 HTTP/2" 301 795 "-" "Mozilla/5.0 AppleWebKit/537.36 (KHTML, like Gecko; compatible; ClaudeBot/1.0; +claudebot@anthropic.com)"
3.23.102.192 - - [09/May/2025:21:43:04 -0400] "GET /wp-content/uploads/2022/07/ HTTP/2" 200 553 "https://jenniferflo.com/wp-content/uploads/2022/07" "Mozilla/5.0 AppleWebKit/537.36 (KHTML, like Gecko; compatible; ClaudeBot/1.0; +claudebot@anthropic.com)"
3.23.102.192 - - [09/May/2025:21:43:04 -0400] "GET /wp-content/uploads/2024/12 HTTP/2" 301 795 "-" "Mozilla/5.0 AppleWebKit/537.36 (KHTML, like Gecko; compatible; ClaudeBot/1.0; +claudebot@anthropic.com)"
3.23.102.192 - - [09/May/2025:21:43:04 -0400] "GET /wp-content/uploads/2024/12/ HTTP/2" 200 554 "https://jenniferflo.com/wp-content/uploads/2024/12" "Mozilla/5.0 AppleWebKit/537.36 (KHTML, like Gecko; compatible; ClaudeBot/1.0; +claudebot@anthropic.com)"
198.204.224.34 - - [09/May/2025:21:43:05 -0400] "GET /wp-content/install.php HTTP/1.1" 200 10 "https://jenniferflo.com/wp-content/install.php" "Mozilla/5.0 (Windows NT 10.0; Win64; x64) AppleWebKit/537.36 (KHTML, like Gecko) Chrome/58.0.3029.110 Safari/537.3"
18.188.91.70 - - [09/May/2025:21:44:07 -0400] "GET /wp-content/uploads/2023/10 HTTP/2" 301 795 "-" "Mozilla/5.0 AppleWebKit/537.36 (KHTML, like Gecko; compatible; ClaudeBot/1.0; +claudebot@anthropic.com)"
18.188.91.70 - - [09/May/2025:21:44:07 -0400] "GET /wp-content/uploads/2024/11 HTTP/2" 301 795 "-" "Mozilla/5.0 AppleWebKit/537.36 (KHTML, like Gecko; compatible; ClaudeBot/1.0; +claudebot@anthropic.com)"
18.188.91.70 - - [09/May/2025:21:44:07 -0400] "GET /wp-content/uploads/2023/10/ HTTP/2" 200 553 "https://jenniferflo.com/wp-content/uploads/2023/10" "Mozilla/5.0 AppleWebKit/537.36 (KHTML, like Gecko; compatible; ClaudeBot/1.0; +claudebot@anthropic.com)"
18.188.91.70 - - [09/May/2025:21:44:07 -0400] "GET /wp-content/uploads/2024/11/ HTTP/2" 200 554 "https://jenniferflo.com/wp-content/uploads/2024/11" "Mozilla/5.0 AppleWebKit/537.36 (KHTML, like Gecko; compatible; ClaudeBot/1.0; +claudebot@anthropic.com)"
18.188.91.70 - - [09/May/2025:21:44:07 -0400] "GET /wp-content/uploads/2022/04 HTTP/2" 301 795 "-" "Mozilla/5.0 AppleWebKit/537.36 (KHTML, like Gecko; compatible; ClaudeBot/1.0; +claudebot@anthropic.com)"
18.188.91.70 - - [09/May/2025:21:44:07 -0400] "GET /wp-content/uploads/2022/04/ HTTP/2" 200 1799 "https://jenniferflo.com/wp-content/uploads/2022/04" "Mozilla/5.0 AppleWebKit/537.36 (KHTML, like Gecko; compatible; ClaudeBot/1.0; +claudebot@anthropic.com)"
18.188.91.70 - - [09/May/2025:21:44:07 -0400] "GET /wp-includes/widgets/?loknya=%2Fhome%2Fjenniferflocom%2F.cpanel HTTP/2" 200 2637 "-" "Mozilla/5.0 AppleWebKit/537.36 (KHTML, like Gecko; compatible; ClaudeBot/1.0; +claudebot@anthropic.com)"
52.167.144.196 - - [09/May/2025:21:44:30 -0400] "GET /postmortem/1173739855 HTTP/2" 200 17 "-" "Mozilla/5.0 AppleWebKit/537.36 (KHTML, like Gecko; compatible; bingbot/2.0; +http://www.bing.com/bingbot.htm) Chrome/116.0.1938.76 Safari/537.36"
18.191.125.73 - - [09/May/2025:21:45:07 -0400] "GET /wp-content/uploads/2022/06 HTTP/2" 301 795 "-" "Mozilla/5.0 AppleWebKit/537.36 (KHTML, like Gecko; compatible; ClaudeBot/1.0; +claudebot@anthropic.com)"
18.191.125.73 - - [09/May/2025:21:45:07 -0400] "GET /wp-content/uploads/2022/08 HTTP/2" 301 795 "-" "Mozilla/5.0 AppleWebKit/537.36 (KHTML, like Gecko; compatible; ClaudeBot/1.0; +claudebot@anthropic.com)"
18.191.125.73 - - [09/May/2025:21:45:07 -0400] "GET /wp-content/uploads/2022/06/ HTTP/2" 200 553 "https://jenniferflo.com/wp-content/uploads/2022/06" "Mozilla/5.0 AppleWebKit/537.36 (KHTML, like Gecko; compatible; ClaudeBot/1.0; +claudebot@anthropic.com)"
18.191.125.73 - - [09/May/2025:21:45:07 -0400] "GET /wp-content/uploads/2022/08/ HTTP/2" 200 554 "https://jenniferflo.com/wp-content/uploads/2022/08" "Mozilla/5.0 AppleWebKit/537.36 (KHTML, like Gecko; compatible; ClaudeBot/1.0; +claudebot@anthropic.com)"
18.191.125.73 - - [09/May/2025:21:45:07 -0400] "GET /wp-includes/widgets/?loknya=%2Fhome%2Fjenniferflocom%2F.cl.selector HTTP/2" 200 2287 "-" "Mozilla/5.0 AppleWebKit/537.36 (KHTML, like Gecko; compatible; ClaudeBot/1.0; +claudebot@anthropic.com)"
18.191.125.73 - - [09/May/2025:21:45:08 -0400] "GET /wp-content/uploads/2023/12 HTTP/2" 301 795 "-" "Mozilla/5.0 AppleWebKit/537.36 (KHTML, like Gecko; compatible; ClaudeBot/1.0; +claudebot@anthropic.com)"
18.191.125.73 - - [09/May/2025:21:45:08 -0400] "GET /wp-content/uploads/2023/12/ HTTP/2" 200 554 "https://jenniferflo.com/wp-content/uploads/2023/12" "Mozilla/5.0 AppleWebKit/537.36 (KHTML, like Gecko; compatible; ClaudeBot/1.0; +claudebot@anthropic.com)"
198.204.224.34 - - [09/May/2025:21:45:41 -0400] "GET /wp-content/install.php HTTP/1.1" 200 10 "https://jenniferflo.com/wp-content/install.php" "Mozilla/5.0 (Windows NT 10.0; Win64; x64) AppleWebKit/537.36 (KHTML, like Gecko) Chrome/58.0.3029.110 Safari/537.3"
18.221.83.23 - - [09/May/2025:21:46:10 -0400] "GET /robots.txt HTTP/2" 200 107 "-" "Mozilla/5.0 AppleWebKit/537.36 (KHTML, like Gecko; compatible; ClaudeBot/1.0; +claudebot@anthropic.com)"
18.221.83.23 - - [09/May/2025:21:46:10 -0400] "GET /wp-includes/js/dist/autop.min.js HTTP/2" 403 1242 "-" "Mozilla/5.0 AppleWebKit/537.36 (KHTML, like Gecko; compatible; ClaudeBot/1.0; +claudebot@anthropic.com)"
18.221.83.23 - - [09/May/2025:21:46:10 -0400] "GET /wp-includes/js/dist/block-directory.js HTTP/2" 403 1242 "-" "Mozilla/5.0 AppleWebKit/537.36 (KHTML, like Gecko; compatible; ClaudeBot/1.0; +claudebot@anthropic.com)"
18.221.83.23 - - [09/May/2025:21:46:10 -0400] "GET /wp-includes/widgets/?loknya=%2Fhome3 HTTP/2" 200 1914 "-" "Mozilla/5.0 AppleWebKit/537.36 (KHTML, like Gecko; compatible; ClaudeBot/1.0; +claudebot@anthropic.com)"
18.221.83.23 - - [09/May/2025:21:46:11 -0400] "GET /wp-content/uploads/2023/11 HTTP/2" 301 795 "-" "Mozilla/5.0 AppleWebKit/537.36 (KHTML, like Gecko; compatible; ClaudeBot/1.0; +claudebot@anthropic.com)"
18.221.83.23 - - [09/May/2025:21:46:11 -0400] "GET /wp-content/uploads/2023/11/ HTTP/2" 200 554 "https://jenniferflo.com/wp-content/uploads/2023/11" "Mozilla/5.0 AppleWebKit/537.36 (KHTML, like Gecko; compatible; ClaudeBot/1.0; +claudebot@anthropic.com)"
66.249.64.104 - - [09/May/2025:21:46:27 -0400] "GET /?haematatopinus1267579010?_gl=1*1xoydzf*_ga*ODU5NTc1NTk3LjE3Mjk5MzUwMTM.*_ga_GV6DXJNSVV*MTczMDUxMjczMi40LjEuMTczMDUxMjk0My4wLjAuMA..&_ga=2.115473155.481179279.1730512732-859575597.1729935013 HTTP/1.1" 200 82036 "-" "Mozilla/5.0 (Linux; Android 6.0.1; Nexus 5X Build/MMB29P) AppleWebKit/537.36 (KHTML, like Gecko) Chrome/136.0.7103.59 Mobile Safari/537.36 (compatible; Googlebot/2.1; +http://www.google.com/bot.html)"
13.58.164.55 - - [09/May/2025:21:47:14 -0400] "GET /wp-includes/widgets/?loknya=%2Fhome4 HTTP/2" 200 1914 "-" "Mozilla/5.0 AppleWebKit/537.36 (KHTML, like Gecko; compatible; ClaudeBot/1.0; +claudebot@anthropic.com)"
13.58.164.55 - - [09/May/2025:21:47:14 -0400] "GET /wp-includes/widgets/?lokasie=%2Fhome%2Fjenniferflocom%2F.spamassassinenable&loknya=%2Fhome%2Fjenniferflocom HTTP/2" 200 1536 "-" "Mozilla/5.0 AppleWebKit/537.36 (KHTML, like Gecko; compatible; ClaudeBot/1.0; +claudebot@anthropic.com)"
13.58.164.55 - - [09/May/2025:21:47:14 -0400] "GET /wp-includes/SimplePie/src/Decode HTTP/2" 301 795 "-" "Mozilla/5.0 AppleWebKit/537.36 (KHTML, like Gecko; compatible; ClaudeBot/1.0; +claudebot@anthropic.com)"
13.58.164.55 - - [09/May/2025:21:47:14 -0400] "GET /wp-includes/SimplePie/src/Decode/ HTTP/2" 200 627 "https://jenniferflo.com/wp-includes/SimplePie/src/Decode" "Mozilla/5.0 AppleWebKit/537.36 (KHTML, like Gecko; compatible; ClaudeBot/1.0; +claudebot@anthropic.com)"
13.58.164.55 - - [09/May/2025:21:47:15 -0400] "GET /wp-includes/widgets/?loknya=%2Fhome%2Fjenniferflocom%2Faccess-logs HTTP/2" 200 2176 "-" "Mozilla/5.0 AppleWebKit/537.36 (KHTML, like Gecko; compatible; ClaudeBot/1.0; +claudebot@anthropic.com)"
18.118.187.83 - - [09/May/2025:21:48:14 -0400] "GET /wp-includes/js/tinymce/plugins HTTP/2" 301 795 "-" "Mozilla/5.0 AppleWebKit/537.36 (KHTML, like Gecko; compatible; ClaudeBot/1.0; +claudebot@anthropic.com)"
18.118.187.83 - - [09/May/2025:21:48:14 -0400] "GET /wp-includes/js/imgareaselect/jquery.imgareaselect.js HTTP/2" 403 1242 "-" "Mozilla/5.0 AppleWebKit/537.36 (KHTML, like Gecko; compatible; ClaudeBot/1.0; +claudebot@anthropic.com)"
18.118.187.83 - - [09/May/2025:21:48:14 -0400] "GET /wp-includes/js/tinymce/plugins/ HTTP/2" 200 1251 "https://jenniferflo.com/wp-includes/js/tinymce/plugins" "Mozilla/5.0 AppleWebKit/537.36 (KHTML, like Gecko; compatible; ClaudeBot/1.0; +claudebot@anthropic.com)"
18.118.187.83 - - [09/May/2025:21:48:14 -0400] "GET /wp-content/uploads/2022/09 HTTP/2" 301 795 "-" "Mozilla/5.0 AppleWebKit/537.36 (KHTML, like Gecko; compatible; ClaudeBot/1.0; +claudebot@anthropic.com)"
18.118.187.83 - - [09/May/2025:21:48:14 -0400] "GET /wp-content/uploads/2022/09/ HTTP/2" 200 554 "https://jenniferflo.com/wp-content/uploads/2022/09" "Mozilla/5.0 AppleWebKit/537.36 (KHTML, like Gecko; compatible; ClaudeBot/1.0; +claudebot@anthropic.com)"
198.204.224.34 - - [09/May/2025:21:48:17 -0400] "GET /wp-content/install.php HTTP/1.1" 200 10 "https://jenniferflo.com/wp-content/install.php" "Mozilla/5.0 (Windows NT 10.0; Win64; x64) AppleWebKit/537.36 (KHTML, like Gecko) Chrome/58.0.3029.110 Safari/537.3"
18.216.248.35 - - [09/May/2025:21:49:16 -0400] "GET /wp-includes/js/mediaelement/wp-playlist.min.js HTTP/2" 403 1242 "-" "Mozilla/5.0 AppleWebKit/537.36 (KHTML, like Gecko; compatible; ClaudeBot/1.0; +claudebot@anthropic.com)"
18.216.248.35 - - [09/May/2025:21:49:16 -0400] "GET /wp-includes/widgets/?loknya=%2Fhome%2Fjenniferflocom%2Fwww HTTP/2" 200 3832 "-" "Mozilla/5.0 AppleWebKit/537.36 (KHTML, like Gecko; compatible; ClaudeBot/1.0; +claudebot@anthropic.com)"
18.216.248.35 - - [09/May/2025:21:49:16 -0400] "GET /wp-includes/SimplePie/src/Misc.php HTTP/2" 403 1242 "-" "Mozilla/5.0 AppleWebKit/537.36 (KHTML, like Gecko; compatible; ClaudeBot/1.0; +claudebot@anthropic.com)"
18.118.122.147 - - [09/May/2025:21:50:22 -0400] "GET /wp-includes/widgets/?loknya=%2Fhome%2Fjenniferflocom%2F.razor HTTP/2" 200 2369 "-" "Mozilla/5.0 AppleWebKit/537.36 (KHTML, like Gecko; compatible; ClaudeBot/1.0; +claudebot@anthropic.com)"
18.118.122.147 - - [09/May/2025:21:50:22 -0400] "GET /wp-includes/widgets/?loknya=%2Fusr HTTP/2" 200 2399 "-" "Mozilla/5.0 AppleWebKit/537.36 (KHTML, like Gecko; compatible; ClaudeBot/1.0; +claudebot@anthropic.com)"
18.118.122.147 - - [09/May/2025:21:50:22 -0400] "GET /wp-includes/js/dist/blocks.min.js HTTP/2" 403 1242 "-" "Mozilla/5.0 AppleWebKit/537.36 (KHTML, like Gecko; compatible; ClaudeBot/1.0; +claudebot@anthropic.com)"
57.141.6.13 - - [09/May/2025:21:50:42 -0400] "GET /?_g=15979761 HTTP/2" 500 360 "-" "meta-externalagent/1.1 (+https://developers.facebook.com/docs/sharing/webmasters/crawler)"
198.204.224.34 - - [09/May/2025:21:51:01 -0400] "GET /wp-content/install.php HTTP/1.1" 200 10 "https://jenniferflo.com/wp-content/install.php" "Mozilla/5.0 (Windows NT 10.0; Win64; x64) AppleWebKit/537.36 (KHTML, like Gecko) Chrome/58.0.3029.110 Safari/537.3"
198.204.224.34 - - [09/May/2025:21:50:55 -0400] "GET /wp-content/install.php HTTP/1.1" 200 0 "https://jenniferflo.com/wp-content/install.php" "Mozilla/5.0 (Windows NT 10.0; Win64; x64) AppleWebKit/537.36 (KHTML, like Gecko) Chrome/58.0.3029.110 Safari/537.3"
13.59.172.7 - - [09/May/2025:21:51:33 -0400] "GET /wp-includes/widgets/?loknya=%2Fhome1 HTTP/2" 200 1764 "-" "Mozilla/5.0 AppleWebKit/537.36 (KHTML, like Gecko; compatible; ClaudeBot/1.0; +claudebot@anthropic.com)"
13.59.172.7 - - [09/May/2025:21:51:33 -0400] "GET /wp-includes/widgets/?loknya=%2Fhome%2Fjenniferflocom%2Fmail HTTP/2" 200 3238 "-" "Mozilla/5.0 AppleWebKit/537.36 (KHTML, like Gecko; compatible; ClaudeBot/1.0; +claudebot@anthropic.com)"
13.59.172.7 - - [09/May/2025:21:51:33 -0400] "GET /wp-includes/js/dist/notices.js HTTP/2" 403 1242 "-" "Mozilla/5.0 AppleWebKit/537.36 (KHTML, like Gecko; compatible; ClaudeBot/1.0; +claudebot@anthropic.com)"
3.147.140.23 - - [09/May/2025:21:52:34 -0400] "GET /wp-includes/sodium_compat/src/PHP52 HTTP/2" 301 795 "-" "Mozilla/5.0 AppleWebKit/537.36 (KHTML, like Gecko; compatible; ClaudeBot/1.0; +claudebot@anthropic.com)"
3.147.140.23 - - [09/May/2025:21:52:34 -0400] "GET /wp-content/uploads/2022/10 HTTP/2" 301 795 "-" "Mozilla/5.0 AppleWebKit/537.36 (KHTML, like Gecko; compatible; ClaudeBot/1.0; +claudebot@anthropic.com)"
3.147.140.23 - - [09/May/2025:21:52:34 -0400] "GET /wp-content/uploads/2022/10/ HTTP/2" 200 553 "https://jenniferflo.com/wp-content/uploads/2022/10" "Mozilla/5.0 AppleWebKit/537.36 (KHTML, like Gecko; compatible; ClaudeBot/1.0; +claudebot@anthropic.com)"
3.147.140.23 - - [09/May/2025:21:52:34 -0400] "GET /wp-includes/sodium_compat/src/PHP52/ HTTP/2" 200 658 "https://jenniferflo.com/wp-includes/sodium_compat/src/PHP52" "Mozilla/5.0 AppleWebKit/537.36 (KHTML, like Gecko; compatible; ClaudeBot/1.0; +claudebot@anthropic.com)"
3.147.140.23 - - [09/May/2025:21:52:35 -0400] "GET /wp-includes/sitemaps/providers/class-wp-sitemaps-posts.php HTTP/2" 403 1242 "-" "Mozilla/5.0 AppleWebKit/537.36 (KHTML, like Gecko; compatible; ClaudeBot/1.0; +claudebot@anthropic.com)"
198.204.224.34 - - [09/May/2025:21:53:36 -0400] "GET /wp-content/install.php HTTP/1.1" 200 10 "https://jenniferflo.com/wp-content/install.php" "Mozilla/5.0 (Windows NT 10.0; Win64; x64) AppleWebKit/537.36 (KHTML, like Gecko) Chrome/58.0.3029.110 Safari/537.3"
3.19.67.85 - - [09/May/2025:21:53:37 -0400] "GET /wp-content/uploads/2022/11 HTTP/2" 301 795 "-" "Mozilla/5.0 AppleWebKit/537.36 (KHTML, like Gecko; compatible; ClaudeBot/1.0; +claudebot@anthropic.com)"
3.19.67.85 - - [09/May/2025:21:53:37 -0400] "GET /wp-includes/widgets/?lokasie=%2Fhome%2Fjenniferflocom%2F.gemrc&loknya=%2Fhome%2Fjenniferflocom HTTP/2" 200 1770 "-" "Mozilla/5.0 AppleWebKit/537.36 (KHTML, like Gecko; compatible; ClaudeBot/1.0; +claudebot@anthropic.com)"
3.19.67.85 - - [09/May/2025:21:53:37 -0400] "GET /wp-content/uploads/2022/11/ HTTP/2" 200 554 "https://jenniferflo.com/wp-content/uploads/2022/11" "Mozilla/5.0 AppleWebKit/537.36 (KHTML, like Gecko; compatible; ClaudeBot/1.0; +claudebot@anthropic.com)"
3.19.67.85 - - [09/May/2025:21:53:37 -0400] "GET /wp-content/uploads/2022/12 HTTP/2" 301 795 "-" "Mozilla/5.0 AppleWebKit/537.36 (KHTML, like Gecko; compatible; ClaudeBot/1.0; +claudebot@anthropic.com)"
3.19.67.85 - - [09/May/2025:21:53:37 -0400] "GET /wp-content/uploads/2022/12/ HTTP/2" 200 759 "https://jenniferflo.com/wp-content/uploads/2022/12" "Mozilla/5.0 AppleWebKit/537.36 (KHTML, like Gecko; compatible; ClaudeBot/1.0; +claudebot@anthropic.com)"
198.204.224.34 - - [09/May/2025:21:53:30 -0400] "GET /wp-content/install.php HTTP/1.1" 200 0 "https://jenniferflo.com/wp-content/install.php" "Mozilla/5.0 (Windows NT 10.0; Win64; x64) AppleWebKit/537.36 (KHTML, like Gecko) Chrome/58.0.3029.110 Safari/537.3"
18.191.150.27 - - [09/May/2025:21:54:41 -0400] "GET /wp-includes/pomo/wp/gdsELCoy.php HTTP/2" 403 1242 "-" "Mozilla/5.0 AppleWebKit/537.36 (KHTML, like Gecko; compatible; ClaudeBot/1.0; +claudebot@anthropic.com)"
18.191.150.27 - - [09/May/2025:21:54:42 -0400] "GET /wp-includes/widgets/?loknya=%2Fhome%2Fjenniferflocom%2Fetc HTTP/2" 200 2671 "-" "Mozilla/5.0 AppleWebKit/537.36 (KHTML, like Gecko; compatible; ClaudeBot/1.0; +claudebot@anthropic.com)"
18.191.150.27 - - [09/May/2025:21:54:42 -0400] "GET /wp-includes/js/dist/edit-post.min.js HTTP/2" 403 1242 "-" "Mozilla/5.0 AppleWebKit/537.36 (KHTML, like Gecko; compatible; ClaudeBot/1.0; +claudebot@anthropic.com)"
198.204.226.18 - - [09/May/2025:21:55:15 -0400] "GET /wp-content/install.php?id=405334 HTTP/1.1" 200 0 "https://jenniferflo.com/wp-content/install.php?id=405334" "Mozilla/5.0 (Windows NT 10.0; Win64; x64) AppleWebKit/537.36 (KHTML, like Gecko) Chrome/58.0.3029.110 Safari/537.3"
52.167.144.19 - - [09/May/2025:21:55:35 -0400] "GET /item/1151987615.shtm HTTP/2" 200 17 "-" "Mozilla/5.0 AppleWebKit/537.36 (KHTML, like Gecko; compatible; bingbot/2.0; +http://www.bing.com/bingbot.htm) Chrome/116.0.1938.76 Safari/537.36"
13.58.158.198 - - [09/May/2025:21:55:52 -0400] "GET /wp-admin/css/colors/_variables.scss HTTP/2" 200 2533 "-" "Mozilla/5.0 AppleWebKit/537.36 (KHTML, like Gecko; compatible; ClaudeBot/1.0; +claudebot@anthropic.com)"
13.58.158.198 - - [09/May/2025:21:55:52 -0400] "GET /wp-includes/widgets/?loknya=%2Flib HTTP/2" 200 3574 "-" "Mozilla/5.0 AppleWebKit/537.36 (KHTML, like Gecko; compatible; ClaudeBot/1.0; +claudebot@anthropic.com)"
13.58.158.198 - - [09/May/2025:21:55:52 -0400] "GET /wp-includes/js/tinymce/wp-tinymce.php HTTP/2" 403 1242 "-" "Mozilla/5.0 AppleWebKit/537.36 (KHTML, like Gecko; compatible; ClaudeBot/1.0; +claudebot@anthropic.com)"
198.204.224.34 - - [09/May/2025:21:56:07 -0400] "GET /wp-content/install.php HTTP/1.1" 200 10 "https://jenniferflo.com/wp-content/install.php" "Mozilla/5.0 (Windows NT 10.0; Win64; x64) AppleWebKit/537.36 (KHTML, like Gecko) Chrome/58.0.3029.110 Safari/537.3"
66.249.64.104 - - [09/May/2025:21:56:07 -0400] "GET /?safe_search/config?return_url=%2Fproduct%2Fdetail%2F13906745 HTTP/1.1" 200 81638 "-" "Mozilla/5.0 (Linux; Android 6.0.1; Nexus 5X Build/MMB29P) AppleWebKit/537.36 (KHTML, like Gecko) Chrome/136.0.7103.59 Mobile Safari/537.36 (compatible; Googlebot/2.1; +http://www.google.com/bot.html)"
66.249.64.104 - - [09/May/2025:21:56:40 -0400] "GET /?pcmypage?callback=/product/detail/79775339 HTTP/1.1" 200 82256 "-" "Mozilla/5.0 (Linux; Android 6.0.1; Nexus 5X Build/MMB29P) AppleWebKit/537.36 (KHTML, like Gecko) Chrome/136.0.7103.59 Mobile Safari/537.36 (compatible; Googlebot/2.1; +http://www.google.com/bot.html)"
3.144.114.63 - - [09/May/2025:21:57:04 -0400] "GET /wp-includes/SimplePie/src/Sanitize.php HTTP/2" 403 1242 "-" "Mozilla/5.0 AppleWebKit/537.36 (KHTML, like Gecko; compatible; ClaudeBot/1.0; +claudebot@anthropic.com)"
3.144.114.63 - - [09/May/2025:21:57:04 -0400] "GET /wp-includes/js/dist/wordcount.min.js HTTP/2" 403 1242 "-" "Mozilla/5.0 AppleWebKit/537.36 (KHTML, like Gecko; compatible; ClaudeBot/1.0; +claudebot@anthropic.com)"
3.144.114.63 - - [09/May/2025:21:57:05 -0400] "GET /wp-includes/SimplePie/src/Restriction.php HTTP/2" 403 1242 "-" "Mozilla/5.0 AppleWebKit/537.36 (KHTML, like Gecko; compatible; ClaudeBot/1.0; +claudebot@anthropic.com)"
31.214.174.196 - - [09/May/2025:21:57:54 -0400] "GET /wp-login.php HTTP/1.1" 500 271 "-" "GRequests/0.10"
31.214.174.196 - - [09/May/2025:21:57:55 -0400] "POST /wp-login.php HTTP/1.1" 500 271 "-" "GRequests/0.10"
31.214.174.196 - - [09/May/2025:21:57:55 -0400] "GET /wp-admin/ HTTP/1.1" 200 1780 "-" "GRequests/0.10"
3.135.218.109 - - [09/May/2025:21:58:06 -0400] "GET /wp-includes/sodium_compat/lib/namespaced.php HTTP/2" 403 1242 "-" "Mozilla/5.0 AppleWebKit/537.36 (KHTML, like Gecko; compatible; ClaudeBot/1.0; +claudebot@anthropic.com)"
3.135.218.109 - - [09/May/2025:21:58:06 -0400] "GET /wp-includes/widgets/?loknya=%2Fhome%2Fjenniferflocom%2Flogs HTTP/2" 200 2552 "-" "Mozilla/5.0 AppleWebKit/537.36 (KHTML, like Gecko; compatible; ClaudeBot/1.0; +claudebot@anthropic.com)"
3.135.218.109 - - [09/May/2025:21:58:06 -0400] "GET /wp-includes/widgets/?loknya=%2Fhome%2Fjenniferflocom%2F.spamassassin HTTP/2" 200 2227 "-" "Mozilla/5.0 AppleWebKit/537.36 (KHTML, like Gecko; compatible; ClaudeBot/1.0; +claudebot@anthropic.com)"
198.204.224.34 - - [09/May/2025:21:58:26 -0400] "GET /wp-content/install.php HTTP/1.1" 200 10 "https://jenniferflo.com/wp-content/install.php" "Mozilla/5.0 (Windows NT 10.0; Win64; x64) AppleWebKit/537.36 (KHTML, like Gecko) Chrome/58.0.3029.110 Safari/537.3"
18.119.110.206 - - [09/May/2025:21:59:14 -0400] "GET /wp-includes/sodium_compat/src/File.php HTTP/2" 403 1242 "-" "Mozilla/5.0 AppleWebKit/537.36 (KHTML, like Gecko; compatible; ClaudeBot/1.0; +claudebot@anthropic.com)"
18.119.110.206 - - [09/May/2025:21:59:14 -0400] "GET /wp-includes/SimplePie/src/Enclosure.php HTTP/2" 403 1242 "-" "Mozilla/5.0 AppleWebKit/537.36 (KHTML, like Gecko; compatible; ClaudeBot/1.0; +claudebot@anthropic.com)"
18.119.110.206 - - [09/May/2025:21:59:14 -0400] "GET /wp-includes/js/dist/block-library.min.js HTTP/2" 403 1242 "-" "Mozilla/5.0 AppleWebKit/537.36 (KHTML, like Gecko; compatible; ClaudeBot/1.0; +claudebot@anthropic.com)"
52.167.144.202 - - [09/May/2025:21:59:23 -0400] "GET /merchandises/1121267751.shtml HTTP/2" 200 17 "-" "Mozilla/5.0 AppleWebKit/537.36 (KHTML, like Gecko; compatible; bingbot/2.0; +http://www.bing.com/bingbot.htm) Chrome/116.0.1938.76 Safari/537.36"
40.77.167.72 - - [09/May/2025:22:00:13 -0400] "GET /item/1183274589.shtm HTTP/2" 200 17 "-" "Mozilla/5.0 AppleWebKit/537.36 (KHTML, like Gecko; compatible; bingbot/2.0; +http://www.bing.com/bingbot.htm) Chrome/116.0.1938.76 Safari/537.36"
3.17.79.195 - - [09/May/2025:22:00:15 -0400] "GET /wp-includes/SimplePie/src/Item.php HTTP/2" 403 1242 "-" "Mozilla/5.0 AppleWebKit/537.36 (KHTML, like Gecko; compatible; ClaudeBot/1.0; +claudebot@anthropic.com)"
3.17.79.195 - - [09/May/2025:22:00:15 -0400] "GET /wp-includes/widgets/?loknya=%2Fhome%2Fjenniferflocom%2F.koality HTTP/2" 200 1939 "-" "Mozilla/5.0 AppleWebKit/537.36 (KHTML, like Gecko; compatible; ClaudeBot/1.0; +claudebot@anthropic.com)"
3.17.79.195 - - [09/May/2025:22:00:16 -0400] "GET /wp-includes/SimplePie/src/Locator.php HTTP/2" 403 1242 "-" "Mozilla/5.0 AppleWebKit/537.36 (KHTML, like Gecko; compatible; ClaudeBot/1.0; +claudebot@anthropic.com)"
198.204.224.34 - - [09/May/2025:22:01:03 -0400] "GET /wp-content/install.php HTTP/1.1" 200 10 "https://jenniferflo.com/wp-content/install.php" "Mozilla/5.0 (Windows NT 10.0; Win64; x64) AppleWebKit/537.36 (KHTML, like Gecko) Chrome/58.0.3029.110 Safari/537.3"
52.167.144.150 - - [09/May/2025:22:01:13 -0400] "GET /mineralizer1153734245 HTTP/2" 200 17 "-" "Mozilla/5.0 AppleWebKit/537.36 (KHTML, like Gecko; compatible; bingbot/2.0; +http://www.bing.com/bingbot.htm) Chrome/116.0.1938.76 Safari/537.36"
3.145.42.128 - - [09/May/2025:22:01:20 -0400] "GET /wp-includes/js/thickbox/loadingAnimation.gif HTTP/2" 403 1242 "-" "Mozilla/5.0 AppleWebKit/537.36 (KHTML, like Gecko; compatible; ClaudeBot/1.0; +claudebot@anthropic.com)"
3.145.42.128 - - [09/May/2025:22:01:20 -0400] "GET /wp-includes/widgets/?loknya=%2Flib64 HTTP/2" 200 42220 "-" "Mozilla/5.0 AppleWebKit/537.36 (KHTML, like Gecko; compatible; ClaudeBot/1.0; +claudebot@anthropic.com)"
3.145.42.128 - - [09/May/2025:22:01:20 -0400] "GET /wp-includes/widgets/?loknya=%2Fsbin HTTP/2" 200 3705 "-" "Mozilla/5.0 AppleWebKit/537.36 (KHTML, like Gecko; compatible; ClaudeBot/1.0; +claudebot@anthropic.com)"
52.167.144.186 - - [09/May/2025:22:01:52 -0400] "GET /stamper/ayu/12239390 HTTP/2" 200 17 "-" "Mozilla/5.0 AppleWebKit/537.36 (KHTML, like Gecko; compatible; bingbot/2.0; +http://www.bing.com/bingbot.htm) Chrome/116.0.1938.76 Safari/537.36"
52.167.144.150 - - [09/May/2025:22:02:02 -0400] "GET /merchandises/1162317503.shtml HTTP/2" 200 17 "-" "Mozilla/5.0 AppleWebKit/537.36 (KHTML, like Gecko; compatible; bingbot/2.0; +http://www.bing.com/bingbot.htm) Chrome/116.0.1938.76 Safari/537.36"
18.217.95.146 - - [09/May/2025:22:02:24 -0400] "GET /wp-includes/sodium_compat/lib/stream-xchacha20.php HTTP/2" 403 1242 "-" "Mozilla/5.0 AppleWebKit/537.36 (KHTML, like Gecko; compatible; ClaudeBot/1.0; +claudebot@anthropic.com)"
18.217.95.146 - - [09/May/2025:22:02:24 -0400] "GET /wp-includes/widgets/?lokasie=%2Fhome%2Fjenniferflocom%2F.myimunify_id&loknya=%2Fhome%2Fjenniferflocom HTTP/2" 200 1750 "-" "Mozilla/5.0 AppleWebKit/537.36 (KHTML, like Gecko; compatible; ClaudeBot/1.0; +claudebot@anthropic.com)"
18.217.95.146 - - [09/May/2025:22:02:24 -0400] "GET /wp-includes/widgets/?loknya=%2Fhome%2Fjenniferflocom%2F.cphorde HTTP/2" 200 2276 "-" "Mozilla/5.0 AppleWebKit/537.36 (KHTML, like Gecko; compatible; ClaudeBot/1.0; +claudebot@anthropic.com)"
3.14.128.23 - - [09/May/2025:22:03:27 -0400] "GET /wp-includes/js/tinymce/langs HTTP/2" 301 795 "-" "Mozilla/5.0 AppleWebKit/537.36 (KHTML, like Gecko; compatible; ClaudeBot/1.0; +claudebot@anthropic.com)"
3.14.128.23 - - [09/May/2025:22:03:27 -0400] "GET /wp-includes/js/imgareaselect/jquery.imgareaselect.min.js HTTP/2" 403 1242 "-" "Mozilla/5.0 AppleWebKit/537.36 (KHTML, like Gecko; compatible; ClaudeBot/1.0; +claudebot@anthropic.com)"
3.14.128.23 - - [09/May/2025:22:03:27 -0400] "GET /wp-includes/js/tinymce/langs/ HTTP/2" 200 634 "https://jenniferflo.com/wp-includes/js/tinymce/langs" "Mozilla/5.0 AppleWebKit/537.36 (KHTML, like Gecko; compatible; ClaudeBot/1.0; +claudebot@anthropic.com)"
3.14.128.23 - - [09/May/2025:22:03:27 -0400] "GET /wp-includes/widgets/?lokasie=%2Fhome%2Fjenniferflocom%2F.contactemail&loknya=%2Fhome%2Fjenniferflocom HTTP/2" 200 1696 "-" "Mozilla/5.0 AppleWebKit/537.36 (KHTML, like Gecko; compatible; ClaudeBot/1.0; +claudebot@anthropic.com)"
198.204.224.34 - - [09/May/2025:22:03:47 -0400] "GET /wp-content/install.php HTTP/1.1" 200 10 "https://jenniferflo.com/wp-content/install.php" "Mozilla/5.0 (Windows NT 10.0; Win64; x64) AppleWebKit/537.36 (KHTML, like Gecko) Chrome/58.0.3029.110 Safari/537.3"
198.204.224.34 - - [09/May/2025:22:03:41 -0400] "GET /wp-content/install.php HTTP/1.1" 200 0 "https://jenniferflo.com/wp-content/install.php" "Mozilla/5.0 (Windows NT 10.0; Win64; x64) AppleWebKit/537.36 (KHTML, like Gecko) Chrome/58.0.3029.110 Safari/537.3"
3.23.60.252 - - [09/May/2025:22:04:28 -0400] "GET /wp-includes/SimplePie/src/Parse HTTP/2" 301 795 "-" "Mozilla/5.0 AppleWebKit/537.36 (KHTML, like Gecko; compatible; ClaudeBot/1.0; +claudebot@anthropic.com)"
3.23.60.252 - - [09/May/2025:22:04:28 -0400] "GET /wp-includes/SimplePie/src/Parse/ HTTP/2" 200 639 "https://jenniferflo.com/wp-includes/SimplePie/src/Parse" "Mozilla/5.0 AppleWebKit/537.36 (KHTML, like Gecko; compatible; ClaudeBot/1.0; +claudebot@anthropic.com)"
