18.226.104.194 - - [09/May/2025:17:40:07 -0400] "GET /wp-admin/includes/file.php HTTP/2" 403 1242 "-" "Mozilla/5.0 AppleWebKit/537.36 (KHTML, like Gecko; compatible; ClaudeBot/1.0; +claudebot@anthropic.com)"
18.226.104.194 - - [09/May/2025:17:40:07 -0400] "GET /wp-includes/block-patterns/social-links-shared-background-color.php HTTP/2" 403 1242 "-" "Mozilla/5.0 AppleWebKit/537.36 (KHTML, like Gecko; compatible; ClaudeBot/1.0; +claudebot@anthropic.com)"
18.226.104.194 - - [09/May/2025:17:40:07 -0400] "GET /wp-includes/js/codemirror HTTP/2" 301 795 "-" "Mozilla/5.0 AppleWebKit/537.36 (KHTML, like Gecko; compatible; ClaudeBot/1.0; +claudebot@anthropic.com)"
18.226.104.194 - - [09/May/2025:17:40:07 -0400] "GET /wp-includes/js/codemirror/ HTTP/2" 200 1134 "https://jenniferflo.com/wp-includes/js/codemirror" "Mozilla/5.0 AppleWebKit/537.36 (KHTML, like Gecko; compatible; ClaudeBot/1.0; +claudebot@anthropic.com)"
18.226.104.194 - - [09/May/2025:17:40:07 -0400] "GET /wp-admin/js/tags.min.js HTTP/2" 200 834 "-" "Mozilla/5.0 AppleWebKit/537.36 (KHTML, like Gecko; compatible; ClaudeBot/1.0; +claudebot@anthropic.com)"
3.144.97.63 - - [09/May/2025:17:41:07 -0400] "GET /wp-admin/includes/class-wp-privacy-policy-content.php HTTP/2" 403 1242 "-" "Mozilla/5.0 AppleWebKit/537.36 (KHTML, like Gecko; compatible; ClaudeBot/1.0; +claudebot@anthropic.com)"
3.144.97.63 - - [09/May/2025:17:41:07 -0400] "GET /wp-includes/IXR/class-IXR-date.php HTTP/2" 403 1242 "-" "Mozilla/5.0 AppleWebKit/537.36 (KHTML, like Gecko; compatible; ClaudeBot/1.0; +claudebot@anthropic.com)"
3.144.97.63 - - [09/May/2025:17:41:08 -0400] "GET /wp-admin/includes/export.php HTTP/2" 403 1242 "-" "Mozilla/5.0 AppleWebKit/537.36 (KHTML, like Gecko; compatible; ClaudeBot/1.0; +claudebot@anthropic.com)"
3.144.97.63 - - [09/May/2025:17:41:08 -0400] "GET /wp-admin/css/install-rtl.css HTTP/2" 200 1861 "-" "Mozilla/5.0 AppleWebKit/537.36 (KHTML, like Gecko; compatible; ClaudeBot/1.0; +claudebot@anthropic.com)"
198.204.224.34 - - [09/May/2025:17:41:35 -0400] "GET /wp-content/install.php HTTP/1.1" 200 10 "https://jenniferflo.com/wp-content/install.php" "Mozilla/5.0 (Windows NT 10.0; Win64; x64) AppleWebKit/537.36 (KHTML, like Gecko) Chrome/58.0.3029.110 Safari/537.3"
198.204.224.34 - - [09/May/2025:17:41:29 -0400] "GET /wp-content/install.php HTTP/1.1" 200 0 "https://jenniferflo.com/wp-content/install.php" "Mozilla/5.0 (Windows NT 10.0; Win64; x64) AppleWebKit/537.36 (KHTML, like Gecko) Chrome/58.0.3029.110 Safari/537.3"
52.167.144.173 - - [09/May/2025:17:41:57 -0400] "GET /postmortem/1173739855 HTTP/2" 200 17 "-" "Mozilla/5.0 AppleWebKit/537.36 (KHTML, like Gecko; compatible; bingbot/2.0; +http://www.bing.com/bingbot.htm) Chrome/116.0.1938.76 Safari/537.36"
66.249.64.104 - - [09/May/2025:17:41:59 -0400] "GET /?_g=3129905 HTTP/1.1" 200 83054 "-" "Mozilla/5.0 (Linux; Android 6.0.1; Nexus 5X Build/MMB29P) AppleWebKit/537.36 (KHTML, like Gecko) Chrome/136.0.7103.59 Mobile Safari/537.36 (compatible; Googlebot/2.1; +http://www.google.com/bot.html)"
198.204.226.18 - - [09/May/2025:17:41:51 -0400] "GET /wp-content/install.php?id=405334 HTTP/1.1" 200 0 "https://jenniferflo.com/wp-content/install.php?id=405334" "Mozilla/5.0 (Windows NT 10.0; Win64; x64) AppleWebKit/537.36 (KHTML, like Gecko) Chrome/58.0.3029.110 Safari/537.3"
3.129.253.54 - - [09/May/2025:17:42:07 -0400] "GET /wp-admin/css/customize-nav-menus.css HTTP/2" 200 4135 "-" "Mozilla/5.0 AppleWebKit/537.36 (KHTML, like Gecko; compatible; ClaudeBot/1.0; +claudebot@anthropic.com)"
3.129.253.54 - - [09/May/2025:17:42:07 -0400] "GET /wp-admin/js/gallery.min.js HTTP/2" 200 1270 "-" "Mozilla/5.0 AppleWebKit/537.36 (KHTML, like Gecko; compatible; ClaudeBot/1.0; +claudebot@anthropic.com)"
3.129.253.54 - - [09/May/2025:17:42:08 -0400] "GET /wp-admin/js/updates.min.js HTTP/2" 200 9910 "-" "Mozilla/5.0 AppleWebKit/537.36 (KHTML, like Gecko; compatible; ClaudeBot/1.0; +claudebot@anthropic.com)"
3.129.253.54 - - [09/May/2025:17:42:08 -0400] "GET /wp-admin/js/word-count.min.js HTTP/2" 200 629 "-" "Mozilla/5.0 AppleWebKit/537.36 (KHTML, like Gecko; compatible; ClaudeBot/1.0; +claudebot@anthropic.com)"
66.249.64.103 - - [09/May/2025:17:42:51 -0400] "GET /?pcmypage?callback=product/review/63904080 HTTP/1.1" 200 81701 "-" "Mozilla/5.0 (Linux; Android 6.0.1; Nexus 5X Build/MMB29P) AppleWebKit/537.36 (KHTML, like Gecko) Chrome/136.0.7103.59 Mobile Safari/537.36 (compatible; Googlebot/2.1; +http://www.google.com/bot.html)"
3.17.153.20 - - [09/May/2025:17:43:08 -0400] "GET /wp-admin/js/post.min.js HTTP/2" 200 5874 "-" "Mozilla/5.0 AppleWebKit/537.36 (KHTML, like Gecko; compatible; ClaudeBot/1.0; +claudebot@anthropic.com)"
3.17.153.20 - - [09/May/2025:17:43:08 -0400] "GET /wp-includes/theme-compat/header-embed.php HTTP/2" 403 1242 "-" "Mozilla/5.0 AppleWebKit/537.36 (KHTML, like Gecko; compatible; ClaudeBot/1.0; +claudebot@anthropic.com)"
3.17.153.20 - - [09/May/2025:17:43:08 -0400] "GET /wp-admin/css/customize-widgets.css HTTP/2" 200 2539 "-" "Mozilla/5.0 AppleWebKit/537.36 (KHTML, like Gecko; compatible; ClaudeBot/1.0; +claudebot@anthropic.com)"
3.17.153.20 - - [09/May/2025:17:43:09 -0400] "GET /wp-includes/Text/Diff HTTP/2" 301 795 "-" "Mozilla/5.0 AppleWebKit/537.36 (KHTML, like Gecko; compatible; ClaudeBot/1.0; +claudebot@anthropic.com)"
3.17.153.20 - - [09/May/2025:17:43:09 -0400] "GET /wp-includes/Text/Diff/ HTTP/2" 200 703 "https://jenniferflo.com/wp-includes/Text/Diff" "Mozilla/5.0 AppleWebKit/537.36 (KHTML, like Gecko; compatible; ClaudeBot/1.0; +claudebot@anthropic.com)"
198.204.224.34 - - [09/May/2025:17:44:04 -0400] "GET /wp-content/install.php HTTP/1.1" 200 10 "https://jenniferflo.com/wp-content/install.php" "Mozilla/5.0 (Windows NT 10.0; Win64; x64) AppleWebKit/537.36 (KHTML, like Gecko) Chrome/58.0.3029.110 Safari/537.3"
13.59.234.246 - - [09/May/2025:17:44:09 -0400] "GET /wp-content/uploads/2023 HTTP/2" 301 795 "-" "Mozilla/5.0 AppleWebKit/537.36 (KHTML, like Gecko; compatible; ClaudeBot/1.0; +claudebot@anthropic.com)"
13.59.234.246 - - [09/May/2025:17:44:09 -0400] "GET /wp-admin/js/tags-suggest.js HTTP/2" 200 2088 "-" "Mozilla/5.0 AppleWebKit/537.36 (KHTML, like Gecko; compatible; ClaudeBot/1.0; +claudebot@anthropic.com)"
13.59.234.246 - - [09/May/2025:17:44:09 -0400] "GET /wp-content/uploads/2023/ HTTP/2" 200 991 "https://jenniferflo.com/wp-content/uploads/2023" "Mozilla/5.0 AppleWebKit/537.36 (KHTML, like Gecko; compatible; ClaudeBot/1.0; +claudebot@anthropic.com)"
13.59.234.246 - - [09/May/2025:17:44:09 -0400] "GET /wp-includes/js/media-models.min.js HTTP/2" 403 1242 "-" "Mozilla/5.0 AppleWebKit/537.36 (KHTML, like Gecko; compatible; ClaudeBot/1.0; +claudebot@anthropic.com)"
13.59.234.246 - - [09/May/2025:17:44:09 -0400] "GET /wp-admin/includes/revision.php HTTP/2" 403 1242 "-" "Mozilla/5.0 AppleWebKit/537.36 (KHTML, like Gecko; compatible; ClaudeBot/1.0; +claudebot@anthropic.com)"
18.226.181.89 - - [09/May/2025:17:45:09 -0400] "GET /wp-includes/widgets/?loknya=%2Fhome HTTP/2" 200 2054 "-" "Mozilla/5.0 AppleWebKit/537.36 (KHTML, like Gecko; compatible; ClaudeBot/1.0; +claudebot@anthropic.com)"
18.226.181.89 - - [09/May/2025:17:45:09 -0400] "GET /wp-admin/js/media-gallery.min.js HTTP/2" 200 305 "-" "Mozilla/5.0 AppleWebKit/537.36 (KHTML, like Gecko; compatible; ClaudeBot/1.0; +claudebot@anthropic.com)"
18.226.181.89 - - [09/May/2025:17:45:09 -0400] "GET /wp-admin/css/customize-controls.css HTTP/2" 200 12062 "-" "Mozilla/5.0 AppleWebKit/537.36 (KHTML, like Gecko; compatible; ClaudeBot/1.0; +claudebot@anthropic.com)"
18.226.181.89 - - [09/May/2025:17:45:09 -0400] "GET /wp-includes/PHPMailer/PHPMailer.php HTTP/2" 403 1242 "-" "Mozilla/5.0 AppleWebKit/537.36 (KHTML, like Gecko; compatible; ClaudeBot/1.0; +claudebot@anthropic.com)"
18.119.102.106 - - [09/May/2025:17:46:10 -0400] "GET /wp-admin/includes/update.php HTTP/2" 403 1242 "-" "Mozilla/5.0 AppleWebKit/537.36 (KHTML, like Gecko; compatible; ClaudeBot/1.0; +claudebot@anthropic.com)"
18.119.102.106 - - [09/May/2025:17:46:10 -0400] "GET /wp-admin/js/tags-box.min.js HTTP/2" 200 1187 "-" "Mozilla/5.0 AppleWebKit/537.36 (KHTML, like Gecko; compatible; ClaudeBot/1.0; +claudebot@anthropic.com)"
18.119.102.106 - - [09/May/2025:17:46:10 -0400] "GET /wp-admin/includes/error_log HTTP/2" 403 1242 "-" "Mozilla/5.0 AppleWebKit/537.36 (KHTML, like Gecko; compatible; ClaudeBot/1.0; +claudebot@anthropic.com)"
18.119.102.106 - - [09/May/2025:17:46:10 -0400] "GET /wp-content/uploads/2022 HTTP/2" 301 795 "-" "Mozilla/5.0 AppleWebKit/537.36 (KHTML, like Gecko; compatible; ClaudeBot/1.0; +claudebot@anthropic.com)"
18.119.102.106 - - [09/May/2025:17:46:10 -0400] "GET /wp-content/uploads/2022/ HTTP/2" 200 967 "https://jenniferflo.com/wp-content/uploads/2022" "Mozilla/5.0 AppleWebKit/537.36 (KHTML, like Gecko; compatible; ClaudeBot/1.0; +claudebot@anthropic.com)"
198.204.224.34 - - [09/May/2025:17:46:40 -0400] "GET /wp-content/install.php HTTP/1.1" 200 10 "https://jenniferflo.com/wp-content/install.php" "Mozilla/5.0 (Windows NT 10.0; Win64; x64) AppleWebKit/537.36 (KHTML, like Gecko) Chrome/58.0.3029.110 Safari/537.3"
18.188.123.155 - - [09/May/2025:17:47:12 -0400] "GET /wp-includes/SimplePie/src HTTP/2" 301 795 "-" "Mozilla/5.0 AppleWebKit/537.36 (KHTML, like Gecko; compatible; ClaudeBot/1.0; +claudebot@anthropic.com)"
18.188.123.155 - - [09/May/2025:17:47:12 -0400] "GET /wp-admin/js/svg-painter.min.js HTTP/2" 200 710 "-" "Mozilla/5.0 AppleWebKit/537.36 (KHTML, like Gecko; compatible; ClaudeBot/1.0; +claudebot@anthropic.com)"
18.188.123.155 - - [09/May/2025:17:47:12 -0400] "GET /wp-includes/js/twemoji.js HTTP/2" 403 1242 "-" "Mozilla/5.0 AppleWebKit/537.36 (KHTML, like Gecko; compatible; ClaudeBot/1.0; +claudebot@anthropic.com)"
18.188.123.155 - - [09/May/2025:17:47:12 -0400] "GET /wp-includes/SimplePie/src/ HTTP/2" 200 1591 "https://jenniferflo.com/wp-includes/SimplePie/src" "Mozilla/5.0 AppleWebKit/537.36 (KHTML, like Gecko; compatible; ClaudeBot/1.0; +claudebot@anthropic.com)"
18.188.123.155 - - [09/May/2025:17:47:12 -0400] "GET /wp-admin/js/widgets HTTP/2" 301 795 "-" "Mozilla/5.0 AppleWebKit/537.36 (KHTML, like Gecko; compatible; ClaudeBot/1.0; +claudebot@anthropic.com)"
18.188.123.155 - - [09/May/2025:17:47:12 -0400] "GET /wp-admin/js/widgets/ HTTP/2" 200 1367 "https://jenniferflo.com/wp-admin/js/widgets" "Mozilla/5.0 AppleWebKit/537.36 (KHTML, like Gecko; compatible; ClaudeBot/1.0; +claudebot@anthropic.com)"
52.167.144.219 - - [09/May/2025:17:47:41 -0400] "GET /merchandises/1162518927.shtml HTTP/2" 200 17 "-" "Mozilla/5.0 AppleWebKit/537.36 (KHTML, like Gecko; compatible; bingbot/2.0; +http://www.bing.com/bingbot.htm) Chrome/116.0.1938.76 Safari/537.36"
47.82.61.185 - - [09/May/2025:17:47:45 -0400] "GET /all-are-welcome HTTP/1.1" 500 271 "https://jenniferflo.com/all-are-welcome" "Mozilla/5.0 (Windows NT 10.0; Win64; x64) AppleWebKit/537.36 (KHTML, like Gecko) Chrome/114.0.0.0 Safari/537.36 Edg/114.0.1823.43"
3.135.185.96 - - [09/May/2025:17:48:04 -0400] "GET /wp-includes/SimplePie/library HTTP/2" 301 795 "-" "Mozilla/5.0 AppleWebKit/537.36 (KHTML, like Gecko; compatible; ClaudeBot/1.0; +claudebot@anthropic.com)"
3.135.185.96 - - [09/May/2025:17:48:04 -0400] "GET /wp-includes/widgets/?loknya=%2Fhome%2Fjenniferflocom HTTP/2" 200 3560 "-" "Mozilla/5.0 AppleWebKit/537.36 (KHTML, like Gecko; compatible; ClaudeBot/1.0; +claudebot@anthropic.com)"
3.135.185.96 - - [09/May/2025:17:48:04 -0400] "GET /wp-admin/includes/class-wp-importer.php HTTP/2" 403 1242 "-" "Mozilla/5.0 AppleWebKit/537.36 (KHTML, like Gecko; compatible; ClaudeBot/1.0; +claudebot@anthropic.com)"
3.135.185.96 - - [09/May/2025:17:48:04 -0400] "GET /wp-includes/SimplePie/library/ HTTP/2" 200 691 "https://jenniferflo.com/wp-includes/SimplePie/library" "Mozilla/5.0 AppleWebKit/537.36 (KHTML, like Gecko; compatible; ClaudeBot/1.0; +claudebot@anthropic.com)"
3.135.185.96 - - [09/May/2025:17:48:04 -0400] "GET /wp-includes/sitemaps/class-wp-sitemaps-index.php HTTP/2" 403 1242 "-" "Mozilla/5.0 AppleWebKit/537.36 (KHTML, like Gecko; compatible; ClaudeBot/1.0; +claudebot@anthropic.com)"
3.133.145.211 - - [09/May/2025:17:49:04 -0400] "GET /wp-admin/includes/list-table.php HTTP/2" 403 1242 "-" "Mozilla/5.0 AppleWebKit/537.36 (KHTML, like Gecko; compatible; ClaudeBot/1.0; +claudebot@anthropic.com)"
3.133.145.211 - - [09/May/2025:17:49:04 -0400] "GET /wp-admin/css/admin-menu-rtl.css HTTP/2" 200 3546 "-" "Mozilla/5.0 AppleWebKit/537.36 (KHTML, like Gecko; compatible; ClaudeBot/1.0; +claudebot@anthropic.com)"
3.133.145.211 - - [09/May/2025:17:49:04 -0400] "GET /wp-includes/IXR/class-IXR-message.php HTTP/2" 403 1242 "-" "Mozilla/5.0 AppleWebKit/537.36 (KHTML, like Gecko; compatible; ClaudeBot/1.0; +claudebot@anthropic.com)"
3.133.145.211 - - [09/May/2025:17:49:04 -0400] "GET /wp-admin/includes/class-wp-site-health.php HTTP/2" 403 1242 "-" "Mozilla/5.0 AppleWebKit/537.36 (KHTML, like Gecko; compatible; ClaudeBot/1.0; +claudebot@anthropic.com)"
198.204.224.34 - - [09/May/2025:17:49:23 -0400] "GET /wp-content/install.php HTTP/1.1" 200 10 "https://jenniferflo.com/wp-content/install.php" "Mozilla/5.0 (Windows NT 10.0; Win64; x64) AppleWebKit/537.36 (KHTML, like Gecko) Chrome/58.0.3029.110 Safari/537.3"
198.204.224.34 - - [09/May/2025:17:49:17 -0400] "GET /wp-content/install.php HTTP/1.1" 200 0 "https://jenniferflo.com/wp-content/install.php" "Mozilla/5.0 (Windows NT 10.0; Win64; x64) AppleWebKit/537.36 (KHTML, like Gecko) Chrome/58.0.3029.110 Safari/537.3"
66.249.64.104 - - [09/May/2025:17:49:48 -0400] "GET /?pcmypage?callback=product/review/30964032 HTTP/1.1" 200 83086 "-" "Mozilla/5.0 (Linux; Android 6.0.1; Nexus 5X Build/MMB29P) AppleWebKit/537.36 (KHTML, like Gecko) Chrome/136.0.7103.59 Mobile Safari/537.36 (compatible; Googlebot/2.1; +http://www.google.com/bot.html)"
3.22.41.47 - - [09/May/2025:17:50:08 -0400] "GET /wp-admin/js/tags-suggest.min.js HTTP/2" 200 975 "-" "Mozilla/5.0 AppleWebKit/537.36 (KHTML, like Gecko; compatible; ClaudeBot/1.0; +claudebot@anthropic.com)"
3.22.41.47 - - [09/May/2025:17:50:08 -0400] "GET /wp-admin/css/customize-controls-rtl.min.css HTTP/2" 200 9681 "-" "Mozilla/5.0 AppleWebKit/537.36 (KHTML, like Gecko; compatible; ClaudeBot/1.0; +claudebot@anthropic.com)"
3.22.41.47 - - [09/May/2025:17:50:08 -0400] "GET /wp-includes/js/wp-emoji-release.min.js HTTP/2" 403 1242 "-" "Mozilla/5.0 AppleWebKit/537.36 (KHTML, like Gecko; compatible; ClaudeBot/1.0; +claudebot@anthropic.com)"
3.22.41.47 - - [09/May/2025:17:50:08 -0400] "GET /wp-includes/fonts/class-wp-font-face.php HTTP/2" 403 1242 "-" "Mozilla/5.0 AppleWebKit/537.36 (KHTML, like Gecko; compatible; ClaudeBot/1.0; +claudebot@anthropic.com)"
57.141.6.13 - - [09/May/2025:17:50:42 -0400] "GET /?_g=29182338 HTTP/2" 500 360 "-" "meta-externalagent/1.1 (+https://developers.facebook.com/docs/sharing/webmasters/crawler)"
3.141.192.51 - - [09/May/2025:17:51:09 -0400] "GET /wp-admin/includes/import.php HTTP/2" 403 1242 "-" "Mozilla/5.0 AppleWebKit/537.36 (KHTML, like Gecko; compatible; ClaudeBot/1.0; +claudebot@anthropic.com)"
3.141.192.51 - - [09/May/2025:17:51:09 -0400] "GET /wp-admin/css/customize-nav-menus-rtl.min.css HTTP/2" 200 3213 "-" "Mozilla/5.0 AppleWebKit/537.36 (KHTML, like Gecko; compatible; ClaudeBot/1.0; +claudebot@anthropic.com)"
3.141.192.51 - - [09/May/2025:17:51:09 -0400] "GET /wp-admin/includes/upgrade.php HTTP/2" 403 1242 "-" "Mozilla/5.0 AppleWebKit/537.36 (KHTML, like Gecko; compatible; ClaudeBot/1.0; +claudebot@anthropic.com)"
3.141.192.51 - - [09/May/2025:17:51:09 -0400] "GET /wp-includes/PHPMailer/Exception.php HTTP/2" 403 1242 "-" "Mozilla/5.0 AppleWebKit/537.36 (KHTML, like Gecko; compatible; ClaudeBot/1.0; +claudebot@anthropic.com)"
198.204.224.34 - - [09/May/2025:17:51:58 -0400] "GET /wp-content/install.php HTTP/1.1" 200 10 "https://jenniferflo.com/wp-content/install.php" "Mozilla/5.0 (Windows NT 10.0; Win64; x64) AppleWebKit/537.36 (KHTML, like Gecko) Chrome/58.0.3029.110 Safari/537.3"
198.204.224.34 - - [09/May/2025:17:51:52 -0400] "GET /wp-content/install.php HTTP/1.1" 200 0 "https://jenniferflo.com/wp-content/install.php" "Mozilla/5.0 (Windows NT 10.0; Win64; x64) AppleWebKit/537.36 (KHTML, like Gecko) Chrome/58.0.3029.110 Safari/537.3"
47.82.60.194 - - [09/May/2025:17:52:07 -0400] "GET /?_g=24038238 HTTP/1.1" 500 271 "https://jenniferflo.com/?_g=24038238" "Mozilla/5.0 (Windows NT 10.0; Win64; x64) AppleWebKit/537.36 (KHTML, like Gecko) Chrome/114.0.0.0 Safari/537.36 Edg/114.0.1823.43"
3.136.19.165 - - [09/May/2025:17:52:09 -0400] "GET /wp-includes/js/wp-emoji.js HTTP/2" 403 1242 "-" "Mozilla/5.0 AppleWebKit/537.36 (KHTML, like Gecko; compatible; ClaudeBot/1.0; +claudebot@anthropic.com)"
3.136.19.165 - - [09/May/2025:17:52:09 -0400] "GET /wp-admin/js/site-health.min.js HTTP/2" 200 2019 "-" "Mozilla/5.0 AppleWebKit/537.36 (KHTML, like Gecko; compatible; ClaudeBot/1.0; +claudebot@anthropic.com)"
3.136.19.165 - - [09/May/2025:17:52:10 -0400] "GET /wp-admin/js/media.min.js HTTP/2" 200 937 "-" "Mozilla/5.0 AppleWebKit/537.36 (KHTML, like Gecko; compatible; ClaudeBot/1.0; +claudebot@anthropic.com)"
3.136.19.165 - - [09/May/2025:17:52:10 -0400] "GET /wp-admin/css/customize-widgets-rtl.min.css HTTP/2" 200 1826 "-" "Mozilla/5.0 AppleWebKit/537.36 (KHTML, like Gecko; compatible; ClaudeBot/1.0; +claudebot@anthropic.com)"
66.249.64.103 - - [09/May/2025:17:53:02 -0400] "GET /?orbicle/ac108523872?_gl=1*1xoydzf*_ga*ODU5NTc1NTk3LjE3Mjk5MzUwMTM.*_ga_GV6DXJNSVV*MTczMDUxMjczMi40LjEuMTczMDUxMjk0My4wLjAuMA..&_ga=2.115473155.481179279.1730512732-859575597.1729935013 HTTP/1.1" 200 82457 "-" "Mozilla/5.0 (Linux; Android 6.0.1; Nexus 5X Build/MMB29P) AppleWebKit/537.36 (KHTML, like Gecko) Chrome/136.0.7103.59 Mobile Safari/537.36 (compatible; Googlebot/2.1; +http://www.google.com/bot.html)"
3.131.93.117 - - [09/May/2025:17:53:14 -0400] "GET /wp-includes/sitemaps/class-wp-sitemaps-stylesheet.php HTTP/2" 403 1242 "-" "Mozilla/5.0 AppleWebKit/537.36 (KHTML, like Gecko; compatible; ClaudeBot/1.0; +claudebot@anthropic.com)"
3.131.93.117 - - [09/May/2025:17:53:14 -0400] "GET /wp-includes/pomo/plural-forms.php HTTP/2" 403 1242 "-" "Mozilla/5.0 AppleWebKit/537.36 (KHTML, like Gecko; compatible; ClaudeBot/1.0; +claudebot@anthropic.com)"
3.131.93.117 - - [09/May/2025:17:53:14 -0400] "GET /wp-admin/css/forms-rtl.css HTTP/2" 200 7871 "-" "Mozilla/5.0 AppleWebKit/537.36 (KHTML, like Gecko; compatible; ClaudeBot/1.0; +claudebot@anthropic.com)"
3.131.93.117 - - [09/May/2025:17:53:14 -0400] "GET /wp-admin/includes/menu.php HTTP/2" 403 1242 "-" "Mozilla/5.0 AppleWebKit/537.36 (KHTML, like Gecko; compatible; ClaudeBot/1.0; +claudebot@anthropic.com)"
40.77.167.70 - - [09/May/2025:17:53:21 -0400] "GET /item/1151987615.shtm HTTP/2" 200 17 "-" "Mozilla/5.0 AppleWebKit/537.36 (KHTML, like Gecko; compatible; bingbot/2.0; +http://www.bing.com/bingbot.htm) Chrome/116.0.1938.76 Safari/537.36"
66.249.64.103 - - [09/May/2025:17:53:59 -0400] "GET /?_gl=1*1ix4f11*_gcl_au*MTYxMTI1OTI3MS4xNzIxODg2NjU0*_ga*ODYyMzk4MzA3LjE2OTk0NTM1Nzg.*_ga_7H42SVMQ0V*MTcyMTg4NjY1NS4xMjEuMS4xNzIxODg2NjY5LjQ2LjAuMA..&_ga=2.198040047.1958808748.1721886654-862398307.1699453578&_bdsid=2ulvIJ.n~ZXCIW.1721886656070.1721886848&_bd_prev_page=https://www.jenniferflo.com/wp-crom.php?fyjix/x1215130.html HTTP/1.1" 200 81608 "-" "Mozilla/5.0 (Linux; Android 6.0.1; Nexus 5X Build/MMB29P) AppleWebKit/537.36 (KHTML, like Gecko) Chrome/136.0.7103.59 Mobile Safari/537.36 (compatible; Googlebot/2.1; +http://www.google.com/bot.html)"
18.227.49.56 - - [09/May/2025:17:54:14 -0400] "GET /wp-admin/includes/taxonomy.php HTTP/2" 403 1242 "-" "Mozilla/5.0 AppleWebKit/537.36 (KHTML, like Gecko; compatible; ClaudeBot/1.0; +claudebot@anthropic.com)"
18.227.49.56 - - [09/May/2025:17:54:14 -0400] "GET /wp-admin/includes/screen.php HTTP/2" 403 1242 "-" "Mozilla/5.0 AppleWebKit/537.36 (KHTML, like Gecko; compatible; ClaudeBot/1.0; +claudebot@anthropic.com)"
18.227.49.56 - - [09/May/2025:17:54:15 -0400] "GET /wp-admin/css/css HTTP/2" 301 795 "-" "Mozilla/5.0 AppleWebKit/537.36 (KHTML, like Gecko; compatible; ClaudeBot/1.0; +claudebot@anthropic.com)"
18.227.49.56 - - [09/May/2025:17:54:15 -0400] "GET /wp-admin/css/css/ HTTP/2" 200 199 "https://jenniferflo.com/wp-admin/css/css" "Mozilla/5.0 AppleWebKit/537.36 (KHTML, like Gecko; compatible; ClaudeBot/1.0; +claudebot@anthropic.com)"
18.227.49.56 - - [09/May/2025:17:54:15 -0400] "GET /wp-includes/pomo/streams.php HTTP/2" 403 1242 "-" "Mozilla/5.0 AppleWebKit/537.36 (KHTML, like Gecko; compatible; ClaudeBot/1.0; +claudebot@anthropic.com)"
66.249.64.105 - - [09/May/2025:17:54:15 -0400] "GET /?pcmypage?callback=/product%2Fdetail%2F81746995 HTTP/1.1" 200 81479 "-" "Mozilla/5.0 (Linux; Android 6.0.1; Nexus 5X Build/MMB29P) AppleWebKit/537.36 (KHTML, like Gecko) Chrome/136.0.7103.59 Mobile Safari/537.36 (compatible; Googlebot/2.1; +http://www.google.com/bot.html)"
40.77.167.55 - - [09/May/2025:17:54:28 -0400] "GET /merchandises/1121098235.shtml HTTP/2" 200 17 "-" "Mozilla/5.0 AppleWebKit/537.36 (KHTML, like Gecko; compatible; bingbot/2.0; +http://www.bing.com/bingbot.htm) Chrome/116.0.1938.76 Safari/537.36"
66.249.64.104 - - [09/May/2025:17:54:30 -0400] "GET /?product/edit/99799416 HTTP/1.1" 200 82260 "-" "Mozilla/5.0 (Linux; Android 6.0.1; Nexus 5X Build/MMB29P) AppleWebKit/537.36 (KHTML, like Gecko) Chrome/136.0.7103.59 Mobile Safari/537.36 (compatible; Googlebot/2.1; +http://www.google.com/bot.html)"
198.204.224.34 - - [09/May/2025:17:54:33 -0400] "GET /wp-content/install.php HTTP/1.1" 200 10 "https://jenniferflo.com/wp-content/install.php" "Mozilla/5.0 (Windows NT 10.0; Win64; x64) AppleWebKit/537.36 (KHTML, like Gecko) Chrome/58.0.3029.110 Safari/537.3"
114.119.135.233 - - [09/May/2025:17:54:37 -0400] "GET /robots.txt HTTP/1.1" 200 133 "-" "Mozilla/5.0 (compatible;PetalBot;+https://webmaster.petalsearch.com/site/petalbot)"
198.204.224.34 - - [09/May/2025:17:54:27 -0400] "GET /wp-content/install.php HTTP/1.1" 200 0 "https://jenniferflo.com/wp-content/install.php" "Mozilla/5.0 (Windows NT 10.0; Win64; x64) AppleWebKit/537.36 (KHTML, like Gecko) Chrome/58.0.3029.110 Safari/537.3"
3.143.203.21 - - [09/May/2025:17:55:15 -0400] "GET /wp-admin/css/install-rtl.min.css HTTP/2" 200 1600 "-" "Mozilla/5.0 AppleWebKit/537.36 (KHTML, like Gecko; compatible; ClaudeBot/1.0; +claudebot@anthropic.com)"
3.143.203.21 - - [09/May/2025:17:55:15 -0400] "GET /wp-includes/sitemaps/class-wp-sitemaps-registry.php HTTP/2" 403 1242 "-" "Mozilla/5.0 AppleWebKit/537.36 (KHTML, like Gecko; compatible; ClaudeBot/1.0; +claudebot@anthropic.com)"
3.143.203.21 - - [09/May/2025:17:55:15 -0400] "GET /wp-admin/includes/class-wp-site-health-auto-updates.php HTTP/2" 403 1242 "-" "Mozilla/5.0 AppleWebKit/537.36 (KHTML, like Gecko; compatible; ClaudeBot/1.0; +claudebot@anthropic.com)"
3.143.203.21 - - [09/May/2025:17:55:15 -0400] "GET /wp-content/uploads/2024 HTTP/2" 301 795 "-" "Mozilla/5.0 AppleWebKit/537.36 (KHTML, like Gecko; compatible; ClaudeBot/1.0; +claudebot@anthropic.com)"
3.143.203.21 - - [09/May/2025:17:55:15 -0400] "GET /wp-content/uploads/2024/ HTTP/2" 200 991 "https://jenniferflo.com/wp-content/uploads/2024" "Mozilla/5.0 AppleWebKit/537.36 (KHTML, like Gecko; compatible; ClaudeBot/1.0; +claudebot@anthropic.com)"
18.191.105.161 - - [09/May/2025:17:56:15 -0400] "GET /wp-admin/css/customize-nav-menus.min.css HTTP/2" 200 3203 "-" "Mozilla/5.0 AppleWebKit/537.36 (KHTML, like Gecko; compatible; ClaudeBot/1.0; +claudebot@anthropic.com)"
18.191.105.161 - - [09/May/2025:17:56:15 -0400] "GET /wp-includes/js/tinymce HTTP/2" 301 795 "-" "Mozilla/5.0 AppleWebKit/537.36 (KHTML, like Gecko; compatible; ClaudeBot/1.0; +claudebot@anthropic.com)"
18.191.105.161 - - [09/May/2025:17:56:15 -0400] "GET /wp-includes/js/tinymce/ HTTP/2" 200 1215 "https://jenniferflo.com/wp-includes/js/tinymce" "Mozilla/5.0 AppleWebKit/537.36 (KHTML, like Gecko; compatible; ClaudeBot/1.0; +claudebot@anthropic.com)"
18.191.105.161 - - [09/May/2025:17:56:15 -0400] "GET /wp-admin/includes/class-walker-category-checklist.php HTTP/2" 403 1242 "-" "Mozilla/5.0 AppleWebKit/537.36 (KHTML, like Gecko; compatible; ClaudeBot/1.0; +claudebot@anthropic.com)"
18.191.105.161 - - [09/May/2025:17:56:16 -0400] "GET /wp-admin/css/nav-menus-rtl.css HTTP/2" 200 4088 "-" "Mozilla/5.0 AppleWebKit/537.36 (KHTML, like Gecko; compatible; ClaudeBot/1.0; +claudebot@anthropic.com)"
66.249.64.104 - - [09/May/2025:17:57:12 -0400] "GET /?safe_search/config?return_url=%2Fproduct%2Fdetail%2F19445844 HTTP/1.1" 200 81698 "-" "Mozilla/5.0 (Linux; Android 6.0.1; Nexus 5X Build/MMB29P) AppleWebKit/537.36 (KHTML, like Gecko) Chrome/136.0.7103.59 Mobile Safari/537.36 (compatible; Googlebot/2.1; +http://www.google.com/bot.html)"
18.221.172.197 - - [09/May/2025:17:57:16 -0400] "GET /wp-includes/fonts/class-wp-font-library.php HTTP/2" 403 1242 "-" "Mozilla/5.0 AppleWebKit/537.36 (KHTML, like Gecko; compatible; ClaudeBot/1.0; +claudebot@anthropic.com)"
18.221.172.197 - - [09/May/2025:17:57:16 -0400] "GET /wp-includes/js/wp HTTP/2" 301 795 "-" "Mozilla/5.0 AppleWebKit/537.36 (KHTML, like Gecko; compatible; ClaudeBot/1.0; +claudebot@anthropic.com)"
18.221.172.197 - - [09/May/2025:17:57:17 -0400] "GET /wp-includes/js/wp/ HTTP/2" 200 631 "https://jenniferflo.com/wp-includes/js/wp" "Mozilla/5.0 AppleWebKit/537.36 (KHTML, like Gecko; compatible; ClaudeBot/1.0; +claudebot@anthropic.com)"
18.221.172.197 - - [09/May/2025:17:57:17 -0400] "GET /wp-includes/fonts/class-wp-font-face-resolver.php HTTP/2" 403 1242 "-" "Mozilla/5.0 AppleWebKit/537.36 (KHTML, like Gecko; compatible; ClaudeBot/1.0; +claudebot@anthropic.com)"
18.221.172.197 - - [09/May/2025:17:57:17 -0400] "GET /wp-admin/css/list-tables-rtl.css HTTP/2" 200 8648 "-" "Mozilla/5.0 AppleWebKit/537.36 (KHTML, like Gecko; compatible; ClaudeBot/1.0; +claudebot@anthropic.com)"
198.204.224.34 - - [09/May/2025:17:57:24 -0400] "GET /wp-content/install.php HTTP/1.1" 200 10 "https://jenniferflo.com/wp-content/install.php" "Mozilla/5.0 (Windows NT 10.0; Win64; x64) AppleWebKit/537.36 (KHTML, like Gecko) Chrome/58.0.3029.110 Safari/537.3"
198.204.224.34 - - [09/May/2025:17:57:18 -0400] "GET /wp-content/install.php HTTP/1.1" 200 0 "https://jenniferflo.com/wp-content/install.php" "Mozilla/5.0 (Windows NT 10.0; Win64; x64) AppleWebKit/537.36 (KHTML, like Gecko) Chrome/58.0.3029.110 Safari/537.3"
3.145.17.123 - - [09/May/2025:17:58:17 -0400] "GET /wp-admin/includes/class-ftp-pure.php HTTP/2" 403 1242 "-" "Mozilla/5.0 AppleWebKit/537.36 (KHTML, like Gecko; compatible; ClaudeBot/1.0; +claudebot@anthropic.com)"
3.145.17.123 - - [09/May/2025:17:58:17 -0400] "GET /wp-admin/includes/comment.php HTTP/2" 403 1242 "-" "Mozilla/5.0 AppleWebKit/537.36 (KHTML, like Gecko; compatible; ClaudeBot/1.0; +claudebot@anthropic.com)"
3.145.17.123 - - [09/May/2025:17:58:17 -0400] "GET /wp-admin/includes/class-plugin-installer-skin.php HTTP/2" 403 1242 "-" "Mozilla/5.0 AppleWebKit/537.36 (KHTML, like Gecko; compatible; ClaudeBot/1.0; +claudebot@anthropic.com)"
3.145.17.123 - - [09/May/2025:17:58:17 -0400] "GET /wp-includes/sitemaps/class-wp-sitemaps-provider.php HTTP/2" 403 1242 "-" "Mozilla/5.0 AppleWebKit/537.36 (KHTML, like Gecko; compatible; ClaudeBot/1.0; +claudebot@anthropic.com)"
47.79.0.5 - - [09/May/2025:17:59:07 -0400] "GET /?_g=28637761 HTTP/1.1" 500 271 "https://jenniferflo.com/?_g=28637761" "Mozilla/5.0 (Windows NT 10.0; Win64; x64) AppleWebKit/537.36 (KHTML, like Gecko) Chrome/114.0.0.0 Safari/537.36 Edg/114.0.1823.43"
18.118.122.147 - - [09/May/2025:17:59:17 -0400] "GET /wp-admin/includes/privacy-tools.php HTTP/2" 403 1242 "-" "Mozilla/5.0 AppleWebKit/537.36 (KHTML, like Gecko; compatible; ClaudeBot/1.0; +claudebot@anthropic.com)"
18.118.122.147 - - [09/May/2025:17:59:17 -0400] "GET /wp-includes/js/plupload HTTP/2" 301 795 "-" "Mozilla/5.0 AppleWebKit/537.36 (KHTML, like Gecko; compatible; ClaudeBot/1.0; +claudebot@anthropic.com)"
18.118.122.147 - - [09/May/2025:17:59:17 -0400] "GET /wp-includes/js/plupload/ HTTP/2" 200 1159 "https://jenniferflo.com/wp-includes/js/plupload" "Mozilla/5.0 AppleWebKit/537.36 (KHTML, like Gecko; compatible; ClaudeBot/1.0; +claudebot@anthropic.com)"
18.118.122.147 - - [09/May/2025:17:59:17 -0400] "GET /wp-admin/includes/network.php HTTP/2" 403 1242 "-" "Mozilla/5.0 AppleWebKit/537.36 (KHTML, like Gecko; compatible; ClaudeBot/1.0; +claudebot@anthropic.com)"
18.118.122.147 - - [09/May/2025:17:59:18 -0400] "GET /wp-admin/css/customize-widgets.min.css HTTP/2" 200 1819 "-" "Mozilla/5.0 AppleWebKit/537.36 (KHTML, like Gecko; compatible; ClaudeBot/1.0; +claudebot@anthropic.com)"
198.204.224.34 - - [09/May/2025:17:59:59 -0400] "GET /wp-content/install.php HTTP/1.1" 200 10 "https://jenniferflo.com/wp-content/install.php" "Mozilla/5.0 (Windows NT 10.0; Win64; x64) AppleWebKit/537.36 (KHTML, like Gecko) Chrome/58.0.3029.110 Safari/537.3"
66.249.64.104 - - [09/May/2025:18:00:00 -0400] "GET /?product/edit/43506518 HTTP/1.1" 200 82363 "-" "Mozilla/5.0 (Linux; Android 6.0.1; Nexus 5X Build/MMB29P) AppleWebKit/537.36 (KHTML, like Gecko) Chrome/136.0.7103.59 Mobile Safari/537.36 (compatible; Googlebot/2.1; +http://www.google.com/bot.html)"
198.204.224.34 - - [09/May/2025:17:59:53 -0400] "GET /wp-content/install.php HTTP/1.1" 200 0 "https://jenniferflo.com/wp-content/install.php" "Mozilla/5.0 (Windows NT 10.0; Win64; x64) AppleWebKit/537.36 (KHTML, like Gecko) Chrome/58.0.3029.110 Safari/537.3"
40.77.167.247 - - [09/May/2025:18:00:19 -0400] "GET /merchandises/1194149813.shtml HTTP/2" 200 17 "-" "Mozilla/5.0 AppleWebKit/537.36 (KHTML, like Gecko; compatible; bingbot/2.0; +http://www.bing.com/bingbot.htm) Chrome/116.0.1938.76 Safari/537.36"
3.133.128.223 - - [09/May/2025:18:00:21 -0400] "GET /wp-includes/fonts/class-wp-font-collection.php HTTP/2" 403 1242 "-" "Mozilla/5.0 AppleWebKit/537.36 (KHTML, like Gecko; compatible; ClaudeBot/1.0; +claudebot@anthropic.com)"
3.133.128.223 - - [09/May/2025:18:00:21 -0400] "GET /wp-admin/includes/translation-install.php HTTP/2" 403 1242 "-" "Mozilla/5.0 AppleWebKit/537.36 (KHTML, like Gecko; compatible; ClaudeBot/1.0; +claudebot@anthropic.com)"
3.133.128.223 - - [09/May/2025:18:00:22 -0400] "GET /wp-admin/css/deprecated-media-rtl.css HTTP/2" 200 1725 "-" "Mozilla/5.0 AppleWebKit/537.36 (KHTML, like Gecko; compatible; ClaudeBot/1.0; +claudebot@anthropic.com)"
3.133.128.223 - - [09/May/2025:18:00:22 -0400] "GET /wp-admin/css/revisions-rtl.css HTTP/2" 200 2375 "-" "Mozilla/5.0 AppleWebKit/537.36 (KHTML, like Gecko; compatible; ClaudeBot/1.0; +claudebot@anthropic.com)"
3.144.12.160 - - [09/May/2025:18:01:21 -0400] "GET /wp-admin/css/admin-menu-rtl.min.css HTTP/2" 200 2716 "-" "Mozilla/5.0 AppleWebKit/537.36 (KHTML, like Gecko; compatible; ClaudeBot/1.0; +claudebot@anthropic.com)"
3.144.12.160 - - [09/May/2025:18:01:22 -0400] "GET /wp-admin/includes/ms.php HTTP/2" 403 1242 "-" "Mozilla/5.0 AppleWebKit/537.36 (KHTML, like Gecko; compatible; ClaudeBot/1.0; +claudebot@anthropic.com)"
3.144.12.160 - - [09/May/2025:18:01:22 -0400] "GET /wp-content/uploads/2025 HTTP/2" 301 795 "-" "Mozilla/5.0 AppleWebKit/537.36 (KHTML, like Gecko; compatible; ClaudeBot/1.0; +claudebot@anthropic.com)"
3.144.12.160 - - [09/May/2025:18:01:22 -0400] "GET /wp-content/uploads/2025/ HTTP/2" 403 1242 "https://jenniferflo.com/wp-content/uploads/2025" "Mozilla/5.0 AppleWebKit/537.36 (KHTML, like Gecko; compatible; ClaudeBot/1.0; +claudebot@anthropic.com)"
3.144.12.160 - - [09/May/2025:18:01:22 -0400] "GET /wp-admin/css/customize-controls.min.css HTTP/2" 200 9663 "-" "Mozilla/5.0 AppleWebKit/537.36 (KHTML, like Gecko; compatible; ClaudeBot/1.0; +claudebot@anthropic.com)"
3.145.163.51 - - [09/May/2025:18:02:24 -0400] "GET /wp-admin/includes/theme-install.php HTTP/2" 403 1242 "-" "Mozilla/5.0 AppleWebKit/537.36 (KHTML, like Gecko; compatible; ClaudeBot/1.0; +claudebot@anthropic.com)"
3.145.163.51 - - [09/May/2025:18:02:24 -0400] "GET /wp-admin/css/forms-rtl.min.css HTTP/2" 200 6389 "-" "Mozilla/5.0 AppleWebKit/537.36 (KHTML, like Gecko; compatible; ClaudeBot/1.0; +claudebot@anthropic.com)"
3.145.163.51 - - [09/May/2025:18:02:24 -0400] "GET /wp-includes/block-bindings/pattern-overrides.php HTTP/2" 403 1242 "-" "Mozilla/5.0 AppleWebKit/537.36 (KHTML, like Gecko; compatible; ClaudeBot/1.0; +claudebot@anthropic.com)"
3.145.163.51 - - [09/May/2025:18:02:24 -0400] "GET /wp-admin/css/nav-menus.css HTTP/2" 200 4070 "-" "Mozilla/5.0 AppleWebKit/537.36 (KHTML, like Gecko; compatible; ClaudeBot/1.0; +claudebot@anthropic.com)"
198.204.224.34 - - [09/May/2025:18:02:36 -0400] "GET /wp-content/install.php HTTP/1.1" 200 10 "https://jenniferflo.com/wp-content/install.php" "Mozilla/5.0 (Windows NT 10.0; Win64; x64) AppleWebKit/537.36 (KHTML, like Gecko) Chrome/58.0.3029.110 Safari/537.3"
198.204.224.34 - - [09/May/2025:18:02:30 -0400] "GET /wp-content/install.php HTTP/1.1" 200 0 "https://jenniferflo.com/wp-content/install.php" "Mozilla/5.0 (Windows NT 10.0; Win64; x64) AppleWebKit/537.36 (KHTML, like Gecko) Chrome/58.0.3029.110 Safari/537.3"
3.16.143.199 - - [09/May/2025:18:03:24 -0400] "GET /wp-includes/js/thickbox HTTP/2" 301 795 "-" "Mozilla/5.0 AppleWebKit/537.36 (KHTML, like Gecko; compatible; ClaudeBot/1.0; +claudebot@anthropic.com)"
3.16.143.199 - - [09/May/2025:18:03:24 -0400] "GET /wp-admin/css/widgets-rtl.css HTTP/2" 200 3843 "-" "Mozilla/5.0 AppleWebKit/537.36 (KHTML, like Gecko; compatible; ClaudeBot/1.0; +claudebot@anthropic.com)"
3.16.143.199 - - [09/May/2025:18:03:24 -0400] "GET /wp-includes/js/thickbox/ HTTP/2" 200 786 "https://jenniferflo.com/wp-includes/js/thickbox" "Mozilla/5.0 AppleWebKit/537.36 (KHTML, like Gecko; compatible; ClaudeBot/1.0; +claudebot@anthropic.com)"
3.16.143.199 - - [09/May/2025:18:03:24 -0400] "GET /wp-admin/includes/image.php HTTP/2" 403 1242 "-" "Mozilla/5.0 AppleWebKit/537.36 (KHTML, like Gecko; compatible; ClaudeBot/1.0; +claudebot@anthropic.com)"
3.16.143.199 - - [09/May/2025:18:03:24 -0400] "GET /wp-includes/js/twemoji.min.js HTTP/2" 403 1242 "-" "Mozilla/5.0 AppleWebKit/537.36 (KHTML, like Gecko; compatible; ClaudeBot/1.0; +claudebot@anthropic.com)"
40.77.167.55 - - [09/May/2025:18:04:01 -0400] "GET /item/1183274589.shtm HTTP/2" 200 17 "-" "Mozilla/5.0 AppleWebKit/537.36 (KHTML, like Gecko; compatible; bingbot/2.0; +http://www.bing.com/bingbot.htm) Chrome/116.0.1938.76 Safari/537.36"
3.15.148.76 - - [09/May/2025:18:04:24 -0400] "GET /wp-includes/js/swfupload HTTP/2" 301 795 "-" "Mozilla/5.0 AppleWebKit/537.36 (KHTML, like Gecko; compatible; ClaudeBot/1.0; +claudebot@anthropic.com)"
3.15.148.76 - - [09/May/2025:18:04:24 -0400] "GET /wp-includes/js/wp-emoji.min.js HTTP/2" 403 1242 "-" "Mozilla/5.0 AppleWebKit/537.36 (KHTML, like Gecko; compatible; ClaudeBot/1.0; +claudebot@anthropic.com)"
3.15.148.76 - - [09/May/2025:18:04:24 -0400] "GET /wp-includes/js/swfupload/ HTTP/2" 200 714 "https://jenniferflo.com/wp-includes/js/swfupload" "Mozilla/5.0 AppleWebKit/537.36 (KHTML, like Gecko; compatible; ClaudeBot/1.0; +claudebot@anthropic.com)"
3.15.148.76 - - [09/May/2025:18:04:24 -0400] "GET /wp-includes/sodium_compat/src HTTP/2" 301 795 "-" "Mozilla/5.0 AppleWebKit/537.36 (KHTML, like Gecko; compatible; ClaudeBot/1.0; +claudebot@anthropic.com)"
3.15.148.76 - - [09/May/2025:18:04:24 -0400] "GET /wp-includes/sodium_compat/src/ HTTP/2" 200 1145 "https://jenniferflo.com/wp-includes/sodium_compat/src" "Mozilla/5.0 AppleWebKit/537.36 (KHTML, like Gecko; compatible; ClaudeBot/1.0; +claudebot@anthropic.com)"
3.15.148.76 - - [09/May/2025:18:04:24 -0400] "GET /wp-includes/js/mediaelement HTTP/2" 301 795 "-" "Mozilla/5.0 AppleWebKit/537.36 (KHTML, like Gecko; compatible; ClaudeBot/1.0; +claudebot@anthropic.com)"
3.15.148.76 - - [09/May/2025:18:04:24 -0400] "GET /wp-includes/js/mediaelement/ HTTP/2" 200 1509 "https://jenniferflo.com/wp-includes/js/mediaelement" "Mozilla/5.0 AppleWebKit/537.36 (KHTML, like Gecko; compatible; ClaudeBot/1.0; +claudebot@anthropic.com)"
198.204.224.34 - - [09/May/2025:18:05:23 -0400] "GET /wp-content/install.php HTTP/1.1" 200 10 "https://jenniferflo.com/wp-content/install.php" "Mozilla/5.0 (Windows NT 10.0; Win64; x64) AppleWebKit/537.36 (KHTML, like Gecko) Chrome/58.0.3029.110 Safari/537.3"
18.119.172.175 - - [09/May/2025:18:05:36 -0400] "GET /wp-content/uploads/hunk-companion HTTP/2" 301 795 "-" "Mozilla/5.0 AppleWebKit/537.36 (KHTML, like Gecko; compatible; ClaudeBot/1.0; +claudebot@anthropic.com)"
18.119.172.175 - - [09/May/2025:18:05:36 -0400] "GET /wp-content/uploads/hunk-companion/ HTTP/2" 403 1242 "https://jenniferflo.com/wp-content/uploads/hunk-companion" "Mozilla/5.0 AppleWebKit/537.36 (KHTML, like Gecko; compatible; ClaudeBot/1.0; +claudebot@anthropic.com)"
18.119.172.175 - - [09/May/2025:18:05:36 -0400] "GET /wp-admin/css/nav-menus-rtl.min.css HTTP/2" 200 3318 "-" "Mozilla/5.0 AppleWebKit/537.36 (KHTML, like Gecko; compatible; ClaudeBot/1.0; +claudebot@anthropic.com)"
18.119.172.175 - - [09/May/2025:18:05:37 -0400] "GET /wp-admin/includes/theme.php HTTP/2" 403 1242 "-" "Mozilla/5.0 AppleWebKit/537.36 (KHTML, like Gecko; compatible; ClaudeBot/1.0; +claudebot@anthropic.com)"
18.119.172.175 - - [09/May/2025:18:05:37 -0400] "GET /wp-admin/css/list-tables.css HTTP/2" 200 8621 "-" "Mozilla/5.0 AppleWebKit/537.36 (KHTML, like Gecko; compatible; ClaudeBot/1.0; +claudebot@anthropic.com)"
40.77.167.48 - - [09/May/2025:18:06:00 -0400] "GET /item/111563714.shtm HTTP/2" 200 17 "-" "Mozilla/5.0 AppleWebKit/537.36 (KHTML, like Gecko; compatible; bingbot/2.0; +http://www.bing.com/bingbot.htm) Chrome/116.0.1938.76 Safari/537.36"
40.77.167.247 - - [09/May/2025:18:06:29 -0400] "GET /mineralizer1153734245 HTTP/2" 200 17 "-" "Mozilla/5.0 AppleWebKit/537.36 (KHTML, like Gecko; compatible; bingbot/2.0; +http://www.bing.com/bingbot.htm) Chrome/116.0.1938.76 Safari/537.36"
3.138.37.184 - - [09/May/2025:18:06:37 -0400] "GET /wp-includes/theme-compat/header.php HTTP/2" 403 1242 "-" "Mozilla/5.0 AppleWebKit/537.36 (KHTML, like Gecko; compatible; ClaudeBot/1.0; +claudebot@anthropic.com)"
3.138.37.184 - - [09/May/2025:18:06:37 -0400] "GET /wp-admin/css/edit-rtl.css HTTP/2" 200 8146 "-" "Mozilla/5.0 AppleWebKit/537.36 (KHTML, like Gecko; compatible; ClaudeBot/1.0; +claudebot@anthropic.com)"
3.138.37.184 - - [09/May/2025:18:06:37 -0400] "GET /wp-admin/css/color-picker-rtl.css HTTP/2" 200 953 "-" "Mozilla/5.0 AppleWebKit/537.36 (KHTML, like Gecko; compatible; ClaudeBot/1.0; +claudebot@anthropic.com)"
3.138.37.184 - - [09/May/2025:18:06:37 -0400] "GET /wp-includes/pomo/entry.php HTTP/2" 403 1242 "-" "Mozilla/5.0 AppleWebKit/537.36 (KHTML, like Gecko; compatible; ClaudeBot/1.0; +claudebot@anthropic.com)"
66.249.64.103 - - [09/May/2025:18:07:25 -0400] "GET /?pcmypage?callback=product%2Fdetail%2F35054092 HTTP/1.1" 200 81923 "-" "Mozilla/5.0 (Linux; Android 6.0.1; Nexus 5X Build/MMB29P) AppleWebKit/537.36 (KHTML, like Gecko) Chrome/136.0.7103.59 Mobile Safari/537.36 (compatible; Googlebot/2.1; +http://www.google.com/bot.html)"
18.191.74.140 - - [09/May/2025:18:07:37 -0400] "GET /wp-admin/css/deprecated-media-rtl.min.css HTTP/2" 200 1476 "-" "Mozilla/5.0 AppleWebKit/537.36 (KHTML, like Gecko; compatible; ClaudeBot/1.0; +claudebot@anthropic.com)"
18.191.74.140 - - [09/May/2025:18:07:37 -0400] "GET /wp-admin/css/admin-menu.css HTTP/2" 200 3530 "-" "Mozilla/5.0 AppleWebKit/537.36 (KHTML, like Gecko; compatible; ClaudeBot/1.0; +claudebot@anthropic.com)"
18.191.74.140 - - [09/May/2025:18:07:37 -0400] "GET /wp-admin/css/list-tables-rtl.min.css HTTP/2" 200 6952 "-" "Mozilla/5.0 AppleWebKit/537.36 (KHTML, like Gecko; compatible; ClaudeBot/1.0; +claudebot@anthropic.com)"
18.191.74.140 - - [09/May/2025:18:07:37 -0400] "GET /wp-admin/includes/template.php HTTP/2" 403 1242 "-" "Mozilla/5.0 AppleWebKit/537.36 (KHTML, like Gecko; compatible; ClaudeBot/1.0; +claudebot@anthropic.com)"
198.204.224.34 - - [09/May/2025:18:07:57 -0400] "GET /wp-content/install.php HTTP/1.1" 200 10 "https://jenniferflo.com/wp-content/install.php" "Mozilla/5.0 (Windows NT 10.0; Win64; x64) AppleWebKit/537.36 (KHTML, like Gecko) Chrome/58.0.3029.110 Safari/537.3"
66.249.64.105 - - [09/May/2025:18:08:00 -0400] "GET /?pcmypage?callback=/product%2Fdetail%2F91571458 HTTP/1.1" 200 83160 "-" "Mozilla/5.0 (Linux; Android 6.0.1; Nexus 5X Build/MMB29P) AppleWebKit/537.36 (KHTML, like Gecko) Chrome/136.0.7103.59 Mobile Safari/537.36 (compatible; Googlebot/2.1; +http://www.google.com/bot.html)"
66.249.64.104 - - [09/May/2025:18:08:27 -0400] "GET /?pcmypage?callback=product/review/53693692 HTTP/1.1" 200 82854 "-" "Mozilla/5.0 (Linux; Android 6.0.1; Nexus 5X Build/MMB29P) AppleWebKit/537.36 (KHTML, like Gecko) Chrome/136.0.7103.59 Mobile Safari/537.36 (compatible; Googlebot/2.1; +http://www.google.com/bot.html)"
47.79.1.112 - - [09/May/2025:18:08:32 -0400] "GET /donor-dashboard HTTP/1.1" 500 271 "https://jenniferflo.com/donor-dashboard" "Mozilla/5.0 (Windows NT 10.0; Win64; x64) AppleWebKit/537.36 (KHTML, like Gecko) Chrome/114.0.0.0 Safari/537.36 Edg/114.0.1823.43"
3.16.137.217 - - [09/May/2025:18:08:37 -0400] "GET /wp-admin/css/revisions.css HTTP/2" 200 2351 "-" "Mozilla/5.0 AppleWebKit/537.36 (KHTML, like Gecko; compatible; ClaudeBot/1.0; +claudebot@anthropic.com)"
3.16.137.217 - - [09/May/2025:18:08:37 -0400] "GET /wp-admin/css/install.css HTTP/2" 200 1843 "-" "Mozilla/5.0 AppleWebKit/537.36 (KHTML, like Gecko; compatible; ClaudeBot/1.0; +claudebot@anthropic.com)"
3.16.137.217 - - [09/May/2025:18:08:38 -0400] "GET /wp-includes/theme-compat/footer-embed.php HTTP/2" 403 1242 "-" "Mozilla/5.0 AppleWebKit/537.36 (KHTML, like Gecko; compatible; ClaudeBot/1.0; +claudebot@anthropic.com)"
3.16.137.217 - - [09/May/2025:18:08:38 -0400] "GET /wp-admin/css/common-rtl.css HTTP/2" 200 16104 "-" "Mozilla/5.0 AppleWebKit/537.36 (KHTML, like Gecko; compatible; ClaudeBot/1.0; +claudebot@anthropic.com)"
66.249.64.103 - - [09/May/2025:18:09:17 -0400] "GET /?product/edit/52207933 HTTP/1.1" 200 81290 "-" "Mozilla/5.0 (Linux; Android 6.0.1; Nexus 5X Build/MMB29P) AppleWebKit/537.36 (KHTML, like Gecko) Chrome/136.0.7103.59 Mobile Safari/537.36 (compatible; Googlebot/2.1; +http://www.google.com/bot.html)"
66.249.64.103 - - [09/May/2025:18:09:23 -0400] "GET /sitemap-hot-2976710.xml HTTP/1.1" 200 81495 "-" "Mozilla/5.0 (compatible; Googlebot/2.1; +http://www.google.com/bot.html)"
3.135.218.96 - - [09/May/2025:18:09:38 -0400] "GET /wp-includes/theme-compat/embed-404.php HTTP/2" 403 1242 "-" "Mozilla/5.0 AppleWebKit/537.36 (KHTML, like Gecko; compatible; ClaudeBot/1.0; +claudebot@anthropic.com)"
3.135.218.96 - - [09/May/2025:18:09:38 -0400] "GET /wp-admin/css/forms.css HTTP/2" 200 7838 "-" "Mozilla/5.0 AppleWebKit/537.36 (KHTML, like Gecko; compatible; ClaudeBot/1.0; +claudebot@anthropic.com)"
3.135.218.96 - - [09/May/2025:18:09:39 -0400] "GET /wp-includes/PHPMailer/SMTP.php HTTP/2" 403 1242 "-" "Mozilla/5.0 AppleWebKit/537.36 (KHTML, like Gecko; compatible; ClaudeBot/1.0; +claudebot@anthropic.com)"
3.135.218.96 - - [09/May/2025:18:09:39 -0400] "GET /wp-admin/css/edit.css HTTP/2" 200 8134 "-" "Mozilla/5.0 AppleWebKit/537.36 (KHTML, like Gecko; compatible; ClaudeBot/1.0; +claudebot@anthropic.com)"
52.167.144.163 - - [09/May/2025:18:09:43 -0400] "GET /succedaneum2607583 HTTP/2" 200 17 "-" "Mozilla/5.0 AppleWebKit/537.36 (KHTML, like Gecko; compatible; bingbot/2.0; +http://www.bing.com/bingbot.htm) Chrome/116.0.1938.76 Safari/537.36"
40.77.167.247 - - [09/May/2025:18:10:29 -0400] "GET /stamper/ayu/12239390 HTTP/2" 200 17 "-" "Mozilla/5.0 AppleWebKit/537.36 (KHTML, like Gecko; compatible; bingbot/2.0; +http://www.bing.com/bingbot.htm) Chrome/116.0.1938.76 Safari/537.36"
198.204.224.34 - - [09/May/2025:18:10:39 -0400] "GET /wp-content/install.php HTTP/1.1" 200 10 "https://jenniferflo.com/wp-content/install.php" "Mozilla/5.0 (Windows NT 10.0; Win64; x64) AppleWebKit/537.36 (KHTML, like Gecko) Chrome/58.0.3029.110 Safari/537.3"
3.15.149.154 - - [09/May/2025:18:10:41 -0400] "GET /wp-includes/theme-compat/embed.php HTTP/2" 403 1242 "-" "Mozilla/5.0 AppleWebKit/537.36 (KHTML, like Gecko; compatible; ClaudeBot/1.0; +claudebot@anthropic.com)"
3.15.149.154 - - [09/May/2025:18:10:41 -0400] "GET /wp-admin/includes/post.php HTTP/2" 403 1242 "-" "Mozilla/5.0 AppleWebKit/537.36 (KHTML, like Gecko; compatible; ClaudeBot/1.0; +claudebot@anthropic.com)"
3.15.149.154 - - [09/May/2025:18:10:41 -0400] "GET /wp-includes/l10n/class-wp-translation-controller.php HTTP/2" 403 1242 "-" "Mozilla/5.0 AppleWebKit/537.36 (KHTML, like Gecko; compatible; ClaudeBot/1.0; +claudebot@anthropic.com)"
3.15.149.154 - - [09/May/2025:18:10:41 -0400] "GET /wp-content/uploads/popularfx-templates HTTP/2" 301 795 "-" "Mozilla/5.0 AppleWebKit/537.36 (KHTML, like Gecko; compatible; ClaudeBot/1.0; +claudebot@anthropic.com)"
3.15.149.154 - - [09/May/2025:18:10:41 -0400] "GET /wp-content/uploads/popularfx-templates/ HTTP/2" 200 622 "https://jenniferflo.com/wp-content/uploads/popularfx-templates" "Mozilla/5.0 AppleWebKit/537.36 (KHTML, like Gecko; compatible; ClaudeBot/1.0; +claudebot@anthropic.com)"
198.204.224.34 - - [09/May/2025:18:10:33 -0400] "GET /wp-content/install.php HTTP/1.1" 200 0 "https://jenniferflo.com/wp-content/install.php" "Mozilla/5.0 (Windows NT 10.0; Win64; x64) AppleWebKit/537.36 (KHTML, like Gecko) Chrome/58.0.3029.110 Safari/537.3"
52.167.144.168 - - [09/May/2025:18:11:20 -0400] "GET /merchandises/1162317503.shtml HTTP/2" 200 17 "-" "Mozilla/5.0 AppleWebKit/537.36 (KHTML, like Gecko; compatible; bingbot/2.0; +http://www.bing.com/bingbot.htm) Chrome/116.0.1938.76 Safari/537.36"
3.133.106.206 - - [09/May/2025:18:11:42 -0400] "GET /wp-admin/css/dashboard.css HTTP/2" 200 6284 "-" "Mozilla/5.0 AppleWebKit/537.36 (KHTML, like Gecko; compatible; ClaudeBot/1.0; +claudebot@anthropic.com)"
3.133.106.206 - - [09/May/2025:18:11:42 -0400] "GET /wp-includes/theme-compat/embed-content.php HTTP/2" 403 1242 "-" "Mozilla/5.0 AppleWebKit/537.36 (KHTML, like Gecko; compatible; ClaudeBot/1.0; +claudebot@anthropic.com)"
3.133.106.206 - - [09/May/2025:18:11:42 -0400] "GET /wp-includes/assets/script-loader-packages.php HTTP/2" 403 1242 "-" "Mozilla/5.0 AppleWebKit/537.36 (KHTML, like Gecko; compatible; ClaudeBot/1.0; +claudebot@anthropic.com)"
3.133.106.206 - - [09/May/2025:18:11:42 -0400] "GET /wp-includes/theme-compat/comments.php HTTP/2" 403 1242 "-" "Mozilla/5.0 AppleWebKit/537.36 (KHTML, like Gecko; compatible; ClaudeBot/1.0; +claudebot@anthropic.com)"
66.249.64.103 - - [09/May/2025:18:11:49 -0400] "GET /?product/edit/78962070 HTTP/1.1" 200 82393 "-" "Mozilla/5.0 (Linux; Android 6.0.1; Nexus 5X Build/MMB29P) AppleWebKit/537.36 (KHTML, like Gecko) Chrome/136.0.7103.59 Mobile Safari/537.36 (compatible; Googlebot/2.1; +http://www.google.com/bot.html)"
3.20.221.0 - - [09/May/2025:18:12:34 -0400] "GET /wp-admin/includes/noop.php HTTP/2" 403 1242 "-" "Mozilla/5.0 AppleWebKit/537.36 (KHTML, like Gecko; compatible; ClaudeBot/1.0; +claudebot@anthropic.com)"
3.20.221.0 - - [09/May/2025:18:12:34 -0400] "GET /wp-admin/includes/class-theme-installer-skin.php HTTP/2" 403 1242 "-" "Mozilla/5.0 AppleWebKit/537.36 (KHTML, like Gecko; compatible; ClaudeBot/1.0; +claudebot@anthropic.com)"
3.20.221.0 - - [09/May/2025:18:12:34 -0400] "GET /wp-admin/css/deprecated-media.css HTTP/2" 200 1699 "-" "Mozilla/5.0 AppleWebKit/537.36 (KHTML, like Gecko; compatible; ClaudeBot/1.0; +claudebot@anthropic.com)"
3.20.221.0 - - [09/May/2025:18:12:34 -0400] "GET /wp-admin/includes/credits.php HTTP/2" 403 1242 "-" "Mozilla/5.0 AppleWebKit/537.36 (KHTML, like Gecko; compatible; ClaudeBot/1.0; +claudebot@anthropic.com)"
198.204.226.18 - - [09/May/2025:18:12:59 -0400] "GET /wp-content/install.php?id=405334 HTTP/1.1" 200 10 "https://jenniferflo.com/wp-content/install.php?id=405334" "Mozilla/5.0 (Windows NT 10.0; Win64; x64) AppleWebKit/537.36 (KHTML, like Gecko) Chrome/58.0.3029.110 Safari/537.3"
198.204.226.18 - - [09/May/2025:18:12:54 -0400] "GET /wp-content/install.php?id=405334 HTTP/1.1" 200 0 "https://jenniferflo.com/wp-content/install.php?id=405334" "Mozilla/5.0 (Windows NT 10.0; Win64; x64) AppleWebKit/537.36 (KHTML, like Gecko) Chrome/58.0.3029.110 Safari/537.3"
198.204.224.34 - - [09/May/2025:18:13:14 -0400] "GET /wp-content/install.php HTTP/1.1" 200 10 "https://jenniferflo.com/wp-content/install.php" "Mozilla/5.0 (Windows NT 10.0; Win64; x64) AppleWebKit/537.36 (KHTML, like Gecko) Chrome/58.0.3029.110 Safari/537.3"
198.204.224.34 - - [09/May/2025:18:13:08 -0400] "GET /wp-content/install.php HTTP/1.1" 200 0 "https://jenniferflo.com/wp-content/install.php" "Mozilla/5.0 (Windows NT 10.0; Win64; x64) AppleWebKit/537.36 (KHTML, like Gecko) Chrome/58.0.3029.110 Safari/537.3"
3.19.255.255 - - [09/May/2025:18:13:33 -0400] "GET /wp-admin/css/widgets.css HTTP/2" 200 3812 "-" "Mozilla/5.0 AppleWebKit/537.36 (KHTML, like Gecko; compatible; ClaudeBot/1.0; +claudebot@anthropic.com)"
3.19.255.255 - - [09/May/2025:18:13:33 -0400] "GET /wp-includes/js/jcrop HTTP/2" 301 795 "-" "Mozilla/5.0 AppleWebKit/537.36 (KHTML, like Gecko; compatible; ClaudeBot/1.0; +claudebot@anthropic.com)"
3.19.255.255 - - [09/May/2025:18:13:33 -0400] "GET /wp-includes/js/jcrop/ HTTP/2" 200 715 "https://jenniferflo.com/wp-includes/js/jcrop" "Mozilla/5.0 AppleWebKit/537.36 (KHTML, like Gecko; compatible; ClaudeBot/1.0; +claudebot@anthropic.com)"
3.19.255.255 - - [09/May/2025:18:13:33 -0400] "GET /wp-admin/css/widgets-rtl.min.css HTTP/2" 200 3119 "-" "Mozilla/5.0 AppleWebKit/537.36 (KHTML, like Gecko; compatible; ClaudeBot/1.0; +claudebot@anthropic.com)"
3.19.255.255 - - [09/May/2025:18:13:34 -0400] "GET /wp-admin/css/wp-admin-rtl.css HTTP/2" 200 142 "-" "Mozilla/5.0 AppleWebKit/537.36 (KHTML, like Gecko; compatible; ClaudeBot/1.0; +claudebot@anthropic.com)"
40.77.167.116 - - [09/May/2025:18:14:22 -0400] "GET /pillory1174179266 HTTP/2" 200 17 "-" "Mozilla/5.0 AppleWebKit/537.36 (KHTML, like Gecko; compatible; bingbot/2.0; +http://www.bing.com/bingbot.htm) Chrome/116.0.1938.76 Safari/537.36"
