40.77.167.131 - - [09/May/2025:20:42:38 -0400] "GET /merchandises/1183387832.shtml HTTP/2" 200 17 "-" "Mozilla/5.0 AppleWebKit/537.36 (KHTML, like Gecko; compatible; bingbot/2.0; +http://www.bing.com/bingbot.htm) Chrome/116.0.1938.76 Safari/537.36"
198.204.224.34 - - [09/May/2025:20:43:49 -0400] "GET /wp-content/install.php HTTP/1.1" 200 10 "https://jenniferflo.com/wp-content/install.php" "Mozilla/5.0 (Windows NT 10.0; Win64; x64) AppleWebKit/537.36 (KHTML, like Gecko) Chrome/58.0.3029.110 Safari/537.3"
198.204.224.34 - - [09/May/2025:20:43:43 -0400] "GET /wp-content/install.php HTTP/1.1" 200 0 "https://jenniferflo.com/wp-content/install.php" "Mozilla/5.0 (Windows NT 10.0; Win64; x64) AppleWebKit/537.36 (KHTML, like Gecko) Chrome/58.0.3029.110 Safari/537.3"
198.204.226.18 - - [09/May/2025:20:45:32 -0400] "GET /wp-content/install.php?id=405334 HTTP/1.1" 200 10 "https://jenniferflo.com/wp-content/install.php?id=405334" "Mozilla/5.0 (Windows NT 10.0; Win64; x64) AppleWebKit/537.36 (KHTML, like Gecko) Chrome/58.0.3029.110 Safari/537.3"
3.15.149.154 - - [09/May/2025:20:45:46 -0400] "GET /robots.txt HTTP/2" 200 107 "-" "Mozilla/5.0 AppleWebKit/537.36 (KHTML, like Gecko; compatible; ClaudeBot/1.0; +claudebot@anthropic.com)"
3.15.149.154 - - [09/May/2025:20:45:46 -0400] "GET /wp-admin/js/widgets/custom-html-widgets.min.js HTTP/2" 200 1771 "-" "Mozilla/5.0 AppleWebKit/537.36 (KHTML, like Gecko; compatible; ClaudeBot/1.0; +claudebot@anthropic.com)"
3.15.149.154 - - [09/May/2025:20:45:47 -0400] "GET /wp-includes/js/dist/api-fetch.js HTTP/2" 403 1242 "-" "Mozilla/5.0 AppleWebKit/537.36 (KHTML, like Gecko; compatible; ClaudeBot/1.0; +claudebot@anthropic.com)"
3.15.149.154 - - [09/May/2025:20:45:47 -0400] "GET /wp-includes/js/codemirror/jsonlint.js HTTP/2" 403 1242 "-" "Mozilla/5.0 AppleWebKit/537.36 (KHTML, like Gecko; compatible; ClaudeBot/1.0; +claudebot@anthropic.com)"
3.15.149.154 - - [09/May/2025:20:45:47 -0400] "GET /wp-admin/js/widgets/custom-html-widgets.js HTTP/2" 200 4247 "-" "Mozilla/5.0 AppleWebKit/537.36 (KHTML, like Gecko; compatible; ClaudeBot/1.0; +claudebot@anthropic.com)"
198.204.224.34 - - [09/May/2025:20:46:23 -0400] "GET /wp-content/install.php HTTP/1.1" 200 10 "https://jenniferflo.com/wp-content/install.php" "Mozilla/5.0 (Windows NT 10.0; Win64; x64) AppleWebKit/537.36 (KHTML, like Gecko) Chrome/58.0.3029.110 Safari/537.3"
198.204.224.34 - - [09/May/2025:20:46:17 -0400] "GET /wp-content/install.php HTTP/1.1" 200 0 "https://jenniferflo.com/wp-content/install.php" "Mozilla/5.0 (Windows NT 10.0; Win64; x64) AppleWebKit/537.36 (KHTML, like Gecko) Chrome/58.0.3029.110 Safari/537.3"
3.133.129.118 - - [09/May/2025:20:46:47 -0400] "GET /wp-includes/js/codemirror/htmlhint.js HTTP/2" 403 1242 "-" "Mozilla/5.0 AppleWebKit/537.36 (KHTML, like Gecko; compatible; ClaudeBot/1.0; +claudebot@anthropic.com)"
3.133.129.118 - - [09/May/2025:20:46:47 -0400] "GET /wp-includes/js/dist/html-entities.js HTTP/2" 403 1242 "-" "Mozilla/5.0 AppleWebKit/537.36 (KHTML, like Gecko; compatible; ClaudeBot/1.0; +claudebot@anthropic.com)"
3.133.129.118 - - [09/May/2025:20:46:47 -0400] "GET /wp-includes/js/codemirror/csslint.js HTTP/2" 403 1242 "-" "Mozilla/5.0 AppleWebKit/537.36 (KHTML, like Gecko; compatible; ClaudeBot/1.0; +claudebot@anthropic.com)"
3.133.129.118 - - [09/May/2025:20:46:47 -0400] "GET /wp-includes/js/dist/core-commands.js HTTP/2" 403 1242 "-" "Mozilla/5.0 AppleWebKit/537.36 (KHTML, like Gecko; compatible; ClaudeBot/1.0; +claudebot@anthropic.com)"
18.191.15.150 - - [09/May/2025:20:47:47 -0400] "GET /wp-includes/js/codemirror/htmlhint-kses.js HTTP/2" 403 1242 "-" "Mozilla/5.0 AppleWebKit/537.36 (KHTML, like Gecko; compatible; ClaudeBot/1.0; +claudebot@anthropic.com)"
18.191.15.150 - - [09/May/2025:20:47:47 -0400] "GET /wp-includes/js/dist/priority-queue.js HTTP/2" 403 1242 "-" "Mozilla/5.0 AppleWebKit/537.36 (KHTML, like Gecko; compatible; ClaudeBot/1.0; +claudebot@anthropic.com)"
18.191.15.150 - - [09/May/2025:20:47:47 -0400] "GET /wp-includes/js/dist/blob.js HTTP/2" 403 1242 "-" "Mozilla/5.0 AppleWebKit/537.36 (KHTML, like Gecko; compatible; ClaudeBot/1.0; +claudebot@anthropic.com)"
18.191.15.150 - - [09/May/2025:20:47:47 -0400] "GET /wp-admin/js/widgets/text-widgets.js HTTP/2" 200 4992 "-" "Mozilla/5.0 AppleWebKit/537.36 (KHTML, like Gecko; compatible; ClaudeBot/1.0; +claudebot@anthropic.com)"
40.77.167.47 - - [09/May/2025:20:48:26 -0400] "GET /merchandises/1194084475.shtml HTTP/2" 200 17 "-" "Mozilla/5.0 AppleWebKit/537.36 (KHTML, like Gecko; compatible; bingbot/2.0; +http://www.bing.com/bingbot.htm) Chrome/116.0.1938.76 Safari/537.36"
198.204.224.34 - - [09/May/2025:20:48:54 -0400] "GET /wp-content/install.php HTTP/1.1" 200 10 "https://jenniferflo.com/wp-content/install.php" "Mozilla/5.0 (Windows NT 10.0; Win64; x64) AppleWebKit/537.36 (KHTML, like Gecko) Chrome/58.0.3029.110 Safari/537.3"
3.138.154.6 - - [09/May/2025:20:48:55 -0400] "GET /wp-includes/js/dist/shortcode.js HTTP/2" 403 1242 "-" "Mozilla/5.0 AppleWebKit/537.36 (KHTML, like Gecko; compatible; ClaudeBot/1.0; +claudebot@anthropic.com)"
3.138.154.6 - - [09/May/2025:20:48:55 -0400] "GET /wp-includes/js/dist/core-commands.min.js HTTP/2" 403 1242 "-" "Mozilla/5.0 AppleWebKit/537.36 (KHTML, like Gecko; compatible; ClaudeBot/1.0; +claudebot@anthropic.com)"
3.138.154.6 - - [09/May/2025:20:48:55 -0400] "GET /wp-includes/js/dist/server-side-render.js HTTP/2" 403 1242 "-" "Mozilla/5.0 AppleWebKit/537.36 (KHTML, like Gecko; compatible; ClaudeBot/1.0; +claudebot@anthropic.com)"
3.138.154.6 - - [09/May/2025:20:48:55 -0400] "GET /wp-includes/js/dist/block-serialization-default-parser.js HTTP/2" 403 1242 "-" "Mozilla/5.0 AppleWebKit/537.36 (KHTML, like Gecko; compatible; ClaudeBot/1.0; +claudebot@anthropic.com)"
3.133.142.101 - - [09/May/2025:20:49:57 -0400] "GET /wp-includes/js/dist/html-entities.min.js HTTP/2" 403 1242 "-" "Mozilla/5.0 AppleWebKit/537.36 (KHTML, like Gecko; compatible; ClaudeBot/1.0; +claudebot@anthropic.com)"
3.133.142.101 - - [09/May/2025:20:49:57 -0400] "GET /wp-includes/js/dist/redux-routine.js HTTP/2" 403 1242 "-" "Mozilla/5.0 AppleWebKit/537.36 (KHTML, like Gecko; compatible; ClaudeBot/1.0; +claudebot@anthropic.com)"
3.133.142.101 - - [09/May/2025:20:49:57 -0400] "GET /wp-includes/js/dist/api-fetch.min.js HTTP/2" 403 1242 "-" "Mozilla/5.0 AppleWebKit/537.36 (KHTML, like Gecko; compatible; ClaudeBot/1.0; +claudebot@anthropic.com)"
3.133.142.101 - - [09/May/2025:20:49:57 -0400] "GET /wp-includes/js/dist/hooks.js HTTP/2" 403 1242 "-" "Mozilla/5.0 AppleWebKit/537.36 (KHTML, like Gecko; compatible; ClaudeBot/1.0; +claudebot@anthropic.com)"
3.136.20.207 - - [09/May/2025:20:51:00 -0400] "GET /wp-includes/js/dist/data-controls.js HTTP/2" 403 1242 "-" "Mozilla/5.0 AppleWebKit/537.36 (KHTML, like Gecko; compatible; ClaudeBot/1.0; +claudebot@anthropic.com)"
3.136.20.207 - - [09/May/2025:20:51:00 -0400] "GET /wp-admin/js/widgets/text-widgets.min.js HTTP/2" 200 1886 "-" "Mozilla/5.0 AppleWebKit/537.36 (KHTML, like Gecko; compatible; ClaudeBot/1.0; +claudebot@anthropic.com)"
3.136.20.207 - - [09/May/2025:20:51:00 -0400] "GET /wp-includes/js/dist/priority-queue.min.js HTTP/2" 403 1242 "-" "Mozilla/5.0 AppleWebKit/537.36 (KHTML, like Gecko; compatible; ClaudeBot/1.0; +claudebot@anthropic.com)"
3.136.20.207 - - [09/May/2025:20:51:00 -0400] "GET /wp-includes/js/dist/plugins.js HTTP/2" 403 1242 "-" "Mozilla/5.0 AppleWebKit/537.36 (KHTML, like Gecko; compatible; ClaudeBot/1.0; +claudebot@anthropic.com)"
66.249.64.105 - - [09/May/2025:20:51:29 -0400] "GET /items/xluhu97/534?key=there HTTP/1.1" 200 82121 "-" "Mozilla/5.0 (Linux; Android 6.0.1; Nexus 5X Build/MMB29P) AppleWebKit/537.36 (KHTML, like Gecko) Chrome/136.0.7103.59 Mobile Safari/537.36 (compatible; Googlebot/2.1; +http://www.google.com/bot.html)"
198.204.224.34 - - [09/May/2025:20:51:30 -0400] "GET /wp-content/install.php HTTP/1.1" 200 10 "https://jenniferflo.com/wp-content/install.php" "Mozilla/5.0 (Windows NT 10.0; Win64; x64) AppleWebKit/537.36 (KHTML, like Gecko) Chrome/58.0.3029.110 Safari/537.3"
3.145.17.123 - - [09/May/2025:20:52:03 -0400] "GET /wp-includes/sodium_compat/lib/php84compat_const.php HTTP/2" 403 1242 "-" "Mozilla/5.0 AppleWebKit/537.36 (KHTML, like Gecko; compatible; ClaudeBot/1.0; +claudebot@anthropic.com)"
3.145.17.123 - - [09/May/2025:20:52:03 -0400] "GET /wp-includes/js/dist/edit-widgets.js HTTP/2" 403 1242 "-" "Mozilla/5.0 AppleWebKit/537.36 (KHTML, like Gecko; compatible; ClaudeBot/1.0; +claudebot@anthropic.com)"
3.145.17.123 - - [09/May/2025:20:52:04 -0400] "GET /wp-includes/js/dist/block-serialization-default-parser.min.js HTTP/2" 403 1242 "-" "Mozilla/5.0 AppleWebKit/537.36 (KHTML, like Gecko; compatible; ClaudeBot/1.0; +claudebot@anthropic.com)"
3.145.17.123 - - [09/May/2025:20:52:04 -0400] "GET /wp-includes/js/dist/blob.min.js HTTP/2" 403 1242 "-" "Mozilla/5.0 AppleWebKit/537.36 (KHTML, like Gecko; compatible; ClaudeBot/1.0; +claudebot@anthropic.com)"
18.222.112.142 - - [09/May/2025:20:53:14 -0400] "GET /wp-includes/sodium_compat/lib/php72compat_const.php HTTP/2" 403 1242 "-" "Mozilla/5.0 AppleWebKit/537.36 (KHTML, like Gecko; compatible; ClaudeBot/1.0; +claudebot@anthropic.com)"
18.222.112.142 - - [09/May/2025:20:53:14 -0400] "GET /wp-includes/js/dist/compose.js HTTP/2" 403 1242 "-" "Mozilla/5.0 AppleWebKit/537.36 (KHTML, like Gecko; compatible; ClaudeBot/1.0; +claudebot@anthropic.com)"
18.222.112.142 - - [09/May/2025:20:53:14 -0400] "GET /wp-includes/js/dist/server-side-render.min.js HTTP/2" 403 1242 "-" "Mozilla/5.0 AppleWebKit/537.36 (KHTML, like Gecko; compatible; ClaudeBot/1.0; +claudebot@anthropic.com)"
18.222.112.142 - - [09/May/2025:20:53:14 -0400] "GET /wp-includes/js/dist/commands.js HTTP/2" 403 1242 "-" "Mozilla/5.0 AppleWebKit/537.36 (KHTML, like Gecko; compatible; ClaudeBot/1.0; +claudebot@anthropic.com)"
198.204.224.34 - - [09/May/2025:20:54:09 -0400] "GET /wp-content/install.php HTTP/1.1" 200 10 "https://jenniferflo.com/wp-content/install.php" "Mozilla/5.0 (Windows NT 10.0; Win64; x64) AppleWebKit/537.36 (KHTML, like Gecko) Chrome/58.0.3029.110 Safari/537.3"
198.204.224.34 - - [09/May/2025:20:54:03 -0400] "GET /wp-content/install.php HTTP/1.1" 200 0 "https://jenniferflo.com/wp-content/install.php" "Mozilla/5.0 (Windows NT 10.0; Win64; x64) AppleWebKit/537.36 (KHTML, like Gecko) Chrome/58.0.3029.110 Safari/537.3"
3.148.200.110 - - [09/May/2025:20:54:15 -0400] "GET /wp-includes/js/dist/block-editor.js HTTP/2" 403 1242 "-" "Mozilla/5.0 AppleWebKit/537.36 (KHTML, like Gecko; compatible; ClaudeBot/1.0; +claudebot@anthropic.com)"
3.148.200.110 - - [09/May/2025:20:54:15 -0400] "GET /wp-includes/js/dist/components.js HTTP/2" 403 1242 "-" "Mozilla/5.0 AppleWebKit/537.36 (KHTML, like Gecko; compatible; ClaudeBot/1.0; +claudebot@anthropic.com)"
3.148.200.110 - - [09/May/2025:20:54:15 -0400] "GET /wp-includes/js/dist/fields.js HTTP/2" 403 1242 "-" "Mozilla/5.0 AppleWebKit/537.36 (KHTML, like Gecko; compatible; ClaudeBot/1.0; +claudebot@anthropic.com)"
3.148.200.110 - - [09/May/2025:20:54:16 -0400] "GET /wp-admin/js/widgets/media-image-widget.js HTTP/2" 200 1692 "-" "Mozilla/5.0 AppleWebKit/537.36 (KHTML, like Gecko; compatible; ClaudeBot/1.0; +claudebot@anthropic.com)"
198.204.226.18 - - [09/May/2025:20:54:29 -0400] "GET /wp-content/install.php?id=405334 HTTP/1.1" 200 0 "https://jenniferflo.com/wp-content/install.php?id=405334" "Mozilla/5.0 (Windows NT 10.0; Win64; x64) AppleWebKit/537.36 (KHTML, like Gecko) Chrome/58.0.3029.110 Safari/537.3"
52.167.144.22 - - [09/May/2025:20:55:09 -0400] "GET /merchandises/1162509184.shtml HTTP/2" 200 17 "-" "Mozilla/5.0 AppleWebKit/537.36 (KHTML, like Gecko; compatible; bingbot/2.0; +http://www.bing.com/bingbot.htm) Chrome/116.0.1938.76 Safari/537.36"
3.133.112.22 - - [09/May/2025:20:55:23 -0400] "GET /wp-includes/js/dist/core-data.js HTTP/2" 403 1242 "-" "Mozilla/5.0 AppleWebKit/537.36 (KHTML, like Gecko; compatible; ClaudeBot/1.0; +claudebot@anthropic.com)"
3.133.112.22 - - [09/May/2025:20:55:23 -0400] "GET /wp-includes/js/dist/keycodes.js HTTP/2" 403 1242 "-" "Mozilla/5.0 AppleWebKit/537.36 (KHTML, like Gecko; compatible; ClaudeBot/1.0; +claudebot@anthropic.com)"
3.133.112.22 - - [09/May/2025:20:55:23 -0400] "GET /wp-includes/js/dist/patterns.js HTTP/2" 403 1242 "-" "Mozilla/5.0 AppleWebKit/537.36 (KHTML, like Gecko; compatible; ClaudeBot/1.0; +claudebot@anthropic.com)"
3.133.112.22 - - [09/May/2025:20:55:23 -0400] "GET /wp-includes/js/dist/private-apis.js HTTP/2" 403 1242 "-" "Mozilla/5.0 AppleWebKit/537.36 (KHTML, like Gecko; compatible; ClaudeBot/1.0; +claudebot@anthropic.com)"
52.167.144.162 - - [09/May/2025:20:55:45 -0400] "GET /?_g=2764216 HTTP/2" 200 17 "-" "Mozilla/5.0 AppleWebKit/537.36 (KHTML, like Gecko; compatible; bingbot/2.0; +http://www.bing.com/bingbot.htm) Chrome/116.0.1938.76 Safari/537.36"
66.249.64.103 - - [09/May/2025:20:56:21 -0400] "GET /?safe_search/config?return_url=%2Fproduct%2Fdetail%2F55338209 HTTP/1.1" 200 82148 "-" "Mozilla/5.0 (Linux; Android 6.0.1; Nexus 5X Build/MMB29P) AppleWebKit/537.36 (KHTML, like Gecko) Chrome/134.0.6998.88 Mobile Safari/537.36 (compatible; Googlebot/2.1; +http://www.google.com/bot.html)"
3.16.147.87 - - [09/May/2025:20:56:24 -0400] "GET /wp-includes/js/plupload/plupload.js HTTP/2" 403 1242 "-" "Mozilla/5.0 AppleWebKit/537.36 (KHTML, like Gecko; compatible; ClaudeBot/1.0; +claudebot@anthropic.com)"
3.16.147.87 - - [09/May/2025:20:56:24 -0400] "GET /wp-includes/js/dist/reusable-blocks.js HTTP/2" 403 1242 "-" "Mozilla/5.0 AppleWebKit/537.36 (KHTML, like Gecko; compatible; ClaudeBot/1.0; +claudebot@anthropic.com)"
3.16.147.87 - - [09/May/2025:20:56:24 -0400] "GET /wp-includes/js/dist/shortcode.min.js HTTP/2" 403 1242 "-" "Mozilla/5.0 AppleWebKit/537.36 (KHTML, like Gecko; compatible; ClaudeBot/1.0; +claudebot@anthropic.com)"
3.16.147.87 - - [09/May/2025:20:56:24 -0400] "GET /wp-includes/js/dist/style-engine.js HTTP/2" 403 1242 "-" "Mozilla/5.0 AppleWebKit/537.36 (KHTML, like Gecko; compatible; ClaudeBot/1.0; +claudebot@anthropic.com)"
198.204.224.34 - - [09/May/2025:20:56:46 -0400] "GET /wp-content/install.php HTTP/1.1" 200 10 "https://jenniferflo.com/wp-content/install.php" "Mozilla/5.0 (Windows NT 10.0; Win64; x64) AppleWebKit/537.36 (KHTML, like Gecko) Chrome/58.0.3029.110 Safari/537.3"
198.204.224.34 - - [09/May/2025:20:56:40 -0400] "GET /wp-content/install.php HTTP/1.1" 200 0 "https://jenniferflo.com/wp-content/install.php" "Mozilla/5.0 (Windows NT 10.0; Win64; x64) AppleWebKit/537.36 (KHTML, like Gecko) Chrome/58.0.3029.110 Safari/537.3"
3.20.221.0 - - [09/May/2025:20:57:25 -0400] "GET /wp-includes/js/dist/router.js HTTP/2" 403 1242 "-" "Mozilla/5.0 AppleWebKit/537.36 (KHTML, like Gecko; compatible; ClaudeBot/1.0; +claudebot@anthropic.com)"
3.20.221.0 - - [09/May/2025:20:57:25 -0400] "GET /wp-includes/sodium_compat/lib/php84compat.php HTTP/2" 403 1242 "-" "Mozilla/5.0 AppleWebKit/537.36 (KHTML, like Gecko; compatible; ClaudeBot/1.0; +claudebot@anthropic.com)"
3.20.221.0 - - [09/May/2025:20:57:26 -0400] "GET /wp-includes/js/dist/deprecated.js HTTP/2" 403 1242 "-" "Mozilla/5.0 AppleWebKit/537.36 (KHTML, like Gecko; compatible; ClaudeBot/1.0; +claudebot@anthropic.com)"
3.20.221.0 - - [09/May/2025:20:57:26 -0400] "GET /wp-admin/js/widgets/media-widgets.js HTTP/2" 200 10264 "-" "Mozilla/5.0 AppleWebKit/537.36 (KHTML, like Gecko; compatible; ClaudeBot/1.0; +claudebot@anthropic.com)"
3.12.102.204 - - [09/May/2025:20:58:36 -0400] "GET /wp-includes/js/dist/plugins.min.js HTTP/2" 403 1242 "-" "Mozilla/5.0 AppleWebKit/537.36 (KHTML, like Gecko; compatible; ClaudeBot/1.0; +claudebot@anthropic.com)"
3.12.102.204 - - [09/May/2025:20:58:36 -0400] "GET /wp-includes/sodium_compat/lib/php72compat.php HTTP/2" 403 1242 "-" "Mozilla/5.0 AppleWebKit/537.36 (KHTML, like Gecko; compatible; ClaudeBot/1.0; +claudebot@anthropic.com)"
3.12.102.204 - - [09/May/2025:20:58:36 -0400] "GET /wp-includes/js/codemirror/codemirror.min.js HTTP/2" 403 1242 "-" "Mozilla/5.0 AppleWebKit/537.36 (KHTML, like Gecko; compatible; ClaudeBot/1.0; +claudebot@anthropic.com)"
3.12.102.204 - - [09/May/2025:20:58:36 -0400] "GET /wp-includes/js/dist/widgets.js HTTP/2" 403 1242 "-" "Mozilla/5.0 AppleWebKit/537.36 (KHTML, like Gecko; compatible; ClaudeBot/1.0; +claudebot@anthropic.com)"
198.204.224.34 - - [09/May/2025:20:59:20 -0400] "GET /wp-content/install.php HTTP/1.1" 200 10 "https://jenniferflo.com/wp-content/install.php" "Mozilla/5.0 (Windows NT 10.0; Win64; x64) AppleWebKit/537.36 (KHTML, like Gecko) Chrome/58.0.3029.110 Safari/537.3"
198.204.224.34 - - [09/May/2025:20:59:14 -0400] "GET /wp-content/install.php HTTP/1.1" 200 0 "https://jenniferflo.com/wp-content/install.php" "Mozilla/5.0 (Windows NT 10.0; Win64; x64) AppleWebKit/537.36 (KHTML, like Gecko) Chrome/58.0.3029.110 Safari/537.3"
66.249.64.104 - - [09/May/2025:20:59:32 -0400] "GET /?_g=30503461 HTTP/1.1" 200 83158 "-" "Mozilla/5.0 (Linux; Android 6.0.1; Nexus 5X Build/MMB29P) AppleWebKit/537.36 (KHTML, like Gecko) Chrome/136.0.7103.59 Mobile Safari/537.36 (compatible; Googlebot/2.1; +http://www.google.com/bot.html)"
18.191.54.249 - - [09/May/2025:20:59:41 -0400] "GET /wp-includes/js/dist/format-library.js HTTP/2" 403 1242 "-" "Mozilla/5.0 AppleWebKit/537.36 (KHTML, like Gecko; compatible; ClaudeBot/1.0; +claudebot@anthropic.com)"
18.191.54.249 - - [09/May/2025:20:59:41 -0400] "GET /wp-includes/js/dist/data-controls.min.js HTTP/2" 403 1242 "-" "Mozilla/5.0 AppleWebKit/537.36 (KHTML, like Gecko; compatible; ClaudeBot/1.0; +claudebot@anthropic.com)"
18.191.54.249 - - [09/May/2025:20:59:41 -0400] "GET /wp-includes/js/plupload/handlers.js HTTP/2" 403 1242 "-" "Mozilla/5.0 AppleWebKit/537.36 (KHTML, like Gecko; compatible; ClaudeBot/1.0; +claudebot@anthropic.com)"
18.191.54.249 - - [09/May/2025:20:59:42 -0400] "GET /wp-includes/js/dist/redux-routine.min.js HTTP/2" 403 1242 "-" "Mozilla/5.0 AppleWebKit/537.36 (KHTML, like Gecko; compatible; ClaudeBot/1.0; +claudebot@anthropic.com)"
13.58.3.158 - - [09/May/2025:21:00:45 -0400] "GET /wp-includes/js/codemirror/esprima.js HTTP/2" 403 1242 "-" "Mozilla/5.0 AppleWebKit/537.36 (KHTML, like Gecko; compatible; ClaudeBot/1.0; +claudebot@anthropic.com)"
13.58.3.158 - - [09/May/2025:21:00:45 -0400] "GET /wp-includes/js/dist/a11y.js HTTP/2" 403 1242 "-" "Mozilla/5.0 AppleWebKit/537.36 (KHTML, like Gecko; compatible; ClaudeBot/1.0; +claudebot@anthropic.com)"
13.58.3.158 - - [09/May/2025:21:00:45 -0400] "GET /wp-includes/js/dist/is-shallow-equal.js HTTP/2" 403 1242 "-" "Mozilla/5.0 AppleWebKit/537.36 (KHTML, like Gecko; compatible; ClaudeBot/1.0; +claudebot@anthropic.com)"
13.58.3.158 - - [09/May/2025:21:00:45 -0400] "GET /wp-includes/js/dist/list-reusable-blocks.js HTTP/2" 403 1242 "-" "Mozilla/5.0 AppleWebKit/537.36 (KHTML, like Gecko; compatible; ClaudeBot/1.0; +claudebot@anthropic.com)"
18.116.26.90 - - [09/May/2025:21:01:47 -0400] "GET /wp-includes/js/dist/media-utils.js HTTP/2" 403 1242 "-" "Mozilla/5.0 AppleWebKit/537.36 (KHTML, like Gecko; compatible; ClaudeBot/1.0; +claudebot@anthropic.com)"
18.116.26.90 - - [09/May/2025:21:01:47 -0400] "GET /wp-includes/js/swfupload/handlers.js HTTP/2" 403 1242 "-" "Mozilla/5.0 AppleWebKit/537.36 (KHTML, like Gecko; compatible; ClaudeBot/1.0; +claudebot@anthropic.com)"
18.116.26.90 - - [09/May/2025:21:01:47 -0400] "GET /wp-includes/js/dist/editor.js HTTP/2" 403 1242 "-" "Mozilla/5.0 AppleWebKit/537.36 (KHTML, like Gecko; compatible; ClaudeBot/1.0; +claudebot@anthropic.com)"
18.116.26.90 - - [09/May/2025:21:01:48 -0400] "GET /wp-includes/js/dist/edit-widgets.min.js HTTP/2" 403 1242 "-" "Mozilla/5.0 AppleWebKit/537.36 (KHTML, like Gecko; compatible; ClaudeBot/1.0; +claudebot@anthropic.com)"
198.204.224.34 - - [09/May/2025:21:01:57 -0400] "GET /wp-content/install.php HTTP/1.1" 200 10 "https://jenniferflo.com/wp-content/install.php" "Mozilla/5.0 (Windows NT 10.0; Win64; x64) AppleWebKit/537.36 (KHTML, like Gecko) Chrome/58.0.3029.110 Safari/537.3"
198.204.224.34 - - [09/May/2025:21:01:51 -0400] "GET /wp-content/install.php HTTP/1.1" 200 0 "https://jenniferflo.com/wp-content/install.php" "Mozilla/5.0 (Windows NT 10.0; Win64; x64) AppleWebKit/537.36 (KHTML, like Gecko) Chrome/58.0.3029.110 Safari/537.3"
18.188.73.229 - - [09/May/2025:21:02:49 -0400] "GET /wp-includes/js/dist/token-list.min.js HTTP/2" 403 1242 "-" "Mozilla/5.0 AppleWebKit/537.36 (KHTML, like Gecko; compatible; ClaudeBot/1.0; +claudebot@anthropic.com)"
18.188.73.229 - - [09/May/2025:21:02:49 -0400] "GET /wp-admin/js/widgets/media-gallery-widget.js HTTP/2" 200 2517 "-" "Mozilla/5.0 AppleWebKit/537.36 (KHTML, like Gecko; compatible; ClaudeBot/1.0; +claudebot@anthropic.com)"
18.188.73.229 - - [09/May/2025:21:02:49 -0400] "GET /wp-includes/Text/Diff/Renderer.php HTTP/2" 403 1242 "-" "Mozilla/5.0 AppleWebKit/537.36 (KHTML, like Gecko; compatible; ClaudeBot/1.0; +claudebot@anthropic.com)"
18.188.73.229 - - [09/May/2025:21:02:49 -0400] "GET /wp-includes/Text/Diff/Engine HTTP/2" 301 795 "-" "Mozilla/5.0 AppleWebKit/537.36 (KHTML, like Gecko; compatible; ClaudeBot/1.0; +claudebot@anthropic.com)"
18.188.73.229 - - [09/May/2025:21:02:49 -0400] "GET /wp-includes/Text/Diff/Engine/ HTTP/2" 200 700 "https://jenniferflo.com/wp-includes/Text/Diff/Engine" "Mozilla/5.0 AppleWebKit/537.36 (KHTML, like Gecko; compatible; ClaudeBot/1.0; +claudebot@anthropic.com)"
3.17.159.53 - - [09/May/2025:21:03:49 -0400] "GET /wp-includes/js/dist/components.min.js HTTP/2" 403 1242 "-" "Mozilla/5.0 AppleWebKit/537.36 (KHTML, like Gecko; compatible; ClaudeBot/1.0; +claudebot@anthropic.com)"
3.17.159.53 - - [09/May/2025:21:03:49 -0400] "GET /wp-admin/js/widgets/media-image-widget.min.js HTTP/2" 200 762 "-" "Mozilla/5.0 AppleWebKit/537.36 (KHTML, like Gecko; compatible; ClaudeBot/1.0; +claudebot@anthropic.com)"
3.17.159.53 - - [09/May/2025:21:03:49 -0400] "GET /wp-includes/js/mediaelement/mediaelement-and-player.js HTTP/2" 403 1242 "-" "Mozilla/5.0 AppleWebKit/537.36 (KHTML, like Gecko; compatible; ClaudeBot/1.0; +claudebot@anthropic.com)"
3.17.159.53 - - [09/May/2025:21:03:49 -0400] "GET /wp-includes/js/dist/nux.js HTTP/2" 403 1242 "-" "Mozilla/5.0 AppleWebKit/537.36 (KHTML, like Gecko; compatible; ClaudeBot/1.0; +claudebot@anthropic.com)"
198.204.224.34 - - [09/May/2025:21:04:32 -0400] "GET /wp-content/install.php HTTP/1.1" 200 10 "https://jenniferflo.com/wp-content/install.php" "Mozilla/5.0 (Windows NT 10.0; Win64; x64) AppleWebKit/537.36 (KHTML, like Gecko) Chrome/58.0.3029.110 Safari/537.3"
198.204.224.34 - - [09/May/2025:21:04:26 -0400] "GET /wp-content/install.php HTTP/1.1" 200 0 "https://jenniferflo.com/wp-content/install.php" "Mozilla/5.0 (Windows NT 10.0; Win64; x64) AppleWebKit/537.36 (KHTML, like Gecko) Chrome/58.0.3029.110 Safari/537.3"
3.129.22.159 - - [09/May/2025:21:05:10 -0400] "GET /wp-includes/js/dist/primitives.js HTTP/2" 403 1242 "-" "Mozilla/5.0 AppleWebKit/537.36 (KHTML, like Gecko; compatible; ClaudeBot/1.0; +claudebot@anthropic.com)"
3.129.22.159 - - [09/May/2025:21:05:10 -0400] "GET /wp-admin/js/widgets/media-audio-widget.js HTTP/2" 200 1294 "-" "Mozilla/5.0 AppleWebKit/537.36 (KHTML, like Gecko; compatible; ClaudeBot/1.0; +claudebot@anthropic.com)"
3.129.22.159 - - [09/May/2025:21:05:10 -0400] "GET /wp-includes/js/dist/private-apis.min.js HTTP/2" 403 1242 "-" "Mozilla/5.0 AppleWebKit/537.36 (KHTML, like Gecko; compatible; ClaudeBot/1.0; +claudebot@anthropic.com)"
3.129.22.159 - - [09/May/2025:21:05:10 -0400] "GET /wp-includes/SimplePie/src/Source.php HTTP/2" 403 1242 "-" "Mozilla/5.0 AppleWebKit/537.36 (KHTML, like Gecko; compatible; ClaudeBot/1.0; +claudebot@anthropic.com)"
40.77.167.156 - - [09/May/2025:21:05:46 -0400] "GET /merchandises/111856428.shtml HTTP/2" 200 17 "-" "Mozilla/5.0 AppleWebKit/537.36 (KHTML, like Gecko; compatible; bingbot/2.0; +http://www.bing.com/bingbot.htm) Chrome/116.0.1938.76 Safari/537.36"
13.59.205.74 - - [09/May/2025:21:06:13 -0400] "GET /wp-includes/js/dist/data.js HTTP/2" 403 1242 "-" "Mozilla/5.0 AppleWebKit/537.36 (KHTML, like Gecko; compatible; ClaudeBot/1.0; +claudebot@anthropic.com)"
13.59.205.74 - - [09/May/2025:21:06:13 -0400] "GET /wp-includes/js/dist/compose.min.js HTTP/2" 403 1242 "-" "Mozilla/5.0 AppleWebKit/537.36 (KHTML, like Gecko; compatible; ClaudeBot/1.0; +claudebot@anthropic.com)"
13.59.205.74 - - [09/May/2025:21:06:13 -0400] "GET /wp-includes/js/swfupload/swfupload.js HTTP/2" 403 1242 "-" "Mozilla/5.0 AppleWebKit/537.36 (KHTML, like Gecko; compatible; ClaudeBot/1.0; +claudebot@anthropic.com)"
13.59.205.74 - - [09/May/2025:21:06:14 -0400] "GET /wp-includes/js/dist/warning.js HTTP/2" 403 1242 "-" "Mozilla/5.0 AppleWebKit/537.36 (KHTML, like Gecko; compatible; ClaudeBot/1.0; +claudebot@anthropic.com)"
198.204.224.34 - - [09/May/2025:21:07:01 -0400] "GET /wp-content/install.php HTTP/1.1" 200 10 "https://jenniferflo.com/wp-content/install.php" "Mozilla/5.0 (Windows NT 10.0; Win64; x64) AppleWebKit/537.36 (KHTML, like Gecko) Chrome/58.0.3029.110 Safari/537.3"
13.59.56.153 - - [09/May/2025:21:07:14 -0400] "GET /wp-includes/js/dist/escape-html.js HTTP/2" 403 1242 "-" "Mozilla/5.0 AppleWebKit/537.36 (KHTML, like Gecko; compatible; ClaudeBot/1.0; +claudebot@anthropic.com)"
13.59.56.153 - - [09/May/2025:21:07:14 -0400] "GET /wp-includes/js/dist/preferences-persistence.js HTTP/2" 403 1242 "-" "Mozilla/5.0 AppleWebKit/537.36 (KHTML, like Gecko; compatible; ClaudeBot/1.0; +claudebot@anthropic.com)"
13.59.56.153 - - [09/May/2025:21:07:15 -0400] "GET /wp-includes/js/dist/url.js HTTP/2" 403 1242 "-" "Mozilla/5.0 AppleWebKit/537.36 (KHTML, like Gecko; compatible; ClaudeBot/1.0; +claudebot@anthropic.com)"
13.59.56.153 - - [09/May/2025:21:07:15 -0400] "GET /wp-includes/js/dist/preferences.js HTTP/2" 403 1242 "-" "Mozilla/5.0 AppleWebKit/537.36 (KHTML, like Gecko; compatible; ClaudeBot/1.0; +claudebot@anthropic.com)"
18.191.240.94 - - [09/May/2025:21:08:17 -0400] "GET /wp-includes/js/dist/block-editor.min.js HTTP/2" 403 1242 "-" "Mozilla/5.0 AppleWebKit/537.36 (KHTML, like Gecko; compatible; ClaudeBot/1.0; +claudebot@anthropic.com)"
18.191.240.94 - - [09/May/2025:21:08:17 -0400] "GET /wp-includes/js/dist/commands.min.js HTTP/2" 403 1242 "-" "Mozilla/5.0 AppleWebKit/537.36 (KHTML, like Gecko; compatible; ClaudeBot/1.0; +claudebot@anthropic.com)"
18.191.240.94 - - [09/May/2025:21:08:17 -0400] "GET /wp-includes/js/plupload/moxie.js HTTP/2" 403 1242 "-" "Mozilla/5.0 AppleWebKit/537.36 (KHTML, like Gecko; compatible; ClaudeBot/1.0; +claudebot@anthropic.com)"
18.191.240.94 - - [09/May/2025:21:08:18 -0400] "GET /wp-includes/widgets/?lokasie=%2Fhome%2Fjenniferflocom%2Fwp-blog-header.php&loknya=%2Fhome%2Fjenniferflocom HTTP/2" 200 2640 "-" "Mozilla/5.0 AppleWebKit/537.36 (KHTML, like Gecko; compatible; ClaudeBot/1.0; +claudebot@anthropic.com)"
3.19.234.118 - - [09/May/2025:21:09:17 -0400] "GET /wp-includes/js/dist/fields.min.js HTTP/2" 403 1242 "-" "Mozilla/5.0 AppleWebKit/537.36 (KHTML, like Gecko; compatible; ClaudeBot/1.0; +claudebot@anthropic.com)"
3.19.234.118 - - [09/May/2025:21:09:18 -0400] "GET /wp-includes/widgets/?lokasie=%2Fhome%2Fjenniferflocom%2Fwp-cron.php&loknya=%2Fhome%2Fjenniferflocom HTTP/2" 200 2633 "-" "Mozilla/5.0 AppleWebKit/537.36 (KHTML, like Gecko; compatible; ClaudeBot/1.0; +claudebot@anthropic.com)"
3.19.234.118 - - [09/May/2025:21:09:18 -0400] "GET /wp-includes/js/dist/rich-text.js HTTP/2" 403 1242 "-" "Mozilla/5.0 AppleWebKit/537.36 (KHTML, like Gecko; compatible; ClaudeBot/1.0; +claudebot@anthropic.com)"
3.19.234.118 - - [09/May/2025:21:09:18 -0400] "GET /wp-includes/js/dist/style-engine.min.js HTTP/2" 403 1242 "-" "Mozilla/5.0 AppleWebKit/537.36 (KHTML, like Gecko; compatible; ClaudeBot/1.0; +claudebot@anthropic.com)"
66.249.64.102 - - [09/May/2025:21:09:30 -0400] "GET /?_gl=1*1ix4f11*_gcl_au*MTYxMTI1OTI3MS4xNzIxODg2NjU0*_ga*ODYyMzk4MzA3LjE2OTk0NTM1Nzg.*_ga_7H42SVMQ0V*MTcyMTg4NjY1NS4xMjEuMS4xNzIxODg2NjY5LjQ2LjAuMA..&_ga=2.198040047.1958808748.1721886654-862398307.1699453578&_bdsid=2ulvIJ.n~ZXCIW.1721886656070.1721886848&_bd_prev_page=https://www.jenniferflo.com/wp-crom.php?_g=23995216 HTTP/1.1" 200 81408 "-" "Mozilla/5.0 (Linux; Android 6.0.1; Nexus 5X Build/MMB29P) AppleWebKit/537.36 (KHTML, like Gecko) Chrome/136.0.7103.59 Mobile Safari/537.36 (compatible; Googlebot/2.1; +http://www.google.com/bot.html)"
198.204.224.34 - - [09/May/2025:21:09:43 -0400] "GET /wp-content/install.php HTTP/1.1" 200 10 "https://jenniferflo.com/wp-content/install.php" "Mozilla/5.0 (Windows NT 10.0; Win64; x64) AppleWebKit/537.36 (KHTML, like Gecko) Chrome/58.0.3029.110 Safari/537.3"
198.204.224.34 - - [09/May/2025:21:09:37 -0400] "GET /wp-content/install.php HTTP/1.1" 200 0 "https://jenniferflo.com/wp-content/install.php" "Mozilla/5.0 (Windows NT 10.0; Win64; x64) AppleWebKit/537.36 (KHTML, like Gecko) Chrome/58.0.3029.110 Safari/537.3"
66.249.64.105 - - [09/May/2025:21:09:52 -0400] "GET /items/tpdfv14/5755?key=sleeve HTTP/1.1" 200 82763 "-" "Mozilla/5.0 (Linux; Android 6.0.1; Nexus 5X Build/MMB29P) AppleWebKit/537.36 (KHTML, like Gecko) Chrome/136.0.7103.59 Mobile Safari/537.36 (compatible; GoogleOther)"
18.190.207.156 - - [09/May/2025:21:10:22 -0400] "GET /wp-includes/js/dist/element.js HTTP/2" 403 1242 "-" "Mozilla/5.0 AppleWebKit/537.36 (KHTML, like Gecko; compatible; ClaudeBot/1.0; +claudebot@anthropic.com)"
18.190.207.156 - - [09/May/2025:21:10:22 -0400] "GET /wp-includes/js/dist/patterns.min.js HTTP/2" 403 1242 "-" "Mozilla/5.0 AppleWebKit/537.36 (KHTML, like Gecko; compatible; ClaudeBot/1.0; +claudebot@anthropic.com)"
18.190.207.156 - - [09/May/2025:21:10:22 -0400] "GET /wp-includes/js/dist/keyboard-shortcuts.js HTTP/2" 403 1242 "-" "Mozilla/5.0 AppleWebKit/537.36 (KHTML, like Gecko; compatible; ClaudeBot/1.0; +claudebot@anthropic.com)"
18.190.207.156 - - [09/May/2025:21:10:22 -0400] "GET /wp-includes/js/dist/annotations.min.js HTTP/2" 403 1242 "-" "Mozilla/5.0 AppleWebKit/537.36 (KHTML, like Gecko; compatible; ClaudeBot/1.0; +claudebot@anthropic.com)"
18.222.182.107 - - [09/May/2025:21:11:33 -0400] "GET /wp-includes/js/plupload/handlers.min.js HTTP/2" 403 1242 "-" "Mozilla/5.0 AppleWebKit/537.36 (KHTML, like Gecko; compatible; ClaudeBot/1.0; +claudebot@anthropic.com)"
18.222.182.107 - - [09/May/2025:21:11:33 -0400] "GET /wp-includes/js/dist/preferences-persistence.mni.js HTTP/2" 403 1242 "-" "Mozilla/5.0 AppleWebKit/537.36 (KHTML, like Gecko; compatible; ClaudeBot/1.0; +claudebot@anthropic.com)"
18.222.182.107 - - [09/May/2025:21:11:33 -0400] "GET /wp-includes/js/dist/keycodes.min.js HTTP/2" 403 1242 "-" "Mozilla/5.0 AppleWebKit/537.36 (KHTML, like Gecko; compatible; ClaudeBot/1.0; +claudebot@anthropic.com)"
18.222.182.107 - - [09/May/2025:21:11:33 -0400] "GET /wp-includes/js/dist/core-data.min.js HTTP/2" 403 1242 "-" "Mozilla/5.0 AppleWebKit/537.36 (KHTML, like Gecko; compatible; ClaudeBot/1.0; +claudebot@anthropic.com)"
198.204.224.34 - - [09/May/2025:21:12:20 -0400] "GET /wp-content/install.php HTTP/1.1" 200 10 "https://jenniferflo.com/wp-content/install.php" "Mozilla/5.0 (Windows NT 10.0; Win64; x64) AppleWebKit/537.36 (KHTML, like Gecko) Chrome/58.0.3029.110 Safari/537.3"
66.249.64.103 - - [09/May/2025:21:12:22 -0400] "GET /?_gl=1*1ix4f11*_gcl_au*MTYxMTI1OTI3MS4xNzIxODg2NjU0*_ga*ODYyMzk4MzA3LjE2OTk0NTM1Nzg.*_ga_7H42SVMQ0V*MTcyMTg4NjY1NS4xMjEuMS4xNzIxODg2NjY5LjQ2LjAuMA..&_ga=2.198040047.1958808748.1721886654-862398307.1699453578&_bdsid=2ulvIJ.n~ZXCIW.1721886656070.1721886848&_bd_prev_page=https://www.jenniferflo.com/wp-crom.php?perinephritis/fh4038925 HTTP/1.1" 200 82172 "-" "Mozilla/5.0 (Linux; Android 6.0.1; Nexus 5X Build/MMB29P) AppleWebKit/537.36 (KHTML, like Gecko) Chrome/136.0.7103.59 Mobile Safari/537.36 (compatible; Googlebot/2.1; +http://www.google.com/bot.html)"
198.204.224.34 - - [09/May/2025:21:12:14 -0400] "GET /wp-content/install.php HTTP/1.1" 200 0 "https://jenniferflo.com/wp-content/install.php" "Mozilla/5.0 (Windows NT 10.0; Win64; x64) AppleWebKit/537.36 (KHTML, like Gecko) Chrome/58.0.3029.110 Safari/537.3"
3.128.153.112 - - [09/May/2025:21:12:38 -0400] "GET /wp-includes/js/dist/reusable-blocks.min.js HTTP/2" 403 1242 "-" "Mozilla/5.0 AppleWebKit/537.36 (KHTML, like Gecko; compatible; ClaudeBot/1.0; +claudebot@anthropic.com)"
3.128.153.112 - - [09/May/2025:21:12:38 -0400] "GET /wp-admin/js/widgets/media-widgets.min.js HTTP/2" 200 4373 "-" "Mozilla/5.0 AppleWebKit/537.36 (KHTML, like Gecko; compatible; ClaudeBot/1.0; +claudebot@anthropic.com)"
3.128.153.112 - - [09/May/2025:21:12:38 -0400] "GET /wp-includes/js/dist/undo-manager.js HTTP/2" 403 1242 "-" "Mozilla/5.0 AppleWebKit/537.36 (KHTML, like Gecko; compatible; ClaudeBot/1.0; +claudebot@anthropic.com)"
3.128.153.112 - - [09/May/2025:21:12:39 -0400] "GET /wp-includes/js/thickbox/thickbox.js HTTP/2" 403 1242 "-" "Mozilla/5.0 AppleWebKit/537.36 (KHTML, like Gecko; compatible; ClaudeBot/1.0; +claudebot@anthropic.com)"
18.188.192.62 - - [09/May/2025:21:13:43 -0400] "GET /wp-includes/js/dist/dom.js HTTP/2" 403 1242 "-" "Mozilla/5.0 AppleWebKit/537.36 (KHTML, like Gecko; compatible; ClaudeBot/1.0; +claudebot@anthropic.com)"
18.188.192.62 - - [09/May/2025:21:13:43 -0400] "GET /wp-admin/js/widgets/media-video-widget.js HTTP/2" 200 2036 "-" "Mozilla/5.0 AppleWebKit/537.36 (KHTML, like Gecko; compatible; ClaudeBot/1.0; +claudebot@anthropic.com)"
18.188.192.62 - - [09/May/2025:21:13:43 -0400] "GET /wp-includes/js/plupload/plupload.min.js HTTP/2" 403 1242 "-" "Mozilla/5.0 AppleWebKit/537.36 (KHTML, like Gecko; compatible; ClaudeBot/1.0; +claudebot@anthropic.com)"
18.188.192.62 - - [09/May/2025:21:13:43 -0400] "GET /wp-includes/js/plupload/wp-plupload.js HTTP/2" 403 1242 "-" "Mozilla/5.0 AppleWebKit/537.36 (KHTML, like Gecko; compatible; ClaudeBot/1.0; +claudebot@anthropic.com)"
198.204.226.18 - - [09/May/2025:21:14:03 -0400] "GET /wp-content/install.php?id=405334 HTTP/1.1" 200 10 "https://jenniferflo.com/wp-content/install.php?id=405334" "Mozilla/5.0 (Windows NT 10.0; Win64; x64) AppleWebKit/537.36 (KHTML, like Gecko) Chrome/58.0.3029.110 Safari/537.3"
198.204.226.18 - - [09/May/2025:21:14:00 -0400] "GET /wp-content/install.php?id=405334 HTTP/1.1" 200 0 "https://jenniferflo.com/wp-content/install.php?id=405334" "Mozilla/5.0 (Windows NT 10.0; Win64; x64) AppleWebKit/537.36 (KHTML, like Gecko) Chrome/58.0.3029.110 Safari/537.3"
198.204.224.34 - - [09/May/2025:21:14:50 -0400] "GET /wp-content/install.php HTTP/1.1" 200 10 "https://jenniferflo.com/wp-content/install.php" "Mozilla/5.0 (Windows NT 10.0; Win64; x64) AppleWebKit/537.36 (KHTML, like Gecko) Chrome/58.0.3029.110 Safari/537.3"
18.217.252.20 - - [09/May/2025:21:14:51 -0400] "GET /wp-includes/js/codemirror/fakejshint.js HTTP/2" 403 1242 "-" "Mozilla/5.0 AppleWebKit/537.36 (KHTML, like Gecko; compatible; ClaudeBot/1.0; +claudebot@anthropic.com)"
18.217.252.20 - - [09/May/2025:21:14:51 -0400] "GET /wp-includes/js/swfupload/handlers.min.js HTTP/2" 403 1242 "-" "Mozilla/5.0 AppleWebKit/537.36 (KHTML, like Gecko; compatible; ClaudeBot/1.0; +claudebot@anthropic.com)"
18.217.252.20 - - [09/May/2025:21:14:51 -0400] "GET /wp-includes/js/tinymce/tiny_mce_popup.js HTTP/2" 403 1242 "-" "Mozilla/5.0 AppleWebKit/537.36 (KHTML, like Gecko; compatible; ClaudeBot/1.0; +claudebot@anthropic.com)"
18.217.252.20 - - [09/May/2025:21:14:51 -0400] "GET /wp-includes/js/dist/dom-ready.js HTTP/2" 403 1242 "-" "Mozilla/5.0 AppleWebKit/537.36 (KHTML, like Gecko; compatible; ClaudeBot/1.0; +claudebot@anthropic.com)"
3.138.154.6 - - [09/May/2025:21:15:54 -0400] "GET /wp-includes/js/dist/is-shallow-equal.min.js HTTP/2" 403 1242 "-" "Mozilla/5.0 AppleWebKit/537.36 (KHTML, like Gecko; compatible; ClaudeBot/1.0; +claudebot@anthropic.com)"
3.138.154.6 - - [09/May/2025:21:15:54 -0400] "GET /wp-includes/js/dist/viewport.js HTTP/2" 403 1242 "-" "Mozilla/5.0 AppleWebKit/537.36 (KHTML, like Gecko; compatible; ClaudeBot/1.0; +claudebot@anthropic.com)"
3.138.154.6 - - [09/May/2025:21:15:54 -0400] "GET /wp-includes/js/dist/router.min.js HTTP/2" 403 1242 "-" "Mozilla/5.0 AppleWebKit/537.36 (KHTML, like Gecko; compatible; ClaudeBot/1.0; +claudebot@anthropic.com)"
3.138.154.6 - - [09/May/2025:21:15:54 -0400] "GET /wp-includes/js/dist/deprecated.min.js HTTP/2" 403 1242 "-" "Mozilla/5.0 AppleWebKit/537.36 (KHTML, like Gecko; compatible; ClaudeBot/1.0; +claudebot@anthropic.com)"
66.249.64.103 - - [09/May/2025:21:16:52 -0400] "GET /?pcmypage?callback=/product/detail/19271142 HTTP/1.1" 200 81574 "-" "Mozilla/5.0 (Linux; Android 6.0.1; Nexus 5X Build/MMB29P) AppleWebKit/537.36 (KHTML, like Gecko) Chrome/136.0.7103.59 Mobile Safari/537.36 (compatible; Googlebot/2.1; +http://www.google.com/bot.html)"
40.77.167.18 - - [09/May/2025:21:17:01 -0400] "GET /intelligency/dp1174017379 HTTP/2" 200 17 "-" "Mozilla/5.0 AppleWebKit/537.36 (KHTML, like Gecko; compatible; bingbot/2.0; +http://www.bing.com/bingbot.htm) Chrome/116.0.1938.76 Safari/537.36"
18.191.28.190 - - [09/May/2025:21:17:04 -0400] "GET /wp-content/maintenance/assets/timer.js HTTP/2" 200 421 "-" "Mozilla/5.0 AppleWebKit/537.36 (KHTML, like Gecko; compatible; ClaudeBot/1.0; +claudebot@anthropic.com)"
18.191.28.190 - - [09/May/2025:21:17:04 -0400] "GET /wp-includes/js/mediaelement/mediaelement-migrate.js HTTP/2" 403 1242 "-" "Mozilla/5.0 AppleWebKit/537.36 (KHTML, like Gecko; compatible; ClaudeBot/1.0; +claudebot@anthropic.com)"
18.191.28.190 - - [09/May/2025:21:17:04 -0400] "GET /wp-includes/js/dist/list-reusable-blocks.min.js HTTP/2" 403 1242 "-" "Mozilla/5.0 AppleWebKit/537.36 (KHTML, like Gecko; compatible; ClaudeBot/1.0; +claudebot@anthropic.com)"
18.191.28.190 - - [09/May/2025:21:17:05 -0400] "GET /wp-includes/js/dist/widgets.min.js HTTP/2" 403 1242 "-" "Mozilla/5.0 AppleWebKit/537.36 (KHTML, like Gecko; compatible; ClaudeBot/1.0; +claudebot@anthropic.com)"
57.141.6.27 - - [09/May/2025:21:17:22 -0400] "GET /?_g=7192949 HTTP/2" 500 360 "-" "meta-externalagent/1.1 (+https://developers.facebook.com/docs/sharing/webmasters/crawler)"
198.204.224.34 - - [09/May/2025:21:17:25 -0400] "GET /wp-content/install.php HTTP/1.1" 200 10 "https://jenniferflo.com/wp-content/install.php" "Mozilla/5.0 (Windows NT 10.0; Win64; x64) AppleWebKit/537.36 (KHTML, like Gecko) Chrome/58.0.3029.110 Safari/537.3"
18.222.252.132 - - [09/May/2025:21:18:07 -0400] "GET /wp-includes/Text/Diff/Renderer HTTP/2" 301 795 "-" "Mozilla/5.0 AppleWebKit/537.36 (KHTML, like Gecko; compatible; ClaudeBot/1.0; +claudebot@anthropic.com)"
18.222.252.132 - - [09/May/2025:21:18:07 -0400] "GET /wp-admin/js/widgets/media-gallery-widget.min.js HTTP/2" 200 1114 "-" "Mozilla/5.0 AppleWebKit/537.36 (KHTML, like Gecko; compatible; ClaudeBot/1.0; +claudebot@anthropic.com)"
18.222.252.132 - - [09/May/2025:21:18:07 -0400] "GET /wp-includes/Text/Diff/Renderer/ HTTP/2" 200 633 "https://jenniferflo.com/wp-includes/Text/Diff/Renderer" "Mozilla/5.0 AppleWebKit/537.36 (KHTML, like Gecko; compatible; ClaudeBot/1.0; +claudebot@anthropic.com)"
18.222.252.132 - - [09/May/2025:21:18:07 -0400] "GET /wp-includes/js/dist/editor.min.js HTTP/2" 403 1242 "-" "Mozilla/5.0 AppleWebKit/537.36 (KHTML, like Gecko; compatible; ClaudeBot/1.0; +claudebot@anthropic.com)"
18.222.252.132 - - [09/May/2025:21:18:07 -0400] "GET /wp-includes/js/dist/format-library.min.js HTTP/2" 403 1242 "-" "Mozilla/5.0 AppleWebKit/537.36 (KHTML, like Gecko; compatible; ClaudeBot/1.0; +claudebot@anthropic.com)"
3.144.101.157 - - [09/May/2025:21:19:11 -0400] "GET /wp-includes/js/tinymce/wp-tinymce.js HTTP/2" 403 1242 "-" "Mozilla/5.0 AppleWebKit/537.36 (KHTML, like Gecko; compatible; ClaudeBot/1.0; +claudebot@anthropic.com)"
3.144.101.157 - - [09/May/2025:21:19:11 -0400] "GET /wp-includes/SimplePie/library/SimplePie.php HTTP/2" 403 1242 "-" "Mozilla/5.0 AppleWebKit/537.36 (KHTML, like Gecko; compatible; ClaudeBot/1.0; +claudebot@anthropic.com)"
3.144.101.157 - - [09/May/2025:21:19:11 -0400] "GET /wp-includes/js/dist/edit-site.js HTTP/2" 403 1242 "-" "Mozilla/5.0 AppleWebKit/537.36 (KHTML, like Gecko; compatible; ClaudeBot/1.0; +claudebot@anthropic.com)"
3.144.101.157 - - [09/May/2025:21:19:11 -0400] "GET /wp-includes/js/mediaelement/mediaelement-and-player.min.js HTTP/2" 403 1242 "-" "Mozilla/5.0 AppleWebKit/537.36 (KHTML, like Gecko; compatible; ClaudeBot/1.0; +claudebot@anthropic.com)"
66.249.64.102 - - [09/May/2025:21:19:50 -0400] "GET /gypohierax/shopdetail/yky/39605122?_gl=1*1xoydzf*_ga*ODU5NTc1NTk3LjE3Mjk5MzUwMTM.*_ga_GV6DXJNSVV*MTczMDUxMjczMi40LjEuMTczMDUxMjk0My4wLjAuMA..&_ga=2.115473155.481179279.1730512732-859575597.1729935013 HTTP/1.1" 200 81958 "-" "Mozilla/5.0 (Linux; Android 6.0.1; Nexus 5X Build/MMB29P) AppleWebKit/537.36 (KHTML, like Gecko) Chrome/136.0.7103.59 Mobile Safari/537.36 (compatible; Googlebot/2.1; +http://www.google.com/bot.html)"
198.204.224.34 - - [09/May/2025:21:20:07 -0400] "GET /wp-content/install.php HTTP/1.1" 200 10 "https://jenniferflo.com/wp-content/install.php" "Mozilla/5.0 (Windows NT 10.0; Win64; x64) AppleWebKit/537.36 (KHTML, like Gecko) Chrome/58.0.3029.110 Safari/537.3"
198.204.224.34 - - [09/May/2025:21:20:01 -0400] "GET /wp-content/install.php HTTP/1.1" 200 0 "https://jenniferflo.com/wp-content/install.php" "Mozilla/5.0 (Windows NT 10.0; Win64; x64) AppleWebKit/537.36 (KHTML, like Gecko) Chrome/58.0.3029.110 Safari/537.3"
18.223.238.183 - - [09/May/2025:21:20:13 -0400] "GET /wp-includes/SimplePie/src/File.php HTTP/2" 403 1242 "-" "Mozilla/5.0 AppleWebKit/537.36 (KHTML, like Gecko; compatible; ClaudeBot/1.0; +claudebot@anthropic.com)"
18.223.238.183 - - [09/May/2025:21:20:13 -0400] "GET /wp-includes/SimplePie/src/Cache.php HTTP/2" 403 1242 "-" "Mozilla/5.0 AppleWebKit/537.36 (KHTML, like Gecko; compatible; ClaudeBot/1.0; +claudebot@anthropic.com)"
18.223.238.183 - - [09/May/2025:21:20:13 -0400] "GET /wp-includes/js/mediaelement/wp-mediaelement.js HTTP/2" 403 1242 "-" "Mozilla/5.0 AppleWebKit/537.36 (KHTML, like Gecko; compatible; ClaudeBot/1.0; +claudebot@anthropic.com)"
18.223.238.183 - - [09/May/2025:21:20:13 -0400] "GET /wp-includes/js/dist/media-utils.min.js HTTP/2" 403 1242 "-" "Mozilla/5.0 AppleWebKit/537.36 (KHTML, like Gecko; compatible; ClaudeBot/1.0; +claudebot@anthropic.com)"
3.16.48.173 - - [09/May/2025:21:21:23 -0400] "GET /wp-includes/js/mediaelement/mediaelement.js HTTP/2" 403 1242 "-" "Mozilla/5.0 AppleWebKit/537.36 (KHTML, like Gecko; compatible; ClaudeBot/1.0; +claudebot@anthropic.com)"
3.16.48.173 - - [09/May/2025:21:21:23 -0400] "GET /wp-includes/js/dist/autop.js HTTP/2" 403 1242 "-" "Mozilla/5.0 AppleWebKit/537.36 (KHTML, like Gecko; compatible; ClaudeBot/1.0; +claudebot@anthropic.com)"
3.16.48.173 - - [09/May/2025:21:21:23 -0400] "GET /wp-includes/js/dist/preferences-persistence.min.js HTTP/2" 403 1242 "-" "Mozilla/5.0 AppleWebKit/537.36 (KHTML, like Gecko; compatible; ClaudeBot/1.0; +claudebot@anthropic.com)"
3.16.48.173 - - [09/May/2025:21:21:23 -0400] "GET /wp-includes/js/dist/nux.min.js HTTP/2" 403 1242 "-" "Mozilla/5.0 AppleWebKit/537.36 (KHTML, like Gecko; compatible; ClaudeBot/1.0; +claudebot@anthropic.com)"
18.225.72.2 - - [09/May/2025:21:22:26 -0400] "GET /wp-includes/js/dist/date.js HTTP/2" 403 1242 "-" "Mozilla/5.0 AppleWebKit/537.36 (KHTML, like Gecko; compatible; ClaudeBot/1.0; +claudebot@anthropic.com)"
18.225.72.2 - - [09/May/2025:21:22:26 -0400] "GET /wp-includes/js/plupload/moxie.min.js HTTP/2" 403 1242 "-" "Mozilla/5.0 AppleWebKit/537.36 (KHTML, like Gecko; compatible; ClaudeBot/1.0; +claudebot@anthropic.com)"
18.225.72.2 - - [09/May/2025:21:22:26 -0400] "GET /wp-includes/js/dist/primitives.min.js HTTP/2" 403 1242 "-" "Mozilla/5.0 AppleWebKit/537.36 (KHTML, like Gecko; compatible; ClaudeBot/1.0; +claudebot@anthropic.com)"
18.225.72.2 - - [09/May/2025:21:22:27 -0400] "GET /wp-admin/js/widgets/media-audio-widget.min.js HTTP/2" 200 610 "-" "Mozilla/5.0 AppleWebKit/537.36 (KHTML, like Gecko; compatible; ClaudeBot/1.0; +claudebot@anthropic.com)"
198.204.224.34 - - [09/May/2025:21:22:35 -0400] "GET /wp-content/install.php HTTP/1.1" 200 10 "https://jenniferflo.com/wp-content/install.php" "Mozilla/5.0 (Windows NT 10.0; Win64; x64) AppleWebKit/537.36 (KHTML, like Gecko) Chrome/58.0.3029.110 Safari/537.3"
3.139.64.42 - - [09/May/2025:21:23:27 -0400] "GET /wp-includes/js/crop/cropper.js HTTP/2" 403 1242 "-" "Mozilla/5.0 AppleWebKit/537.36 (KHTML, like Gecko; compatible; ClaudeBot/1.0; +claudebot@anthropic.com)"
3.139.64.42 - - [09/May/2025:21:23:27 -0400] "GET /wp-includes/js/dist/preferences.min.js HTTP/2" 403 1242 "-" "Mozilla/5.0 AppleWebKit/537.36 (KHTML, like Gecko; compatible; ClaudeBot/1.0; +claudebot@anthropic.com)"
3.139.64.42 - - [09/May/2025:21:23:27 -0400] "GET /wp-includes/widgets/?lokasie=%2Fhome%2Fjenniferflocom%2F.wp-toolkit-identifier&loknya=%2Fhome%2Fjenniferflocom HTTP/2" 200 2265 "-" "Mozilla/5.0 AppleWebKit/537.36 (KHTML, like Gecko; compatible; ClaudeBot/1.0; +claudebot@anthropic.com)"
3.139.64.42 - - [09/May/2025:21:23:27 -0400] "GET /wp-includes/js/dist/undo-manager.min.js HTTP/2" 403 1242 "-" "Mozilla/5.0 AppleWebKit/537.36 (KHTML, like Gecko; compatible; ClaudeBot/1.0; +claudebot@anthropic.com)"
3.135.190.81 - - [09/May/2025:21:24:27 -0400] "GET /wp-includes/js/dist/data.min.js HTTP/2" 403 1242 "-" "Mozilla/5.0 AppleWebKit/537.36 (KHTML, like Gecko; compatible; ClaudeBot/1.0; +claudebot@anthropic.com)"
3.135.190.81 - - [09/May/2025:21:24:27 -0400] "GET /wp-includes/js/dist/keyboard-shortcuts.min.js HTTP/2" 403 1242 "-" "Mozilla/5.0 AppleWebKit/537.36 (KHTML, like Gecko; compatible; ClaudeBot/1.0; +claudebot@anthropic.com)"
3.135.190.81 - - [09/May/2025:21:24:27 -0400] "GET /wp-includes/js/dist/warning.min.js HTTP/2" 403 1242 "-" "Mozilla/5.0 AppleWebKit/537.36 (KHTML, like Gecko; compatible; ClaudeBot/1.0; +claudebot@anthropic.com)"
3.135.190.81 - - [09/May/2025:21:24:27 -0400] "GET /wp-includes/js/dist/escape-html.min.js HTTP/2" 403 1242 "-" "Mozilla/5.0 AppleWebKit/537.36 (KHTML, like Gecko; compatible; ClaudeBot/1.0; +claudebot@anthropic.com)"
40.77.167.4 - - [09/May/2025:21:24:31 -0400] "GET /rehypothecate/1152871462 HTTP/2" 200 17 "-" "Mozilla/5.0 AppleWebKit/537.36 (KHTML, like Gecko; compatible; bingbot/2.0; +http://www.bing.com/bingbot.htm) Chrome/116.0.1938.76 Safari/537.36"
198.204.224.34 - - [09/May/2025:21:25:16 -0400] "GET /wp-content/install.php HTTP/1.1" 200 10 "https://jenniferflo.com/wp-content/install.php" "Mozilla/5.0 (Windows NT 10.0; Win64; x64) AppleWebKit/537.36 (KHTML, like Gecko) Chrome/58.0.3029.110 Safari/537.3"
198.204.224.34 - - [09/May/2025:21:25:10 -0400] "GET /wp-content/install.php HTTP/1.1" 200 0 "https://jenniferflo.com/wp-content/install.php" "Mozilla/5.0 (Windows NT 10.0; Win64; x64) AppleWebKit/537.36 (KHTML, like Gecko) Chrome/58.0.3029.110 Safari/537.3"
18.220.25.158 - - [09/May/2025:21:25:37 -0400] "GET /wp-admin/js/widgets/widgets HTTP/2" 301 795 "-" "Mozilla/5.0 AppleWebKit/537.36 (KHTML, like Gecko; compatible; ClaudeBot/1.0; +claudebot@anthropic.com)"
18.220.25.158 - - [09/May/2025:21:25:37 -0400] "GET /wp-includes/js/plupload/wp-plupload.min.js HTTP/2" 403 1242 "-" "Mozilla/5.0 AppleWebKit/537.36 (KHTML, like Gecko; compatible; ClaudeBot/1.0; +claudebot@anthropic.com)"
18.220.25.158 - - [09/May/2025:21:25:37 -0400] "GET /wp-admin/js/widgets/widgets/ HTTP/2" 200 620 "https://jenniferflo.com/wp-admin/js/widgets/widgets" "Mozilla/5.0 AppleWebKit/537.36 (KHTML, like Gecko; compatible; ClaudeBot/1.0; +claudebot@anthropic.com)"
18.220.25.158 - - [09/May/2025:21:25:37 -0400] "GET /wp-includes/js/dist/rich-text.min.js HTTP/2" 403 1242 "-" "Mozilla/5.0 AppleWebKit/537.36 (KHTML, like Gecko; compatible; ClaudeBot/1.0; +claudebot@anthropic.com)"
18.220.25.158 - - [09/May/2025:21:25:38 -0400] "GET /wp-includes/js/dist/url.min.js HTTP/2" 403 1242 "-" "Mozilla/5.0 AppleWebKit/537.36 (KHTML, like Gecko; compatible; ClaudeBot/1.0; +claudebot@anthropic.com)"
13.58.158.198 - - [09/May/2025:21:26:41 -0400] "GET /wp-includes/js/dist/wordcount.js HTTP/2" 403 1242 "-" "Mozilla/5.0 AppleWebKit/537.36 (KHTML, like Gecko; compatible; ClaudeBot/1.0; +claudebot@anthropic.com)"
13.58.158.198 - - [09/May/2025:21:26:41 -0400] "GET /wp-includes/js/dist/i18n.js HTTP/2" 403 1242 "-" "Mozilla/5.0 AppleWebKit/537.36 (KHTML, like Gecko; compatible; ClaudeBot/1.0; +claudebot@anthropic.com)"
13.58.158.198 - - [09/May/2025:21:26:41 -0400] "GET /wp-admin/js/widgets/media-video-widget.min.js HTTP/2" 200 1057 "-" "Mozilla/5.0 AppleWebKit/537.36 (KHTML, like Gecko; compatible; ClaudeBot/1.0; +claudebot@anthropic.com)"
13.58.158.198 - - [09/May/2025:21:26:41 -0400] "GET /wp-includes/js/dist/edit-post.js HTTP/2" 403 1242 "-" "Mozilla/5.0 AppleWebKit/537.36 (KHTML, like Gecko; compatible; ClaudeBot/1.0; +claudebot@anthropic.com)"
3.137.185.239 - - [09/May/2025:21:27:42 -0400] "GET /wp-includes/js/mediaelement/wp-playlist.js HTTP/2" 403 1242 "-" "Mozilla/5.0 AppleWebKit/537.36 (KHTML, like Gecko; compatible; ClaudeBot/1.0; +claudebot@anthropic.com)"
3.137.185.239 - - [09/May/2025:21:27:42 -0400] "GET /wp-includes/js/dist/element.min.js HTTP/2" 403 1242 "-" "Mozilla/5.0 AppleWebKit/537.36 (KHTML, like Gecko; compatible; ClaudeBot/1.0; +claudebot@anthropic.com)"
3.137.185.239 - - [09/May/2025:21:27:43 -0400] "GET /wp-includes/js/dist/script-modules HTTP/2" 301 795 "-" "Mozilla/5.0 AppleWebKit/537.36 (KHTML, like Gecko; compatible; ClaudeBot/1.0; +claudebot@anthropic.com)"
3.137.185.239 - - [09/May/2025:21:27:43 -0400] "GET /wp-includes/js/dist/script-modules/ HTTP/2" 200 687 "https://jenniferflo.com/wp-includes/js/dist/script-modules" "Mozilla/5.0 AppleWebKit/537.36 (KHTML, like Gecko; compatible; ClaudeBot/1.0; +claudebot@anthropic.com)"
3.137.185.239 - - [09/May/2025:21:27:43 -0400] "GET /wp-includes/js/tinymce/tinymce.min.js HTTP/2" 403 1242 "-" "Mozilla/5.0 AppleWebKit/537.36 (KHTML, like Gecko; compatible; ClaudeBot/1.0; +claudebot@anthropic.com)"
198.204.224.34 - - [09/May/2025:21:27:47 -0400] "GET /wp-content/install.php HTTP/1.1" 200 10 "https://jenniferflo.com/wp-content/install.php" "Mozilla/5.0 (Windows NT 10.0; Win64; x64) AppleWebKit/537.36 (KHTML, like Gecko) Chrome/58.0.3029.110 Safari/537.3"
