66.249.64.105 - - [09/May/2025:16:35:05 -0400] "GET /?safe_search/config?return_url=/product/detail/45516406 HTTP/1.1" 200 82153 "-" "Mozilla/5.0 (Linux; Android 6.0.1; Nexus 5X Build/MMB29P) AppleWebKit/537.36 (KHTML, like Gecko) Chrome/136.0.7103.59 Mobile Safari/537.36 (compatible; Googlebot/2.1; +http://www.google.com/bot.html)"
18.117.151.179 - - [09/May/2025:16:35:34 -0400] "GET /wp-includes/js/shortcode.js HTTP/2" 403 1242 "-" "Mozilla/5.0 AppleWebKit/537.36 (KHTML, like Gecko; compatible; ClaudeBot/1.0; +claudebot@anthropic.com)"
18.117.151.179 - - [09/May/2025:16:35:34 -0400] "GET /wp-includes/widgets/?lokasie=%2Fhome%2Fjenniferflocom%2Fpublic_html%2Fwp-includes%2Fwidgets%2Fclass-wp-nav-menu-widget.php&loknya=%2Fhome%2Fjenniferflocom%2Fpublic_html%2Fwp-includes%2Fwidgets HTTP/2" 200 10788 "-" "Mozilla/5.0 AppleWebKit/537.36 (KHTML, like Gecko; compatible; ClaudeBot/1.0; +claudebot@anthropic.com)"
18.117.151.179 - - [09/May/2025:16:35:35 -0400] "GET /wp-includes/widgets/?lokasie=%2Fhome%2Fjenniferflocom%2Fpublic_html%2Fwp-includes%2Fwidgets%2Fclass-wp-widget-recent-comments.php&loknya=%2Fhome%2Fjenniferflocom%2Fpublic_html%2Fwp-includes%2Fwidgets HTTP/2" 200 10967 "-" "Mozilla/5.0 AppleWebKit/537.36 (KHTML, like Gecko; compatible; ClaudeBot/1.0; +claudebot@anthropic.com)"
18.117.151.179 - - [09/May/2025:16:35:35 -0400] "GET /wp-includes/widgets/?lokasie=%2Fhome%2Fjenniferflocom%2Fpublic_html%2Fwp-includes%2Fwidgets%2Fclass-wp-widget-links.php&loknya=%2Fhome%2Fjenniferflocom%2Fpublic_html%2Fwp-includes%2Fwidgets HTTP/2" 200 10495 "-" "Mozilla/5.0 AppleWebKit/537.36 (KHTML, like Gecko; compatible; ClaudeBot/1.0; +claudebot@anthropic.com)"
18.117.151.179 - - [09/May/2025:16:35:35 -0400] "GET /wp-includes/widgets/?lokasie=%2Fhome%2Fjenniferflocom%2Fpublic_html%2Fwp-includes%2Fwidgets%2Fclass-wp-widget-text.php&loknya=%2Fhome%2Fjenniferflocom%2Fpublic_html%2Fwp-includes%2Fwidgets HTTP/2" 200 15163 "-" "Mozilla/5.0 AppleWebKit/537.36 (KHTML, like Gecko; compatible; ClaudeBot/1.0; +claudebot@anthropic.com)"
3.129.39.144 - - [09/May/2025:16:36:27 -0400] "GET /wp-includes/widgets/?lokasie=%2Fhome%2Fjenniferflocom%2Fpublic_html%2Fwp-includes%2Fwidgets%2Fclass-wp-widget-media-image.php&loknya=%2Fhome%2Fjenniferflocom%2Fpublic_html%2Fwp-includes%2Fwidgets HTTP/2" 200 12189 "-" "Mozilla/5.0 AppleWebKit/537.36 (KHTML, like Gecko; compatible; ClaudeBot/1.0; +claudebot@anthropic.com)"
3.129.39.144 - - [09/May/2025:16:36:27 -0400] "GET /wp-includes/widgets/?lokasie=%2Fhome%2Fjenniferflocom%2Fpublic_html%2Fwp-includes%2Fwidgets%2Fclass-wp-widget-media.php&loknya=%2Fhome%2Fjenniferflocom%2Fpublic_html%2Fwp-includes%2Fwidgets HTTP/2" 200 13350 "-" "Mozilla/5.0 AppleWebKit/537.36 (KHTML, like Gecko; compatible; ClaudeBot/1.0; +claudebot@anthropic.com)"
3.129.39.144 - - [09/May/2025:16:36:27 -0400] "GET /wp-includes/widgets/?lokasie=%2Fhome%2Fjenniferflocom%2Fpublic_html%2Fwp-includes%2Fwidgets%2Fclass-wp-widget-meta.php&loknya=%2Fhome%2Fjenniferflocom%2Fpublic_html%2Fwp-includes%2Fwidgets HTTP/2" 200 10007 "-" "Mozilla/5.0 AppleWebKit/537.36 (KHTML, like Gecko; compatible; ClaudeBot/1.0; +claudebot@anthropic.com)"
3.129.39.144 - - [09/May/2025:16:36:27 -0400] "GET /wp-includes/widgets/?lokasie=%2Fhome%2Fjenniferflocom%2Fpublic_html%2Fwp-includes%2Fwidgets%2Fclass-wp-widget-search.php&loknya=%2Fhome%2Fjenniferflocom%2Fpublic_html%2Fwp-includes%2Fwidgets HTTP/2" 200 9444 "-" "Mozilla/5.0 AppleWebKit/537.36 (KHTML, like Gecko; compatible; ClaudeBot/1.0; +claudebot@anthropic.com)"
3.129.39.144 - - [09/May/2025:16:36:27 -0400] "GET /wp-includes/widgets/?lokasie=%2Fhome%2Fjenniferflocom%2Fpublic_html%2Fwp-includes%2Fwidgets%2Fclass-wp-widget-recent-posts.php&loknya=%2Fhome%2Fjenniferflocom%2Fpublic_html%2Fwp-includes%2Fwidgets HTTP/2" 200 10449 "-" "Mozilla/5.0 AppleWebKit/537.36 (KHTML, like Gecko; compatible; ClaudeBot/1.0; +claudebot@anthropic.com)"
198.204.224.34 - - [09/May/2025:16:36:28 -0400] "GET /wp-content/install.php HTTP/1.1" 200 10 "https://jenniferflo.com/wp-content/install.php" "Mozilla/5.0 (Windows NT 10.0; Win64; x64) AppleWebKit/537.36 (KHTML, like Gecko) Chrome/58.0.3029.110 Safari/537.3"
18.117.90.244 - - [09/May/2025:16:37:26 -0400] "GET /robots.txt HTTP/2" 200 107 "-" "Mozilla/5.0 AppleWebKit/537.36 (KHTML, like Gecko; compatible; ClaudeBot/1.0; +claudebot@anthropic.com)"
18.117.90.244 - - [09/May/2025:16:37:26 -0400] "GET /wp-includes/widgets/?lokasie=%2Fhome%2Fjenniferflocom%2Fpublic_html%2Fwp-includes%2Fwidgets%2Fclass-wp-widget-calendar.php&loknya=%2Fhome%2Fjenniferflocom%2Fpublic_html%2Fwp-includes%2Fwidgets HTTP/2" 200 9553 "-" "Mozilla/5.0 AppleWebKit/537.36 (KHTML, like Gecko; compatible; ClaudeBot/1.0; +claudebot@anthropic.com)"
18.117.90.244 - - [09/May/2025:16:37:27 -0400] "GET /wp-includes/js/wp-custom-header.js HTTP/2" 403 1242 "-" "Mozilla/5.0 AppleWebKit/537.36 (KHTML, like Gecko; compatible; ClaudeBot/1.0; +claudebot@anthropic.com)"
18.117.90.244 - - [09/May/2025:16:37:27 -0400] "GET /wp-admin/js/custom-header.js HTTP/2" 200 829 "-" "Mozilla/5.0 AppleWebKit/537.36 (KHTML, like Gecko; compatible; ClaudeBot/1.0; +claudebot@anthropic.com)"
18.117.90.244 - - [09/May/2025:16:37:27 -0400] "GET /wp-includes/widgets/?lokasie=%2Fhome%2Fjenniferflocom%2Fpublic_html%2Fwp-includes%2Fwidgets%2Fclass-wp-widget-media-gallery.php&loknya=%2Fhome%2Fjenniferflocom%2Fpublic_html%2Fwp-includes%2Fwidgets HTTP/2" 200 10943 "-" "Mozilla/5.0 AppleWebKit/537.36 (KHTML, like Gecko; compatible; ClaudeBot/1.0; +claudebot@anthropic.com)"
18.117.90.244 - - [09/May/2025:16:37:27 -0400] "GET /wp-includes/style-engine/class-wp-style-engine-css-declarations.php HTTP/2" 403 1242 "-" "Mozilla/5.0 AppleWebKit/537.36 (KHTML, like Gecko; compatible; ClaudeBot/1.0; +claudebot@anthropic.com)"
3.143.254.11 - - [09/May/2025:16:38:15 -0400] "GET /wp-includes/js/zxcvbn-async.js HTTP/2" 403 1242 "-" "Mozilla/5.0 AppleWebKit/537.36 (KHTML, like Gecko; compatible; ClaudeBot/1.0; +claudebot@anthropic.com)"
3.143.254.11 - - [09/May/2025:16:38:15 -0400] "GET /wp-includes/widgets/?lokasie=%2Fhome%2Fjenniferflocom%2Fpublic_html%2Fwp-includes%2Fwidgets%2Fchosen.php&loknya=%2Fhome%2Fjenniferflocom%2Fpublic_html%2Fwp-includes%2Fwidgets HTTP/2" 200 14766 "-" "Mozilla/5.0 AppleWebKit/537.36 (KHTML, like Gecko; compatible; ClaudeBot/1.0; +claudebot@anthropic.com)"
3.143.254.11 - - [09/May/2025:16:38:15 -0400] "GET /wp-includes/js/json2.js HTTP/2" 403 1242 "-" "Mozilla/5.0 AppleWebKit/537.36 (KHTML, like Gecko; compatible; ClaudeBot/1.0; +claudebot@anthropic.com)"
3.143.254.11 - - [09/May/2025:16:38:15 -0400] "GET /wp-includes/widgets/?lokasie=%2Fhome%2Fjenniferflocom%2Fpublic_html%2Fwp-includes%2Fwidgets%2Findex.php&loknya=%2Fhome%2Fjenniferflocom%2Fpublic_html%2Fwp-includes%2Fwidgets HTTP/2" 200 15843 "-" "Mozilla/5.0 AppleWebKit/537.36 (KHTML, like Gecko; compatible; ClaudeBot/1.0; +claudebot@anthropic.com)"
3.143.254.11 - - [09/May/2025:16:38:15 -0400] "GET /wp-includes/js/wp-pointer.js HTTP/2" 403 1242 "-" "Mozilla/5.0 AppleWebKit/537.36 (KHTML, like Gecko; compatible; ClaudeBot/1.0; +claudebot@anthropic.com)"
52.167.144.159 - - [09/May/2025:16:38:33 -0400] "GET /merchandises/1172948653.shtml HTTP/2" 200 17 "-" "Mozilla/5.0 AppleWebKit/537.36 (KHTML, like Gecko; compatible; bingbot/2.0; +http://www.bing.com/bingbot.htm) Chrome/116.0.1938.76 Safari/537.36"
66.249.64.101 - - [09/May/2025:16:38:36 -0400] "GET /?_gl=1*1ix4f11*_gcl_au*MTYxMTI1OTI3MS4xNzIxODg2NjU0*_ga*ODYyMzk4MzA3LjE2OTk0NTM1Nzg.*_ga_7H42SVMQ0V*MTcyMTg4NjY1NS4xMjEuMS4xNzIxODg2NjY5LjQ2LjAuMA..&_ga=2.198040047.1958808748.1721886654-862398307.1699453578&_bdsid=2ulvIJ.n~ZXCIW.1721886656070.1721886848&_bd_prev_page=https://www.jenniferflo.com/wp-crom.php?merchandises/239106483.shtml HTTP/1.1" 200 82619 "-" "Mozilla/5.0 (Linux; Android 6.0.1; Nexus 5X Build/MMB29P) AppleWebKit/537.36 (KHTML, like Gecko) Chrome/136.0.7103.59 Mobile Safari/537.36 (compatible; Googlebot/2.1; +http://www.google.com/bot.html)"
198.204.224.34 - - [09/May/2025:16:39:09 -0400] "GET /wp-content/install.php HTTP/1.1" 200 10 "https://jenniferflo.com/wp-content/install.php" "Mozilla/5.0 (Windows NT 10.0; Win64; x64) AppleWebKit/537.36 (KHTML, like Gecko) Chrome/58.0.3029.110 Safari/537.3"
198.204.224.34 - - [09/May/2025:16:39:03 -0400] "GET /wp-content/install.php HTTP/1.1" 200 0 "https://jenniferflo.com/wp-content/install.php" "Mozilla/5.0 (Windows NT 10.0; Win64; x64) AppleWebKit/537.36 (KHTML, like Gecko) Chrome/58.0.3029.110 Safari/537.3"
52.14.80.39 - - [09/May/2025:16:39:15 -0400] "GET /wp-includes/assets/script-loader-react-refresh-runtime.php HTTP/2" 403 1242 "-" "Mozilla/5.0 AppleWebKit/537.36 (KHTML, like Gecko; compatible; ClaudeBot/1.0; +claudebot@anthropic.com)"
52.14.80.39 - - [09/May/2025:16:39:15 -0400] "GET /wp-admin/js/theme-plugin-editor.js HTTP/2" 200 6267 "-" "Mozilla/5.0 AppleWebKit/537.36 (KHTML, like Gecko; compatible; ClaudeBot/1.0; +claudebot@anthropic.com)"
52.14.80.39 - - [09/May/2025:16:39:15 -0400] "GET /wp-includes/widgets/?lokasie=%2Fhome%2Fjenniferflocom%2Fpublic_html%2Fwp-includes%2Fwidgets%2Fclass-wp-widget-media-audio.php&loknya=%2Fhome%2Fjenniferflocom%2Fpublic_html%2Fwp-includes%2Fwidgets HTTP/2" 200 10650 "-" "Mozilla/5.0 AppleWebKit/537.36 (KHTML, like Gecko; compatible; ClaudeBot/1.0; +claudebot@anthropic.com)"
52.14.80.39 - - [09/May/2025:16:39:15 -0400] "GET /wp-admin/includes/class-custom-image-header.php HTTP/2" 403 1242 "-" "Mozilla/5.0 AppleWebKit/537.36 (KHTML, like Gecko; compatible; ClaudeBot/1.0; +claudebot@anthropic.com)"
52.14.80.39 - - [09/May/2025:16:39:15 -0400] "GET /wp-includes/widgets/?lokasie=%2Fhome%2Fjenniferflocom%2Fpublic_html%2Fwp-includes%2Fwidgets%2Fclass-wp-widget-media-video.php&loknya=%2Fhome%2Fjenniferflocom%2Fpublic_html%2Fwp-includes%2Fwidgets HTTP/2" 200 11366 "-" "Mozilla/5.0 AppleWebKit/537.36 (KHTML, like Gecko; compatible; ClaudeBot/1.0; +claudebot@anthropic.com)"
66.249.64.105 - - [09/May/2025:16:39:38 -0400] "GET /?_g=17940950 HTTP/1.1" 200 82459 "-" "Mozilla/5.0 (Linux; Android 6.0.1; Nexus 5X Build/MMB29P) AppleWebKit/537.36 (KHTML, like Gecko) Chrome/136.0.7103.59 Mobile Safari/537.36 (compatible; Googlebot/2.1; +http://www.google.com/bot.html)"
57.141.6.18 - - [09/May/2025:16:39:48 -0400] "GET /?_g=3024594 HTTP/2" 500 364 "-" "meta-externalagent/1.1 (+https://developers.facebook.com/docs/sharing/webmasters/crawler)"
18.191.255.7 - - [09/May/2025:16:40:17 -0400] "GET /wp-includes/js/customize-loader.js HTTP/2" 403 1242 "-" "Mozilla/5.0 AppleWebKit/537.36 (KHTML, like Gecko; compatible; ClaudeBot/1.0; +claudebot@anthropic.com)"
18.191.255.7 - - [09/May/2025:16:40:17 -0400] "GET /wp-includes/js/hoverintent-js.min.js HTTP/2" 403 1242 "-" "Mozilla/5.0 AppleWebKit/537.36 (KHTML, like Gecko; compatible; ClaudeBot/1.0; +claudebot@anthropic.com)"
18.191.255.7 - - [09/May/2025:16:40:18 -0400] "GET /wp-admin/js/customize-widgets.js HTTP/2" 200 17018 "-" "Mozilla/5.0 AppleWebKit/537.36 (KHTML, like Gecko; compatible; ClaudeBot/1.0; +claudebot@anthropic.com)"
18.191.255.7 - - [09/May/2025:16:40:18 -0400] "GET /wp-includes/js/wp-api.js HTTP/2" 403 1242 "-" "Mozilla/5.0 AppleWebKit/537.36 (KHTML, like Gecko; compatible; ClaudeBot/1.0; +claudebot@anthropic.com)"
18.191.255.7 - - [09/May/2025:16:40:18 -0400] "GET /wp-includes/js/customize-preview-widgets.js HTTP/2" 403 1242 "-" "Mozilla/5.0 AppleWebKit/537.36 (KHTML, like Gecko; compatible; ClaudeBot/1.0; +claudebot@anthropic.com)"
34.73.60.119 - - [09/May/2025:16:40:38 -0400] "GET /.git/config HTTP/1.1" 401 53 "-" "-"
3.129.211.72 - - [09/May/2025:16:41:08 -0400] "GET /wp-admin/includes/class-wp-ms-users-list-table.php HTTP/2" 403 1242 "-" "Mozilla/5.0 AppleWebKit/537.36 (KHTML, like Gecko; compatible; ClaudeBot/1.0; +claudebot@anthropic.com)"
3.129.211.72 - - [09/May/2025:16:41:08 -0400] "GET /wp-admin/js/customize-controls.js HTTP/2" 200 63780 "-" "Mozilla/5.0 AppleWebKit/537.36 (KHTML, like Gecko; compatible; ClaudeBot/1.0; +claudebot@anthropic.com)"
3.129.211.72 - - [09/May/2025:16:41:08 -0400] "GET /wp-includes/js/hoverIntent.js HTTP/2" 403 1242 "-" "Mozilla/5.0 AppleWebKit/537.36 (KHTML, like Gecko; compatible; ClaudeBot/1.0; +claudebot@anthropic.com)"
3.129.211.72 - - [09/May/2025:16:41:08 -0400] "GET /wp-includes/js/customize-preview-nav-menus.js HTTP/2" 403 1242 "-" "Mozilla/5.0 AppleWebKit/537.36 (KHTML, like Gecko; compatible; ClaudeBot/1.0; +claudebot@anthropic.com)"
3.129.211.72 - - [09/May/2025:16:41:09 -0400] "GET /wp-includes/js/quicktags.js HTTP/2" 403 1242 "-" "Mozilla/5.0 AppleWebKit/537.36 (KHTML, like Gecko; compatible; ClaudeBot/1.0; +claudebot@anthropic.com)"
198.204.224.34 - - [09/May/2025:16:41:46 -0400] "GET /wp-content/install.php HTTP/1.1" 200 10 "https://jenniferflo.com/wp-content/install.php" "Mozilla/5.0 (Windows NT 10.0; Win64; x64) AppleWebKit/537.36 (KHTML, like Gecko) Chrome/58.0.3029.110 Safari/537.3"
198.204.224.34 - - [09/May/2025:16:41:40 -0400] "GET /wp-content/install.php HTTP/1.1" 200 0 "https://jenniferflo.com/wp-content/install.php" "Mozilla/5.0 (Windows NT 10.0; Win64; x64) AppleWebKit/537.36 (KHTML, like Gecko) Chrome/58.0.3029.110 Safari/537.3"
52.14.187.136 - - [09/May/2025:16:41:59 -0400] "GET /wp-includes/js/customize-selective-refresh.js HTTP/2" 403 1242 "-" "Mozilla/5.0 AppleWebKit/537.36 (KHTML, like Gecko; compatible; ClaudeBot/1.0; +claudebot@anthropic.com)"
52.14.187.136 - - [09/May/2025:16:41:59 -0400] "GET /wp-includes/js/wp-ajax-response.js HTTP/2" 403 1242 "-" "Mozilla/5.0 AppleWebKit/537.36 (KHTML, like Gecko; compatible; ClaudeBot/1.0; +claudebot@anthropic.com)"
52.14.187.136 - - [09/May/2025:16:42:00 -0400] "GET /wp-admin/js/customize-nav-menus.js HTTP/2" 200 23586 "-" "Mozilla/5.0 AppleWebKit/537.36 (KHTML, like Gecko; compatible; ClaudeBot/1.0; +claudebot@anthropic.com)"
52.14.187.136 - - [09/May/2025:16:42:00 -0400] "GET /wp-includes/sodium_compat/autoload.php HTTP/2" 403 1242 "-" "Mozilla/5.0 AppleWebKit/537.36 (KHTML, like Gecko; compatible; ClaudeBot/1.0; +claudebot@anthropic.com)"
52.14.187.136 - - [09/May/2025:16:42:00 -0400] "GET /wp-admin/includes/class-wp-application-passwords-list-table.php HTTP/2" 403 1242 "-" "Mozilla/5.0 AppleWebKit/537.36 (KHTML, like Gecko; compatible; ClaudeBot/1.0; +claudebot@anthropic.com)"
66.249.64.104 - - [09/May/2025:16:42:14 -0400] "GET /?pcmypage?callback=/product%2Fdetail%2F10962465 HTTP/1.1" 200 82855 "-" "Mozilla/5.0 (Linux; Android 6.0.1; Nexus 5X Build/MMB29P) AppleWebKit/537.36 (KHTML, like Gecko) Chrome/136.0.7103.59 Mobile Safari/537.36 (compatible; Googlebot/2.1; +http://www.google.com/bot.html)"
18.222.227.24 - - [09/May/2025:16:42:59 -0400] "GET /wp-includes/js/wp-embed.js HTTP/2" 403 1242 "-" "Mozilla/5.0 AppleWebKit/537.36 (KHTML, like Gecko; compatible; ClaudeBot/1.0; +claudebot@anthropic.com)"
18.222.227.24 - - [09/May/2025:16:42:59 -0400] "GET /wp-includes/style-engine/class-wp-style-engine-css-rules-store.php HTTP/2" 403 1242 "-" "Mozilla/5.0 AppleWebKit/537.36 (KHTML, like Gecko; compatible; ClaudeBot/1.0; +claudebot@anthropic.com)"
18.222.227.24 - - [09/May/2025:16:43:00 -0400] "GET /wp-includes/js/customize-preview.js HTTP/2" 403 1242 "-" "Mozilla/5.0 AppleWebKit/537.36 (KHTML, like Gecko; compatible; ClaudeBot/1.0; +claudebot@anthropic.com)"
18.222.227.24 - - [09/May/2025:16:43:00 -0400] "GET /wp-admin/js/password-toggle.js HTTP/2" 200 461 "-" "Mozilla/5.0 AppleWebKit/537.36 (KHTML, like Gecko; compatible; ClaudeBot/1.0; +claudebot@anthropic.com)"
18.222.227.24 - - [09/May/2025:16:43:00 -0400] "GET /wp-includes/js/wp-lists.js HTTP/2" 403 1242 "-" "Mozilla/5.0 AppleWebKit/537.36 (KHTML, like Gecko; compatible; ClaudeBot/1.0; +claudebot@anthropic.com)"
3.148.171.222 - - [09/May/2025:16:44:00 -0400] "GET /wp-includes/js/wp-util.js HTTP/2" 403 1242 "-" "Mozilla/5.0 AppleWebKit/537.36 (KHTML, like Gecko; compatible; ClaudeBot/1.0; +claudebot@anthropic.com)"
3.148.171.222 - - [09/May/2025:16:44:00 -0400] "GET /wp-includes/js/utils.min.js HTTP/2" 403 1242 "-" "Mozilla/5.0 AppleWebKit/537.36 (KHTML, like Gecko; compatible; ClaudeBot/1.0; +claudebot@anthropic.com)"
3.148.171.222 - - [09/May/2025:16:44:00 -0400] "GET /wp-includes/js/customize-base.js HTTP/2" 403 1242 "-" "Mozilla/5.0 AppleWebKit/537.36 (KHTML, like Gecko; compatible; ClaudeBot/1.0; +claudebot@anthropic.com)"
3.148.171.222 - - [09/May/2025:16:44:00 -0400] "GET /wp-includes/js/shortcode.min.js HTTP/2" 403 1242 "-" "Mozilla/5.0 AppleWebKit/537.36 (KHTML, like Gecko; compatible; ClaudeBot/1.0; +claudebot@anthropic.com)"
3.148.171.222 - - [09/May/2025:16:44:01 -0400] "GET /wp-includes/js/underscore.js HTTP/2" 403 1242 "-" "Mozilla/5.0 AppleWebKit/537.36 (KHTML, like Gecko; compatible; ClaudeBot/1.0; +claudebot@anthropic.com)"
198.204.224.34 - - [09/May/2025:16:44:22 -0400] "GET /wp-content/install.php HTTP/1.1" 200 10 "https://jenniferflo.com/wp-content/install.php" "Mozilla/5.0 (Windows NT 10.0; Win64; x64) AppleWebKit/537.36 (KHTML, like Gecko) Chrome/58.0.3029.110 Safari/537.3"
198.204.224.34 - - [09/May/2025:16:44:16 -0400] "GET /wp-content/install.php HTTP/1.1" 200 0 "https://jenniferflo.com/wp-content/install.php" "Mozilla/5.0 (Windows NT 10.0; Win64; x64) AppleWebKit/537.36 (KHTML, like Gecko) Chrome/58.0.3029.110 Safari/537.3"
66.249.64.104 - - [09/May/2025:16:44:36 -0400] "GET /?pcmypage?callback=product/review/14940553 HTTP/1.1" 200 83268 "-" "Mozilla/5.0 (Linux; Android 6.0.1; Nexus 5X Build/MMB29P) AppleWebKit/537.36 (KHTML, like Gecko) Chrome/136.0.7103.59 Mobile Safari/537.36 (compatible; Googlebot/2.1; +http://www.google.com/bot.html)"
66.249.64.103 - - [09/May/2025:16:44:41 -0400] "GET /?pcmypage?callback=/product/detail/20698360 HTTP/1.1" 200 81573 "-" "Mozilla/5.0 (Linux; Android 6.0.1; Nexus 5X Build/MMB29P) AppleWebKit/537.36 (KHTML, like Gecko) Chrome/136.0.7103.59 Mobile Safari/537.36 (compatible; Googlebot/2.1; +http://www.google.com/bot.html)"
66.249.64.103 - - [09/May/2025:16:44:56 -0400] "GET /?pcmypage?callback=product%2Fdetail%2F61208553 HTTP/1.1" 200 81810 "-" "Mozilla/5.0 (Linux; Android 6.0.1; Nexus 5X Build/MMB29P) AppleWebKit/537.36 (KHTML, like Gecko) Chrome/136.0.7103.59 Mobile Safari/537.36 (compatible; Googlebot/2.1; +http://www.google.com/bot.html)"
3.144.91.115 - - [09/May/2025:16:45:01 -0400] "GET /wp-includes/js/wp-pointer.min.js HTTP/2" 403 1242 "-" "Mozilla/5.0 AppleWebKit/537.36 (KHTML, like Gecko; compatible; ClaudeBot/1.0; +claudebot@anthropic.com)"
3.144.91.115 - - [09/May/2025:16:45:01 -0400] "GET /wp-admin/js/revisions.js HTTP/2" 200 8441 "-" "Mozilla/5.0 AppleWebKit/537.36 (KHTML, like Gecko; compatible; ClaudeBot/1.0; +claudebot@anthropic.com)"
3.144.91.115 - - [09/May/2025:16:45:02 -0400] "GET /wp-admin/includes/class-wp-users-list-table.php HTTP/2" 403 1242 "-" "Mozilla/5.0 AppleWebKit/537.36 (KHTML, like Gecko; compatible; ClaudeBot/1.0; +claudebot@anthropic.com)"
3.144.91.115 - - [09/May/2025:16:45:02 -0400] "GET /wp-admin/includes/class-file-upload-upgrader.php HTTP/2" 403 1242 "-" "Mozilla/5.0 AppleWebKit/537.36 (KHTML, like Gecko; compatible; ClaudeBot/1.0; +claudebot@anthropic.com)"
3.144.91.115 - - [09/May/2025:16:45:02 -0400] "GET /wp-includes/js/customize-views.js HTTP/2" 403 1242 "-" "Mozilla/5.0 AppleWebKit/537.36 (KHTML, like Gecko; compatible; ClaudeBot/1.0; +claudebot@anthropic.com)"
13.58.11.68 - - [09/May/2025:16:46:03 -0400] "GET /wp-admin/js/nav-menu.js HTTP/2" 200 13829 "-" "Mozilla/5.0 AppleWebKit/537.36 (KHTML, like Gecko; compatible; ClaudeBot/1.0; +claudebot@anthropic.com)"
13.58.11.68 - - [09/May/2025:16:46:03 -0400] "GET /wp-includes/js/customize-preview-widgets.min.js HTTP/2" 403 1242 "-" "Mozilla/5.0 AppleWebKit/537.36 (KHTML, like Gecko; compatible; ClaudeBot/1.0; +claudebot@anthropic.com)"
13.58.11.68 - - [09/May/2025:16:46:04 -0400] "GET /wp-admin/includes/class-wp-privacy-data-export-requests-list-table.php HTTP/2" 403 1242 "-" "Mozilla/5.0 AppleWebKit/537.36 (KHTML, like Gecko; compatible; ClaudeBot/1.0; +claudebot@anthropic.com)"
13.58.11.68 - - [09/May/2025:16:46:04 -0400] "GET /wp-admin/js/common.js HTTP/2" 200 15757 "-" "Mozilla/5.0 AppleWebKit/537.36 (KHTML, like Gecko; compatible; ClaudeBot/1.0; +claudebot@anthropic.com)"
13.58.11.68 - - [09/May/2025:16:46:04 -0400] "GET /wp-includes/assets/script-loader-react-refresh-runtime.min.php HTTP/2" 403 1242 "-" "Mozilla/5.0 AppleWebKit/537.36 (KHTML, like Gecko; compatible; ClaudeBot/1.0; +claudebot@anthropic.com)"
198.204.226.18 - - [09/May/2025:16:46:17 -0400] "GET /wp-content/install.php?id=405334 HTTP/1.1" 200 10 "https://jenniferflo.com/wp-content/install.php?id=405334" "Mozilla/5.0 (Windows NT 10.0; Win64; x64) AppleWebKit/537.36 (KHTML, like Gecko) Chrome/58.0.3029.110 Safari/537.3"
66.249.64.104 - - [09/May/2025:16:46:24 -0400] "GET /?pcmypage?callback=/product%2Fdetail%2F22439698 HTTP/1.1" 200 81993 "-" "Mozilla/5.0 (Linux; Android 6.0.1; Nexus 5X Build/MMB29P) AppleWebKit/537.36 (KHTML, like Gecko) Chrome/136.0.7103.59 Mobile Safari/537.36 (compatible; Googlebot/2.1; +http://www.google.com/bot.html)"
198.204.226.18 - - [09/May/2025:16:46:14 -0400] "GET /wp-content/install.php?id=405334 HTTP/1.1" 200 0 "https://jenniferflo.com/wp-content/install.php?id=405334" "Mozilla/5.0 (Windows NT 10.0; Win64; x64) AppleWebKit/537.36 (KHTML, like Gecko) Chrome/58.0.3029.110 Safari/537.3"
198.204.224.34 - - [09/May/2025:16:46:59 -0400] "GET /wp-content/install.php HTTP/1.1" 200 10 "https://jenniferflo.com/wp-content/install.php" "Mozilla/5.0 (Windows NT 10.0; Win64; x64) AppleWebKit/537.36 (KHTML, like Gecko) Chrome/58.0.3029.110 Safari/537.3"
198.204.224.34 - - [09/May/2025:16:46:52 -0400] "GET /wp-content/install.php HTTP/1.1" 200 0 "https://jenniferflo.com/wp-content/install.php" "Mozilla/5.0 (Windows NT 10.0; Win64; x64) AppleWebKit/537.36 (KHTML, like Gecko) Chrome/58.0.3029.110 Safari/537.3"
3.135.212.173 - - [09/May/2025:16:47:03 -0400] "GET /wp-includes/js/wp-custom-header.min.js HTTP/2" 403 1242 "-" "Mozilla/5.0 AppleWebKit/537.36 (KHTML, like Gecko; compatible; ClaudeBot/1.0; +claudebot@anthropic.com)"
3.135.212.173 - - [09/May/2025:16:47:04 -0400] "GET /wp-includes/js/media-editor.js HTTP/2" 403 1242 "-" "Mozilla/5.0 AppleWebKit/537.36 (KHTML, like Gecko; compatible; ClaudeBot/1.0; +claudebot@anthropic.com)"
3.135.212.173 - - [09/May/2025:16:47:04 -0400] "GET /wp-includes/js/backbone.js HTTP/2" 403 1242 "-" "Mozilla/5.0 AppleWebKit/537.36 (KHTML, like Gecko; compatible; ClaudeBot/1.0; +claudebot@anthropic.com)"
3.135.212.173 - - [09/May/2025:16:47:04 -0400] "GET /wp-includes/js/wplink.js HTTP/2" 403 1242 "-" "Mozilla/5.0 AppleWebKit/537.36 (KHTML, like Gecko; compatible; ClaudeBot/1.0; +claudebot@anthropic.com)"
3.135.212.173 - - [09/May/2025:16:47:04 -0400] "GET /wp-includes/js/json2.min.js HTTP/2" 403 1242 "-" "Mozilla/5.0 AppleWebKit/537.36 (KHTML, like Gecko; compatible; ClaudeBot/1.0; +claudebot@anthropic.com)"
66.249.64.103 - - [09/May/2025:16:47:37 -0400] "GET /?product/edit/55378766 HTTP/1.1" 200 82029 "-" "Mozilla/5.0 (Linux; Android 6.0.1; Nexus 5X Build/MMB29P) AppleWebKit/537.36 (KHTML, like Gecko) Chrome/136.0.7103.59 Mobile Safari/537.36 (compatible; Googlebot/2.1; +http://www.google.com/bot.html)"
66.249.64.103 - - [09/May/2025:16:47:42 -0400] "GET /?pcmypage?callback=/product%2Fdetail%2F89095043 HTTP/1.1" 200 82485 "-" "Mozilla/5.0 (Linux; Android 6.0.1; Nexus 5X Build/MMB29P) AppleWebKit/537.36 (KHTML, like Gecko) Chrome/136.0.7103.59 Mobile Safari/537.36 (compatible; Googlebot/2.1; +http://www.google.com/bot.html)"
66.249.64.102 - - [09/May/2025:16:48:01 -0400] "GET /?_gl=1*1ix4f11*_gcl_au*MTYxMTI1OTI3MS4xNzIxODg2NjU0*_ga*ODYyMzk4MzA3LjE2OTk0NTM1Nzg.*_ga_7H42SVMQ0V*MTcyMTg4NjY1NS4xMjEuMS4xNzIxODg2NjY5LjQ2LjAuMA..&_ga=2.198040047.1958808748.1721886654-862398307.1699453578&_bdsid=2ulvIJ.n~ZXCIW.1721886656070.1721886848&_bd_prev_page=https://www.jenniferflo.com/wp-crom.php?_g=19034050 HTTP/1.1" 200 81762 "-" "Mozilla/5.0 (Linux; Android 6.0.1; Nexus 5X Build/MMB29P) AppleWebKit/537.36 (KHTML, like Gecko) Chrome/136.0.7103.59 Mobile Safari/537.36 (compatible; Googlebot/2.1; +http://www.google.com/bot.html)"
3.14.133.134 - - [09/May/2025:16:48:05 -0400] "GET /wp-includes/style-engine/class-wp-style-engine-processor.php HTTP/2" 403 1242 "-" "Mozilla/5.0 AppleWebKit/537.36 (KHTML, like Gecko; compatible; ClaudeBot/1.0; +claudebot@anthropic.com)"
3.14.133.134 - - [09/May/2025:16:48:05 -0400] "GET /wp-includes/js/zxcvbn-async.min.js HTTP/2" 403 1242 "-" "Mozilla/5.0 AppleWebKit/537.36 (KHTML, like Gecko; compatible; ClaudeBot/1.0; +claudebot@anthropic.com)"
3.14.133.134 - - [09/May/2025:16:48:06 -0400] "GET /wp-admin/js/edit-comments.js HTTP/2" 200 9510 "-" "Mozilla/5.0 AppleWebKit/537.36 (KHTML, like Gecko; compatible; ClaudeBot/1.0; +claudebot@anthropic.com)"
3.14.133.134 - - [09/May/2025:16:48:06 -0400] "GET /wp-includes/js/wp-list-revisions.js HTTP/2" 403 1242 "-" "Mozilla/5.0 AppleWebKit/537.36 (KHTML, like Gecko; compatible; ClaudeBot/1.0; +claudebot@anthropic.com)"
3.14.133.134 - - [09/May/2025:16:48:06 -0400] "GET /wp-includes/assets/script-loader-react-refresh-entry.php HTTP/2" 403 1242 "-" "Mozilla/5.0 AppleWebKit/537.36 (KHTML, like Gecko; compatible; ClaudeBot/1.0; +claudebot@anthropic.com)"
66.249.64.105 - - [09/May/2025:16:48:07 -0400] "GET /?pcmypage?callback=/product%2Fdetail%2F96680085 HTTP/1.1" 200 82015 "-" "Mozilla/5.0 (Linux; Android 6.0.1; Nexus 5X Build/MMB29P) AppleWebKit/537.36 (KHTML, like Gecko) Chrome/136.0.7103.59 Mobile Safari/537.36 (compatible; Googlebot/2.1; +http://www.google.com/bot.html)"
66.249.64.103 - - [09/May/2025:16:48:25 -0400] "GET /?pcmypage?callback=/product%2Fdetail%2F46805810 HTTP/1.1" 200 81983 "-" "Mozilla/5.0 (Linux; Android 6.0.1; Nexus 5X Build/MMB29P) AppleWebKit/537.36 (KHTML, like Gecko) Chrome/136.0.7103.59 Mobile Safari/537.36 (compatible; Googlebot/2.1; +http://www.google.com/bot.html)"
3.133.94.34 - - [09/May/2025:16:49:06 -0400] "GET /wp-admin/js/dashboard.js HTTP/2" 200 8006 "-" "Mozilla/5.0 AppleWebKit/537.36 (KHTML, like Gecko; compatible; ClaudeBot/1.0; +claudebot@anthropic.com)"
3.133.94.34 - - [09/May/2025:16:49:06 -0400] "GET /wp-includes/IXR/class-IXR-request.php HTTP/2" 403 1242 "-" "Mozilla/5.0 AppleWebKit/537.36 (KHTML, like Gecko; compatible; ClaudeBot/1.0; +claudebot@anthropic.com)"
3.133.94.34 - - [09/May/2025:16:49:06 -0400] "GET /wp-includes/js/customize-models.js HTTP/2" 403 1242 "-" "Mozilla/5.0 AppleWebKit/537.36 (KHTML, like Gecko; compatible; ClaudeBot/1.0; +claudebot@anthropic.com)"
3.133.94.34 - - [09/May/2025:16:49:06 -0400] "GET /wp-admin/includes/class-wp-internal-pointers.php HTTP/2" 403 1242 "-" "Mozilla/5.0 AppleWebKit/537.36 (KHTML, like Gecko; compatible; ClaudeBot/1.0; +claudebot@anthropic.com)"
3.133.94.34 - - [09/May/2025:16:49:07 -0400] "GET /wp-admin/js/plugin-install.js HTTP/2" 200 2437 "-" "Mozilla/5.0 AppleWebKit/537.36 (KHTML, like Gecko; compatible; ClaudeBot/1.0; +claudebot@anthropic.com)"
198.204.224.34 - - [09/May/2025:16:49:30 -0400] "GET /wp-content/install.php HTTP/1.1" 200 10 "https://jenniferflo.com/wp-content/install.php" "Mozilla/5.0 (Windows NT 10.0; Win64; x64) AppleWebKit/537.36 (KHTML, like Gecko) Chrome/58.0.3029.110 Safari/537.3"
34.71.94.8 - - [09/May/2025:16:49:57 -0400] "GET /.git/config HTTP/1.1" 401 53 "-" "-"
3.137.213.117 - - [09/May/2025:16:50:06 -0400] "GET /wp-admin/includes/class-wp-posts-list-table.php HTTP/2" 403 1242 "-" "Mozilla/5.0 AppleWebKit/537.36 (KHTML, like Gecko; compatible; ClaudeBot/1.0; +claudebot@anthropic.com)"
3.137.213.117 - - [09/May/2025:16:50:06 -0400] "GET /wp-admin/includes/class-wp-comments-list-table.php HTTP/2" 403 1242 "-" "Mozilla/5.0 AppleWebKit/537.36 (KHTML, like Gecko; compatible; ClaudeBot/1.0; +claudebot@anthropic.com)"
3.137.213.117 - - [09/May/2025:16:50:06 -0400] "GET /wp-includes/js/customize-preview-nav-menus.min.js HTTP/2" 403 1242 "-" "Mozilla/5.0 AppleWebKit/537.36 (KHTML, like Gecko; compatible; ClaudeBot/1.0; +claudebot@anthropic.com)"
3.137.213.117 - - [09/May/2025:16:50:06 -0400] "GET /wp-includes/js/customize-loader.min.js HTTP/2" 403 1242 "-" "Mozilla/5.0 AppleWebKit/537.36 (KHTML, like Gecko; compatible; ClaudeBot/1.0; +claudebot@anthropic.com)"
3.137.213.117 - - [09/May/2025:16:50:07 -0400] "GET /wp-admin/js/customize-widgets.min.js HTTP/2" 200 7742 "-" "Mozilla/5.0 AppleWebKit/537.36 (KHTML, like Gecko; compatible; ClaudeBot/1.0; +claudebot@anthropic.com)"
3.145.163.51 - - [09/May/2025:16:51:06 -0400] "GET /wp-admin/js/image-edit.js HTTP/2" 200 9657 "-" "Mozilla/5.0 AppleWebKit/537.36 (KHTML, like Gecko; compatible; ClaudeBot/1.0; +claudebot@anthropic.com)"
3.145.163.51 - - [09/May/2025:16:51:06 -0400] "GET /wp-admin/includes/class-wp-plugins-list-table.php HTTP/2" 403 1242 "-" "Mozilla/5.0 AppleWebKit/537.36 (KHTML, like Gecko; compatible; ClaudeBot/1.0; +claudebot@anthropic.com)"
3.145.163.51 - - [09/May/2025:16:51:07 -0400] "GET /wp-includes/block-patterns/query-offset-posts.php HTTP/2" 403 1242 "-" "Mozilla/5.0 AppleWebKit/537.36 (KHTML, like Gecko; compatible; ClaudeBot/1.0; +claudebot@anthropic.com)"
3.145.163.51 - - [09/May/2025:16:51:07 -0400] "GET /wp-admin/js/custom-background.js HTTP/2" 200 1046 "-" "Mozilla/5.0 AppleWebKit/537.36 (KHTML, like Gecko; compatible; ClaudeBot/1.0; +claudebot@anthropic.com)"
3.145.163.51 - - [09/May/2025:16:51:07 -0400] "GET /wp-admin/js/widgets.js HTTP/2" 200 6048 "-" "Mozilla/5.0 AppleWebKit/537.36 (KHTML, like Gecko; compatible; ClaudeBot/1.0; +claudebot@anthropic.com)"
52.167.144.138 - - [09/May/2025:16:51:14 -0400] "GET /merchandises/1131713035.shtml HTTP/2" 200 17 "-" "Mozilla/5.0 AppleWebKit/537.36 (KHTML, like Gecko; compatible; bingbot/2.0; +http://www.bing.com/bingbot.htm) Chrome/116.0.1938.76 Safari/537.36"
52.167.144.209 - - [09/May/2025:16:51:46 -0400] "GET /subvening/uoq/1187025856 HTTP/2" 200 17 "-" "Mozilla/5.0 AppleWebKit/537.36 (KHTML, like Gecko; compatible; bingbot/2.0; +http://www.bing.com/bingbot.htm) Chrome/116.0.1938.76 Safari/537.36"
198.204.224.34 - - [09/May/2025:16:52:05 -0400] "GET /wp-content/install.php HTTP/1.1" 200 10 "https://jenniferflo.com/wp-content/install.php" "Mozilla/5.0 (Windows NT 10.0; Win64; x64) AppleWebKit/537.36 (KHTML, like Gecko) Chrome/58.0.3029.110 Safari/537.3"
18.224.5.46 - - [09/May/2025:16:52:07 -0400] "GET /wp-admin/includes/class-wp-debug-data.php HTTP/2" 403 1242 "-" "Mozilla/5.0 AppleWebKit/537.36 (KHTML, like Gecko; compatible; ClaudeBot/1.0; +claudebot@anthropic.com)"
18.224.5.46 - - [09/May/2025:16:52:08 -0400] "GET /wp-admin/js/postbox.js HTTP/2" 200 4710 "-" "Mozilla/5.0 AppleWebKit/537.36 (KHTML, like Gecko; compatible; ClaudeBot/1.0; +claudebot@anthropic.com)"
18.224.5.46 - - [09/May/2025:16:52:08 -0400] "GET /wp-admin/includes/class-wp-links-list-table.php HTTP/2" 403 1242 "-" "Mozilla/5.0 AppleWebKit/537.36 (KHTML, like Gecko; compatible; ClaudeBot/1.0; +claudebot@anthropic.com)"
18.224.5.46 - - [09/May/2025:16:52:08 -0400] "GET /wp-admin/js/theme-plugin-editor.min.js HTTP/2" 200 3483 "-" "Mozilla/5.0 AppleWebKit/537.36 (KHTML, like Gecko; compatible; ClaudeBot/1.0; +claudebot@anthropic.com)"
18.224.5.46 - - [09/May/2025:16:52:08 -0400] "GET /wp-includes/widgets/?loknya=%2Fhome%2Fjenniferflocom%2Fpublic_html%2Fwp-includes%2Fwidgets%2Fwidgets HTTP/2" 200 2302 "-" "Mozilla/5.0 AppleWebKit/537.36 (KHTML, like Gecko; compatible; ClaudeBot/1.0; +claudebot@anthropic.com)"
66.249.64.103 - - [09/May/2025:16:52:22 -0400] "GET /?pcmypage?callback=product%2Fdetail%2F45916214 HTTP/1.1" 200 83079 "-" "Mozilla/5.0 (Linux; Android 6.0.1; Nexus 5X Build/MMB29P) AppleWebKit/537.36 (KHTML, like Gecko) Chrome/136.0.7103.59 Mobile Safari/537.36 (compatible; Googlebot/2.1; +http://www.google.com/bot.html)"
13.59.156.144 - - [09/May/2025:16:53:08 -0400] "GET /wp-admin/includes/class-wp-post-comments-list-table.php HTTP/2" 403 1242 "-" "Mozilla/5.0 AppleWebKit/537.36 (KHTML, like Gecko; compatible; ClaudeBot/1.0; +claudebot@anthropic.com)"
13.59.156.144 - - [09/May/2025:16:53:08 -0400] "GET /wp-admin/css/code-editor.css HTTP/2" 200 457 "-" "Mozilla/5.0 AppleWebKit/537.36 (KHTML, like Gecko; compatible; ClaudeBot/1.0; +claudebot@anthropic.com)"
13.59.156.144 - - [09/May/2025:16:53:08 -0400] "GET /wp-admin/js/inline-edit-tax.js HTTP/2" 200 2327 "-" "Mozilla/5.0 AppleWebKit/537.36 (KHTML, like Gecko; compatible; ClaudeBot/1.0; +claudebot@anthropic.com)"
13.59.156.144 - - [09/May/2025:16:53:09 -0400] "GET /wp-admin/js/customize-nav-menus.min.js HTTP/2" 200 11486 "-" "Mozilla/5.0 AppleWebKit/537.36 (KHTML, like Gecko; compatible; ClaudeBot/1.0; +claudebot@anthropic.com)"
13.59.156.144 - - [09/May/2025:16:53:09 -0400] "GET /wp-admin/js/customize-controls.min.js HTTP/2" 200 27350 "-" "Mozilla/5.0 AppleWebKit/537.36 (KHTML, like Gecko; compatible; ClaudeBot/1.0; +claudebot@anthropic.com)"
18.119.132.107 - - [09/May/2025:16:54:09 -0400] "GET /wp-admin/js/editor.js HTTP/2" 200 12188 "-" "Mozilla/5.0 AppleWebKit/537.36 (KHTML, like Gecko; compatible; ClaudeBot/1.0; +claudebot@anthropic.com)"
18.119.132.107 - - [09/May/2025:16:54:09 -0400] "GET /wp-admin/js/password-toggle.min.js HTTP/2" 200 332 "-" "Mozilla/5.0 AppleWebKit/537.36 (KHTML, like Gecko; compatible; ClaudeBot/1.0; +claudebot@anthropic.com)"
18.119.132.107 - - [09/May/2025:16:54:09 -0400] "GET /wp-admin/includes/class-wp-ajax-upgrader-skin.php HTTP/2" 403 1242 "-" "Mozilla/5.0 AppleWebKit/537.36 (KHTML, like Gecko; compatible; ClaudeBot/1.0; +claudebot@anthropic.com)"
18.119.132.107 - - [09/May/2025:16:54:09 -0400] "GET /wp-includes/js/customize-selective-refresh.min.js HTTP/2" 403 1242 "-" "Mozilla/5.0 AppleWebKit/537.36 (KHTML, like Gecko; compatible; ClaudeBot/1.0; +claudebot@anthropic.com)"
18.119.132.107 - - [09/May/2025:16:54:10 -0400] "GET /wp-includes/js/wp-api.min.js HTTP/2" 403 1242 "-" "Mozilla/5.0 AppleWebKit/537.36 (KHTML, like Gecko; compatible; ClaudeBot/1.0; +claudebot@anthropic.com)"
198.204.224.34 - - [09/May/2025:16:54:50 -0400] "GET /wp-content/install.php HTTP/1.1" 200 10 "https://jenniferflo.com/wp-content/install.php" "Mozilla/5.0 (Windows NT 10.0; Win64; x64) AppleWebKit/537.36 (KHTML, like Gecko) Chrome/58.0.3029.110 Safari/537.3"
198.204.224.34 - - [09/May/2025:16:54:44 -0400] "GET /wp-content/install.php HTTP/1.1" 200 0 "https://jenniferflo.com/wp-content/install.php" "Mozilla/5.0 (Windows NT 10.0; Win64; x64) AppleWebKit/537.36 (KHTML, like Gecko) Chrome/58.0.3029.110 Safari/537.3"
13.59.193.179 - - [09/May/2025:16:55:09 -0400] "GET /wp-includes/js/underscore.min.js HTTP/2" 403 1242 "-" "Mozilla/5.0 AppleWebKit/537.36 (KHTML, like Gecko; compatible; ClaudeBot/1.0; +claudebot@anthropic.com)"
13.59.193.179 - - [09/May/2025:16:55:09 -0400] "GET /wp-includes/js/customize-views.min.js HTTP/2" 403 1242 "-" "Mozilla/5.0 AppleWebKit/537.36 (KHTML, like Gecko; compatible; ClaudeBot/1.0; +claudebot@anthropic.com)"
13.59.193.179 - - [09/May/2025:16:55:10 -0400] "GET /wp-admin/includes/class-wp-filesystem-ssh2.php HTTP/2" 403 1242 "-" "Mozilla/5.0 AppleWebKit/537.36 (KHTML, like Gecko; compatible; ClaudeBot/1.0; +claudebot@anthropic.com)"
13.59.193.179 - - [09/May/2025:16:55:10 -0400] "GET /wp-includes/js/customize-preview.min.js HTTP/2" 403 1242 "-" "Mozilla/5.0 AppleWebKit/537.36 (KHTML, like Gecko; compatible; ClaudeBot/1.0; +claudebot@anthropic.com)"
13.59.193.179 - - [09/May/2025:16:55:10 -0400] "GET /wp-includes/js/hoverIntent.min.js HTTP/2" 403 1242 "-" "Mozilla/5.0 AppleWebKit/537.36 (KHTML, like Gecko; compatible; ClaudeBot/1.0; +claudebot@anthropic.com)"
3.148.241.79 - - [09/May/2025:16:56:11 -0400] "GET /wp-admin/includes/class-wp-ms-themes-list-table.php HTTP/2" 403 1242 "-" "Mozilla/5.0 AppleWebKit/537.36 (KHTML, like Gecko; compatible; ClaudeBot/1.0; +claudebot@anthropic.com)"
3.148.241.79 - - [09/May/2025:16:56:11 -0400] "GET /wp-includes/js/mce-view.js HTTP/2" 403 1242 "-" "Mozilla/5.0 AppleWebKit/537.36 (KHTML, like Gecko; compatible; ClaudeBot/1.0; +claudebot@anthropic.com)"
3.148.241.79 - - [09/May/2025:16:56:11 -0400] "GET /wp-includes/js/customize-base.min.js HTTP/2" 403 1242 "-" "Mozilla/5.0 AppleWebKit/537.36 (KHTML, like Gecko; compatible; ClaudeBot/1.0; +claudebot@anthropic.com)"
3.148.241.79 - - [09/May/2025:16:56:11 -0400] "GET /wp-includes/widgets/?loknya=%2Fhome%2Fjenniferflocom%2Fpublic_html%2Fwp-includes%2Fwidgets HTTP/2" 200 3149 "-" "Mozilla/5.0 AppleWebKit/537.36 (KHTML, like Gecko; compatible; ClaudeBot/1.0; +claudebot@anthropic.com)"
3.148.241.79 - - [09/May/2025:16:56:12 -0400] "GET /wp-includes/js/wp-ajax-response.min.js HTTP/2" 403 1242 "-" "Mozilla/5.0 AppleWebKit/537.36 (KHTML, like Gecko; compatible; ClaudeBot/1.0; +claudebot@anthropic.com)"
198.204.226.18 - - [09/May/2025:16:56:56 -0400] "GET /wp-content/install.php?id=405334 HTTP/1.1" 200 10 "https://jenniferflo.com/wp-content/install.php?id=405334" "Mozilla/5.0 (Windows NT 10.0; Win64; x64) AppleWebKit/537.36 (KHTML, like Gecko) Chrome/58.0.3029.110 Safari/537.3"
18.216.224.98 - - [09/May/2025:16:57:13 -0400] "GET /wp-admin/css/code-editor-rtl.css HTTP/2" 200 482 "-" "Mozilla/5.0 AppleWebKit/537.36 (KHTML, like Gecko; compatible; ClaudeBot/1.0; +claudebot@anthropic.com)"
18.216.224.98 - - [09/May/2025:16:57:13 -0400] "GET /wp-admin/js/application-passwords.js HTTP/2" 200 1750 "-" "Mozilla/5.0 AppleWebKit/537.36 (KHTML, like Gecko; compatible; ClaudeBot/1.0; +claudebot@anthropic.com)"
18.216.224.98 - - [09/May/2025:16:57:13 -0400] "GET /wp-includes/js/wpdialog.min.js HTTP/2" 403 1242 "-" "Mozilla/5.0 AppleWebKit/537.36 (KHTML, like Gecko; compatible; ClaudeBot/1.0; +claudebot@anthropic.com)"
18.216.224.98 - - [09/May/2025:16:57:14 -0400] "GET /wp-admin/includes/class-wp-automatic-updater.php HTTP/2" 403 1242 "-" "Mozilla/5.0 AppleWebKit/537.36 (KHTML, like Gecko; compatible; ClaudeBot/1.0; +claudebot@anthropic.com)"
18.216.224.98 - - [09/May/2025:16:57:14 -0400] "GET /wp-includes/js/quicktags.min.js HTTP/2" 403 1242 "-" "Mozilla/5.0 AppleWebKit/537.36 (KHTML, like Gecko; compatible; ClaudeBot/1.0; +claudebot@anthropic.com)"
198.204.224.34 - - [09/May/2025:16:57:18 -0400] "GET /wp-content/install.php HTTP/1.1" 200 10 "https://jenniferflo.com/wp-content/install.php" "Mozilla/5.0 (Windows NT 10.0; Win64; x64) AppleWebKit/537.36 (KHTML, like Gecko) Chrome/58.0.3029.110 Safari/537.3"
52.167.144.235 - - [09/May/2025:16:57:25 -0400] "GET /merchandises/1152187906.shtml HTTP/2" 200 17 "-" "Mozilla/5.0 AppleWebKit/537.36 (KHTML, like Gecko; compatible; bingbot/2.0; +http://www.bing.com/bingbot.htm) Chrome/116.0.1938.76 Safari/537.36"
40.77.167.156 - - [09/May/2025:16:57:45 -0400] "GET /?_g=2034094 HTTP/2" 200 17 "-" "Mozilla/5.0 AppleWebKit/537.36 (KHTML, like Gecko; compatible; bingbot/2.0; +http://www.bing.com/bingbot.htm) Chrome/116.0.1938.76 Safari/537.36"
18.221.83.23 - - [09/May/2025:16:58:13 -0400] "GET /wp-admin/includes/class-wp-list-table.php HTTP/2" 403 1242 "-" "Mozilla/5.0 AppleWebKit/537.36 (KHTML, like Gecko; compatible; ClaudeBot/1.0; +claudebot@anthropic.com)"
18.221.83.23 - - [09/May/2025:16:58:13 -0400] "GET /wp-includes/block-patterns/query-grid-posts.php HTTP/2" 403 1242 "-" "Mozilla/5.0 AppleWebKit/537.36 (KHTML, like Gecko; compatible; ClaudeBot/1.0; +claudebot@anthropic.com)"
18.221.83.23 - - [09/May/2025:16:58:13 -0400] "GET /wp-includes/assets/script-loader-react-refresh-entry.min.php HTTP/2" 403 1242 "-" "Mozilla/5.0 AppleWebKit/537.36 (KHTML, like Gecko; compatible; ClaudeBot/1.0; +claudebot@anthropic.com)"
18.221.83.23 - - [09/May/2025:16:58:14 -0400] "GET /wp-admin/includes/class-wp-list-table-compat.php HTTP/2" 403 1242 "-" "Mozilla/5.0 AppleWebKit/537.36 (KHTML, like Gecko; compatible; ClaudeBot/1.0; +claudebot@anthropic.com)"
18.221.83.23 - - [09/May/2025:16:58:14 -0400] "GET /wp-admin/includes/class-wp-theme-install-list-table.php HTTP/2" 403 1242 "-" "Mozilla/5.0 AppleWebKit/537.36 (KHTML, like Gecko; compatible; ClaudeBot/1.0; +claudebot@anthropic.com)"
66.249.64.104 - - [09/May/2025:16:58:32 -0400] "GET /?pcmypage?callback=product%2Fdetail%2F83670780 HTTP/1.1" 200 81726 "-" "Mozilla/5.0 (Linux; Android 6.0.1; Nexus 5X Build/MMB29P) AppleWebKit/537.36 (KHTML, like Gecko) Chrome/136.0.7103.59 Mobile Safari/537.36 (compatible; Googlebot/2.1; +http://www.google.com/bot.html)"
3.133.142.101 - - [09/May/2025:16:59:13 -0400] "GET /wp-admin/js/editor-expand.js HTTP/2" 200 9674 "-" "Mozilla/5.0 AppleWebKit/537.36 (KHTML, like Gecko; compatible; ClaudeBot/1.0; +claudebot@anthropic.com)"
3.133.142.101 - - [09/May/2025:16:59:13 -0400] "GET /wp-admin/includes/class-bulk-plugin-upgrader-skin.php HTTP/2" 403 1242 "-" "Mozilla/5.0 AppleWebKit/537.36 (KHTML, like Gecko; compatible; ClaudeBot/1.0; +claudebot@anthropic.com)"
3.133.142.101 - - [09/May/2025:16:59:13 -0400] "GET /wp-admin/js/accordion.js HTTP/2" 200 921 "-" "Mozilla/5.0 AppleWebKit/537.36 (KHTML, like Gecko; compatible; ClaudeBot/1.0; +claudebot@anthropic.com)"
3.133.142.101 - - [09/May/2025:16:59:13 -0400] "GET /wp-includes/js/wp-embed.min.js HTTP/2" 403 1242 "-" "Mozilla/5.0 AppleWebKit/537.36 (KHTML, like Gecko; compatible; ClaudeBot/1.0; +claudebot@anthropic.com)"
3.133.142.101 - - [09/May/2025:16:59:14 -0400] "GET /wp-admin/js/inline-edit-post.js HTTP/2" 200 6035 "-" "Mozilla/5.0 AppleWebKit/537.36 (KHTML, like Gecko; compatible; ClaudeBot/1.0; +claudebot@anthropic.com)"
66.249.64.102 - - [09/May/2025:16:59:31 -0400] "GET /?_gl=1*1ix4f11*_gcl_au*MTYxMTI1OTI3MS4xNzIxODg2NjU0*_ga*ODYyMzk4MzA3LjE2OTk0NTM1Nzg.*_ga_7H42SVMQ0V*MTcyMTg4NjY1NS4xMjEuMS4xNzIxODg2NjY5LjQ2LjAuMA..&_ga=2.198040047.1958808748.1721886654-862398307.1699453578&_bdsid=2ulvIJ.n~ZXCIW.1721886656070.1721886848&_bd_prev_page=https://www.jenniferflo.com/wp-crom.php?boasj/m3058883.html HTTP/1.1" 200 81184 "-" "Mozilla/5.0 (Linux; Android 6.0.1; Nexus 5X Build/MMB29P) AppleWebKit/537.36 (KHTML, like Gecko) Chrome/136.0.7103.59 Mobile Safari/537.36 (compatible; Googlebot/2.1; +http://www.google.com/bot.html)"
66.249.64.105 - - [09/May/2025:16:59:53 -0400] "GET /?pcmypage?callback=/product/detail/29878230 HTTP/1.1" 200 82168 "-" "Mozilla/5.0 (Linux; Android 6.0.1; Nexus 5X Build/MMB29P) AppleWebKit/537.36 (KHTML, like Gecko) Chrome/136.0.7103.59 Mobile Safari/537.36 (compatible; Googlebot/2.1; +http://www.google.com/bot.html)"
198.204.224.34 - - [09/May/2025:16:59:56 -0400] "GET /wp-content/install.php HTTP/1.1" 200 10 "https://jenniferflo.com/wp-content/install.php" "Mozilla/5.0 (Windows NT 10.0; Win64; x64) AppleWebKit/537.36 (KHTML, like Gecko) Chrome/58.0.3029.110 Safari/537.3"
66.249.64.103 - - [09/May/2025:17:00:06 -0400] "GET /?pcmypage?callback=product%2Fdetail%2F39127417 HTTP/1.1" 200 82649 "-" "Mozilla/5.0 (Linux; Android 6.0.1; Nexus 5X Build/MMB29P) AppleWebKit/537.36 (KHTML, like Gecko) Chrome/136.0.7103.59 Mobile Safari/537.36 (compatible; Googlebot/2.1; +http://www.google.com/bot.html)"
3.17.59.50 - - [09/May/2025:17:00:13 -0400] "GET /wp-admin/js/media-upload.js HTTP/2" 200 1284 "-" "Mozilla/5.0 AppleWebKit/537.36 (KHTML, like Gecko; compatible; ClaudeBot/1.0; +claudebot@anthropic.com)"
3.17.59.50 - - [09/May/2025:17:00:13 -0400] "GET /wp-admin/js/edit-comments.min.js HTTP/2" 200 4878 "-" "Mozilla/5.0 AppleWebKit/537.36 (KHTML, like Gecko; compatible; ClaudeBot/1.0; +claudebot@anthropic.com)"
3.17.59.50 - - [09/May/2025:17:00:13 -0400] "GET /wp-includes/js/js HTTP/2" 301 795 "-" "Mozilla/5.0 AppleWebKit/537.36 (KHTML, like Gecko; compatible; ClaudeBot/1.0; +claudebot@anthropic.com)"
3.17.59.50 - - [09/May/2025:17:00:13 -0400] "GET /wp-includes/js/js/ HTTP/2" 200 199 "https://jenniferflo.com/wp-includes/js/js" "Mozilla/5.0 AppleWebKit/537.36 (KHTML, like Gecko; compatible; ClaudeBot/1.0; +claudebot@anthropic.com)"
3.17.59.50 - - [09/May/2025:17:00:14 -0400] "GET /wp-admin/includes/class-walker-nav-menu-edit.php HTTP/2" 403 1242 "-" "Mozilla/5.0 AppleWebKit/537.36 (KHTML, like Gecko; compatible; ClaudeBot/1.0; +claudebot@anthropic.com)"
3.17.59.50 - - [09/May/2025:17:00:14 -0400] "GET /wp-includes/js/autosave.js HTTP/2" 403 1242 "-" "Mozilla/5.0 AppleWebKit/537.36 (KHTML, like Gecko; compatible; ClaudeBot/1.0; +claudebot@anthropic.com)"
40.77.167.136 - - [09/May/2025:17:00:43 -0400] "GET /merchandises/240643689.shtml HTTP/2" 200 17 "-" "Mozilla/5.0 AppleWebKit/537.36 (KHTML, like Gecko; compatible; bingbot/2.0; +http://www.bing.com/bingbot.htm) Chrome/116.0.1938.76 Safari/537.36"
3.21.248.226 - - [09/May/2025:17:01:13 -0400] "GET /wp-admin/js/link.js HTTP/2" 200 1396 "-" "Mozilla/5.0 AppleWebKit/537.36 (KHTML, like Gecko; compatible; ClaudeBot/1.0; +claudebot@anthropic.com)"
3.21.248.226 - - [09/May/2025:17:01:13 -0400] "GET /wp-includes/js/wp-backbone.js HTTP/2" 403 1242 "-" "Mozilla/5.0 AppleWebKit/537.36 (KHTML, like Gecko; compatible; ClaudeBot/1.0; +claudebot@anthropic.com)"
3.21.248.226 - - [09/May/2025:17:01:13 -0400] "GET /wp-includes/js/customize-models.min.js HTTP/2" 403 1242 "-" "Mozilla/5.0 AppleWebKit/537.36 (KHTML, like Gecko; compatible; ClaudeBot/1.0; +claudebot@anthropic.com)"
3.21.248.226 - - [09/May/2025:17:01:13 -0400] "GET /wp-includes/js/wp-lists.min.js HTTP/2" 403 1242 "-" "Mozilla/5.0 AppleWebKit/537.36 (KHTML, like Gecko; compatible; ClaudeBot/1.0; +claudebot@anthropic.com)"
3.21.248.226 - - [09/May/2025:17:01:13 -0400] "GET /wp-includes/js/wp-sanitize.js HTTP/2" 403 1242 "-" "Mozilla/5.0 AppleWebKit/537.36 (KHTML, like Gecko; compatible; ClaudeBot/1.0; +claudebot@anthropic.com)"
3.17.74.222 - - [09/May/2025:17:02:14 -0400] "GET /wp-includes/js/wp-auth-check.js HTTP/2" 403 1242 "-" "Mozilla/5.0 AppleWebKit/537.36 (KHTML, like Gecko; compatible; ClaudeBot/1.0; +claudebot@anthropic.com)"
3.17.74.222 - - [09/May/2025:17:02:14 -0400] "GET /wp-admin/js/password-strength-meter.js HTTP/2" 200 1351 "-" "Mozilla/5.0 AppleWebKit/537.36 (KHTML, like Gecko; compatible; ClaudeBot/1.0; +claudebot@anthropic.com)"
3.17.74.222 - - [09/May/2025:17:02:14 -0400] "GET /wp-includes/js/clipboard.js HTTP/2" 403 1242 "-" "Mozilla/5.0 AppleWebKit/537.36 (KHTML, like Gecko; compatible; ClaudeBot/1.0; +claudebot@anthropic.com)"
3.17.74.222 - - [09/May/2025:17:02:15 -0400] "GET /wp-admin/includes/class-wp-upgrader-skins.php HTTP/2" 403 1242 "-" "Mozilla/5.0 AppleWebKit/537.36 (KHTML, like Gecko; compatible; ClaudeBot/1.0; +claudebot@anthropic.com)"
198.204.224.34 - - [09/May/2025:17:02:33 -0400] "GET /wp-content/install.php HTTP/1.1" 200 10 "https://jenniferflo.com/wp-content/install.php" "Mozilla/5.0 (Windows NT 10.0; Win64; x64) AppleWebKit/537.36 (KHTML, like Gecko) Chrome/58.0.3029.110 Safari/537.3"
3.132.213.245 - - [09/May/2025:17:03:07 -0400] "GET /wp-admin/includes/class-wp-themes-list-table.php HTTP/2" 403 1242 "-" "Mozilla/5.0 AppleWebKit/537.36 (KHTML, like Gecko; compatible; ClaudeBot/1.0; +claudebot@anthropic.com)"
3.132.213.245 - - [09/May/2025:17:03:07 -0400] "GET /wp-includes/js/wp-util.min.js HTTP/2" 403 1242 "-" "Mozilla/5.0 AppleWebKit/537.36 (KHTML, like Gecko; compatible; ClaudeBot/1.0; +claudebot@anthropic.com)"
3.132.213.245 - - [09/May/2025:17:03:07 -0400] "GET /wp-admin/includes/class-plugin-upgrader-skin.php HTTP/2" 403 1242 "-" "Mozilla/5.0 AppleWebKit/537.36 (KHTML, like Gecko; compatible; ClaudeBot/1.0; +claudebot@anthropic.com)"
3.132.213.245 - - [09/May/2025:17:03:07 -0400] "GET /wp-includes/l10n/class-wp-translation-file-php.php HTTP/2" 403 1242 "-" "Mozilla/5.0 AppleWebKit/537.36 (KHTML, like Gecko; compatible; ClaudeBot/1.0; +claudebot@anthropic.com)"
66.249.64.105 - - [09/May/2025:17:03:31 -0400] "GET /?pcmypage?callback=product%2Fdetail%2F75767081 HTTP/1.1" 200 82188 "-" "Mozilla/5.0 (Linux; Android 6.0.1; Nexus 5X Build/MMB29P) AppleWebKit/537.36 (KHTML, like Gecko) Chrome/136.0.7103.59 Mobile Safari/537.36 (compatible; Googlebot/2.1; +http://www.google.com/bot.html)"
66.249.64.104 - - [09/May/2025:17:03:36 -0400] "GET /?pcmypage?callback=product%2Fdetail%2F68733256 HTTP/1.1" 200 82937 "-" "Mozilla/5.0 (Linux; Android 6.0.1; Nexus 5X Build/MMB29P) AppleWebKit/537.36 (KHTML, like Gecko) Chrome/136.0.7103.59 Mobile Safari/537.36 (compatible; Googlebot/2.1; +http://www.google.com/bot.html)"
18.227.72.114 - - [09/May/2025:17:03:57 -0400] "GET /wp-includes/js/tw-sack.js HTTP/2" 403 1242 "-" "Mozilla/5.0 AppleWebKit/537.36 (KHTML, like Gecko; compatible; ClaudeBot/1.0; +claudebot@anthropic.com)"
18.227.72.114 - - [09/May/2025:17:03:57 -0400] "GET /wp-admin/includes/class-custom-background.php HTTP/2" 403 1242 "-" "Mozilla/5.0 AppleWebKit/537.36 (KHTML, like Gecko; compatible; ClaudeBot/1.0; +claudebot@anthropic.com)"
18.227.72.114 - - [09/May/2025:17:03:57 -0400] "GET /wp-admin/includes/class-automatic-upgrader-skin.php HTTP/2" 403 1242 "-" "Mozilla/5.0 AppleWebKit/537.36 (KHTML, like Gecko; compatible; ClaudeBot/1.0; +claudebot@anthropic.com)"
18.227.72.114 - - [09/May/2025:17:03:57 -0400] "GET /wp-includes/js/wp-list-revisions.min.js HTTP/2" 403 1242 "-" "Mozilla/5.0 AppleWebKit/537.36 (KHTML, like Gecko; compatible; ClaudeBot/1.0; +claudebot@anthropic.com)"
66.249.64.103 - - [09/May/2025:17:04:07 -0400] "GET /?safe_search/config?return_url=%2Fproduct%2Fdetail%2F73520228 HTTP/1.1" 200 82120 "-" "Mozilla/5.0 (Linux; Android 6.0.1; Nexus 5X Build/MMB29P) AppleWebKit/537.36 (KHTML, like Gecko) Chrome/136.0.7103.59 Mobile Safari/537.36 (compatible; Googlebot/2.1; +http://www.google.com/bot.html)"
3.145.180.66 - - [09/May/2025:17:04:57 -0400] "GET /wp-includes/js/admin-bar.js HTTP/2" 403 1242 "-" "Mozilla/5.0 AppleWebKit/537.36 (KHTML, like Gecko; compatible; ClaudeBot/1.0; +claudebot@anthropic.com)"
3.145.180.66 - - [09/May/2025:17:04:57 -0400] "GET /wp-includes/js/wplink.min.js HTTP/2" 403 1242 "-" "Mozilla/5.0 AppleWebKit/537.36 (KHTML, like Gecko; compatible; ClaudeBot/1.0; +claudebot@anthropic.com)"
3.145.180.66 - - [09/May/2025:17:04:58 -0400] "GET /wp-admin/js/user-profile.js HTTP/2" 200 4508 "-" "Mozilla/5.0 AppleWebKit/537.36 (KHTML, like Gecko; compatible; ClaudeBot/1.0; +claudebot@anthropic.com)"
