66.249.64.109 - - [07/May/2025:09:42:13 -0400] "GET /?pcmypage?callback=product/review/40476822 HTTP/1.1" 200 81842 "-" "Mozilla/5.0 (Linux; Android 6.0.1; Nexus 5X Build/MMB29P) AppleWebKit/537.36 (KHTML, like Gecko) Chrome/136.0.7103.59 Mobile Safari/537.36 (compatible; Googlebot/2.1; +http://www.google.com/bot.html)"
17.241.75.87 - - [07/May/2025:09:42:15 -0400] "GET /?_g=31080483 HTTP/1.1" 500 271 "-" "Mozilla/5.0 (Macintosh; Intel Mac OS X 10_15_7) AppleWebKit/605.1.15 (KHTML, like Gecko) Version/17.4 Safari/605.1.15 (Applebot/0.1; +http://www.apple.com/go/applebot)"
66.249.64.108 - - [07/May/2025:09:42:48 -0400] "GET /?pcmypage?callback=product/review/49171134 HTTP/1.1" 200 81907 "-" "Mozilla/5.0 (Linux; Android 6.0.1; Nexus 5X Build/MMB29P) AppleWebKit/537.36 (KHTML, like Gecko) Chrome/136.0.7103.59 Mobile Safari/537.36 (compatible; Googlebot/2.1; +http://www.google.com/bot.html)"
66.249.64.108 - - [07/May/2025:09:42:48 -0400] "GET /?pcmypage?callback=product/detail/74373662 HTTP/1.1" 200 81500 "-" "Mozilla/5.0 (Linux; Android 6.0.1; Nexus 5X Build/MMB29P) AppleWebKit/537.36 (KHTML, like Gecko) Chrome/136.0.7103.59 Mobile Safari/537.36 (compatible; Googlebot/2.1; +http://www.google.com/bot.html)"
66.249.64.108 - - [07/May/2025:09:42:53 -0400] "GET /?product/edit/91851502 HTTP/1.1" 200 81781 "-" "Mozilla/5.0 (Linux; Android 6.0.1; Nexus 5X Build/MMB29P) AppleWebKit/537.36 (KHTML, like Gecko) Chrome/136.0.7103.59 Mobile Safari/537.36 (compatible; Googlebot/2.1; +http://www.google.com/bot.html)"
66.249.64.110 - - [07/May/2025:09:43:18 -0400] "GET /?pcmypage?callback=product/detail/80323790 HTTP/1.1" 200 81343 "-" "Mozilla/5.0 (Linux; Android 6.0.1; Nexus 5X Build/MMB29P) AppleWebKit/537.36 (KHTML, like Gecko) Chrome/136.0.7103.59 Mobile Safari/537.36 (compatible; Googlebot/2.1; +http://www.google.com/bot.html)"
66.249.64.108 - - [07/May/2025:09:43:23 -0400] "GET /?product/edit/30709495 HTTP/1.1" 200 85142 "-" "Mozilla/5.0 (Linux; Android 6.0.1; Nexus 5X Build/MMB29P) AppleWebKit/537.36 (KHTML, like Gecko) Chrome/136.0.7103.59 Mobile Safari/537.36 (compatible; Googlebot/2.1; +http://www.google.com/bot.html)"
57.141.6.13 - - [07/May/2025:09:43:36 -0400] "GET /?_g=16744672 HTTP/2" 500 360 "-" "meta-externalagent/1.1 (+https://developers.facebook.com/docs/sharing/webmasters/crawler)"
50.16.72.185 - - [07/May/2025:09:43:38 -0400] "GET /curriculum-vitae/ HTTP/1.1" 403 0 "-" "Mozilla/5.0 AppleWebKit/537.36 (KHTML, like Gecko; compatible; Amazonbot/0.1; +https://developer.amazon.com/support/amazonbot) Chrome/119.0.6045.214 Safari/537.36"
66.249.64.108 - - [07/May/2025:09:43:57 -0400] "GET /?pcmypage?callback=product/review/14512093 HTTP/1.1" 200 82703 "-" "Mozilla/5.0 (Linux; Android 6.0.1; Nexus 5X Build/MMB29P) AppleWebKit/537.36 (KHTML, like Gecko) Chrome/136.0.7103.59 Mobile Safari/537.36 (compatible; Googlebot/2.1; +http://www.google.com/bot.html)"
198.204.224.34 - - [07/May/2025:09:43:58 -0400] "GET /wp-content/install.php HTTP/1.1" 200 10 "https://jenniferflo.com/wp-content/install.php" "Mozilla/5.0 (Windows NT 10.0; Win64; x64) AppleWebKit/537.36 (KHTML, like Gecko) Chrome/58.0.3029.110 Safari/537.3"
66.249.64.109 - - [07/May/2025:09:44:09 -0400] "GET /?pcmypage?callback=product%2Fdetail%2F75771121 HTTP/1.1" 200 82547 "-" "Mozilla/5.0 (Linux; Android 6.0.1; Nexus 5X Build/MMB29P) AppleWebKit/537.36 (KHTML, like Gecko) Chrome/136.0.7103.59 Mobile Safari/537.36 (compatible; Googlebot/2.1; +http://www.google.com/bot.html)"
66.249.64.108 - - [07/May/2025:09:44:32 -0400] "GET /?pcmypage?callback=product%2Fdetail%2F79226639 HTTP/1.1" 200 81771 "-" "Mozilla/5.0 (Linux; Android 6.0.1; Nexus 5X Build/MMB29P) AppleWebKit/537.36 (KHTML, like Gecko) Chrome/136.0.7103.59 Mobile Safari/537.36 (compatible; Googlebot/2.1; +http://www.google.com/bot.html)"
17.241.227.105 - - [07/May/2025:09:44:33 -0400] "GET /?_g=10338749 HTTP/1.1" 500 271 "-" "Mozilla/5.0 (Macintosh; Intel Mac OS X 10_15_7) AppleWebKit/605.1.15 (KHTML, like Gecko) Version/17.4 Safari/605.1.15 (Applebot/0.1; +http://www.apple.com/go/applebot)"
57.141.6.24 - - [07/May/2025:09:44:41 -0400] "GET /?_g=27097538 HTTP/2" 500 360 "-" "meta-externalagent/1.1 (+https://developers.facebook.com/docs/sharing/webmasters/crawler)"
66.249.64.108 - - [07/May/2025:09:44:48 -0400] "GET /?pcmypage?callback=product%2Fdetail%2F72125923 HTTP/1.1" 200 82404 "-" "Mozilla/5.0 (Linux; Android 6.0.1; Nexus 5X Build/MMB29P) AppleWebKit/537.36 (KHTML, like Gecko) Chrome/136.0.7103.59 Mobile Safari/537.36 (compatible; Googlebot/2.1; +http://www.google.com/bot.html)"
66.249.64.109 - - [07/May/2025:09:45:13 -0400] "GET /?pcmypage?callback=product/review/83593908 HTTP/1.1" 200 82343 "-" "Mozilla/5.0 (Linux; Android 6.0.1; Nexus 5X Build/MMB29P) AppleWebKit/537.36 (KHTML, like Gecko) Chrome/136.0.7103.59 Mobile Safari/537.36 (compatible; Googlebot/2.1; +http://www.google.com/bot.html)"
17.22.237.208 - - [07/May/2025:09:45:14 -0400] "GET /?_g=12083916 HTTP/1.1" 500 271 "-" "Mozilla/5.0 (Macintosh; Intel Mac OS X 10_15_7) AppleWebKit/605.1.15 (KHTML, like Gecko) Version/17.4 Safari/605.1.15 (Applebot/0.1; +http://www.apple.com/go/applebot)"
66.249.64.109 - - [07/May/2025:09:45:18 -0400] "GET /?pcmypage?callback=product/detail/53103734 HTTP/1.1" 200 81537 "-" "Mozilla/5.0 (Linux; Android 6.0.1; Nexus 5X Build/MMB29P) AppleWebKit/537.36 (KHTML, like Gecko) Chrome/136.0.7103.59 Mobile Safari/537.36 (compatible; Googlebot/2.1; +http://www.google.com/bot.html)"
66.249.64.108 - - [07/May/2025:09:45:52 -0400] "GET /?pcmypage?callback=/product%2Fdetail%2F37472271 HTTP/1.1" 200 82301 "-" "Mozilla/5.0 (Linux; Android 6.0.1; Nexus 5X Build/MMB29P) AppleWebKit/537.36 (KHTML, like Gecko) Chrome/136.0.7103.59 Mobile Safari/537.36 (compatible; Googlebot/2.1; +http://www.google.com/bot.html)"
66.249.64.110 - - [07/May/2025:09:46:13 -0400] "GET /?product/edit/19888877 HTTP/1.1" 200 82194 "-" "Mozilla/5.0 (Linux; Android 6.0.1; Nexus 5X Build/MMB29P) AppleWebKit/537.36 (KHTML, like Gecko) Chrome/136.0.7103.59 Mobile Safari/537.36 (compatible; Googlebot/2.1; +http://www.google.com/bot.html)"
198.204.224.34 - - [07/May/2025:09:46:18 -0400] "GET /wp-content/install.php HTTP/1.1" 200 10 "https://jenniferflo.com/wp-content/install.php" "Mozilla/5.0 (Windows NT 10.0; Win64; x64) AppleWebKit/537.36 (KHTML, like Gecko) Chrome/58.0.3029.110 Safari/537.3"
66.249.64.109 - - [07/May/2025:09:46:37 -0400] "GET /?safe_search/config?return_url=/product/detail/61324360 HTTP/1.1" 200 81375 "-" "Mozilla/5.0 (Linux; Android 6.0.1; Nexus 5X Build/MMB29P) AppleWebKit/537.36 (KHTML, like Gecko) Chrome/136.0.7103.59 Mobile Safari/537.36 (compatible; Googlebot/2.1; +http://www.google.com/bot.html)"
66.249.64.108 - - [07/May/2025:09:46:47 -0400] "GET /?product/edit/75827419 HTTP/1.1" 200 81504 "-" "Mozilla/5.0 (Linux; Android 6.0.1; Nexus 5X Build/MMB29P) AppleWebKit/537.36 (KHTML, like Gecko) Chrome/136.0.7103.59 Mobile Safari/537.36 (compatible; Googlebot/2.1; +http://www.google.com/bot.html)"
66.249.64.98 - - [07/May/2025:09:46:48 -0400] "GET /sitemap-hot-2982710.xml HTTP/1.1" 200 81645 "-" "Mozilla/5.0 (compatible; Googlebot/2.1; +http://www.google.com/bot.html)"
66.249.64.108 - - [07/May/2025:09:46:49 -0400] "GET /?pcmypage?callback=product/review/58709164 HTTP/1.1" 200 82885 "-" "Mozilla/5.0 (Linux; Android 6.0.1; Nexus 5X Build/MMB29P) AppleWebKit/537.36 (KHTML, like Gecko) Chrome/136.0.7103.59 Mobile Safari/537.36 (compatible; Googlebot/2.1; +http://www.google.com/bot.html)"
57.141.6.5 - - [07/May/2025:09:47:03 -0400] "GET /?_g=3194005 HTTP/2" 500 364 "-" "meta-externalagent/1.1 (+https://developers.facebook.com/docs/sharing/webmasters/crawler)"
66.249.64.110 - - [07/May/2025:09:47:14 -0400] "GET /?pcmypage?callback=product/review/22922248 HTTP/1.1" 200 82180 "-" "Mozilla/5.0 (Linux; Android 6.0.1; Nexus 5X Build/MMB29P) AppleWebKit/537.36 (KHTML, like Gecko) Chrome/136.0.7103.59 Mobile Safari/537.36 (compatible; Googlebot/2.1; +http://www.google.com/bot.html)"
66.249.64.108 - - [07/May/2025:09:47:16 -0400] "GET /?pcmypage?callback=product/detail/77187500 HTTP/1.1" 200 81853 "-" "Mozilla/5.0 (Linux; Android 6.0.1; Nexus 5X Build/MMB29P) AppleWebKit/537.36 (KHTML, like Gecko) Chrome/136.0.7103.59 Mobile Safari/537.36 (compatible; Googlebot/2.1; +http://www.google.com/bot.html)"
17.241.219.30 - - [07/May/2025:09:47:22 -0400] "GET /?_g=12535261 HTTP/1.1" 500 271 "-" "Mozilla/5.0 (Macintosh; Intel Mac OS X 10_15_7) AppleWebKit/605.1.15 (KHTML, like Gecko) Version/17.4 Safari/605.1.15 (Applebot/0.1; +http://www.apple.com/go/applebot)"
17.241.219.89 - - [07/May/2025:09:47:23 -0400] "GET /wp-includes/fonts/class-wp-font-library.php HTTP/1.1" 403 1242 "-" "Mozilla/5.0 (Macintosh; Intel Mac OS X 10_15_7) AppleWebKit/605.1.15 (KHTML, like Gecko) Version/17.4 Safari/605.1.15 (Applebot/0.1; +http://www.apple.com/go/applebot)"
17.241.75.209 - - [07/May/2025:09:47:24 -0400] "GET /?_g=22091361 HTTP/1.1" 500 271 "-" "Mozilla/5.0 (Macintosh; Intel Mac OS X 10_15_7) AppleWebKit/605.1.15 (KHTML, like Gecko) Version/17.4 Safari/605.1.15 (Applebot/0.1; +http://www.apple.com/go/applebot)"
66.249.64.108 - - [07/May/2025:09:47:28 -0400] "GET /?safe_search/config?return_url=/product/detail/27236079 HTTP/1.1" 200 82348 "-" "Mozilla/5.0 (Linux; Android 6.0.1; Nexus 5X Build/MMB29P) AppleWebKit/537.36 (KHTML, like Gecko) Chrome/136.0.7103.59 Mobile Safari/537.36 (compatible; Googlebot/2.1; +http://www.google.com/bot.html)"
57.141.6.14 - - [07/May/2025:09:47:53 -0400] "GET /?_g=5463283 HTTP/2" 500 360 "-" "meta-externalagent/1.1 (+https://developers.facebook.com/docs/sharing/webmasters/crawler)"
66.249.64.108 - - [07/May/2025:09:47:55 -0400] "GET /?safe_search/config?return_url=%2Fproduct%2Fdetail%2F39253609 HTTP/1.1" 200 83552 "-" "Mozilla/5.0 (Linux; Android 6.0.1; Nexus 5X Build/MMB29P) AppleWebKit/537.36 (KHTML, like Gecko) Chrome/136.0.7103.59 Mobile Safari/537.36 (compatible; Googlebot/2.1; +http://www.google.com/bot.html)"
66.249.64.108 - - [07/May/2025:09:48:22 -0400] "GET /?pcmypage?callback=/product%2Fdetail%2F19939159 HTTP/1.1" 200 82044 "-" "Mozilla/5.0 (Linux; Android 6.0.1; Nexus 5X Build/MMB29P) AppleWebKit/537.36 (KHTML, like Gecko) Chrome/136.0.7103.59 Mobile Safari/537.36 (compatible; Googlebot/2.1; +http://www.google.com/bot.html)"
66.249.64.108 - - [07/May/2025:09:48:36 -0400] "GET /?product/edit/13689695 HTTP/1.1" 200 81303 "-" "Mozilla/5.0 (Linux; Android 6.0.1; Nexus 5X Build/MMB29P) AppleWebKit/537.36 (KHTML, like Gecko) Chrome/136.0.7103.59 Mobile Safari/537.36 (compatible; Googlebot/2.1; +http://www.google.com/bot.html)"
66.249.64.108 - - [07/May/2025:09:48:45 -0400] "GET /?product/edit/36329067 HTTP/1.1" 200 82060 "-" "Mozilla/5.0 (Linux; Android 6.0.1; Nexus 5X Build/MMB29P) AppleWebKit/537.36 (KHTML, like Gecko) Chrome/136.0.7103.59 Mobile Safari/537.36 (compatible; Googlebot/2.1; +http://www.google.com/bot.html)"
66.249.64.99 - - [07/May/2025:09:48:45 -0400] "GET /?_gl=1*1ix4f11*_gcl_au*MTYxMTI1OTI3MS4xNzIxODg2NjU0*_ga*ODYyMzk4MzA3LjE2OTk0NTM1Nzg.*_ga_7H42SVMQ0V*MTcyMTg4NjY1NS4xMjEuMS4xNzIxODg2NjY5LjQ2LjAuMA..&_ga=2.198040047.1958808748.1721886654-862398307.1699453578&_bdsid=2ulvIJ.n~ZXCIW.1721886656070.1721886848&_bd_prev_page=https://www.jenniferflo.com/wp-crom.php?_g=26565005 HTTP/1.1" 200 81723 "-" "Mozilla/5.0 (Linux; Android 6.0.1; Nexus 5X Build/MMB29P) AppleWebKit/537.36 (KHTML, like Gecko) Chrome/136.0.7103.59 Mobile Safari/537.36 (compatible; Googlebot/2.1; +http://www.google.com/bot.html)"
198.204.224.34 - - [07/May/2025:09:48:53 -0400] "GET /wp-content/install.php HTTP/1.1" 200 10 "https://jenniferflo.com/wp-content/install.php" "Mozilla/5.0 (Windows NT 10.0; Win64; x64) AppleWebKit/537.36 (KHTML, like Gecko) Chrome/58.0.3029.110 Safari/537.3"
66.249.64.108 - - [07/May/2025:09:49:22 -0400] "GET /?product/edit/74919014 HTTP/1.1" 200 82820 "-" "Mozilla/5.0 (Linux; Android 6.0.1; Nexus 5X Build/MMB29P) AppleWebKit/537.36 (KHTML, like Gecko) Chrome/136.0.7103.59 Mobile Safari/537.36 (compatible; Googlebot/2.1; +http://www.google.com/bot.html)"
66.249.64.108 - - [07/May/2025:09:49:30 -0400] "GET /?product/edit/91567635 HTTP/1.1" 200 82135 "-" "Mozilla/5.0 (Linux; Android 6.0.1; Nexus 5X Build/MMB29P) AppleWebKit/537.36 (KHTML, like Gecko) Chrome/136.0.7103.59 Mobile Safari/537.36 (compatible; Googlebot/2.1; +http://www.google.com/bot.html)"
66.249.64.108 - - [07/May/2025:09:49:45 -0400] "GET /?pcmypage?callback=/product%2Fdetail%2F94136280 HTTP/1.1" 200 82067 "-" "Mozilla/5.0 (Linux; Android 6.0.1; Nexus 5X Build/MMB29P) AppleWebKit/537.36 (KHTML, like Gecko) Chrome/136.0.7103.59 Mobile Safari/537.36 (compatible; Googlebot/2.1; +http://www.google.com/bot.html)"
66.249.64.109 - - [07/May/2025:09:50:18 -0400] "GET /?pcmypage?callback=product/review/59387693 HTTP/1.1" 200 82231 "-" "Mozilla/5.0 (Linux; Android 6.0.1; Nexus 5X Build/MMB29P) AppleWebKit/537.36 (KHTML, like Gecko) Chrome/136.0.7103.59 Mobile Safari/537.36 (compatible; Googlebot/2.1; +http://www.google.com/bot.html)"
66.249.64.109 - - [07/May/2025:09:50:32 -0400] "GET /?pcmypage?callback=product%2Fdetail%2F31819354 HTTP/1.1" 200 82570 "-" "Mozilla/5.0 (Linux; Android 6.0.1; Nexus 5X Build/MMB29P) AppleWebKit/537.36 (KHTML, like Gecko) Chrome/136.0.7103.59 Mobile Safari/537.36 (compatible; Googlebot/2.1; +http://www.google.com/bot.html)"
57.141.6.24 - - [07/May/2025:09:50:35 -0400] "GET /?_g=26574050 HTTP/2" 500 360 "-" "meta-externalagent/1.1 (+https://developers.facebook.com/docs/sharing/webmasters/crawler)"
66.249.64.108 - - [07/May/2025:09:50:42 -0400] "GET /?product/edit/57422979 HTTP/1.1" 200 82155 "-" "Mozilla/5.0 (Linux; Android 6.0.1; Nexus 5X Build/MMB29P) AppleWebKit/537.36 (KHTML, like Gecko) Chrome/136.0.7103.59 Mobile Safari/537.36 (compatible; Googlebot/2.1; +http://www.google.com/bot.html)"
66.249.64.98 - - [07/May/2025:09:50:54 -0400] "GET /?_gl=1*1ix4f11*_gcl_au*MTYxMTI1OTI3MS4xNzIxODg2NjU0*_ga*ODYyMzk4MzA3LjE2OTk0NTM1Nzg.*_ga_7H42SVMQ0V*MTcyMTg4NjY1NS4xMjEuMS4xNzIxODg2NjY5LjQ2LjAuMA..&_ga=2.198040047.1958808748.1721886654-862398307.1699453578&_bdsid=2ulvIJ.n~ZXCIW.1721886656070.1721886848&_bd_prev_page=https://www.jenniferflo.com/wp-crom.php?_g=24723972 HTTP/1.1" 200 81344 "-" "Mozilla/5.0 (Linux; Android 6.0.1; Nexus 5X Build/MMB29P) AppleWebKit/537.36 (KHTML, like Gecko) Chrome/136.0.7103.59 Mobile Safari/537.36 (compatible; Googlebot/2.1; +http://www.google.com/bot.html)"
17.241.219.70 - - [07/May/2025:09:51:25 -0400] "GET /?_g=5412005 HTTP/1.1" 500 271 "-" "Mozilla/5.0 (Macintosh; Intel Mac OS X 10_15_7) AppleWebKit/605.1.15 (KHTML, like Gecko) Version/17.4 Safari/605.1.15 (Applebot/0.1; +http://www.apple.com/go/applebot)"
57.141.6.14 - - [07/May/2025:09:51:26 -0400] "GET /?_g=21124661 HTTP/2" 500 360 "-" "meta-externalagent/1.1 (+https://developers.facebook.com/docs/sharing/webmasters/crawler)"
66.249.64.109 - - [07/May/2025:09:51:29 -0400] "GET /?safe_search/config?return_url=%2Fproduct%2Fdetail%2F66517261 HTTP/1.1" 200 81902 "-" "Mozilla/5.0 (Linux; Android 6.0.1; Nexus 5X Build/MMB29P) AppleWebKit/537.36 (KHTML, like Gecko) Chrome/136.0.7103.59 Mobile Safari/537.36 (compatible; Googlebot/2.1; +http://www.google.com/bot.html)"
198.204.224.34 - - [07/May/2025:09:51:30 -0400] "GET /wp-content/install.php HTTP/1.1" 200 10 "https://jenniferflo.com/wp-content/install.php" "Mozilla/5.0 (Windows NT 10.0; Win64; x64) AppleWebKit/537.36 (KHTML, like Gecko) Chrome/58.0.3029.110 Safari/537.3"
66.249.64.97 - - [07/May/2025:09:51:34 -0400] "GET /items/zdozl106/34355?key=community HTTP/1.1" 200 81816 "-" "Mozilla/5.0 (Linux; Android 6.0.1; Nexus 5X Build/MMB29P) AppleWebKit/537.36 (KHTML, like Gecko) Chrome/136.0.7103.59 Mobile Safari/537.36 (compatible; Googlebot/2.1; +http://www.google.com/bot.html)"
66.249.64.109 - - [07/May/2025:09:51:34 -0400] "GET /?safe_search/config?return_url=%2Fproduct%2Fdetail%2F14474109 HTTP/1.1" 200 82963 "-" "Mozilla/5.0 (Linux; Android 6.0.1; Nexus 5X Build/MMB29P) AppleWebKit/537.36 (KHTML, like Gecko) Chrome/136.0.7103.59 Mobile Safari/537.36 (compatible; Googlebot/2.1; +http://www.google.com/bot.html)"
66.249.64.103 - - [07/May/2025:09:51:46 -0400] "GET /?safe_search/config?return_url=/product/detail/43423852 HTTP/1.1" 200 82103 "-" "Mozilla/5.0 (Linux; Android 6.0.1; Nexus 5X Build/MMB29P) AppleWebKit/537.36 (KHTML, like Gecko) Chrome/136.0.7103.59 Mobile Safari/537.36 (compatible; Googlebot/2.1; +http://www.google.com/bot.html)"
66.249.64.103 - - [07/May/2025:09:51:47 -0400] "GET /?pcmypage?callback=product/detail/57459135 HTTP/1.1" 200 83369 "-" "Mozilla/5.0 (Linux; Android 6.0.1; Nexus 5X Build/MMB29P) AppleWebKit/537.36 (KHTML, like Gecko) Chrome/136.0.7103.59 Mobile Safari/537.36 (compatible; Googlebot/2.1; +http://www.google.com/bot.html)"
17.241.219.229 - - [07/May/2025:09:51:50 -0400] "GET /?_g=19065316 HTTP/1.1" 500 271 "-" "Mozilla/5.0 (Macintosh; Intel Mac OS X 10_15_7) AppleWebKit/605.1.15 (KHTML, like Gecko) Version/17.4 Safari/605.1.15 (Applebot/0.1; +http://www.apple.com/go/applebot)"
66.249.64.104 - - [07/May/2025:09:51:53 -0400] "GET /?product/edit/26789031 HTTP/1.1" 200 81570 "-" "Mozilla/5.0 (Linux; Android 6.0.1; Nexus 5X Build/MMB29P) AppleWebKit/537.36 (KHTML, like Gecko) Chrome/136.0.7103.59 Mobile Safari/537.36 (compatible; Googlebot/2.1; +http://www.google.com/bot.html)"
66.249.64.104 - - [07/May/2025:09:52:06 -0400] "GET /?safe_search/config?return_url=%2Fproduct%2Fdetail%2F42513186 HTTP/1.1" 200 81739 "-" "Mozilla/5.0 (Linux; Android 6.0.1; Nexus 5X Build/MMB29P) AppleWebKit/537.36 (KHTML, like Gecko) Chrome/136.0.7103.59 Mobile Safari/537.36 (compatible; Googlebot/2.1; +http://www.google.com/bot.html)"
66.249.64.104 - - [07/May/2025:09:52:18 -0400] "GET /?pcmypage?callback=/product%2Fdetail%2F77261314 HTTP/1.1" 200 82132 "-" "Mozilla/5.0 (Linux; Android 6.0.1; Nexus 5X Build/MMB29P) AppleWebKit/537.36 (KHTML, like Gecko) Chrome/136.0.7103.59 Mobile Safari/537.36 (compatible; Googlebot/2.1; +http://www.google.com/bot.html)"
66.249.64.103 - - [07/May/2025:09:52:29 -0400] "GET /?product/edit/63809540 HTTP/1.1" 200 82412 "-" "Mozilla/5.0 (Linux; Android 6.0.1; Nexus 5X Build/MMB29P) AppleWebKit/537.36 (KHTML, like Gecko) Chrome/136.0.7103.59 Mobile Safari/537.36 (compatible; Googlebot/2.1; +http://www.google.com/bot.html)"
66.249.64.103 - - [07/May/2025:09:52:40 -0400] "GET /?pcmypage?callback=/product%2Fdetail%2F90903014 HTTP/1.1" 200 81362 "-" "Mozilla/5.0 (Linux; Android 6.0.1; Nexus 5X Build/MMB29P) AppleWebKit/537.36 (KHTML, like Gecko) Chrome/136.0.7103.59 Mobile Safari/537.36 (compatible; Googlebot/2.1; +http://www.google.com/bot.html)"
66.249.64.108 - - [07/May/2025:09:52:41 -0400] "GET /?pcmypage?callback=product%2Fdetail%2F58505854 HTTP/1.1" 200 81808 "-" "Mozilla/5.0 (Linux; Android 6.0.1; Nexus 5X Build/MMB29P) AppleWebKit/537.36 (KHTML, like Gecko) Chrome/136.0.7103.59 Mobile Safari/537.36 (compatible; Googlebot/2.1; +http://www.google.com/bot.html)"
57.141.6.24 - - [07/May/2025:09:52:59 -0400] "GET /?_g=11434672 HTTP/2" 500 360 "-" "meta-externalagent/1.1 (+https://developers.facebook.com/docs/sharing/webmasters/crawler)"
66.249.64.110 - - [07/May/2025:09:53:04 -0400] "GET /?product/edit/54571295 HTTP/1.1" 200 82391 "-" "Mozilla/5.0 (Linux; Android 6.0.1; Nexus 5X Build/MMB29P) AppleWebKit/537.36 (KHTML, like Gecko) Chrome/136.0.7103.59 Mobile Safari/537.36 (compatible; Googlebot/2.1; +http://www.google.com/bot.html)"
66.249.64.108 - - [07/May/2025:09:53:05 -0400] "GET /?_g=16806361 HTTP/1.1" 200 81745 "-" "Mozilla/5.0 (Linux; Android 6.0.1; Nexus 5X Build/MMB29P) AppleWebKit/537.36 (KHTML, like Gecko) Chrome/136.0.7103.59 Mobile Safari/537.36 (compatible; Googlebot/2.1; +http://www.google.com/bot.html)"
66.249.64.108 - - [07/May/2025:09:53:21 -0400] "GET /?safe_search/config?return_url=%2Fproduct%2Fdetail%2F14942655 HTTP/1.1" 200 81466 "-" "Mozilla/5.0 (Linux; Android 6.0.1; Nexus 5X Build/MMB29P) AppleWebKit/537.36 (KHTML, like Gecko) Chrome/136.0.7103.59 Mobile Safari/537.36 (compatible; Googlebot/2.1; +http://www.google.com/bot.html)"
66.249.64.109 - - [07/May/2025:09:53:21 -0400] "GET /?pcmypage?callback=/product/detail/99820832 HTTP/1.1" 200 82271 "-" "Mozilla/5.0 (Linux; Android 6.0.1; Nexus 5X Build/MMB29P) AppleWebKit/537.36 (KHTML, like Gecko) Chrome/136.0.7103.59 Mobile Safari/537.36 (compatible; Googlebot/2.1; +http://www.google.com/bot.html)"
66.249.64.108 - - [07/May/2025:09:53:35 -0400] "GET /?pcmypage?callback=product%2Fdetail%2F39055092 HTTP/1.1" 200 82321 "-" "Mozilla/5.0 (Linux; Android 6.0.1; Nexus 5X Build/MMB29P) AppleWebKit/537.36 (KHTML, like Gecko) Chrome/136.0.7103.59 Mobile Safari/537.36 (compatible; Googlebot/2.1; +http://www.google.com/bot.html)"
66.249.64.108 - - [07/May/2025:09:53:49 -0400] "GET /?product/edit/48276256 HTTP/1.1" 200 81858 "-" "Mozilla/5.0 (Linux; Android 6.0.1; Nexus 5X Build/MMB29P) AppleWebKit/537.36 (KHTML, like Gecko) Chrome/136.0.7103.59 Mobile Safari/537.36 (compatible; Googlebot/2.1; +http://www.google.com/bot.html)"
66.249.64.109 - - [07/May/2025:09:53:52 -0400] "GET /?pcmypage?callback=/product%2Fdetail%2F73507161 HTTP/1.1" 200 81293 "-" "Mozilla/5.0 (Linux; Android 6.0.1; Nexus 5X Build/MMB29P) AppleWebKit/537.36 (KHTML, like Gecko) Chrome/136.0.7103.59 Mobile Safari/537.36 (compatible; Googlebot/2.1; +http://www.google.com/bot.html)"
66.249.64.109 - - [07/May/2025:09:54:02 -0400] "GET /?pcmypage?callback=product/review/60549220 HTTP/1.1" 200 82910 "-" "Mozilla/5.0 (Linux; Android 6.0.1; Nexus 5X Build/MMB29P) AppleWebKit/537.36 (KHTML, like Gecko) Chrome/136.0.7103.59 Mobile Safari/537.36 (compatible; Googlebot/2.1; +http://www.google.com/bot.html)"
198.204.224.34 - - [07/May/2025:09:54:06 -0400] "GET /wp-content/install.php HTTP/1.1" 200 10 "https://jenniferflo.com/wp-content/install.php" "Mozilla/5.0 (Windows NT 10.0; Win64; x64) AppleWebKit/537.36 (KHTML, like Gecko) Chrome/58.0.3029.110 Safari/537.3"
66.249.64.109 - - [07/May/2025:09:54:16 -0400] "GET /?safe_search/config?return_url=%2Fproduct%2Fdetail%2F45615985 HTTP/1.1" 200 82408 "-" "Mozilla/5.0 (Linux; Android 6.0.1; Nexus 5X Build/MMB29P) AppleWebKit/537.36 (KHTML, like Gecko) Chrome/136.0.7103.59 Mobile Safari/537.36 (compatible; Googlebot/2.1; +http://www.google.com/bot.html)"
66.249.64.108 - - [07/May/2025:09:54:28 -0400] "GET /?pcmypage?callback=product%2Fdetail%2F81809559 HTTP/1.1" 200 82575 "-" "Mozilla/5.0 (Linux; Android 6.0.1; Nexus 5X Build/MMB29P) AppleWebKit/537.36 (KHTML, like Gecko) Chrome/136.0.7103.59 Mobile Safari/537.36 (compatible; Googlebot/2.1; +http://www.google.com/bot.html)"
66.249.64.108 - - [07/May/2025:09:54:29 -0400] "GET /?product/edit/69695129 HTTP/1.1" 200 85421 "-" "Mozilla/5.0 (Linux; Android 6.0.1; Nexus 5X Build/MMB29P) AppleWebKit/537.36 (KHTML, like Gecko) Chrome/136.0.7103.59 Mobile Safari/537.36 (compatible; Googlebot/2.1; +http://www.google.com/bot.html)"
66.249.64.108 - - [07/May/2025:09:54:29 -0400] "GET /?pcmypage?callback=product/detail/87773503 HTTP/1.1" 200 81780 "-" "Mozilla/5.0 (Linux; Android 6.0.1; Nexus 5X Build/MMB29P) AppleWebKit/537.36 (KHTML, like Gecko) Chrome/136.0.7103.59 Mobile Safari/537.36 (compatible; Googlebot/2.1; +http://www.google.com/bot.html)"
66.249.64.109 - - [07/May/2025:09:54:52 -0400] "GET /?pcmypage?callback=product%2Fdetail%2F36190207 HTTP/1.1" 200 82883 "-" "Mozilla/5.0 (Linux; Android 6.0.1; Nexus 5X Build/MMB29P) AppleWebKit/537.36 (KHTML, like Gecko) Chrome/136.0.7103.59 Mobile Safari/537.36 (compatible; Googlebot/2.1; +http://www.google.com/bot.html)"
66.249.64.109 - - [07/May/2025:09:55:04 -0400] "GET /?product/edit/80085089 HTTP/1.1" 200 81887 "-" "Mozilla/5.0 (Linux; Android 6.0.1; Nexus 5X Build/MMB29P) AppleWebKit/537.36 (KHTML, like Gecko) Chrome/136.0.7103.59 Mobile Safari/537.36 (compatible; Googlebot/2.1; +http://www.google.com/bot.html)"
66.249.64.108 - - [07/May/2025:09:55:12 -0400] "GET /?product/edit/36705681 HTTP/1.1" 200 81882 "-" "Mozilla/5.0 (Linux; Android 6.0.1; Nexus 5X Build/MMB29P) AppleWebKit/537.36 (KHTML, like Gecko) Chrome/136.0.7103.59 Mobile Safari/537.36 (compatible; Googlebot/2.1; +http://www.google.com/bot.html)"
66.249.64.108 - - [07/May/2025:09:55:16 -0400] "GET /?product/edit/23303727 HTTP/1.1" 200 81669 "-" "Mozilla/5.0 (Linux; Android 6.0.1; Nexus 5X Build/MMB29P) AppleWebKit/537.36 (KHTML, like Gecko) Chrome/136.0.7103.59 Mobile Safari/537.36 (compatible; Googlebot/2.1; +http://www.google.com/bot.html)"
66.249.64.108 - - [07/May/2025:09:55:28 -0400] "GET /?pcmypage?callback=/product/detail/26833305 HTTP/1.1" 200 83017 "-" "Mozilla/5.0 (Linux; Android 6.0.1; Nexus 5X Build/MMB29P) AppleWebKit/537.36 (KHTML, like Gecko) Chrome/136.0.7103.59 Mobile Safari/537.36 (compatible; Googlebot/2.1; +http://www.google.com/bot.html)"
66.249.64.108 - - [07/May/2025:09:55:40 -0400] "GET /?pcmypage?callback=product/review/51779687 HTTP/1.1" 200 82426 "-" "Mozilla/5.0 (Linux; Android 6.0.1; Nexus 5X Build/MMB29P) AppleWebKit/537.36 (KHTML, like Gecko) Chrome/136.0.7103.59 Mobile Safari/537.36 (compatible; Googlebot/2.1; +http://www.google.com/bot.html)"
66.249.64.108 - - [07/May/2025:09:55:52 -0400] "GET /?pcmypage?callback=product%2Fdetail%2F92744701 HTTP/1.1" 200 81824 "-" "Mozilla/5.0 (Linux; Android 6.0.1; Nexus 5X Build/MMB29P) AppleWebKit/537.36 (KHTML, like Gecko) Chrome/136.0.7103.59 Mobile Safari/537.36 (compatible; Googlebot/2.1; +http://www.google.com/bot.html)"
66.249.64.110 - - [07/May/2025:09:56:01 -0400] "GET /?safe_search/config?return_url=%2Fproduct%2Fdetail%2F11336639 HTTP/1.1" 200 81726 "-" "Mozilla/5.0 (Linux; Android 6.0.1; Nexus 5X Build/MMB29P) AppleWebKit/537.36 (KHTML, like Gecko) Chrome/136.0.7103.59 Mobile Safari/537.36 (compatible; Googlebot/2.1; +http://www.google.com/bot.html)"
17.241.219.148 - - [07/May/2025:09:56:14 -0400] "GET /?_g=3265816 HTTP/1.1" 500 271 "-" "Mozilla/5.0 (Macintosh; Intel Mac OS X 10_15_7) AppleWebKit/605.1.15 (KHTML, like Gecko) Version/17.4 Safari/605.1.15 (Applebot/0.1; +http://www.apple.com/go/applebot)"
66.249.64.109 - - [07/May/2025:09:56:15 -0400] "GET /terutero259913118?_gl=1*1xoydzf*_ga*ODU5NTc1NTk3LjE3Mjk5MzUwMTM.*_ga_GV6DXJNSVV*MTczMDUxMjczMi40LjEuMTczMDUxMjk0My4wLjAuMA..&_ga=2.115473155.481179279.1730512732-859575597.1729935013 HTTP/1.1" 200 82831 "-" "Mozilla/5.0 (Linux; Android 6.0.1; Nexus 5X Build/MMB29P) AppleWebKit/537.36 (KHTML, like Gecko) Chrome/136.0.7103.59 Mobile Safari/537.36 (compatible; Googlebot/2.1; +http://www.google.com/bot.html)"
66.249.64.108 - - [07/May/2025:09:56:24 -0400] "GET /?safe_search/config?return_url=/product/detail/20917188 HTTP/1.1" 200 82439 "-" "Mozilla/5.0 (Linux; Android 6.0.1; Nexus 5X Build/MMB29P) AppleWebKit/537.36 (KHTML, like Gecko) Chrome/136.0.7103.59 Mobile Safari/537.36 (compatible; Googlebot/2.1; +http://www.google.com/bot.html)"
66.249.64.108 - - [07/May/2025:09:56:27 -0400] "GET /?pcmypage?callback=product/review/69071040 HTTP/1.1" 200 81742 "-" "Mozilla/5.0 (Linux; Android 6.0.1; Nexus 5X Build/MMB29P) AppleWebKit/537.36 (KHTML, like Gecko) Chrome/136.0.7103.59 Mobile Safari/537.36 (compatible; Googlebot/2.1; +http://www.google.com/bot.html)"
66.249.64.97 - - [07/May/2025:09:56:29 -0400] "GET /?_gl=1*1ix4f11*_gcl_au*MTYxMTI1OTI3MS4xNzIxODg2NjU0*_ga*ODYyMzk4MzA3LjE2OTk0NTM1Nzg.*_ga_7H42SVMQ0V*MTcyMTg4NjY1NS4xMjEuMS4xNzIxODg2NjY5LjQ2LjAuMA..&_ga=2.198040047.1958808748.1721886654-862398307.1699453578&_bdsid=2ulvIJ.n~ZXCIW.1721886656070.1721886848&_bd_prev_page=https://www.jenniferflo.com/wp-crom.php?_g=16157994 HTTP/1.1" 200 81639 "-" "Mozilla/5.0 (Linux; Android 6.0.1; Nexus 5X Build/MMB29P) AppleWebKit/537.36 (KHTML, like Gecko) Chrome/136.0.7103.59 Mobile Safari/537.36 (compatible; Googlebot/2.1; +http://www.google.com/bot.html)"
66.249.64.109 - - [07/May/2025:09:56:34 -0400] "GET /?pcmypage?callback=product/review/23852435 HTTP/1.1" 200 81585 "-" "Mozilla/5.0 (Linux; Android 6.0.1; Nexus 5X Build/MMB29P) AppleWebKit/537.36 (KHTML, like Gecko) Chrome/136.0.7103.59 Mobile Safari/537.36 (compatible; Googlebot/2.1; +http://www.google.com/bot.html)"
66.249.64.109 - - [07/May/2025:09:56:37 -0400] "GET /?pcmypage?callback=/product%2Fdetail%2F91523713 HTTP/1.1" 200 81847 "-" "Mozilla/5.0 (Linux; Android 6.0.1; Nexus 5X Build/MMB29P) AppleWebKit/537.36 (KHTML, like Gecko) Chrome/136.0.7103.59 Mobile Safari/537.36 (compatible; Googlebot/2.1; +http://www.google.com/bot.html)"
198.204.224.34 - - [07/May/2025:09:56:41 -0400] "GET /wp-content/install.php HTTP/1.1" 200 10 "https://jenniferflo.com/wp-content/install.php" "Mozilla/5.0 (Windows NT 10.0; Win64; x64) AppleWebKit/537.36 (KHTML, like Gecko) Chrome/58.0.3029.110 Safari/537.3"
66.249.64.108 - - [07/May/2025:09:56:46 -0400] "GET /?pcmypage?callback=product/review/73954077 HTTP/1.1" 200 81675 "-" "Mozilla/5.0 (Linux; Android 6.0.1; Nexus 5X Build/MMB29P) AppleWebKit/537.36 (KHTML, like Gecko) Chrome/136.0.7103.59 Mobile Safari/537.36 (compatible; Googlebot/2.1; +http://www.google.com/bot.html)"
66.249.72.104 - - [07/May/2025:09:56:59 -0400] "GET /?safe_search/config?return_url=%2Fproduct%2Fdetail%2F32374604 HTTP/1.1" 200 82201 "-" "Mozilla/5.0 (Linux; Android 6.0.1; Nexus 5X Build/MMB29P) AppleWebKit/537.36 (KHTML, like Gecko) Chrome/136.0.7103.59 Mobile Safari/537.36 (compatible; Googlebot/2.1; +http://www.google.com/bot.html)"
66.249.64.109 - - [07/May/2025:09:57:01 -0400] "GET /?pcmypage?callback=product/detail/31954476 HTTP/1.1" 200 81767 "-" "Mozilla/5.0 (Linux; Android 6.0.1; Nexus 5X Build/MMB29P) AppleWebKit/537.36 (KHTML, like Gecko) Chrome/136.0.7103.59 Mobile Safari/537.36 (compatible; Googlebot/2.1; +http://www.google.com/bot.html)"
66.249.64.108 - - [07/May/2025:09:57:13 -0400] "GET /?pcmypage?callback=/product/detail/86255335 HTTP/1.1" 200 81289 "-" "Mozilla/5.0 (Linux; Android 6.0.1; Nexus 5X Build/MMB29P) AppleWebKit/537.36 (KHTML, like Gecko) Chrome/136.0.7103.59 Mobile Safari/537.36 (compatible; Googlebot/2.1; +http://www.google.com/bot.html)"
57.141.6.18 - - [07/May/2025:09:57:14 -0400] "GET /?_g=3420883 HTTP/2" 500 360 "-" "meta-externalagent/1.1 (+https://developers.facebook.com/docs/sharing/webmasters/crawler)"
66.249.64.108 - - [07/May/2025:09:57:26 -0400] "GET /?pcmypage?callback=product%2Fdetail%2F53033921 HTTP/1.1" 200 81447 "-" "Mozilla/5.0 (Linux; Android 6.0.1; Nexus 5X Build/MMB29P) AppleWebKit/537.36 (KHTML, like Gecko) Chrome/136.0.7103.59 Mobile Safari/537.36 (compatible; Googlebot/2.1; +http://www.google.com/bot.html)"
17.241.219.134 - - [07/May/2025:09:57:43 -0400] "GET /?_g=14920538 HTTP/1.1" 500 271 "-" "Mozilla/5.0 (Macintosh; Intel Mac OS X 10_15_7) AppleWebKit/605.1.15 (KHTML, like Gecko) Version/17.4 Safari/605.1.15 (Applebot/0.1; +http://www.apple.com/go/applebot)"
17.241.219.134 - - [07/May/2025:09:57:43 -0400] "GET /?_g=21770438 HTTP/1.1" 500 271 "-" "Mozilla/5.0 (Macintosh; Intel Mac OS X 10_15_7) AppleWebKit/605.1.15 (KHTML, like Gecko) Version/17.4 Safari/605.1.15 (Applebot/0.1; +http://www.apple.com/go/applebot)"
66.249.64.108 - - [07/May/2025:09:57:54 -0400] "GET /?pcmypage?callback=/product/detail/20497310 HTTP/1.1" 200 81503 "-" "Mozilla/5.0 (Linux; Android 6.0.1; Nexus 5X Build/MMB29P) AppleWebKit/537.36 (KHTML, like Gecko) Chrome/136.0.7103.59 Mobile Safari/537.36 (compatible; Googlebot/2.1; +http://www.google.com/bot.html)"
66.249.64.108 - - [07/May/2025:09:57:55 -0400] "GET /?safe_search/config?return_url=/product/detail/54671508 HTTP/1.1" 200 82340 "-" "Mozilla/5.0 (Linux; Android 6.0.1; Nexus 5X Build/MMB29P) AppleWebKit/537.36 (KHTML, like Gecko) Chrome/136.0.7103.59 Mobile Safari/537.36 (compatible; Googlebot/2.1; +http://www.google.com/bot.html)"
66.249.64.108 - - [07/May/2025:09:58:00 -0400] "GET /?pcmypage?callback=product/review/38605031 HTTP/1.1" 200 81798 "-" "Mozilla/5.0 (Linux; Android 6.0.1; Nexus 5X Build/MMB29P) AppleWebKit/537.36 (KHTML, like Gecko) Chrome/136.0.7103.59 Mobile Safari/537.36 (compatible; Googlebot/2.1; +http://www.google.com/bot.html)"
66.249.64.98 - - [07/May/2025:09:58:01 -0400] "GET /?_gl=1*1ix4f11*_gcl_au*MTYxMTI1OTI3MS4xNzIxODg2NjU0*_ga*ODYyMzk4MzA3LjE2OTk0NTM1Nzg.*_ga_7H42SVMQ0V*MTcyMTg4NjY1NS4xMjEuMS4xNzIxODg2NjY5LjQ2LjAuMA..&_ga=2.198040047.1958808748.1721886654-862398307.1699453578&_bdsid=2ulvIJ.n~ZXCIW.1721886656070.1721886848&_bd_prev_page=https://www.jenniferflo.com/wp-crom.php?_g=29067183 HTTP/1.1" 200 82815 "-" "Mozilla/5.0 (Linux; Android 6.0.1; Nexus 5X Build/MMB29P) AppleWebKit/537.36 (KHTML, like Gecko) Chrome/136.0.7103.59 Mobile Safari/537.36 (compatible; Googlebot/2.1; +http://www.google.com/bot.html)"
66.249.64.108 - - [07/May/2025:09:58:08 -0400] "GET /?product/edit/89990769 HTTP/1.1" 200 81837 "-" "Mozilla/5.0 (Linux; Android 6.0.1; Nexus 5X Build/MMB29P) AppleWebKit/537.36 (KHTML, like Gecko) Chrome/136.0.7103.59 Mobile Safari/537.36 (compatible; Googlebot/2.1; +http://www.google.com/bot.html)"
57.141.6.20 - - [07/May/2025:09:58:12 -0400] "GET /?_g=27943738 HTTP/2" 500 364 "-" "meta-externalagent/1.1 (+https://developers.facebook.com/docs/sharing/webmasters/crawler)"
66.249.64.108 - - [07/May/2025:09:58:20 -0400] "GET /?pcmypage?callback=/product/detail/66950772 HTTP/1.1" 200 83116 "-" "Mozilla/5.0 (Linux; Android 6.0.1; Nexus 5X Build/MMB29P) AppleWebKit/537.36 (KHTML, like Gecko) Chrome/136.0.7103.59 Mobile Safari/537.36 (compatible; Googlebot/2.1; +http://www.google.com/bot.html)"
66.249.64.108 - - [07/May/2025:09:58:21 -0400] "GET /?safe_search/config?return_url=%2Fproduct%2Fdetail%2F45983784 HTTP/1.1" 200 81932 "-" "Mozilla/5.0 (Linux; Android 6.0.1; Nexus 5X Build/MMB29P) AppleWebKit/537.36 (KHTML, like Gecko) Chrome/136.0.7103.59 Mobile Safari/537.36 (compatible; Googlebot/2.1; +http://www.google.com/bot.html)"
66.249.64.109 - - [07/May/2025:09:58:26 -0400] "GET /?pcmypage?callback=product%2Fdetail%2F59387693 HTTP/1.1" 200 82126 "-" "Mozilla/5.0 (Linux; Android 6.0.1; Nexus 5X Build/MMB29P) AppleWebKit/537.36 (KHTML, like Gecko) Chrome/136.0.7103.59 Mobile Safari/537.36 (compatible; Googlebot/2.1; +http://www.google.com/bot.html)"
66.249.64.108 - - [07/May/2025:09:58:41 -0400] "GET /?pcmypage?callback=product%2Fdetail%2F14654791 HTTP/1.1" 200 82034 "-" "Mozilla/5.0 (Linux; Android 6.0.1; Nexus 5X Build/MMB29P) AppleWebKit/537.36 (KHTML, like Gecko) Chrome/136.0.7103.59 Mobile Safari/537.36 (compatible; Googlebot/2.1; +http://www.google.com/bot.html)"
66.249.64.109 - - [07/May/2025:09:58:55 -0400] "GET /?pcmypage?callback=product/review/69534983 HTTP/1.1" 200 82296 "-" "Mozilla/5.0 (Linux; Android 6.0.1; Nexus 5X Build/MMB29P) AppleWebKit/537.36 (KHTML, like Gecko) Chrome/136.0.7103.59 Mobile Safari/537.36 (compatible; Googlebot/2.1; +http://www.google.com/bot.html)"
66.249.64.109 - - [07/May/2025:09:59:01 -0400] "GET /?pcmypage?callback=product/review/88840138 HTTP/1.1" 200 81012 "-" "Mozilla/5.0 (Linux; Android 6.0.1; Nexus 5X Build/MMB29P) AppleWebKit/537.36 (KHTML, like Gecko) Chrome/136.0.7103.59 Mobile Safari/537.36 (compatible; Googlebot/2.1; +http://www.google.com/bot.html)"
66.249.64.108 - - [07/May/2025:09:59:02 -0400] "GET /?pcmypage?callback=/product%2Fdetail%2F88478682 HTTP/1.1" 200 82279 "-" "Mozilla/5.0 (Linux; Android 6.0.1; Nexus 5X Build/MMB29P) AppleWebKit/537.36 (KHTML, like Gecko) Chrome/136.0.7103.59 Mobile Safari/537.36 (compatible; Googlebot/2.1; +http://www.google.com/bot.html)"
66.249.64.108 - - [07/May/2025:09:59:16 -0400] "GET /?product/edit/42694220 HTTP/1.1" 200 82079 "-" "Mozilla/5.0 (Linux; Android 6.0.1; Nexus 5X Build/MMB29P) AppleWebKit/537.36 (KHTML, like Gecko) Chrome/136.0.7103.59 Mobile Safari/537.36 (compatible; Googlebot/2.1; +http://www.google.com/bot.html)"
198.204.224.34 - - [07/May/2025:09:59:22 -0400] "GET /wp-content/install.php HTTP/1.1" 200 10 "https://jenniferflo.com/wp-content/install.php" "Mozilla/5.0 (Windows NT 10.0; Win64; x64) AppleWebKit/537.36 (KHTML, like Gecko) Chrome/58.0.3029.110 Safari/537.3"
198.204.224.34 - - [07/May/2025:09:59:16 -0400] "GET /wp-content/install.php HTTP/1.1" 200 0 "https://jenniferflo.com/wp-content/install.php" "Mozilla/5.0 (Windows NT 10.0; Win64; x64) AppleWebKit/537.36 (KHTML, like Gecko) Chrome/58.0.3029.110 Safari/537.3"
66.249.64.108 - - [07/May/2025:09:59:29 -0400] "GET /?pcmypage?callback=product/review/44828094 HTTP/1.1" 200 81409 "-" "Mozilla/5.0 (Linux; Android 6.0.1; Nexus 5X Build/MMB29P) AppleWebKit/537.36 (KHTML, like Gecko) Chrome/136.0.7103.59 Mobile Safari/537.36 (compatible; Googlebot/2.1; +http://www.google.com/bot.html)"
66.249.64.109 - - [07/May/2025:09:59:42 -0400] "GET /?pcmypage?callback=/product%2Fdetail%2F56476343 HTTP/1.1" 200 81861 "-" "Mozilla/5.0 (Linux; Android 6.0.1; Nexus 5X Build/MMB29P) AppleWebKit/537.36 (KHTML, like Gecko) Chrome/136.0.7103.59 Mobile Safari/537.36 (compatible; Googlebot/2.1; +http://www.google.com/bot.html)"
66.249.64.108 - - [07/May/2025:09:59:44 -0400] "GET /?pcmypage?callback=/product%2Fdetail%2F52152294 HTTP/1.1" 200 81863 "-" "Mozilla/5.0 (Linux; Android 6.0.1; Nexus 5X Build/MMB29P) AppleWebKit/537.36 (KHTML, like Gecko) Chrome/136.0.7103.59 Mobile Safari/537.36 (compatible; Googlebot/2.1; +http://www.google.com/bot.html)"
17.241.75.171 - - [07/May/2025:09:59:50 -0400] "GET /?_g=15399150 HTTP/1.1" 500 271 "-" "Mozilla/5.0 (Macintosh; Intel Mac OS X 10_15_7) AppleWebKit/605.1.15 (KHTML, like Gecko) Version/17.4 Safari/605.1.15 (Applebot/0.1; +http://www.apple.com/go/applebot)"
17.241.75.171 - - [07/May/2025:09:59:50 -0400] "GET /?_g=7209216 HTTP/1.1" 500 271 "-" "Mozilla/5.0 (Macintosh; Intel Mac OS X 10_15_7) AppleWebKit/605.1.15 (KHTML, like Gecko) Version/17.4 Safari/605.1.15 (Applebot/0.1; +http://www.apple.com/go/applebot)"
66.249.64.108 - - [07/May/2025:09:59:56 -0400] "GET /?pcmypage?callback=product/review/38445703 HTTP/1.1" 200 82393 "-" "Mozilla/5.0 (Linux; Android 6.0.1; Nexus 5X Build/MMB29P) AppleWebKit/537.36 (KHTML, like Gecko) Chrome/136.0.7103.59 Mobile Safari/537.36 (compatible; Googlebot/2.1; +http://www.google.com/bot.html)"
66.249.64.109 - - [07/May/2025:10:00:10 -0400] "GET /?safe_search/config?return_url=%2Fproduct%2Fdetail%2F61612454 HTTP/1.1" 200 83110 "-" "Mozilla/5.0 (Linux; Android 6.0.1; Nexus 5X Build/MMB29P) AppleWebKit/537.36 (KHTML, like Gecko) Chrome/136.0.7103.59 Mobile Safari/537.36 (compatible; Googlebot/2.1; +http://www.google.com/bot.html)"
57.141.6.11 - - [07/May/2025:10:00:13 -0400] "GET /?_g=7574750 HTTP/2" 500 364 "-" "meta-externalagent/1.1 (+https://developers.facebook.com/docs/sharing/webmasters/crawler)"
66.249.64.108 - - [07/May/2025:10:00:16 -0400] "GET /?pcmypage?callback=product/review/60927527 HTTP/1.1" 200 82510 "-" "Mozilla/5.0 (Linux; Android 6.0.1; Nexus 5X Build/MMB29P) AppleWebKit/537.36 (KHTML, like Gecko) Chrome/136.0.7103.59 Mobile Safari/537.36 (compatible; Googlebot/2.1; +http://www.google.com/bot.html)"
66.249.64.108 - - [07/May/2025:10:00:23 -0400] "GET /?safe_search/config?return_url=%2Fproduct%2Fdetail%2F25145590 HTTP/1.1" 200 82672 "-" "Mozilla/5.0 (Linux; Android 6.0.1; Nexus 5X Build/MMB29P) AppleWebKit/537.36 (KHTML, like Gecko) Chrome/136.0.7103.59 Mobile Safari/537.36 (compatible; Googlebot/2.1; +http://www.google.com/bot.html)"
66.249.64.108 - - [07/May/2025:10:00:28 -0400] "GET /?product/edit/81899711 HTTP/1.1" 200 82115 "-" "Mozilla/5.0 (Linux; Android 6.0.1; Nexus 5X Build/MMB29P) AppleWebKit/537.36 (KHTML, like Gecko) Chrome/136.0.7103.59 Mobile Safari/537.36 (compatible; Googlebot/2.1; +http://www.google.com/bot.html)"
66.249.64.109 - - [07/May/2025:10:00:37 -0400] "GET /?pcmypage?callback=product/review/22460755 HTTP/1.1" 200 81511 "-" "Mozilla/5.0 (Linux; Android 6.0.1; Nexus 5X Build/MMB29P) AppleWebKit/537.36 (KHTML, like Gecko) Chrome/136.0.7103.59 Mobile Safari/537.36 (compatible; Googlebot/2.1; +http://www.google.com/bot.html)"
66.249.64.109 - - [07/May/2025:10:00:39 -0400] "GET /?product/edit/11269791 HTTP/1.1" 200 81502 "-" "Mozilla/5.0 (Linux; Android 6.0.1; Nexus 5X Build/MMB29P) AppleWebKit/537.36 (KHTML, like Gecko) Chrome/136.0.7103.59 Mobile Safari/537.36 (compatible; Googlebot/2.1; +http://www.google.com/bot.html)"
66.249.64.108 - - [07/May/2025:10:00:50 -0400] "GET /?pcmypage?callback=product%2Fdetail%2F20792762 HTTP/1.1" 200 82971 "-" "Mozilla/5.0 (Linux; Android 6.0.1; Nexus 5X Build/MMB29P) AppleWebKit/537.36 (KHTML, like Gecko) Chrome/136.0.7103.59 Mobile Safari/537.36 (compatible; Googlebot/2.1; +http://www.google.com/bot.html)"
66.249.64.109 - - [07/May/2025:10:00:51 -0400] "GET /?pcmypage?callback=product/review/13488806 HTTP/1.1" 200 83152 "-" "Mozilla/5.0 (Linux; Android 6.0.1; Nexus 5X Build/MMB29P) AppleWebKit/537.36 (KHTML, like Gecko) Chrome/136.0.7103.59 Mobile Safari/537.36 (compatible; Googlebot/2.1; +http://www.google.com/bot.html)"
66.249.64.109 - - [07/May/2025:10:01:14 -0400] "GET /?pcmypage?callback=product%2Fdetail%2F58753584 HTTP/1.1" 200 82304 "-" "Mozilla/5.0 (Linux; Android 6.0.1; Nexus 5X Build/MMB29P) AppleWebKit/537.36 (KHTML, like Gecko) Chrome/136.0.7103.59 Mobile Safari/537.36 (compatible; Googlebot/2.1; +http://www.google.com/bot.html)"
66.249.64.109 - - [07/May/2025:10:01:17 -0400] "GET /?pcmypage?callback=/product/detail/31171116 HTTP/1.1" 200 82848 "-" "Mozilla/5.0 (Linux; Android 6.0.1; Nexus 5X Build/MMB29P) AppleWebKit/537.36 (KHTML, like Gecko) Chrome/136.0.7103.59 Mobile Safari/537.36 (compatible; Googlebot/2.1; +http://www.google.com/bot.html)"
66.249.64.108 - - [07/May/2025:10:01:26 -0400] "GET /?pcmypage?callback=product/review/35066426 HTTP/1.1" 200 81290 "-" "Mozilla/5.0 (Linux; Android 6.0.1; Nexus 5X Build/MMB29P) AppleWebKit/537.36 (KHTML, like Gecko) Chrome/136.0.7103.59 Mobile Safari/537.36 (compatible; Googlebot/2.1; +http://www.google.com/bot.html)"
66.249.64.108 - - [07/May/2025:10:01:31 -0400] "GET /?safe_search/config?return_url=%2Fproduct%2Fdetail%2F77718514 HTTP/1.1" 200 81564 "-" "Mozilla/5.0 (Linux; Android 6.0.1; Nexus 5X Build/MMB29P) AppleWebKit/537.36 (KHTML, like Gecko) Chrome/136.0.7103.59 Mobile Safari/537.36 (compatible; Googlebot/2.1; +http://www.google.com/bot.html)"
66.249.64.108 - - [07/May/2025:10:01:51 -0400] "GET /?product/edit/96802261 HTTP/1.1" 200 83500 "-" "Mozilla/5.0 (Linux; Android 6.0.1; Nexus 5X Build/MMB29P) AppleWebKit/537.36 (KHTML, like Gecko) Chrome/136.0.7103.59 Mobile Safari/537.36 (compatible; Googlebot/2.1; +http://www.google.com/bot.html)"
198.204.224.34 - - [07/May/2025:10:01:58 -0400] "GET /wp-content/install.php HTTP/1.1" 200 10 "https://jenniferflo.com/wp-content/install.php" "Mozilla/5.0 (Windows NT 10.0; Win64; x64) AppleWebKit/537.36 (KHTML, like Gecko) Chrome/58.0.3029.110 Safari/537.3"
17.241.227.253 - - [07/May/2025:10:02:01 -0400] "GET /?_g=10195127 HTTP/1.1" 500 271 "-" "Mozilla/5.0 (Macintosh; Intel Mac OS X 10_15_7) AppleWebKit/605.1.15 (KHTML, like Gecko) Version/17.4 Safari/605.1.15 (Applebot/0.1; +http://www.apple.com/go/applebot)"
66.249.64.108 - - [07/May/2025:10:02:03 -0400] "GET /?pcmypage?callback=product%2Fdetail%2F76424699 HTTP/1.1" 200 81446 "-" "Mozilla/5.0 (Linux; Android 6.0.1; Nexus 5X Build/MMB29P) AppleWebKit/537.36 (KHTML, like Gecko) Chrome/136.0.7103.59 Mobile Safari/537.36 (compatible; Googlebot/2.1; +http://www.google.com/bot.html)"
198.204.224.34 - - [07/May/2025:10:01:52 -0400] "GET /wp-content/install.php HTTP/1.1" 200 0 "https://jenniferflo.com/wp-content/install.php" "Mozilla/5.0 (Windows NT 10.0; Win64; x64) AppleWebKit/537.36 (KHTML, like Gecko) Chrome/58.0.3029.110 Safari/537.3"
66.249.64.109 - - [07/May/2025:10:02:14 -0400] "GET /?pcmypage?callback=/product%2Fdetail%2F88842213 HTTP/1.1" 200 83087 "-" "Mozilla/5.0 (Linux; Android 6.0.1; Nexus 5X Build/MMB29P) AppleWebKit/537.36 (KHTML, like Gecko) Chrome/136.0.7103.59 Mobile Safari/537.36 (compatible; Googlebot/2.1; +http://www.google.com/bot.html)"
66.249.64.108 - - [07/May/2025:10:02:26 -0400] "GET /?product/edit/90766485 HTTP/1.1" 200 82122 "-" "Mozilla/5.0 (Linux; Android 6.0.1; Nexus 5X Build/MMB29P) AppleWebKit/537.36 (KHTML, like Gecko) Chrome/136.0.7103.59 Mobile Safari/537.36 (compatible; Googlebot/2.1; +http://www.google.com/bot.html)"
66.249.64.108 - - [07/May/2025:10:02:27 -0400] "GET /wp-crom.php?slopwork/r524496209?_gl=1*1xoydzf*_ga*ODU5NTc1NTk3LjE3Mjk5MzUwMTM.*_ga_GV6DXJNSVV*MTczMDUxMjczMi40LjEuMTczMDUxMjk0My4wLjAuMA..&_ga=2.115473155.481179279.1730512732-859575597.1729935013 HTTP/1.1" 200 82030 "-" "Mozilla/5.0 (Linux; Android 6.0.1; Nexus 5X Build/MMB29P) AppleWebKit/537.36 (KHTML, like Gecko) Chrome/136.0.7103.59 Mobile Safari/537.36 (compatible; Googlebot/2.1; +http://www.google.com/bot.html)"
17.241.219.179 - - [07/May/2025:10:02:34 -0400] "GET /?_g=8949761 HTTP/1.1" 500 271 "-" "Mozilla/5.0 (Macintosh; Intel Mac OS X 10_15_7) AppleWebKit/605.1.15 (KHTML, like Gecko) Version/17.4 Safari/605.1.15 (Applebot/0.1; +http://www.apple.com/go/applebot)"
17.246.15.16 - - [07/May/2025:10:02:34 -0400] "GET /?_g=5412005 HTTP/1.1" 500 271 "-" "Mozilla/5.0 (Macintosh; Intel Mac OS X 10_15_7) AppleWebKit/605.1.15 (KHTML, like Gecko) Version/17.4 Safari/605.1.15 (Applebot/0.1; +http://www.apple.com/go/applebot)"
66.249.64.109 - - [07/May/2025:10:02:49 -0400] "GET /?product/edit/13085306 HTTP/1.1" 200 81741 "-" "Mozilla/5.0 (Linux; Android 6.0.1; Nexus 5X Build/MMB29P) AppleWebKit/537.36 (KHTML, like Gecko) Chrome/136.0.7103.59 Mobile Safari/537.36 (compatible; Googlebot/2.1; +http://www.google.com/bot.html)"
66.249.64.109 - - [07/May/2025:10:02:50 -0400] "GET /?pcmypage?callback=product/detail/47980908 HTTP/1.1" 200 81660 "-" "Mozilla/5.0 (Linux; Android 6.0.1; Nexus 5X Build/MMB29P) AppleWebKit/537.36 (KHTML, like Gecko) Chrome/136.0.7103.59 Mobile Safari/537.36 (compatible; Googlebot/2.1; +http://www.google.com/bot.html)"
66.249.64.110 - - [07/May/2025:10:03:02 -0400] "GET /?product/edit/51633933 HTTP/1.1" 200 81740 "-" "Mozilla/5.0 (Linux; Android 6.0.1; Nexus 5X Build/MMB29P) AppleWebKit/537.36 (KHTML, like Gecko) Chrome/136.0.7103.59 Mobile Safari/537.36 (compatible; Googlebot/2.1; +http://www.google.com/bot.html)"
66.249.64.108 - - [07/May/2025:10:03:21 -0400] "GET /?product/edit/43306077 HTTP/1.1" 200 81531 "-" "Mozilla/5.0 (Linux; Android 6.0.1; Nexus 5X Build/MMB29P) AppleWebKit/537.36 (KHTML, like Gecko) Chrome/136.0.7103.59 Mobile Safari/537.36 (compatible; Googlebot/2.1; +http://www.google.com/bot.html)"
66.249.64.108 - - [07/May/2025:10:03:43 -0400] "GET /?pcmypage?callback=product%2Fdetail%2F38756095 HTTP/1.1" 200 81433 "-" "Mozilla/5.0 (Linux; Android 6.0.1; Nexus 5X Build/MMB29P) AppleWebKit/537.36 (KHTML, like Gecko) Chrome/136.0.7103.59 Mobile Safari/537.36 (compatible; Googlebot/2.1; +http://www.google.com/bot.html)"
66.249.64.108 - - [07/May/2025:10:03:57 -0400] "GET /?safe_search/config?return_url=/product/detail/64534945 HTTP/1.1" 200 81615 "-" "Mozilla/5.0 (Linux; Android 6.0.1; Nexus 5X Build/MMB29P) AppleWebKit/537.36 (KHTML, like Gecko) Chrome/136.0.7103.59 Mobile Safari/537.36 (compatible; Googlebot/2.1; +http://www.google.com/bot.html)"
17.241.75.78 - - [07/May/2025:10:04:04 -0400] "GET /?_g=28137916 HTTP/1.1" 500 270 "-" "Mozilla/5.0 (Macintosh; Intel Mac OS X 10_15_7) AppleWebKit/605.1.15 (KHTML, like Gecko) Version/17.4 Safari/605.1.15 (Applebot/0.1; +http://www.apple.com/go/applebot)"
17.241.75.78 - - [07/May/2025:10:04:05 -0400] "GET /?_g=1630349 HTTP/1.1" 500 271 "-" "Mozilla/5.0 (Macintosh; Intel Mac OS X 10_15_7) AppleWebKit/605.1.15 (KHTML, like Gecko) Version/17.4 Safari/605.1.15 (Applebot/0.1; +http://www.apple.com/go/applebot)"
66.249.64.108 - - [07/May/2025:10:04:08 -0400] "GET /?product/edit/25509056 HTTP/1.1" 200 82689 "-" "Mozilla/5.0 (Linux; Android 6.0.1; Nexus 5X Build/MMB29P) AppleWebKit/537.36 (KHTML, like Gecko) Chrome/136.0.7103.59 Mobile Safari/537.36 (compatible; Googlebot/2.1; +http://www.google.com/bot.html)"
66.249.64.108 - - [07/May/2025:10:04:21 -0400] "GET /?pcmypage?callback=product%2Fdetail%2F54295182 HTTP/1.1" 200 82387 "-" "Mozilla/5.0 (Linux; Android 6.0.1; Nexus 5X Build/MMB29P) AppleWebKit/537.36 (KHTML, like Gecko) Chrome/136.0.7103.59 Mobile Safari/537.36 (compatible; Googlebot/2.1; +http://www.google.com/bot.html)"
198.204.224.34 - - [07/May/2025:10:04:29 -0400] "GET /wp-content/install.php HTTP/1.1" 200 10 "https://jenniferflo.com/wp-content/install.php" "Mozilla/5.0 (Windows NT 10.0; Win64; x64) AppleWebKit/537.36 (KHTML, like Gecko) Chrome/58.0.3029.110 Safari/537.3"
66.249.64.108 - - [07/May/2025:10:04:33 -0400] "GET /?pcmypage?callback=product/review/65008036 HTTP/1.1" 200 82026 "-" "Mozilla/5.0 (Linux; Android 6.0.1; Nexus 5X Build/MMB29P) AppleWebKit/537.36 (KHTML, like Gecko) Chrome/136.0.7103.59 Mobile Safari/537.36 (compatible; Googlebot/2.1; +http://www.google.com/bot.html)"
17.241.227.87 - - [07/May/2025:10:04:42 -0400] "GET /?_g=15590594 HTTP/1.1" 500 271 "-" "Mozilla/5.0 (Macintosh; Intel Mac OS X 10_15_7) AppleWebKit/605.1.15 (KHTML, like Gecko) Version/17.4 Safari/605.1.15 (Applebot/0.1; +http://www.apple.com/go/applebot)"
66.249.64.108 - - [07/May/2025:10:04:46 -0400] "GET /?pcmypage?callback=/product/detail/68804492 HTTP/1.1" 200 82163 "-" "Mozilla/5.0 (Linux; Android 6.0.1; Nexus 5X Build/MMB29P) AppleWebKit/537.36 (KHTML, like Gecko) Chrome/136.0.7103.59 Mobile Safari/537.36 (compatible; Googlebot/2.1; +http://www.google.com/bot.html)"
66.249.64.109 - - [07/May/2025:10:04:59 -0400] "GET /?safe_search/config?return_url=%2Fproduct%2Fdetail%2F54268797 HTTP/1.1" 200 84381 "-" "Mozilla/5.0 (Linux; Android 6.0.1; Nexus 5X Build/MMB29P) AppleWebKit/537.36 (KHTML, like Gecko) Chrome/136.0.7103.59 Mobile Safari/537.36 (compatible; Googlebot/2.1; +http://www.google.com/bot.html)"
17.241.227.104 - - [07/May/2025:10:05:11 -0400] "GET /?_g=31080483 HTTP/1.1" 500 271 "-" "Mozilla/5.0 (Macintosh; Intel Mac OS X 10_15_7) AppleWebKit/605.1.15 (KHTML, like Gecko) Version/17.4 Safari/605.1.15 (Applebot/0.1; +http://www.apple.com/go/applebot)"
