66.249.64.103 - - [07/May/2025:20:18:41 -0400] "GET /?pcmypage?callback=/product%2Fdetail%2F54980066 HTTP/1.1" 200 82347 "-" "Mozilla/5.0 (Linux; Android 6.0.1; Nexus 5X Build/MMB29P) AppleWebKit/537.36 (KHTML, like Gecko) Chrome/136.0.7103.59 Mobile Safari/537.36 (compatible; Googlebot/2.1; +http://www.google.com/bot.html)"
66.249.64.103 - - [07/May/2025:20:18:55 -0400] "GET /?safe_search/config?return_url=%2Fproduct%2Fdetail%2F80339909 HTTP/1.1" 200 82062 "-" "Mozilla/5.0 (Linux; Android 6.0.1; Nexus 5X Build/MMB29P) AppleWebKit/537.36 (KHTML, like Gecko) Chrome/136.0.7103.59 Mobile Safari/537.36 (compatible; Googlebot/2.1; +http://www.google.com/bot.html)"
52.167.144.215 - - [07/May/2025:20:18:59 -0400] "GET /item/1173226109.shtm HTTP/2" 200 17 "-" "Mozilla/5.0 AppleWebKit/537.36 (KHTML, like Gecko; compatible; bingbot/2.0; +http://www.bing.com/bingbot.htm) Chrome/116.0.1938.76 Safari/537.36"
66.249.64.105 - - [07/May/2025:20:19:10 -0400] "GET /?_g=4103105 HTTP/1.1" 200 82081 "-" "Mozilla/5.0 (Linux; Android 6.0.1; Nexus 5X Build/MMB29P) AppleWebKit/537.36 (KHTML, like Gecko) Chrome/136.0.7103.59 Mobile Safari/537.36 (compatible; Googlebot/2.1; +http://www.google.com/bot.html)"
66.249.64.103 - - [07/May/2025:20:19:11 -0400] "GET /?pcmypage?callback=product%2Fdetail%2F66039047 HTTP/1.1" 200 81887 "-" "Mozilla/5.0 (Linux; Android 6.0.1; Nexus 5X Build/MMB29P) AppleWebKit/537.36 (KHTML, like Gecko) Chrome/136.0.7103.59 Mobile Safari/537.36 (compatible; Googlebot/2.1; +http://www.google.com/bot.html)"
66.249.64.102 - - [07/May/2025:20:19:14 -0400] "GET /?_gl=1*1ix4f11*_gcl_au*MTYxMTI1OTI3MS4xNzIxODg2NjU0*_ga*ODYyMzk4MzA3LjE2OTk0NTM1Nzg.*_ga_7H42SVMQ0V*MTcyMTg4NjY1NS4xMjEuMS4xNzIxODg2NjY5LjQ2LjAuMA..&_ga=2.198040047.1958808748.1721886654-862398307.1699453578&_bdsid=2ulvIJ.n~ZXCIW.1721886656070.1721886848&_bd_prev_page=https://www.jenniferflo.com/wp-crom.php?_g=24640216 HTTP/1.1" 200 82126 "-" "Mozilla/5.0 (Linux; Android 6.0.1; Nexus 5X Build/MMB29P) AppleWebKit/537.36 (KHTML, like Gecko) Chrome/136.0.7103.59 Mobile Safari/537.36 (compatible; Googlebot/2.1; +http://www.google.com/bot.html)"
66.249.64.103 - - [07/May/2025:20:19:16 -0400] "GET /?product/edit/29094026 HTTP/1.1" 200 81528 "-" "Mozilla/5.0 (Linux; Android 6.0.1; Nexus 5X Build/MMB29P) AppleWebKit/537.36 (KHTML, like Gecko) Chrome/136.0.7103.59 Mobile Safari/537.36 (compatible; Googlebot/2.1; +http://www.google.com/bot.html)"
66.249.64.103 - - [07/May/2025:20:19:25 -0400] "GET /?safe_search/config?return_url=%2Fproduct%2Fdetail%2F87913345 HTTP/1.1" 200 82047 "-" "Mozilla/5.0 (Linux; Android 6.0.1; Nexus 5X Build/MMB29P) AppleWebKit/537.36 (KHTML, like Gecko) Chrome/136.0.7103.59 Mobile Safari/537.36 (compatible; Googlebot/2.1; +http://www.google.com/bot.html)"
66.249.64.104 - - [07/May/2025:20:19:34 -0400] "GET /guide/kiyaku.php?_g=10357605 HTTP/1.1" 200 81875 "-" "Mozilla/5.0 (Linux; Android 6.0.1; Nexus 5X Build/MMB29P) AppleWebKit/537.36 (KHTML, like Gecko) Chrome/136.0.7103.59 Mobile Safari/537.36 (compatible; Googlebot/2.1; +http://www.google.com/bot.html)"
66.249.64.104 - - [07/May/2025:20:19:47 -0400] "GET /?pcmypage?callback=product/review/48071244 HTTP/1.1" 200 82023 "-" "Mozilla/5.0 (Linux; Android 6.0.1; Nexus 5X Build/MMB29P) AppleWebKit/537.36 (KHTML, like Gecko) Chrome/136.0.7103.59 Mobile Safari/537.36 (compatible; Googlebot/2.1; +http://www.google.com/bot.html)"
66.249.64.103 - - [07/May/2025:20:20:06 -0400] "GET /?safe_search/config?return_url=%2Fproduct%2Fdetail%2F43762504 HTTP/1.1" 200 82171 "-" "Mozilla/5.0 (Linux; Android 6.0.1; Nexus 5X Build/MMB29P) AppleWebKit/537.36 (KHTML, like Gecko) Chrome/136.0.7103.59 Mobile Safari/537.36 (compatible; Googlebot/2.1; +http://www.google.com/bot.html)"
66.249.64.104 - - [07/May/2025:20:20:07 -0400] "GET /?pcmypage?callback=product%2Fdetail%2F64761055 HTTP/1.1" 200 82626 "-" "Mozilla/5.0 (Linux; Android 6.0.1; Nexus 5X Build/MMB29P) AppleWebKit/537.36 (KHTML, like Gecko) Chrome/136.0.7103.59 Mobile Safari/537.36 (compatible; Googlebot/2.1; +http://www.google.com/bot.html)"
66.249.64.104 - - [07/May/2025:20:20:35 -0400] "GET /?safe_search/config?return_url=%2Fproduct%2Fdetail%2F49475536 HTTP/1.1" 200 82158 "-" "Mozilla/5.0 (Linux; Android 6.0.1; Nexus 5X Build/MMB29P) AppleWebKit/537.36 (KHTML, like Gecko) Chrome/136.0.7103.59 Mobile Safari/537.36 (compatible; Googlebot/2.1; +http://www.google.com/bot.html)"
66.249.64.103 - - [07/May/2025:20:20:46 -0400] "GET /guide/kiyaku.php?_g=8993949 HTTP/1.1" 200 81769 "-" "Mozilla/5.0 (Linux; Android 6.0.1; Nexus 5X Build/MMB29P) AppleWebKit/537.36 (KHTML, like Gecko) Chrome/136.0.7103.59 Mobile Safari/537.36 (compatible; Googlebot/2.1; +http://www.google.com/bot.html)"
66.249.64.103 - - [07/May/2025:20:20:48 -0400] "GET /?pcmypage?callback=product/review/27393788 HTTP/1.1" 200 82145 "-" "Mozilla/5.0 (Linux; Android 6.0.1; Nexus 5X Build/MMB29P) AppleWebKit/537.36 (KHTML, like Gecko) Chrome/136.0.7103.59 Mobile Safari/537.36 (compatible; Googlebot/2.1; +http://www.google.com/bot.html)"
66.249.64.104 - - [07/May/2025:20:20:50 -0400] "GET /?safe_search/config?return_url=%2Fproduct%2Fdetail%2F46289796 HTTP/1.1" 200 82227 "-" "Mozilla/5.0 (Linux; Android 6.0.1; Nexus 5X Build/MMB29P) AppleWebKit/537.36 (KHTML, like Gecko) Chrome/136.0.7103.59 Mobile Safari/537.36 (compatible; Googlebot/2.1; +http://www.google.com/bot.html)"
66.249.64.104 - - [07/May/2025:20:21:17 -0400] "GET /?pcmypage?callback=/product/detail/90691395 HTTP/1.1" 200 82126 "-" "Mozilla/5.0 (Linux; Android 6.0.1; Nexus 5X Build/MMB29P) AppleWebKit/537.36 (KHTML, like Gecko) Chrome/136.0.7103.59 Mobile Safari/537.36 (compatible; Googlebot/2.1; +http://www.google.com/bot.html)"
198.204.224.34 - - [07/May/2025:20:21:24 -0400] "GET /wp-content/install.php HTTP/1.1" 200 10 "https://jenniferflo.com/wp-content/install.php" "Mozilla/5.0 (Windows NT 10.0; Win64; x64) AppleWebKit/537.36 (KHTML, like Gecko) Chrome/58.0.3029.110 Safari/537.3"
198.204.224.34 - - [07/May/2025:20:21:16 -0400] "GET /wp-content/install.php HTTP/1.1" 200 0 "https://jenniferflo.com/wp-content/install.php" "Mozilla/5.0 (Windows NT 10.0; Win64; x64) AppleWebKit/537.36 (KHTML, like Gecko) Chrome/58.0.3029.110 Safari/537.3"
66.249.64.103 - - [07/May/2025:20:21:34 -0400] "GET /?pcmypage?callback=product/review/36827237 HTTP/1.1" 200 82265 "-" "Mozilla/5.0 (Linux; Android 6.0.1; Nexus 5X Build/MMB29P) AppleWebKit/537.36 (KHTML, like Gecko) Chrome/136.0.7103.59 Mobile Safari/537.36 (compatible; Googlebot/2.1; +http://www.google.com/bot.html)"
66.249.64.103 - - [07/May/2025:20:21:47 -0400] "GET /?_g=28302427 HTTP/1.1" 200 81893 "-" "Mozilla/5.0 (Linux; Android 6.0.1; Nexus 5X Build/MMB29P) AppleWebKit/537.36 (KHTML, like Gecko) Chrome/136.0.7103.59 Mobile Safari/537.36 (compatible; Googlebot/2.1; +http://www.google.com/bot.html)"
66.249.64.105 - - [07/May/2025:20:22:02 -0400] "GET /?pcmypage?callback=product%2Fdetail%2F73428563 HTTP/1.1" 200 81399 "-" "Mozilla/5.0 (Linux; Android 6.0.1; Nexus 5X Build/MMB29P) AppleWebKit/537.36 (KHTML, like Gecko) Chrome/136.0.7103.59 Mobile Safari/537.36 (compatible; Googlebot/2.1; +http://www.google.com/bot.html)"
52.167.144.173 - - [07/May/2025:20:22:08 -0400] "GET /merchandises/111773092.shtml HTTP/2" 200 17 "-" "Mozilla/5.0 AppleWebKit/537.36 (KHTML, like Gecko; compatible; bingbot/2.0; +http://www.bing.com/bingbot.htm) Chrome/116.0.1938.76 Safari/537.36"
66.249.64.103 - - [07/May/2025:20:22:11 -0400] "GET /?pcmypage?callback=product%2Fdetail%2F53234145 HTTP/1.1" 200 83012 "-" "Mozilla/5.0 (Linux; Android 6.0.1; Nexus 5X Build/MMB29P) AppleWebKit/537.36 (KHTML, like Gecko) Chrome/136.0.7103.59 Mobile Safari/537.36 (compatible; Googlebot/2.1; +http://www.google.com/bot.html)"
66.249.64.103 - - [07/May/2025:20:22:24 -0400] "GET /?safe_search/config?return_url=%2Fproduct%2Fdetail%2F52140447 HTTP/1.1" 200 81888 "-" "Mozilla/5.0 (Linux; Android 6.0.1; Nexus 5X Build/MMB29P) AppleWebKit/537.36 (KHTML, like Gecko) Chrome/136.0.7103.59 Mobile Safari/537.36 (compatible; Googlebot/2.1; +http://www.google.com/bot.html)"
66.249.64.103 - - [07/May/2025:20:22:37 -0400] "GET /?pcmypage?callback=/product%2Fdetail%2F22822269 HTTP/1.1" 200 82028 "-" "Mozilla/5.0 (Linux; Android 6.0.1; Nexus 5X Build/MMB29P) AppleWebKit/537.36 (KHTML, like Gecko) Chrome/136.0.7103.59 Mobile Safari/537.36 (compatible; Googlebot/2.1; +http://www.google.com/bot.html)"
66.249.64.104 - - [07/May/2025:20:22:46 -0400] "GET /?pcmypage?callback=product/review/74763636 HTTP/1.1" 200 82440 "-" "Mozilla/5.0 (Linux; Android 6.0.1; Nexus 5X Build/MMB29P) AppleWebKit/537.36 (KHTML, like Gecko) Chrome/136.0.7103.59 Mobile Safari/537.36 (compatible; Googlebot/2.1; +http://www.google.com/bot.html)"
66.249.64.103 - - [07/May/2025:20:22:50 -0400] "GET /?pcmypage?callback=/product%2Fdetail%2F23534251 HTTP/1.1" 200 81964 "-" "Mozilla/5.0 (Linux; Android 6.0.1; Nexus 5X Build/MMB29P) AppleWebKit/537.36 (KHTML, like Gecko) Chrome/136.0.7103.59 Mobile Safari/537.36 (compatible; Googlebot/2.1; +http://www.google.com/bot.html)"
52.167.144.173 - - [07/May/2025:20:22:59 -0400] "GET /sassanqua35694449 HTTP/2" 200 17 "-" "Mozilla/5.0 AppleWebKit/537.36 (KHTML, like Gecko; compatible; bingbot/2.0; +http://www.bing.com/bingbot.htm) Chrome/116.0.1938.76 Safari/537.36"
66.249.64.105 - - [07/May/2025:20:23:08 -0400] "GET /?pcmypage?callback=/product/detail/64888538 HTTP/1.1" 200 81741 "-" "Mozilla/5.0 (Linux; Android 6.0.1; Nexus 5X Build/MMB29P) AppleWebKit/537.36 (KHTML, like Gecko) Chrome/136.0.7103.59 Mobile Safari/537.36 (compatible; Googlebot/2.1; +http://www.google.com/bot.html)"
40.77.167.247 - - [07/May/2025:20:23:09 -0400] "GET /proliferous/goodscode/v112761787 HTTP/2" 200 17 "-" "Mozilla/5.0 AppleWebKit/537.36 (KHTML, like Gecko; compatible; bingbot/2.0; +http://www.bing.com/bingbot.htm) Chrome/116.0.1938.76 Safari/537.36"
40.77.167.247 - - [07/May/2025:20:23:11 -0400] "GET /merchandises/1152084413.shtml HTTP/2" 200 17 "-" "Mozilla/5.0 AppleWebKit/537.36 (KHTML, like Gecko; compatible; bingbot/2.0; +http://www.bing.com/bingbot.htm) Chrome/116.0.1938.76 Safari/537.36"
66.249.64.104 - - [07/May/2025:20:23:11 -0400] "GET /guide/kiyaku.php?_g=5164594 HTTP/1.1" 200 82132 "-" "Mozilla/5.0 (Linux; Android 6.0.1; Nexus 5X Build/MMB29P) AppleWebKit/537.36 (KHTML, like Gecko) Chrome/136.0.7103.59 Mobile Safari/537.36 (compatible; Googlebot/2.1; +http://www.google.com/bot.html)"
66.249.64.103 - - [07/May/2025:20:23:21 -0400] "GET /?product/edit/80603995 HTTP/1.1" 200 82501 "-" "Mozilla/5.0 (Linux; Android 6.0.1; Nexus 5X Build/MMB29P) AppleWebKit/537.36 (KHTML, like Gecko) Chrome/136.0.7103.59 Mobile Safari/537.36 (compatible; Googlebot/2.1; +http://www.google.com/bot.html)"
198.204.224.34 - - [07/May/2025:20:23:37 -0400] "GET /wp-content/install.php HTTP/1.1" 200 10 "https://jenniferflo.com/wp-content/install.php" "Mozilla/5.0 (Windows NT 10.0; Win64; x64) AppleWebKit/537.36 (KHTML, like Gecko) Chrome/58.0.3029.110 Safari/537.3"
66.249.64.103 - - [07/May/2025:20:23:35 -0400] "GET /?pcmypage?callback=/product%2Fdetail%2F11154797 HTTP/1.1" 200 82225 "-" "Mozilla/5.0 (Linux; Android 6.0.1; Nexus 5X Build/MMB29P) AppleWebKit/537.36 (KHTML, like Gecko) Chrome/136.0.7103.59 Mobile Safari/537.36 (compatible; Googlebot/2.1; +http://www.google.com/bot.html)"
66.249.64.103 - - [07/May/2025:20:23:50 -0400] "GET /?pcmypage?callback=product/detail/24235804 HTTP/1.1" 200 81610 "-" "Mozilla/5.0 (Linux; Android 6.0.1; Nexus 5X Build/MMB29P) AppleWebKit/537.36 (KHTML, like Gecko) Chrome/136.0.7103.59 Mobile Safari/537.36 (compatible; Googlebot/2.1; +http://www.google.com/bot.html)"
66.249.64.103 - - [07/May/2025:20:24:02 -0400] "GET /?pcmypage?callback=product/review/14558206 HTTP/1.1" 200 82143 "-" "Mozilla/5.0 (Linux; Android 6.0.1; Nexus 5X Build/MMB29P) AppleWebKit/537.36 (KHTML, like Gecko) Chrome/136.0.7103.59 Mobile Safari/537.36 (compatible; Googlebot/2.1; +http://www.google.com/bot.html)"
66.249.64.105 - - [07/May/2025:20:24:06 -0400] "GET /?pcmypage?callback=product/review/53942896 HTTP/1.1" 200 82836 "-" "Mozilla/5.0 (Linux; Android 6.0.1; Nexus 5X Build/MMB29P) AppleWebKit/537.36 (KHTML, like Gecko) Chrome/136.0.7103.59 Mobile Safari/537.36 (compatible; Googlebot/2.1; +http://www.google.com/bot.html)"
40.77.167.247 - - [07/May/2025:20:25:21 -0400] "GET /merchandises/1162399731.shtml HTTP/2" 200 17 "-" "Mozilla/5.0 AppleWebKit/537.36 (KHTML, like Gecko; compatible; bingbot/2.0; +http://www.bing.com/bingbot.htm) Chrome/116.0.1938.76 Safari/537.36"
66.249.64.105 - - [07/May/2025:20:25:54 -0400] "GET /?pcmypage?callback=product/review/80923125 HTTP/1.1" 200 82168 "-" "Mozilla/5.0 (Linux; Android 6.0.1; Nexus 5X Build/MMB29P) AppleWebKit/537.36 (KHTML, like Gecko) Chrome/136.0.7103.59 Mobile Safari/537.36 (compatible; Googlebot/2.1; +http://www.google.com/bot.html)"
198.204.224.34 - - [07/May/2025:20:25:57 -0400] "GET /wp-content/install.php HTTP/1.1" 200 10 "https://jenniferflo.com/wp-content/install.php" "Mozilla/5.0 (Windows NT 10.0; Win64; x64) AppleWebKit/537.36 (KHTML, like Gecko) Chrome/58.0.3029.110 Safari/537.3"
66.249.64.103 - - [07/May/2025:20:25:59 -0400] "GET /?pcmypage?callback=/product%2Fdetail%2F65067431 HTTP/1.1" 200 81701 "-" "Mozilla/5.0 (Linux; Android 6.0.1; Nexus 5X Build/MMB29P) AppleWebKit/537.36 (KHTML, like Gecko) Chrome/136.0.7103.59 Mobile Safari/537.36 (compatible; Googlebot/2.1; +http://www.google.com/bot.html)"
66.249.64.105 - - [07/May/2025:20:26:01 -0400] "GET /?product/edit/41926832 HTTP/1.1" 200 82086 "-" "Mozilla/5.0 (Linux; Android 6.0.1; Nexus 5X Build/MMB29P) AppleWebKit/537.36 (KHTML, like Gecko) Chrome/136.0.7103.59 Mobile Safari/537.36 (compatible; Googlebot/2.1; +http://www.google.com/bot.html)"
66.249.64.105 - - [07/May/2025:20:26:04 -0400] "GET /?pcmypage?callback=product/review/25700778 HTTP/1.1" 200 81961 "-" "Mozilla/5.0 (Linux; Android 6.0.1; Nexus 5X Build/MMB29P) AppleWebKit/537.36 (KHTML, like Gecko) Chrome/136.0.7103.59 Mobile Safari/537.36 (compatible; Googlebot/2.1; +http://www.google.com/bot.html)"
66.249.64.105 - - [07/May/2025:20:26:05 -0400] "GET /?product/edit/25259804 HTTP/1.1" 200 82477 "-" "Mozilla/5.0 (Linux; Android 6.0.1; Nexus 5X Build/MMB29P) AppleWebKit/537.36 (KHTML, like Gecko) Chrome/136.0.7103.59 Mobile Safari/537.36 (compatible; Googlebot/2.1; +http://www.google.com/bot.html)"
66.249.64.103 - - [07/May/2025:20:26:08 -0400] "GET /?pcmypage?callback=/product%2Fdetail%2F70642302 HTTP/1.1" 200 81998 "-" "Mozilla/5.0 (Linux; Android 6.0.1; Nexus 5X Build/MMB29P) AppleWebKit/537.36 (KHTML, like Gecko) Chrome/136.0.7103.59 Mobile Safari/537.36 (compatible; Googlebot/2.1; +http://www.google.com/bot.html)"
66.249.64.104 - - [07/May/2025:20:26:11 -0400] "GET /?safe_search/config?return_url=%2Fproduct%2Fdetail%2F16712916 HTTP/1.1" 200 81788 "-" "Mozilla/5.0 (Linux; Android 6.0.1; Nexus 5X Build/MMB29P) AppleWebKit/537.36 (KHTML, like Gecko) Chrome/136.0.7103.59 Mobile Safari/537.36 (compatible; Googlebot/2.1; +http://www.google.com/bot.html)"
66.249.64.104 - - [07/May/2025:20:26:15 -0400] "GET /?pcmypage?callback=/product/detail/11273269 HTTP/1.1" 200 82552 "-" "Mozilla/5.0 (Linux; Android 6.0.1; Nexus 5X Build/MMB29P) AppleWebKit/537.36 (KHTML, like Gecko) Chrome/136.0.7103.59 Mobile Safari/537.36 (compatible; Googlebot/2.1; +http://www.google.com/bot.html)"
66.249.64.104 - - [07/May/2025:20:26:24 -0400] "GET /?product/edit/66439107 HTTP/1.1" 200 81776 "-" "Mozilla/5.0 (Linux; Android 6.0.1; Nexus 5X Build/MMB29P) AppleWebKit/537.36 (KHTML, like Gecko) Chrome/136.0.7103.59 Mobile Safari/537.36 (compatible; Googlebot/2.1; +http://www.google.com/bot.html)"
52.167.144.163 - - [07/May/2025:20:27:33 -0400] "GET /?_g=3241027 HTTP/2" 200 17 "-" "Mozilla/5.0 AppleWebKit/537.36 (KHTML, like Gecko; compatible; bingbot/2.0; +http://www.bing.com/bingbot.htm) Chrome/116.0.1938.76 Safari/537.36"
66.249.64.105 - - [07/May/2025:20:28:13 -0400] "GET /?pcmypage?callback=product/review/46453124 HTTP/1.1" 200 82277 "-" "Mozilla/5.0 (Linux; Android 6.0.1; Nexus 5X Build/MMB29P) AppleWebKit/537.36 (KHTML, like Gecko) Chrome/136.0.7103.59 Mobile Safari/537.36 (compatible; Googlebot/2.1; +http://www.google.com/bot.html)"
66.249.64.104 - - [07/May/2025:20:28:17 -0400] "GET /?pcmypage?callback=product%2Fdetail%2F97577072 HTTP/1.1" 200 82067 "-" "Mozilla/5.0 (Linux; Android 6.0.1; Nexus 5X Build/MMB29P) AppleWebKit/537.36 (KHTML, like Gecko) Chrome/136.0.7103.59 Mobile Safari/537.36 (compatible; Googlebot/2.1; +http://www.google.com/bot.html)"
66.249.64.103 - - [07/May/2025:20:28:19 -0400] "GET /?pcmypage?callback=product/detail/13225420 HTTP/1.1" 200 81752 "-" "Mozilla/5.0 (Linux; Android 6.0.1; Nexus 5X Build/MMB29P) AppleWebKit/537.36 (KHTML, like Gecko) Chrome/136.0.7103.59 Mobile Safari/537.36 (compatible; Googlebot/2.1; +http://www.google.com/bot.html)"
57.141.6.28 - - [07/May/2025:20:28:22 -0400] "GET /?_g=26195716 HTTP/2" 500 360 "-" "meta-externalagent/1.1 (+https://developers.facebook.com/docs/sharing/webmasters/crawler)"
66.249.64.103 - - [07/May/2025:20:28:22 -0400] "GET /?pcmypage?callback=product/review/77601441 HTTP/1.1" 200 82053 "-" "Mozilla/5.0 (Linux; Android 6.0.1; Nexus 5X Build/MMB29P) AppleWebKit/537.36 (KHTML, like Gecko) Chrome/136.0.7103.59 Mobile Safari/537.36 (compatible; Googlebot/2.1; +http://www.google.com/bot.html)"
66.249.64.103 - - [07/May/2025:20:28:25 -0400] "GET /?pcmypage?callback=/product%2Fdetail%2F56946931 HTTP/1.1" 200 82071 "-" "Mozilla/5.0 (Linux; Android 6.0.1; Nexus 5X Build/MMB29P) AppleWebKit/537.36 (KHTML, like Gecko) Chrome/136.0.7103.59 Mobile Safari/537.36 (compatible; Googlebot/2.1; +http://www.google.com/bot.html)"
66.249.64.103 - - [07/May/2025:20:28:26 -0400] "GET /?pcmypage?callback=product%2Fdetail%2F29592326 HTTP/1.1" 200 81714 "-" "Mozilla/5.0 (Linux; Android 6.0.1; Nexus 5X Build/MMB29P) AppleWebKit/537.36 (KHTML, like Gecko) Chrome/136.0.7103.59 Mobile Safari/537.36 (compatible; Googlebot/2.1; +http://www.google.com/bot.html)"
66.249.64.103 - - [07/May/2025:20:28:35 -0400] "GET /?pcmypage?callback=/product%2Fdetail%2F33790770 HTTP/1.1" 200 82458 "-" "Mozilla/5.0 (Linux; Android 6.0.1; Nexus 5X Build/MMB29P) AppleWebKit/537.36 (KHTML, like Gecko) Chrome/136.0.7103.59 Mobile Safari/537.36 (compatible; Googlebot/2.1; +http://www.google.com/bot.html)"
66.249.64.103 - - [07/May/2025:20:28:37 -0400] "GET /?safe_search/config?return_url=%2Fproduct%2Fdetail%2F97329073 HTTP/1.1" 200 82613 "-" "Mozilla/5.0 (Linux; Android 6.0.1; Nexus 5X Build/MMB29P) AppleWebKit/537.36 (KHTML, like Gecko) Chrome/136.0.7103.59 Mobile Safari/537.36 (compatible; Googlebot/2.1; +http://www.google.com/bot.html)"
198.204.224.34 - - [07/May/2025:20:28:39 -0400] "GET /wp-content/install.php HTTP/1.1" 200 10 "https://jenniferflo.com/wp-content/install.php" "Mozilla/5.0 (Windows NT 10.0; Win64; x64) AppleWebKit/537.36 (KHTML, like Gecko) Chrome/58.0.3029.110 Safari/537.3"
198.204.224.34 - - [07/May/2025:20:28:33 -0400] "GET /wp-content/install.php HTTP/1.1" 200 0 "https://jenniferflo.com/wp-content/install.php" "Mozilla/5.0 (Windows NT 10.0; Win64; x64) AppleWebKit/537.36 (KHTML, like Gecko) Chrome/58.0.3029.110 Safari/537.3"
66.249.64.104 - - [07/May/2025:20:28:42 -0400] "GET /?product/edit/46288938 HTTP/1.1" 200 82945 "-" "Mozilla/5.0 (Linux; Android 6.0.1; Nexus 5X Build/MMB29P) AppleWebKit/537.36 (KHTML, like Gecko) Chrome/136.0.7103.59 Mobile Safari/537.36 (compatible; Googlebot/2.1; +http://www.google.com/bot.html)"
66.249.64.104 - - [07/May/2025:20:28:45 -0400] "GET /?product/edit/87461365 HTTP/1.1" 200 82163 "-" "Mozilla/5.0 (Linux; Android 6.0.1; Nexus 5X Build/MMB29P) AppleWebKit/537.36 (KHTML, like Gecko) Chrome/136.0.7103.59 Mobile Safari/537.36 (compatible; Googlebot/2.1; +http://www.google.com/bot.html)"
66.249.64.103 - - [07/May/2025:20:28:50 -0400] "GET /?product/edit/38413556 HTTP/1.1" 200 82635 "-" "Mozilla/5.0 (Linux; Android 6.0.1; Nexus 5X Build/MMB29P) AppleWebKit/537.36 (KHTML, like Gecko) Chrome/136.0.7103.59 Mobile Safari/537.36 (compatible; Googlebot/2.1; +http://www.google.com/bot.html)"
66.249.64.105 - - [07/May/2025:20:29:05 -0400] "GET /?pcmypage?callback=product/review/51069672 HTTP/1.1" 200 82217 "-" "Mozilla/5.0 (Linux; Android 6.0.1; Nexus 5X Build/MMB29P) AppleWebKit/537.36 (KHTML, like Gecko) Chrome/136.0.7103.59 Mobile Safari/537.36 (compatible; Googlebot/2.1; +http://www.google.com/bot.html)"
66.249.64.104 - - [07/May/2025:20:29:14 -0400] "GET /?pcmypage?callback=/product%2Fdetail%2F12377265 HTTP/1.1" 200 81939 "-" "Mozilla/5.0 (Linux; Android 6.0.1; Nexus 5X Build/MMB29P) AppleWebKit/537.36 (KHTML, like Gecko) Chrome/136.0.7103.59 Mobile Safari/537.36 (compatible; Googlebot/2.1; +http://www.google.com/bot.html)"
66.249.64.103 - - [07/May/2025:20:29:17 -0400] "GET /?pcmypage?callback=product/detail/99501886 HTTP/1.1" 200 82632 "-" "Mozilla/5.0 (Linux; Android 6.0.1; Nexus 5X Build/MMB29P) AppleWebKit/537.36 (KHTML, like Gecko) Chrome/136.0.7103.59 Mobile Safari/537.36 (compatible; Googlebot/2.1; +http://www.google.com/bot.html)"
66.249.64.103 - - [07/May/2025:20:29:27 -0400] "GET /?product/edit/26904407 HTTP/1.1" 200 81733 "-" "Mozilla/5.0 (Linux; Android 6.0.1; Nexus 5X Build/MMB29P) AppleWebKit/537.36 (KHTML, like Gecko) Chrome/136.0.7103.59 Mobile Safari/537.36 (compatible; Googlebot/2.1; +http://www.google.com/bot.html)"
66.249.64.102 - - [07/May/2025:20:29:30 -0400] "GET /items/pguna198/30245?key=content HTTP/1.1" 200 82488 "-" "Mozilla/5.0 (Linux; Android 6.0.1; Nexus 5X Build/MMB29P) AppleWebKit/537.36 (KHTML, like Gecko) Chrome/136.0.7103.59 Mobile Safari/537.36 (compatible; GoogleOther)"
198.204.226.18 - - [07/May/2025:20:30:22 -0400] "GET /wp-content/install.php?id=950515 HTTP/1.1" 200 10 "https://jenniferflo.com/wp-content/install.php?id=950515" "Mozilla/5.0 (Windows NT 10.0; Win64; x64) AppleWebKit/537.36 (KHTML, like Gecko) Chrome/58.0.3029.110 Safari/537.3"
66.249.64.103 - - [07/May/2025:20:30:43 -0400] "GET /?safe_search/config?return_url=/product/detail/53110002 HTTP/1.1" 200 83137 "-" "Mozilla/5.0 (Linux; Android 6.0.1; Nexus 5X Build/MMB29P) AppleWebKit/537.36 (KHTML, like Gecko) Chrome/136.0.7103.59 Mobile Safari/537.36 (compatible; Googlebot/2.1; +http://www.google.com/bot.html)"
66.249.64.103 - - [07/May/2025:20:30:47 -0400] "GET /?product/edit/67583294 HTTP/1.1" 200 82554 "-" "Mozilla/5.0 (Linux; Android 6.0.1; Nexus 5X Build/MMB29P) AppleWebKit/537.36 (KHTML, like Gecko) Chrome/136.0.7103.59 Mobile Safari/537.36 (compatible; Googlebot/2.1; +http://www.google.com/bot.html)"
66.249.64.103 - - [07/May/2025:20:30:50 -0400] "GET /?safe_search/config?return_url=%2Fproduct%2Fdetail%2F24835738 HTTP/1.1" 200 82432 "-" "Mozilla/5.0 (Linux; Android 6.0.1; Nexus 5X Build/MMB29P) AppleWebKit/537.36 (KHTML, like Gecko) Chrome/136.0.7103.59 Mobile Safari/537.36 (compatible; Googlebot/2.1; +http://www.google.com/bot.html)"
66.249.64.104 - - [07/May/2025:20:30:51 -0400] "GET /?product/edit/30741140 HTTP/1.1" 200 82268 "-" "Mozilla/5.0 (Linux; Android 6.0.1; Nexus 5X Build/MMB29P) AppleWebKit/537.36 (KHTML, like Gecko) Chrome/136.0.7103.59 Mobile Safari/537.36 (compatible; Googlebot/2.1; +http://www.google.com/bot.html)"
198.204.224.34 - - [07/May/2025:20:30:53 -0400] "GET /wp-content/install.php HTTP/1.1" 200 10 "https://jenniferflo.com/wp-content/install.php" "Mozilla/5.0 (Windows NT 10.0; Win64; x64) AppleWebKit/537.36 (KHTML, like Gecko) Chrome/58.0.3029.110 Safari/537.3"
66.249.64.104 - - [07/May/2025:20:30:52 -0400] "GET /?product/edit/50497699 HTTP/1.1" 200 82635 "-" "Mozilla/5.0 (Linux; Android 6.0.1; Nexus 5X Build/MMB29P) AppleWebKit/537.36 (KHTML, like Gecko) Chrome/136.0.7103.59 Mobile Safari/537.36 (compatible; Googlebot/2.1; +http://www.google.com/bot.html)"
66.249.64.103 - - [07/May/2025:20:30:56 -0400] "GET /?product/edit/95299475 HTTP/1.1" 200 82073 "-" "Mozilla/5.0 (Linux; Android 6.0.1; Nexus 5X Build/MMB29P) AppleWebKit/537.36 (KHTML, like Gecko) Chrome/136.0.7103.59 Mobile Safari/537.36 (compatible; Googlebot/2.1; +http://www.google.com/bot.html)"
66.249.64.104 - - [07/May/2025:20:31:00 -0400] "GET /?pcmypage?callback=product/review/20875072 HTTP/1.1" 200 82143 "-" "Mozilla/5.0 (Linux; Android 6.0.1; Nexus 5X Build/MMB29P) AppleWebKit/537.36 (KHTML, like Gecko) Chrome/136.0.7103.59 Mobile Safari/537.36 (compatible; Googlebot/2.1; +http://www.google.com/bot.html)"
66.249.64.103 - - [07/May/2025:20:31:05 -0400] "GET /https://cdn.askul.co.jp/img/product/3L1/HH62487_3L1.jpg HTTP/1.1" 200 82690 "-" "Googlebot-Image/1.0"
66.249.64.103 - - [07/May/2025:20:31:08 -0400] "GET /?pcmypage?callback=product%2Fdetail%2F19498804 HTTP/1.1" 200 82164 "-" "Mozilla/5.0 (Linux; Android 6.0.1; Nexus 5X Build/MMB29P) AppleWebKit/537.36 (KHTML, like Gecko) Chrome/136.0.7103.59 Mobile Safari/537.36 (compatible; Googlebot/2.1; +http://www.google.com/bot.html)"
66.249.64.103 - - [07/May/2025:20:31:10 -0400] "GET /?pcmypage?callback=product%2Fdetail%2F47127989 HTTP/1.1" 200 81543 "-" "Mozilla/5.0 (Linux; Android 6.0.1; Nexus 5X Build/MMB29P) AppleWebKit/537.36 (KHTML, like Gecko) Chrome/136.0.7103.59 Mobile Safari/537.36 (compatible; Googlebot/2.1; +http://www.google.com/bot.html)"
66.249.64.104 - - [07/May/2025:20:31:21 -0400] "GET /?pcmypage?callback=product/detail/61687262 HTTP/1.1" 200 81545 "-" "Mozilla/5.0 (Linux; Android 6.0.1; Nexus 5X Build/MMB29P) AppleWebKit/537.36 (KHTML, like Gecko) Chrome/136.0.7103.59 Mobile Safari/537.36 (compatible; Googlebot/2.1; +http://www.google.com/bot.html)"
52.167.144.159 - - [07/May/2025:20:31:22 -0400] "GET /merchandises/1162358773.shtml HTTP/2" 200 17 "-" "Mozilla/5.0 AppleWebKit/537.36 (KHTML, like Gecko; compatible; bingbot/2.0; +http://www.bing.com/bingbot.htm) Chrome/116.0.1938.76 Safari/537.36"
66.249.64.104 - - [07/May/2025:20:31:35 -0400] "GET /?safe_search/config?return_url=%2Fproduct%2Fdetail%2F86332974 HTTP/1.1" 200 81689 "-" "Mozilla/5.0 (Linux; Android 6.0.1; Nexus 5X Build/MMB29P) AppleWebKit/537.36 (KHTML, like Gecko) Chrome/136.0.7103.59 Mobile Safari/537.36 (compatible; Googlebot/2.1; +http://www.google.com/bot.html)"
66.249.64.104 - - [07/May/2025:20:31:44 -0400] "GET /?safe_search/config?return_url=%2Fproduct%2Fdetail%2F99133828 HTTP/1.1" 200 82844 "-" "Mozilla/5.0 (Linux; Android 6.0.1; Nexus 5X Build/MMB29P) AppleWebKit/537.36 (KHTML, like Gecko) Chrome/136.0.7103.59 Mobile Safari/537.36 (compatible; Googlebot/2.1; +http://www.google.com/bot.html)"
52.167.144.219 - - [07/May/2025:20:32:03 -0400] "GET /merchandises/1131650748.shtml HTTP/2" 200 17 "-" "Mozilla/5.0 AppleWebKit/537.36 (KHTML, like Gecko; compatible; bingbot/2.0; +http://www.bing.com/bingbot.htm) Chrome/116.0.1938.76 Safari/537.36"
66.249.64.102 - - [07/May/2025:20:32:34 -0400] "GET /sitemap42.xml HTTP/1.1" 200 42525 "-" "Mozilla/5.0 (compatible; Googlebot/2.1; +http://www.google.com/bot.html)"
66.249.64.103 - - [07/May/2025:20:32:37 -0400] "GET /?pcmypage?callback=product%2Fdetail%2F52566531 HTTP/1.1" 200 81399 "-" "Mozilla/5.0 (Linux; Android 6.0.1; Nexus 5X Build/MMB29P) AppleWebKit/537.36 (KHTML, like Gecko) Chrome/136.0.7103.59 Mobile Safari/537.36 (compatible; Googlebot/2.1; +http://www.google.com/bot.html)"
66.249.64.104 - - [07/May/2025:20:32:38 -0400] "GET /?pcmypage?callback=product/detail/36591984 HTTP/1.1" 200 81608 "-" "Mozilla/5.0 (Linux; Android 6.0.1; Nexus 5X Build/MMB29P) AppleWebKit/537.36 (KHTML, like Gecko) Chrome/136.0.7103.59 Mobile Safari/537.36 (compatible; Googlebot/2.1; +http://www.google.com/bot.html)"
66.249.64.105 - - [07/May/2025:20:32:40 -0400] "GET /?pcmypage?callback=product/detail/88559834 HTTP/1.1" 200 83329 "-" "Mozilla/5.0 (Linux; Android 6.0.1; Nexus 5X Build/MMB29P) AppleWebKit/537.36 (KHTML, like Gecko) Chrome/136.0.7103.59 Mobile Safari/537.36 (compatible; Googlebot/2.1; +http://www.google.com/bot.html)"
66.249.64.104 - - [07/May/2025:20:32:41 -0400] "GET /?pcmypage?callback=/product%2Fdetail%2F17178503 HTTP/1.1" 200 82834 "-" "Mozilla/5.0 (Linux; Android 6.0.1; Nexus 5X Build/MMB29P) AppleWebKit/537.36 (KHTML, like Gecko) Chrome/136.0.7103.59 Mobile Safari/537.36 (compatible; Googlebot/2.1; +http://www.google.com/bot.html)"
66.249.64.104 - - [07/May/2025:20:32:43 -0400] "GET /guide/kiyaku.php?_g=14222172 HTTP/1.1" 200 81421 "-" "Mozilla/5.0 (Linux; Android 6.0.1; Nexus 5X Build/MMB29P) AppleWebKit/537.36 (KHTML, like Gecko) Chrome/136.0.7103.59 Mobile Safari/537.36 (compatible; Googlebot/2.1; +http://www.google.com/bot.html)"
57.141.6.7 - - [07/May/2025:20:32:46 -0400] "GET /?_g=25743483 HTTP/2" 500 360 "-" "meta-externalagent/1.1 (+https://developers.facebook.com/docs/sharing/webmasters/crawler)"
66.249.64.103 - - [07/May/2025:20:32:55 -0400] "GET /?pcmypage?callback=product/review/40183874 HTTP/1.1" 200 82535 "-" "Mozilla/5.0 (Linux; Android 6.0.1; Nexus 5X Build/MMB29P) AppleWebKit/537.36 (KHTML, like Gecko) Chrome/136.0.7103.59 Mobile Safari/537.36 (compatible; Googlebot/2.1; +http://www.google.com/bot.html)"
66.249.64.105 - - [07/May/2025:20:33:04 -0400] "GET /?pcmypage?callback=product/review/15978964 HTTP/1.1" 200 83174 "-" "Mozilla/5.0 (Linux; Android 6.0.1; Nexus 5X Build/MMB29P) AppleWebKit/537.36 (KHTML, like Gecko) Chrome/136.0.7103.59 Mobile Safari/537.36 (compatible; Googlebot/2.1; +http://www.google.com/bot.html)"
198.204.224.34 - - [07/May/2025:20:33:14 -0400] "GET /wp-content/install.php HTTP/1.1" 200 10 "https://jenniferflo.com/wp-content/install.php" "Mozilla/5.0 (Windows NT 10.0; Win64; x64) AppleWebKit/537.36 (KHTML, like Gecko) Chrome/58.0.3029.110 Safari/537.3"
66.249.64.103 - - [07/May/2025:20:33:17 -0400] "GET /?_g=14503894 HTTP/1.1" 200 81762 "-" "Mozilla/5.0 (Linux; Android 6.0.1; Nexus 5X Build/MMB29P) AppleWebKit/537.36 (KHTML, like Gecko) Chrome/136.0.7103.59 Mobile Safari/537.36 (compatible; Googlebot/2.1; +http://www.google.com/bot.html)"
66.249.64.103 - - [07/May/2025:20:33:29 -0400] "GET /?pcmypage?callback=product/review/25082231 HTTP/1.1" 200 82070 "-" "Mozilla/5.0 (Linux; Android 6.0.1; Nexus 5X Build/MMB29P) AppleWebKit/537.36 (KHTML, like Gecko) Chrome/136.0.7103.59 Mobile Safari/537.36 (compatible; Googlebot/2.1; +http://www.google.com/bot.html)"
66.249.64.103 - - [07/May/2025:20:33:38 -0400] "GET /?pcmypage?callback=product%2Fdetail%2F52755950 HTTP/1.1" 200 82948 "-" "Mozilla/5.0 (Linux; Android 6.0.1; Nexus 5X Build/MMB29P) AppleWebKit/537.36 (KHTML, like Gecko) Chrome/136.0.7103.59 Mobile Safari/537.36 (compatible; Googlebot/2.1; +http://www.google.com/bot.html)"
66.249.64.102 - - [07/May/2025:20:33:41 -0400] "GET /items/agixx118/12603?key=file HTTP/1.1" 200 82330 "-" "Mozilla/5.0 (Linux; Android 6.0.1; Nexus 5X Build/MMB29P) AppleWebKit/537.36 (KHTML, like Gecko) Chrome/136.0.7103.59 Mobile Safari/537.36 (compatible; GoogleOther)"
66.249.64.104 - - [07/May/2025:20:33:51 -0400] "GET /?safe_search/config?return_url=%2Fproduct%2Fdetail%2F51271351 HTTP/1.1" 200 82180 "-" "Mozilla/5.0 (Linux; Android 6.0.1; Nexus 5X Build/MMB29P) AppleWebKit/537.36 (KHTML, like Gecko) Chrome/136.0.7103.59 Mobile Safari/537.36 (compatible; Googlebot/2.1; +http://www.google.com/bot.html)"
66.249.64.104 - - [07/May/2025:20:34:05 -0400] "GET /?safe_search/config?return_url=%2Fproduct%2Fdetail%2F36572787 HTTP/1.1" 200 82006 "-" "Mozilla/5.0 (Linux; Android 6.0.1; Nexus 5X Build/MMB29P) AppleWebKit/537.36 (KHTML, like Gecko) Chrome/136.0.7103.59 Mobile Safari/537.36 (compatible; Googlebot/2.1; +http://www.google.com/bot.html)"
66.249.64.104 - - [07/May/2025:20:34:13 -0400] "GET /?safe_search/config?return_url=%2Fproduct%2Fdetail%2F24688643 HTTP/1.1" 200 81665 "-" "Mozilla/5.0 (Linux; Android 6.0.1; Nexus 5X Build/MMB29P) AppleWebKit/537.36 (KHTML, like Gecko) Chrome/136.0.7103.59 Mobile Safari/537.36 (compatible; Googlebot/2.1; +http://www.google.com/bot.html)"
66.249.64.103 - - [07/May/2025:20:34:27 -0400] "GET /?pcmypage?callback=product%2Fdetail%2F75734872 HTTP/1.1" 200 82850 "-" "Mozilla/5.0 (Linux; Android 6.0.1; Nexus 5X Build/MMB29P) AppleWebKit/537.36 (KHTML, like Gecko) Chrome/136.0.7103.59 Mobile Safari/537.36 (compatible; Googlebot/2.1; +http://www.google.com/bot.html)"
52.167.144.185 - - [07/May/2025:20:34:32 -0400] "GET /?_g=2397761 HTTP/2" 200 17 "-" "Mozilla/5.0 AppleWebKit/537.36 (KHTML, like Gecko; compatible; bingbot/2.0; +http://www.bing.com/bingbot.htm) Chrome/116.0.1938.76 Safari/537.36"
52.167.144.147 - - [07/May/2025:20:34:41 -0400] "GET /merchandises/1141720997.shtml HTTP/2" 200 17 "-" "Mozilla/5.0 AppleWebKit/537.36 (KHTML, like Gecko; compatible; bingbot/2.0; +http://www.bing.com/bingbot.htm) Chrome/116.0.1938.76 Safari/537.36"
66.249.64.103 - - [07/May/2025:20:34:42 -0400] "GET /?pcmypage?callback=product%2Fdetail%2F62242718 HTTP/1.1" 200 81143 "-" "Mozilla/5.0 (Linux; Android 6.0.1; Nexus 5X Build/MMB29P) AppleWebKit/537.36 (KHTML, like Gecko) Chrome/136.0.7103.59 Mobile Safari/537.36 (compatible; Googlebot/2.1; +http://www.google.com/bot.html)"
66.249.64.103 - - [07/May/2025:20:34:57 -0400] "GET /?product/edit/86990290 HTTP/1.1" 200 82304 "-" "Mozilla/5.0 (Linux; Android 6.0.1; Nexus 5X Build/MMB29P) AppleWebKit/537.36 (KHTML, like Gecko) Chrome/136.0.7103.59 Mobile Safari/537.36 (compatible; Googlebot/2.1; +http://www.google.com/bot.html)"
66.249.64.103 - - [07/May/2025:20:35:12 -0400] "GET /?pcmypage?callback=product/review/84669333 HTTP/1.1" 200 82445 "-" "Mozilla/5.0 (Linux; Android 6.0.1; Nexus 5X Build/MMB29P) AppleWebKit/537.36 (KHTML, like Gecko) Chrome/136.0.7103.59 Mobile Safari/537.36 (compatible; Googlebot/2.1; +http://www.google.com/bot.html)"
66.249.64.104 - - [07/May/2025:20:35:19 -0400] "GET /?pcmypage?callback=/product/detail/91124822 HTTP/1.1" 200 82194 "-" "Mozilla/5.0 (Linux; Android 6.0.1; Nexus 5X Build/MMB29P) AppleWebKit/537.36 (KHTML, like Gecko) Chrome/136.0.7103.59 Mobile Safari/537.36 (compatible; Googlebot/2.1; +http://www.google.com/bot.html)"
66.249.64.103 - - [07/May/2025:20:35:27 -0400] "GET /?product/edit/85818112 HTTP/1.1" 200 82872 "-" "Mozilla/5.0 (Linux; Android 6.0.1; Nexus 5X Build/MMB29P) AppleWebKit/537.36 (KHTML, like Gecko) Chrome/136.0.7103.59 Mobile Safari/537.36 (compatible; Googlebot/2.1; +http://www.google.com/bot.html)"
66.249.64.103 - - [07/May/2025:20:35:43 -0400] "GET /?pcmypage?callback=product/review/68037294 HTTP/1.1" 200 81358 "-" "Mozilla/5.0 (Linux; Android 6.0.1; Nexus 5X Build/MMB29P) AppleWebKit/537.36 (KHTML, like Gecko) Chrome/136.0.7103.59 Mobile Safari/537.36 (compatible; Googlebot/2.1; +http://www.google.com/bot.html)"
198.204.224.34 - - [07/May/2025:20:35:50 -0400] "GET /wp-content/install.php HTTP/1.1" 200 10 "https://jenniferflo.com/wp-content/install.php" "Mozilla/5.0 (Windows NT 10.0; Win64; x64) AppleWebKit/537.36 (KHTML, like Gecko) Chrome/58.0.3029.110 Safari/537.3"
66.249.64.104 - - [07/May/2025:20:36:00 -0400] "GET /?pcmypage?callback=product%2Fdetail%2F82263187 HTTP/1.1" 200 81311 "-" "Mozilla/5.0 (Linux; Android 6.0.1; Nexus 5X Build/MMB29P) AppleWebKit/537.36 (KHTML, like Gecko) Chrome/136.0.7103.59 Mobile Safari/537.36 (compatible; Googlebot/2.1; +http://www.google.com/bot.html)"
66.249.64.103 - - [07/May/2025:20:36:07 -0400] "GET /?product/edit/87991430 HTTP/1.1" 200 81587 "-" "Mozilla/5.0 (Linux; Android 6.0.1; Nexus 5X Build/MMB29P) AppleWebKit/537.36 (KHTML, like Gecko) Chrome/136.0.7103.59 Mobile Safari/537.36 (compatible; Googlebot/2.1; +http://www.google.com/bot.html)"
66.249.64.103 - - [07/May/2025:20:36:13 -0400] "GET /?pcmypage?callback=product%2Fdetail%2F45939879 HTTP/1.1" 200 82596 "-" "Mozilla/5.0 (Linux; Android 6.0.1; Nexus 5X Build/MMB29P) AppleWebKit/537.36 (KHTML, like Gecko) Chrome/136.0.7103.59 Mobile Safari/537.36 (compatible; Googlebot/2.1; +http://www.google.com/bot.html)"
66.249.64.103 - - [07/May/2025:20:36:26 -0400] "GET /?pcmypage?callback=product%2Fdetail%2F74401565 HTTP/1.1" 200 81555 "-" "Mozilla/5.0 (Linux; Android 6.0.1; Nexus 5X Build/MMB29P) AppleWebKit/537.36 (KHTML, like Gecko) Chrome/136.0.7103.59 Mobile Safari/537.36 (compatible; Googlebot/2.1; +http://www.google.com/bot.html)"
66.249.64.103 - - [07/May/2025:20:36:41 -0400] "GET /?pcmypage?callback=/product%2Fdetail%2F77781713 HTTP/1.1" 200 82001 "-" "Mozilla/5.0 (Linux; Android 6.0.1; Nexus 5X Build/MMB29P) AppleWebKit/537.36 (KHTML, like Gecko) Chrome/136.0.7103.59 Mobile Safari/537.36 (compatible; Googlebot/2.1; +http://www.google.com/bot.html)"
52.167.144.159 - - [07/May/2025:20:36:53 -0400] "GET /merchandises/1121007538.shtml HTTP/2" 200 17 "-" "Mozilla/5.0 AppleWebKit/537.36 (KHTML, like Gecko; compatible; bingbot/2.0; +http://www.bing.com/bingbot.htm) Chrome/116.0.1938.76 Safari/537.36"
57.141.6.10 - - [07/May/2025:20:36:54 -0400] "GET /?_g=6868072 HTTP/2" 500 360 "-" "meta-externalagent/1.1 (+https://developers.facebook.com/docs/sharing/webmasters/crawler)"
66.249.64.104 - - [07/May/2025:20:36:53 -0400] "GET /?pcmypage?callback=product%2Fdetail%2F25297152 HTTP/1.1" 200 82635 "-" "Mozilla/5.0 (Linux; Android 6.0.1; Nexus 5X Build/MMB29P) AppleWebKit/537.36 (KHTML, like Gecko) Chrome/136.0.7103.59 Mobile Safari/537.36 (compatible; Googlebot/2.1; +http://www.google.com/bot.html)"
66.249.64.103 - - [07/May/2025:20:37:08 -0400] "GET /?safe_search/config?return_url=%2Fproduct%2Fdetail%2F41813749 HTTP/1.1" 200 81887 "-" "Mozilla/5.0 (Linux; Android 6.0.1; Nexus 5X Build/MMB29P) AppleWebKit/537.36 (KHTML, like Gecko) Chrome/136.0.7103.59 Mobile Safari/537.36 (compatible; Googlebot/2.1; +http://www.google.com/bot.html)"
66.249.64.104 - - [07/May/2025:20:37:22 -0400] "GET /?pcmypage?callback=product%2Fdetail%2F21446799 HTTP/1.1" 200 83018 "-" "Mozilla/5.0 (Linux; Android 6.0.1; Nexus 5X Build/MMB29P) AppleWebKit/537.36 (KHTML, like Gecko) Chrome/136.0.7103.59 Mobile Safari/537.36 (compatible; Googlebot/2.1; +http://www.google.com/bot.html)"
66.249.64.103 - - [07/May/2025:20:37:24 -0400] "GET /?product/edit/95437156 HTTP/1.1" 200 82240 "-" "Mozilla/5.0 (Linux; Android 6.0.1; Nexus 5X Build/MMB29P) AppleWebKit/537.36 (KHTML, like Gecko) Chrome/136.0.7103.59 Mobile Safari/537.36 (compatible; Googlebot/2.1; +http://www.google.com/bot.html)"
66.249.64.103 - - [07/May/2025:20:37:28 -0400] "GET /?pcmypage?callback=product/review/35771988 HTTP/1.1" 200 81908 "-" "Mozilla/5.0 (Linux; Android 6.0.1; Nexus 5X Build/MMB29P) AppleWebKit/537.36 (KHTML, like Gecko) Chrome/136.0.7103.59 Mobile Safari/537.36 (compatible; Googlebot/2.1; +http://www.google.com/bot.html)"
66.249.64.104 - - [07/May/2025:20:37:33 -0400] "GET /?product/edit/82061486 HTTP/1.1" 200 81337 "-" "Mozilla/5.0 (Linux; Android 6.0.1; Nexus 5X Build/MMB29P) AppleWebKit/537.36 (KHTML, like Gecko) Chrome/136.0.7103.59 Mobile Safari/537.36 (compatible; Googlebot/2.1; +http://www.google.com/bot.html)"
66.249.64.103 - - [07/May/2025:20:37:41 -0400] "GET /?pcmypage?callback=product/review/53114212 HTTP/1.1" 200 82862 "-" "Mozilla/5.0 (Linux; Android 6.0.1; Nexus 5X Build/MMB29P) AppleWebKit/537.36 (KHTML, like Gecko) Chrome/136.0.7103.59 Mobile Safari/537.36 (compatible; Googlebot/2.1; +http://www.google.com/bot.html)"
66.249.64.103 - - [07/May/2025:20:37:51 -0400] "GET /?pcmypage?callback=product/review/24785271 HTTP/1.1" 200 83163 "-" "Mozilla/5.0 (Linux; Android 6.0.1; Nexus 5X Build/MMB29P) AppleWebKit/537.36 (KHTML, like Gecko) Chrome/136.0.7103.59 Mobile Safari/537.36 (compatible; Googlebot/2.1; +http://www.google.com/bot.html)"
66.249.64.105 - - [07/May/2025:20:38:06 -0400] "GET /?safe_search/config?return_url=%2Fproduct%2Fdetail%2F25716922 HTTP/1.1" 200 82922 "-" "Mozilla/5.0 (Linux; Android 6.0.1; Nexus 5X Build/MMB29P) AppleWebKit/537.36 (KHTML, like Gecko) Chrome/136.0.7103.59 Mobile Safari/537.36 (compatible; Googlebot/2.1; +http://www.google.com/bot.html)"
198.204.224.34 - - [07/May/2025:20:38:11 -0400] "GET /wp-content/install.php HTTP/1.1" 200 10 "https://jenniferflo.com/wp-content/install.php" "Mozilla/5.0 (Windows NT 10.0; Win64; x64) AppleWebKit/537.36 (KHTML, like Gecko) Chrome/58.0.3029.110 Safari/537.3"
66.249.64.104 - - [07/May/2025:20:38:20 -0400] "GET /?product/edit/44000246 HTTP/1.1" 200 82376 "-" "Mozilla/5.0 (Linux; Android 6.0.1; Nexus 5X Build/MMB29P) AppleWebKit/537.36 (KHTML, like Gecko) Chrome/136.0.7103.59 Mobile Safari/537.36 (compatible; Googlebot/2.1; +http://www.google.com/bot.html)"
66.249.64.103 - - [07/May/2025:20:38:27 -0400] "GET /?pcmypage?callback=product/review/30236323 HTTP/1.1" 200 80955 "-" "Mozilla/5.0 (Linux; Android 6.0.1; Nexus 5X Build/MMB29P) AppleWebKit/537.36 (KHTML, like Gecko) Chrome/136.0.7103.59 Mobile Safari/537.36 (compatible; Googlebot/2.1; +http://www.google.com/bot.html)"
66.249.64.103 - - [07/May/2025:20:38:40 -0400] "GET /?product/edit/89893719 HTTP/1.1" 200 82363 "-" "Mozilla/5.0 (Linux; Android 6.0.1; Nexus 5X Build/MMB29P) AppleWebKit/537.36 (KHTML, like Gecko) Chrome/136.0.7103.59 Mobile Safari/537.36 (compatible; Googlebot/2.1; +http://www.google.com/bot.html)"
66.249.64.104 - - [07/May/2025:20:38:48 -0400] "GET /?pcmypage?callback=product%2Fdetail%2F37829221 HTTP/1.1" 200 82069 "-" "Mozilla/5.0 (Linux; Android 6.0.1; Nexus 5X Build/MMB29P) AppleWebKit/537.36 (KHTML, like Gecko) Chrome/136.0.7103.59 Mobile Safari/537.36 (compatible; Googlebot/2.1; +http://www.google.com/bot.html)"
66.249.64.105 - - [07/May/2025:20:39:01 -0400] "GET /?pcmypage?callback=product/review/83574670 HTTP/1.1" 200 81714 "-" "Mozilla/5.0 (Linux; Android 6.0.1; Nexus 5X Build/MMB29P) AppleWebKit/537.36 (KHTML, like Gecko) Chrome/136.0.7103.59 Mobile Safari/537.36 (compatible; Googlebot/2.1; +http://www.google.com/bot.html)"
66.249.64.103 - - [07/May/2025:20:39:12 -0400] "GET /?pcmypage?callback=product/review/28933759 HTTP/1.1" 200 81640 "-" "Mozilla/5.0 (Linux; Android 6.0.1; Nexus 5X Build/MMB29P) AppleWebKit/537.36 (KHTML, like Gecko) Chrome/136.0.7103.59 Mobile Safari/537.36 (compatible; Googlebot/2.1; +http://www.google.com/bot.html)"
66.249.64.103 - - [07/May/2025:20:39:24 -0400] "GET /?product/edit/75319555 HTTP/1.1" 200 82009 "-" "Mozilla/5.0 (Linux; Android 6.0.1; Nexus 5X Build/MMB29P) AppleWebKit/537.36 (KHTML, like Gecko) Chrome/136.0.7103.59 Mobile Safari/537.36 (compatible; Googlebot/2.1; +http://www.google.com/bot.html)"
198.204.224.34 - - [07/May/2025:20:40:39 -0400] "GET /wp-content/install.php HTTP/1.1" 200 10 "https://jenniferflo.com/wp-content/install.php" "Mozilla/5.0 (Windows NT 10.0; Win64; x64) AppleWebKit/537.36 (KHTML, like Gecko) Chrome/58.0.3029.110 Safari/537.3"
198.204.224.34 - - [07/May/2025:20:40:31 -0400] "GET /wp-content/install.php HTTP/1.1" 200 0 "https://jenniferflo.com/wp-content/install.php" "Mozilla/5.0 (Windows NT 10.0; Win64; x64) AppleWebKit/537.36 (KHTML, like Gecko) Chrome/58.0.3029.110 Safari/537.3"
66.249.64.105 - - [07/May/2025:20:41:26 -0400] "GET /?product/edit/20058371 HTTP/1.1" 200 82176 "-" "Mozilla/5.0 (Linux; Android 6.0.1; Nexus 5X Build/MMB29P) AppleWebKit/537.36 (KHTML, like Gecko) Chrome/136.0.7103.59 Mobile Safari/537.36 (compatible; Googlebot/2.1; +http://www.google.com/bot.html)"
52.167.144.209 - - [07/May/2025:20:41:52 -0400] "GET /merchandises/2421049161.shtml HTTP/2" 200 17 "-" "Mozilla/5.0 AppleWebKit/537.36 (KHTML, like Gecko; compatible; bingbot/2.0; +http://www.bing.com/bingbot.htm) Chrome/116.0.1938.76 Safari/537.36"
198.204.226.18 - - [07/May/2025:20:42:21 -0400] "GET /wp-content/install.php?id=950515 HTTP/1.1" 200 0 "https://jenniferflo.com/wp-content/install.php?id=950515" "Mozilla/5.0 (Windows NT 10.0; Win64; x64) AppleWebKit/537.36 (KHTML, like Gecko) Chrome/58.0.3029.110 Safari/537.3"
57.141.6.11 - - [07/May/2025:20:42:32 -0400] "GET /?_g=21337061 HTTP/2" 500 360 "-" "meta-externalagent/1.1 (+https://developers.facebook.com/docs/sharing/webmasters/crawler)"
66.249.64.105 - - [07/May/2025:20:42:33 -0400] "GET /?pcmypage?callback=product%2Fdetail%2F46586516 HTTP/1.1" 200 82595 "-" "Mozilla/5.0 (Linux; Android 6.0.1; Nexus 5X Build/MMB29P) AppleWebKit/537.36 (KHTML, like Gecko) Chrome/136.0.7103.59 Mobile Safari/537.36 (compatible; Googlebot/2.1; +http://www.google.com/bot.html)"
198.204.224.34 - - [07/May/2025:20:42:59 -0400] "GET /wp-content/install.php HTTP/1.1" 200 10 "https://jenniferflo.com/wp-content/install.php" "Mozilla/5.0 (Windows NT 10.0; Win64; x64) AppleWebKit/537.36 (KHTML, like Gecko) Chrome/58.0.3029.110 Safari/537.3"
198.204.224.34 - - [07/May/2025:20:42:51 -0400] "GET /wp-content/install.php HTTP/1.1" 200 0 "https://jenniferflo.com/wp-content/install.php" "Mozilla/5.0 (Windows NT 10.0; Win64; x64) AppleWebKit/537.36 (KHTML, like Gecko) Chrome/58.0.3029.110 Safari/537.3"
66.249.64.104 - - [07/May/2025:20:43:25 -0400] "GET /wp-crom.php?_g=11398127 HTTP/1.1" 200 81716 "-" "Mozilla/5.0 (Linux; Android 6.0.1; Nexus 5X Build/MMB29P) AppleWebKit/537.36 (KHTML, like Gecko) Chrome/136.0.7103.59 Mobile Safari/537.36 (compatible; Googlebot/2.1; +http://www.google.com/bot.html)"
66.249.64.103 - - [07/May/2025:20:43:29 -0400] "GET /?_gl=1*1ix4f11*_gcl_au*MTYxMTI1OTI3MS4xNzIxODg2NjU0*_ga*ODYyMzk4MzA3LjE2OTk0NTM1Nzg.*_ga_7H42SVMQ0V*MTcyMTg4NjY1NS4xMjEuMS4xNzIxODg2NjY5LjQ2LjAuMA..&_ga=2.198040047.1958808748.1721886654-862398307.1699453578&_bdsid=2ulvIJ.n~ZXCIW.1721886656070.1721886848&_bd_prev_page=https://www.jenniferflo.com/wp-crom.php?_g=16333805 HTTP/1.1" 200 81802 "-" "Mozilla/5.0 (Linux; Android 6.0.1; Nexus 5X Build/MMB29P) AppleWebKit/537.36 (KHTML, like Gecko) Chrome/136.0.7103.59 Mobile Safari/537.36 (compatible; Googlebot/2.1; +http://www.google.com/bot.html)"
66.249.64.103 - - [07/May/2025:20:43:31 -0400] "GET /?safe_search/config?return_url=%2Fproduct%2Fdetail%2F76549732 HTTP/1.1" 200 82268 "-" "Mozilla/5.0 (Linux; Android 6.0.1; Nexus 5X Build/MMB29P) AppleWebKit/537.36 (KHTML, like Gecko) Chrome/136.0.7103.59 Mobile Safari/537.36 (compatible; Googlebot/2.1; +http://www.google.com/bot.html)"
66.249.64.103 - - [07/May/2025:20:43:45 -0400] "GET /?pcmypage?callback=product/review/50107126 HTTP/1.1" 200 81945 "-" "Mozilla/5.0 (Linux; Android 6.0.1; Nexus 5X Build/MMB29P) AppleWebKit/537.36 (KHTML, like Gecko) Chrome/136.0.7103.59 Mobile Safari/537.36 (compatible; Googlebot/2.1; +http://www.google.com/bot.html)"
66.249.64.103 - - [07/May/2025:20:44:05 -0400] "GET /?safe_search/config?return_url=%2Fproduct%2Fdetail%2F20058371 HTTP/1.1" 200 82350 "-" "Mozilla/5.0 (Linux; Android 6.0.1; Nexus 5X Build/MMB29P) AppleWebKit/537.36 (KHTML, like Gecko) Chrome/136.0.7103.59 Mobile Safari/537.36 (compatible; Googlebot/2.1; +http://www.google.com/bot.html)"
66.249.64.105 - - [07/May/2025:20:44:07 -0400] "GET /?product/edit/21633681 HTTP/1.1" 200 82251 "-" "Mozilla/5.0 (Linux; Android 6.0.1; Nexus 5X Build/MMB29P) AppleWebKit/537.36 (KHTML, like Gecko) Chrome/136.0.7103.59 Mobile Safari/537.36 (compatible; Googlebot/2.1; +http://www.google.com/bot.html)"
40.77.167.72 - - [07/May/2025:20:44:07 -0400] "GET /nonequivalent/jx/35710893 HTTP/2" 200 17 "-" "Mozilla/5.0 AppleWebKit/537.36 (KHTML, like Gecko; compatible; bingbot/2.0; +http://www.bing.com/bingbot.htm) Chrome/116.0.1938.76 Safari/537.36"
66.249.64.104 - - [07/May/2025:20:44:23 -0400] "GET /?product/edit/65211446 HTTP/1.1" 200 83204 "-" "Mozilla/5.0 (Linux; Android 6.0.1; Nexus 5X Build/MMB29P) AppleWebKit/537.36 (KHTML, like Gecko) Chrome/136.0.7103.59 Mobile Safari/537.36 (compatible; Googlebot/2.1; +http://www.google.com/bot.html)"
66.249.64.103 - - [07/May/2025:20:44:35 -0400] "GET /?safe_search/config?return_url=/product/detail/83275430 HTTP/1.1" 200 81736 "-" "Mozilla/5.0 (Linux; Android 6.0.1; Nexus 5X Build/MMB29P) AppleWebKit/537.36 (KHTML, like Gecko) Chrome/136.0.7103.59 Mobile Safari/537.36 (compatible; Googlebot/2.1; +http://www.google.com/bot.html)"
66.249.64.103 - - [07/May/2025:20:44:49 -0400] "GET /?pcmypage?callback=product/review/36198398 HTTP/1.1" 200 82278 "-" "Mozilla/5.0 (Linux; Android 6.0.1; Nexus 5X Build/MMB29P) AppleWebKit/537.36 (KHTML, like Gecko) Chrome/136.0.7103.59 Mobile Safari/537.36 (compatible; Googlebot/2.1; +http://www.google.com/bot.html)"
57.141.6.31 - - [07/May/2025:20:44:59 -0400] "GET /?_g=7908361 HTTP/2" 500 360 "-" "meta-externalagent/1.1 (+https://developers.facebook.com/docs/sharing/webmasters/crawler)"
66.249.64.103 - - [07/May/2025:20:45:03 -0400] "GET /?safe_search/config?return_url=%2Fproduct%2Fdetail%2F20113811 HTTP/1.1" 200 81902 "-" "Mozilla/5.0 (Linux; Android 6.0.1; Nexus 5X Build/MMB29P) AppleWebKit/537.36 (KHTML, like Gecko) Chrome/136.0.7103.59 Mobile Safari/537.36 (compatible; Googlebot/2.1; +http://www.google.com/bot.html)"
66.249.64.104 - - [07/May/2025:20:45:10 -0400] "GET /?product/edit/64326680 HTTP/1.1" 200 83197 "-" "Mozilla/5.0 (Linux; Android 6.0.1; Nexus 5X Build/MMB29P) AppleWebKit/537.36 (KHTML, like Gecko) Chrome/136.0.7103.59 Mobile Safari/537.36 (compatible; Googlebot/2.1; +http://www.google.com/bot.html)"
66.249.64.103 - - [07/May/2025:20:45:17 -0400] "GET /?pcmypage?callback=product%2Fdetail%2F43572476 HTTP/1.1" 200 81517 "-" "Mozilla/5.0 (Linux; Android 6.0.1; Nexus 5X Build/MMB29P) AppleWebKit/537.36 (KHTML, like Gecko) Chrome/136.0.7103.59 Mobile Safari/537.36 (compatible; Googlebot/2.1; +http://www.google.com/bot.html)"
198.204.224.34 - - [07/May/2025:20:45:21 -0400] "GET /wp-content/install.php HTTP/1.1" 200 10 "https://jenniferflo.com/wp-content/install.php" "Mozilla/5.0 (Windows NT 10.0; Win64; x64) AppleWebKit/537.36 (KHTML, like Gecko) Chrome/58.0.3029.110 Safari/537.3"
198.204.224.34 - - [07/May/2025:20:45:13 -0400] "GET /wp-content/install.php HTTP/1.1" 200 0 "https://jenniferflo.com/wp-content/install.php" "Mozilla/5.0 (Windows NT 10.0; Win64; x64) AppleWebKit/537.36 (KHTML, like Gecko) Chrome/58.0.3029.110 Safari/537.3"
66.249.64.103 - - [07/May/2025:20:45:24 -0400] "GET /?product/edit/91983151 HTTP/1.1" 200 81733 "-" "Mozilla/5.0 (Linux; Android 6.0.1; Nexus 5X Build/MMB29P) AppleWebKit/537.36 (KHTML, like Gecko) Chrome/136.0.7103.59 Mobile Safari/537.36 (compatible; Googlebot/2.1; +http://www.google.com/bot.html)"
