198.204.226.18 - - [07/May/2025:14:15:04 -0400] "GET /wp-content/install.php HTTP/1.1" 200 0 "http://jenniferflo.com/wp-content/install.php" "Mozilla/5.0 (Windows NT 10.0; Win64; x64) AppleWebKit/537.36 (KHTML, like Gecko) Chrome/58.0.3029.110 Safari/537.3"
47.238.13.13 - - [07/May/2025:14:15:38 -0400] "GET /items/izlyi41/344?key=trading HTTP/1.1" 500 271 "-" "Mozilla/5.0 (Macintosh; Intel Mac OS X 10_15_7) AppleWebKit/537.36 (KHTML, like Gecko) Chrome/109.0.0.0 Safari/537.36"
198.204.226.18 - - [07/May/2025:14:15:47 -0400] "GET /wp-content/install.php HTTP/1.1" 200 10 "http://jenniferflo.com/wp-content/install.php" "Mozilla/5.0 (Windows NT 10.0; Win64; x64) AppleWebKit/537.36 (KHTML, like Gecko) Chrome/58.0.3029.110 Safari/537.3"
47.238.13.15 - - [07/May/2025:14:15:52 -0400] "GET /items/deaea16/37347?key=territory HTTP/1.1" 500 271 "-" "Mozilla/5.0 (Macintosh; Intel Mac OS X 10_15_7) AppleWebKit/537.36 (KHTML, like Gecko) Chrome/109.0.0.0 Safari/537.36"
198.204.226.18 - - [07/May/2025:14:15:44 -0400] "GET /wp-content/install.php HTTP/1.1" 200 0 "http://jenniferflo.com/wp-content/install.php" "Mozilla/5.0 (Windows NT 10.0; Win64; x64) AppleWebKit/537.36 (KHTML, like Gecko) Chrome/58.0.3029.110 Safari/537.3"
198.204.226.18 - - [07/May/2025:14:16:16 -0400] "GET /wp-content/install.php HTTP/1.1" 200 10 "http://jenniferflo.com/wp-content/install.php" "Mozilla/5.0 (Windows NT 10.0; Win64; x64) AppleWebKit/537.36 (KHTML, like Gecko) Chrome/58.0.3029.110 Safari/537.3"
129.211.215.233 - - [07/May/2025:14:16:21 -0400] "GET / HTTP/1.1" 500 276 "-" "Mozilla/5.0 (iPhone; CPU iPhone OS 13_2_3 like Mac OS X) AppleWebKit/605.1.15 (KHTML, like Gecko) Version/13.0.3 Mobile/15E148 Safari/604.1"
47.238.13.12 - - [07/May/2025:14:16:31 -0400] "GET /items/sjopd91/20284?key=benefit HTTP/1.1" 500 271 "-" "Mozilla/5.0 (Macintosh; Intel Mac OS X 10_15_7) AppleWebKit/537.36 (KHTML, like Gecko) Chrome/109.0.0.0 Safari/537.36"
47.243.56.196 - - [07/May/2025:14:17:06 -0400] "GET /sitemap-subkey-1613.xml HTTP/1.1" 200 99651 "-" "Mozilla/5.0 (Macintosh; Intel Mac OS X 10_15_7) AppleWebKit/537.36 (KHTML, like Gecko) Chrome/109.0.0.0 Safari/537.36"
198.204.226.18 - - [07/May/2025:14:17:20 -0400] "GET /wp-content/install.php HTTP/1.1" 200 10 "http://jenniferflo.com/wp-content/install.php" "Mozilla/5.0 (Windows NT 10.0; Win64; x64) AppleWebKit/537.36 (KHTML, like Gecko) Chrome/58.0.3029.110 Safari/537.3"
198.204.226.18 - - [07/May/2025:14:17:16 -0400] "GET /wp-content/install.php HTTP/1.1" 200 0 "http://jenniferflo.com/wp-content/install.php" "Mozilla/5.0 (Windows NT 10.0; Win64; x64) AppleWebKit/537.36 (KHTML, like Gecko) Chrome/58.0.3029.110 Safari/537.3"
198.204.226.18 - - [07/May/2025:14:18:18 -0400] "GET /wp-content/install.php HTTP/1.1" 200 10 "http://jenniferflo.com/wp-content/install.php" "Mozilla/5.0 (Windows NT 10.0; Win64; x64) AppleWebKit/537.36 (KHTML, like Gecko) Chrome/58.0.3029.110 Safari/537.3"
198.204.226.18 - - [07/May/2025:14:18:32 -0400] "GET /wp-content/install.php HTTP/1.1" 200 10 "http://jenniferflo.com/wp-content/install.php" "Mozilla/5.0 (Windows NT 10.0; Win64; x64) AppleWebKit/537.36 (KHTML, like Gecko) Chrome/58.0.3029.110 Safari/537.3"
198.204.226.18 - - [07/May/2025:14:18:50 -0400] "GET /wp-content/install.php HTTP/1.1" 200 10 "http://jenniferflo.com/wp-content/install.php" "Mozilla/5.0 (Windows NT 10.0; Win64; x64) AppleWebKit/537.36 (KHTML, like Gecko) Chrome/58.0.3029.110 Safari/537.3"
198.204.226.18 - - [07/May/2025:14:18:46 -0400] "GET /wp-content/install.php HTTP/1.1" 200 0 "http://jenniferflo.com/wp-content/install.php" "Mozilla/5.0 (Windows NT 10.0; Win64; x64) AppleWebKit/537.36 (KHTML, like Gecko) Chrome/58.0.3029.110 Safari/537.3"
47.238.13.13 - - [07/May/2025:14:19:24 -0400] "GET /items/bllcq81/42510?key=portion HTTP/1.1" 500 271 "-" "Mozilla/5.0 (Macintosh; Intel Mac OS X 10_15_7) AppleWebKit/537.36 (KHTML, like Gecko) Chrome/109.0.0.0 Safari/537.36"
198.204.226.18 - - [07/May/2025:14:19:56 -0400] "GET /wp-content/install.php HTTP/1.1" 200 10 "http://jenniferflo.com/wp-content/install.php" "Mozilla/5.0 (Windows NT 10.0; Win64; x64) AppleWebKit/537.36 (KHTML, like Gecko) Chrome/58.0.3029.110 Safari/537.3"
198.204.226.18 - - [07/May/2025:14:20:52 -0400] "GET /wp-content/install.php HTTP/1.1" 200 10 "http://jenniferflo.com/wp-content/install.php" "Mozilla/5.0 (Windows NT 10.0; Win64; x64) AppleWebKit/537.36 (KHTML, like Gecko) Chrome/58.0.3029.110 Safari/537.3"
198.204.226.18 - - [07/May/2025:14:20:52 -0400] "GET /wp-content/install.php HTTP/1.1" 200 10 "http://jenniferflo.com/wp-content/install.php" "Mozilla/5.0 (Windows NT 10.0; Win64; x64) AppleWebKit/537.36 (KHTML, like Gecko) Chrome/58.0.3029.110 Safari/537.3"
198.204.226.18 - - [07/May/2025:14:20:48 -0400] "GET /wp-content/install.php HTTP/1.1" 200 0 "http://jenniferflo.com/wp-content/install.php" "Mozilla/5.0 (Windows NT 10.0; Win64; x64) AppleWebKit/537.36 (KHTML, like Gecko) Chrome/58.0.3029.110 Safari/537.3"
8.210.146.98 - - [07/May/2025:14:21:42 -0400] "GET /seller/j23?pid=877 HTTP/1.1" 500 271 "-" "Mozilla/5.0 (Macintosh; Intel Mac OS X 10_15_7) AppleWebKit/537.36 (KHTML, like Gecko) Chrome/109.0.0.0 Safari/537.36"
198.204.226.18 - - [07/May/2025:14:23:06 -0400] "GET /wp-content/install.php HTTP/1.1" 200 10 "http://jenniferflo.com/wp-content/install.php" "Mozilla/5.0 (Windows NT 10.0; Win64; x64) AppleWebKit/537.36 (KHTML, like Gecko) Chrome/58.0.3029.110 Safari/537.3"
198.204.226.18 - - [07/May/2025:14:23:01 -0400] "GET /wp-content/install.php HTTP/1.1" 200 0 "http://jenniferflo.com/wp-content/install.php" "Mozilla/5.0 (Windows NT 10.0; Win64; x64) AppleWebKit/537.36 (KHTML, like Gecko) Chrome/58.0.3029.110 Safari/537.3"
198.204.226.18 - - [07/May/2025:14:24:08 -0400] "GET /wp-content/install.php HTTP/1.1" 200 10 "http://jenniferflo.com/wp-content/install.php" "Mozilla/5.0 (Windows NT 10.0; Win64; x64) AppleWebKit/537.36 (KHTML, like Gecko) Chrome/58.0.3029.110 Safari/537.3"
198.204.226.18 - - [07/May/2025:14:24:05 -0400] "GET /wp-content/install.php HTTP/1.1" 200 0 "http://jenniferflo.com/wp-content/install.php" "Mozilla/5.0 (Windows NT 10.0; Win64; x64) AppleWebKit/537.36 (KHTML, like Gecko) Chrome/58.0.3029.110 Safari/537.3"
47.238.13.17 - - [07/May/2025:14:24:54 -0400] "GET /items/zieau26/16291?key=unlikely HTTP/1.1" 500 271 "-" "Mozilla/5.0 (Macintosh; Intel Mac OS X 10_15_7) AppleWebKit/537.36 (KHTML, like Gecko) Chrome/109.0.0.0 Safari/537.36"
198.204.226.18 - - [07/May/2025:14:25:02 -0400] "GET /wp-content/install.php HTTP/1.1" 200 10 "http://jenniferflo.com/wp-content/install.php" "Mozilla/5.0 (Windows NT 10.0; Win64; x64) AppleWebKit/537.36 (KHTML, like Gecko) Chrome/58.0.3029.110 Safari/537.3"
47.242.200.220 - - [07/May/2025:14:25:03 -0400] "GET /items/lhlho98/9903?key=specifically HTTP/1.1" 500 271 "-" "Mozilla/5.0 (Macintosh; Intel Mac OS X 10_15_7) AppleWebKit/537.36 (KHTML, like Gecko) Chrome/109.0.0.0 Safari/537.36"
198.204.226.18 - - [07/May/2025:14:24:59 -0400] "GET /wp-content/install.php HTTP/1.1" 200 0 "http://jenniferflo.com/wp-content/install.php" "Mozilla/5.0 (Windows NT 10.0; Win64; x64) AppleWebKit/537.36 (KHTML, like Gecko) Chrome/58.0.3029.110 Safari/537.3"
198.204.226.18 - - [07/May/2025:14:25:36 -0400] "GET /wp-content/install.php HTTP/1.1" 200 10 "http://jenniferflo.com/wp-content/install.php" "Mozilla/5.0 (Windows NT 10.0; Win64; x64) AppleWebKit/537.36 (KHTML, like Gecko) Chrome/58.0.3029.110 Safari/537.3"
198.204.226.18 - - [07/May/2025:14:25:48 -0400] "GET /wp-content/install.php HTTP/1.1" 200 10 "http://jenniferflo.com/wp-content/install.php" "Mozilla/5.0 (Windows NT 10.0; Win64; x64) AppleWebKit/537.36 (KHTML, like Gecko) Chrome/58.0.3029.110 Safari/537.3"
198.204.226.18 - - [07/May/2025:14:26:44 -0400] "GET /wp-content/install.php HTTP/1.1" 200 10 "http://jenniferflo.com/wp-content/install.php" "Mozilla/5.0 (Windows NT 10.0; Win64; x64) AppleWebKit/537.36 (KHTML, like Gecko) Chrome/58.0.3029.110 Safari/537.3"
47.238.13.11 - - [07/May/2025:14:26:45 -0400] "GET /items/dlgcw1/6018?key=precious HTTP/1.1" 500 271 "-" "Mozilla/5.0 (Macintosh; Intel Mac OS X 10_15_7) AppleWebKit/537.36 (KHTML, like Gecko) Chrome/109.0.0.0 Safari/537.36"
198.204.226.18 - - [07/May/2025:14:26:41 -0400] "GET /wp-content/install.php HTTP/1.1" 200 0 "http://jenniferflo.com/wp-content/install.php" "Mozilla/5.0 (Windows NT 10.0; Win64; x64) AppleWebKit/537.36 (KHTML, like Gecko) Chrome/58.0.3029.110 Safari/537.3"
198.204.226.18 - - [07/May/2025:14:27:56 -0400] "GET /wp-content/install.php HTTP/1.1" 200 10 "http://jenniferflo.com/wp-content/install.php" "Mozilla/5.0 (Windows NT 10.0; Win64; x64) AppleWebKit/537.36 (KHTML, like Gecko) Chrome/58.0.3029.110 Safari/537.3"
198.204.226.18 - - [07/May/2025:14:27:53 -0400] "GET /wp-content/install.php HTTP/1.1" 200 0 "http://jenniferflo.com/wp-content/install.php" "Mozilla/5.0 (Windows NT 10.0; Win64; x64) AppleWebKit/537.36 (KHTML, like Gecko) Chrome/58.0.3029.110 Safari/537.3"
198.204.226.18 - - [07/May/2025:14:28:22 -0400] "GET /wp-content/install.php HTTP/1.1" 200 10 "http://jenniferflo.com/wp-content/install.php" "Mozilla/5.0 (Windows NT 10.0; Win64; x64) AppleWebKit/537.36 (KHTML, like Gecko) Chrome/58.0.3029.110 Safari/537.3"
198.204.226.18 - - [07/May/2025:14:28:18 -0400] "GET /wp-content/install.php HTTP/1.1" 200 0 "http://jenniferflo.com/wp-content/install.php" "Mozilla/5.0 (Windows NT 10.0; Win64; x64) AppleWebKit/537.36 (KHTML, like Gecko) Chrome/58.0.3029.110 Safari/537.3"
198.204.226.18 - - [07/May/2025:14:28:53 -0400] "GET /wp-content/install.php HTTP/1.1" 200 10 "http://jenniferflo.com/wp-content/install.php" "Mozilla/5.0 (Windows NT 10.0; Win64; x64) AppleWebKit/537.36 (KHTML, like Gecko) Chrome/58.0.3029.110 Safari/537.3"
198.204.226.18 - - [07/May/2025:14:28:50 -0400] "GET /wp-content/install.php HTTP/1.1" 200 0 "http://jenniferflo.com/wp-content/install.php" "Mozilla/5.0 (Windows NT 10.0; Win64; x64) AppleWebKit/537.36 (KHTML, like Gecko) Chrome/58.0.3029.110 Safari/537.3"
47.238.14.0 - - [07/May/2025:14:29:33 -0400] "GET /items/izlyi41/344?key=exist HTTP/1.1" 500 271 "-" "Mozilla/5.0 (Macintosh; Intel Mac OS X 10_15_7) AppleWebKit/537.36 (KHTML, like Gecko) Chrome/109.0.0.0 Safari/537.36"
47.238.13.16 - - [07/May/2025:14:29:37 -0400] "GET /items/vxdyz148/46319?key=carve HTTP/1.1" 500 271 "-" "Mozilla/5.0 (Macintosh; Intel Mac OS X 10_15_7) AppleWebKit/537.36 (KHTML, like Gecko) Chrome/109.0.0.0 Safari/537.36"
198.204.226.18 - - [07/May/2025:14:30:08 -0400] "GET /wp-content/install.php HTTP/1.1" 200 10 "http://jenniferflo.com/wp-content/install.php" "Mozilla/5.0 (Windows NT 10.0; Win64; x64) AppleWebKit/537.36 (KHTML, like Gecko) Chrome/58.0.3029.110 Safari/537.3"
198.204.226.18 - - [07/May/2025:14:30:04 -0400] "GET /wp-content/install.php HTTP/1.1" 200 0 "http://jenniferflo.com/wp-content/install.php" "Mozilla/5.0 (Windows NT 10.0; Win64; x64) AppleWebKit/537.36 (KHTML, like Gecko) Chrome/58.0.3029.110 Safari/537.3"
208.110.64.178 - - [07/May/2025:14:30:16 -0400] "GET /wp-includes/install.php HTTP/1.1" 200 10 "http://jenniferflo.com/wp-includes/install.php" "Mozilla/5.0 (Windows NT 10.0; Win64; x64) AppleWebKit/537.36 (KHTML, like Gecko) Chrome/58.0.3029.110 Safari/537.3"
198.204.226.18 - - [07/May/2025:14:31:17 -0400] "GET /wp-content/install.php HTTP/1.1" 200 10 "http://jenniferflo.com/wp-content/install.php" "Mozilla/5.0 (Windows NT 10.0; Win64; x64) AppleWebKit/537.36 (KHTML, like Gecko) Chrome/58.0.3029.110 Safari/537.3"
8.210.11.248 - - [07/May/2025:14:31:18 -0400] "GET /bet/g162?pid=16982 HTTP/1.1" 500 271 "-" "Mozilla/5.0 (Macintosh; Intel Mac OS X 10_15_7) AppleWebKit/537.36 (KHTML, like Gecko) Chrome/109.0.0.0 Safari/537.36"
198.204.226.18 - - [07/May/2025:14:31:14 -0400] "GET /wp-content/install.php HTTP/1.1" 200 0 "http://jenniferflo.com/wp-content/install.php" "Mozilla/5.0 (Windows NT 10.0; Win64; x64) AppleWebKit/537.36 (KHTML, like Gecko) Chrome/58.0.3029.110 Safari/537.3"
8.218.186.1 - - [07/May/2025:14:32:02 -0400] "GET /items/vgwou106/35667?key=uniform HTTP/1.1" 500 271 "-" "Mozilla/5.0 (Macintosh; Intel Mac OS X 10_15_7) AppleWebKit/537.36 (KHTML, like Gecko) Chrome/109.0.0.0 Safari/537.36"
8.210.108.0 - - [07/May/2025:14:32:16 -0400] "GET /strength/u97?pid=29451 HTTP/1.1" 500 271 "-" "Mozilla/5.0 (Macintosh; Intel Mac OS X 10_15_7) AppleWebKit/537.36 (KHTML, like Gecko) Chrome/109.0.0.0 Safari/537.36"
198.204.226.18 - - [07/May/2025:14:32:08 -0400] "GET /wp-content/install.php HTTP/1.1" 200 0 "http://jenniferflo.com/wp-content/install.php" "Mozilla/5.0 (Windows NT 10.0; Win64; x64) AppleWebKit/537.36 (KHTML, like Gecko) Chrome/58.0.3029.110 Safari/537.3"
57.141.6.3 - - [07/May/2025:14:32:28 -0400] "GET /?_g=2532227 HTTP/1.1" 500 360 "-" "meta-externalagent/1.1 (+https://developers.facebook.com/docs/sharing/webmasters/crawler)"
198.204.226.18 - - [07/May/2025:14:32:43 -0400] "GET /wp-content/install.php HTTP/1.1" 200 10 "http://jenniferflo.com/wp-content/install.php" "Mozilla/5.0 (Windows NT 10.0; Win64; x64) AppleWebKit/537.36 (KHTML, like Gecko) Chrome/58.0.3029.110 Safari/537.3"
47.243.56.196 - - [07/May/2025:14:33:23 -0400] "GET /suppose/w137?pid=46921 HTTP/1.1" 500 271 "-" "Mozilla/5.0 (Macintosh; Intel Mac OS X 10_15_7) AppleWebKit/537.36 (KHTML, like Gecko) Chrome/109.0.0.0 Safari/537.36"
57.141.6.24 - - [07/May/2025:14:33:26 -0400] "GET /?_g=5080772 HTTP/1.1" 500 360 "-" "meta-externalagent/1.1 (+https://developers.facebook.com/docs/sharing/webmasters/crawler)"
198.204.226.18 - - [07/May/2025:14:34:07 -0400] "GET /wp-content/install.php HTTP/1.1" 200 0 "http://jenniferflo.com/wp-content/install.php" "Mozilla/5.0 (Windows NT 10.0; Win64; x64) AppleWebKit/537.36 (KHTML, like Gecko) Chrome/58.0.3029.110 Safari/537.3"
57.141.6.1 - - [07/May/2025:14:34:27 -0400] "GET /?_g=6647227 HTTP/1.1" 500 360 "-" "meta-externalagent/1.1 (+https://developers.facebook.com/docs/sharing/webmasters/crawler)"
198.204.226.18 - - [07/May/2025:14:36:45 -0400] "GET /wp-content/install.php HTTP/1.1" 200 10 "http://jenniferflo.com/wp-content/install.php" "Mozilla/5.0 (Windows NT 10.0; Win64; x64) AppleWebKit/537.36 (KHTML, like Gecko) Chrome/58.0.3029.110 Safari/537.3"
8.210.15.252 - - [07/May/2025:14:39:51 -0400] "GET /crisis/v88?pid=47790 HTTP/1.1" 500 271 "-" "Mozilla/5.0 (Macintosh; Intel Mac OS X 10_15_7) AppleWebKit/537.36 (KHTML, like Gecko) Chrome/109.0.0.0 Safari/537.36"
198.204.226.18 - - [07/May/2025:14:40:11 -0400] "GET /wp-content/install.php HTTP/1.1" 200 10 "http://jenniferflo.com/wp-content/install.php" "Mozilla/5.0 (Windows NT 10.0; Win64; x64) AppleWebKit/537.36 (KHTML, like Gecko) Chrome/58.0.3029.110 Safari/537.3"
57.141.6.30 - - [07/May/2025:14:40:18 -0400] "GET /?_g=10922027 HTTP/1.1" 500 360 "-" "meta-externalagent/1.1 (+https://developers.facebook.com/docs/sharing/webmasters/crawler)"
198.204.226.18 - - [07/May/2025:14:40:08 -0400] "GET /wp-content/install.php HTTP/1.1" 200 0 "http://jenniferflo.com/wp-content/install.php" "Mozilla/5.0 (Windows NT 10.0; Win64; x64) AppleWebKit/537.36 (KHTML, like Gecko) Chrome/58.0.3029.110 Safari/537.3"
47.238.13.4 - - [07/May/2025:14:41:12 -0400] "GET /items/vkzkk190/7009?key=fold HTTP/1.1" 500 271 "-" "Mozilla/5.0 (Macintosh; Intel Mac OS X 10_15_7) AppleWebKit/537.36 (KHTML, like Gecko) Chrome/109.0.0.0 Safari/537.36"
47.238.13.12 - - [07/May/2025:14:41:13 -0400] "GET /items/tprxj127/16608?key=clock HTTP/1.1" 500 271 "-" "Mozilla/5.0 (Macintosh; Intel Mac OS X 10_15_7) AppleWebKit/537.36 (KHTML, like Gecko) Chrome/109.0.0.0 Safari/537.36"
57.141.6.31 - - [07/May/2025:14:41:54 -0400] "GET /?_g=16470972 HTTP/1.1" 500 360 "-" "meta-externalagent/1.1 (+https://developers.facebook.com/docs/sharing/webmasters/crawler)"
57.141.6.14 - - [07/May/2025:14:42:01 -0400] "GET /?_g=10533494 HTTP/1.1" 500 360 "-" "meta-externalagent/1.1 (+https://developers.facebook.com/docs/sharing/webmasters/crawler)"
198.204.226.18 - - [07/May/2025:14:42:26 -0400] "GET /wp-content/install.php HTTP/1.1" 200 10 "http://jenniferflo.com/wp-content/install.php" "Mozilla/5.0 (Windows NT 10.0; Win64; x64) AppleWebKit/537.36 (KHTML, like Gecko) Chrome/58.0.3029.110 Safari/537.3"
57.141.6.29 - - [07/May/2025:14:43:06 -0400] "GET /?_g=24832016 HTTP/1.1" 500 360 "-" "meta-externalagent/1.1 (+https://developers.facebook.com/docs/sharing/webmasters/crawler)"
47.238.13.11 - - [07/May/2025:14:43:32 -0400] "GET /sitemap-subkey-1074.xml HTTP/1.1" 200 99132 "-" "Mozilla/5.0 (Macintosh; Intel Mac OS X 10_15_7) AppleWebKit/537.36 (KHTML, like Gecko) Chrome/109.0.0.0 Safari/537.36"
198.204.226.18 - - [07/May/2025:14:43:43 -0400] "GET /wp-content/install.php HTTP/1.1" 200 10 "http://jenniferflo.com/wp-content/install.php" "Mozilla/5.0 (Windows NT 10.0; Win64; x64) AppleWebKit/537.36 (KHTML, like Gecko) Chrome/58.0.3029.110 Safari/537.3"
198.204.226.18 - - [07/May/2025:14:43:40 -0400] "GET /wp-content/install.php HTTP/1.1" 200 0 "http://jenniferflo.com/wp-content/install.php" "Mozilla/5.0 (Windows NT 10.0; Win64; x64) AppleWebKit/537.36 (KHTML, like Gecko) Chrome/58.0.3029.110 Safari/537.3"
47.238.13.16 - - [07/May/2025:14:44:14 -0400] "GET /items/lwsis189/21430?key=forth HTTP/1.1" 500 271 "-" "Mozilla/5.0 (Macintosh; Intel Mac OS X 10_15_7) AppleWebKit/537.36 (KHTML, like Gecko) Chrome/109.0.0.0 Safari/537.36"
198.204.226.18 - - [07/May/2025:14:44:41 -0400] "GET /wp-content/install.php HTTP/1.1" 200 10 "http://jenniferflo.com/wp-content/install.php" "Mozilla/5.0 (Windows NT 10.0; Win64; x64) AppleWebKit/537.36 (KHTML, like Gecko) Chrome/58.0.3029.110 Safari/537.3"
57.141.6.28 - - [07/May/2025:14:44:43 -0400] "GET /?_g=22034905 HTTP/1.1" 500 360 "-" "meta-externalagent/1.1 (+https://developers.facebook.com/docs/sharing/webmasters/crawler)"
47.238.13.3 - - [07/May/2025:14:44:50 -0400] "GET /grain/w9?pid=17123 HTTP/1.1" 500 271 "-" "Mozilla/5.0 (Macintosh; Intel Mac OS X 10_15_7) AppleWebKit/537.36 (KHTML, like Gecko) Chrome/109.0.0.0 Safari/537.36"
97.180.97.44 - - [07/May/2025:14:45:08 -0400] "GET http://jenniferflo.com/ HTTP/1.1" 500 271 "-" "Mozilla/5.0 (X11; U; Linux x86_64; en-US) AppleWebKit/534.16 (KHTML, like Gecko) Chrome/10.0.648.133 Safari/534.16"
209.16.95.189 - - [07/May/2025:14:45:09 -0400] "GET http://jenniferflo.com/ HTTP/1.1" 500 271 "-" "Mozilla/5.0 (X11; U; Linux x86_64; en-US) AppleWebKit/534.16 (KHTML, like Gecko) Chrome/10.0.648.133 Safari/534.16"
73.49.58.249 - - [07/May/2025:14:45:10 -0400] "GET http://jenniferflo.com/ HTTP/1.1" 500 271 "-" "Mozilla/5.0 (X11; U; Linux x86_64; en-US) AppleWebKit/534.16 (KHTML, like Gecko) Chrome/10.0.648.133 Safari/534.16"
35.33.171.30 - - [07/May/2025:14:45:11 -0400] "GET http://jenniferflo.com/ HTTP/1.1" 500 271 "-" "Mozilla/5.0 (X11; U; Linux x86_64; en-US) AppleWebKit/534.16 (KHTML, like Gecko) Chrome/10.0.648.133 Safari/534.16"
57.141.6.15 - - [07/May/2025:14:45:18 -0400] "GET /?_g=3328727 HTTP/1.1" 500 360 "-" "meta-externalagent/1.1 (+https://developers.facebook.com/docs/sharing/webmasters/crawler)"
198.204.226.18 - - [07/May/2025:14:45:30 -0400] "GET /wp-content/install.php HTTP/1.1" 200 10 "http://jenniferflo.com/wp-content/install.php" "Mozilla/5.0 (Windows NT 10.0; Win64; x64) AppleWebKit/537.36 (KHTML, like Gecko) Chrome/58.0.3029.110 Safari/537.3"
198.204.226.18 - - [07/May/2025:14:45:26 -0400] "GET /wp-content/install.php HTTP/1.1" 200 0 "http://jenniferflo.com/wp-content/install.php" "Mozilla/5.0 (Windows NT 10.0; Win64; x64) AppleWebKit/537.36 (KHTML, like Gecko) Chrome/58.0.3029.110 Safari/537.3"
47.242.77.69 - - [07/May/2025:14:45:56 -0400] "GET /economy/r45?pid=28969 HTTP/1.1" 500 271 "-" "Mozilla/5.0 (Macintosh; Intel Mac OS X 10_15_7) AppleWebKit/537.36 (KHTML, like Gecko) Chrome/109.0.0.0 Safari/537.36"
57.141.6.31 - - [07/May/2025:14:45:59 -0400] "GET /?_g=24303227 HTTP/1.1" 500 360 "-" "meta-externalagent/1.1 (+https://developers.facebook.com/docs/sharing/webmasters/crawler)"
198.204.226.18 - - [07/May/2025:14:46:11 -0400] "GET /wp-content/install.php HTTP/1.1" 200 10 "http://jenniferflo.com/wp-content/install.php" "Mozilla/5.0 (Windows NT 10.0; Win64; x64) AppleWebKit/537.36 (KHTML, like Gecko) Chrome/58.0.3029.110 Safari/537.3"
198.204.226.18 - - [07/May/2025:14:47:27 -0400] "GET /wp-content/install.php HTTP/1.1" 200 10 "http://jenniferflo.com/wp-content/install.php" "Mozilla/5.0 (Windows NT 10.0; Win64; x64) AppleWebKit/537.36 (KHTML, like Gecko) Chrome/58.0.3029.110 Safari/537.3"
47.238.13.13 - - [07/May/2025:14:47:29 -0400] "GET /sitemap-subkey-1598.xml HTTP/1.1" 200 100115 "-" "Mozilla/5.0 (Macintosh; Intel Mac OS X 10_15_7) AppleWebKit/537.36 (KHTML, like Gecko) Chrome/109.0.0.0 Safari/537.36"
47.238.13.12 - - [07/May/2025:14:47:33 -0400] "GET /innocent/n36?pid=784 HTTP/1.1" 500 271 "-" "Mozilla/5.0 (Macintosh; Intel Mac OS X 10_15_7) AppleWebKit/537.36 (KHTML, like Gecko) Chrome/109.0.0.0 Safari/537.36"
57.141.6.2 - - [07/May/2025:14:47:48 -0400] "GET /?_g=16413972 HTTP/1.1" 500 360 "-" "meta-externalagent/1.1 (+https://developers.facebook.com/docs/sharing/webmasters/crawler)"
198.204.226.18 - - [07/May/2025:14:48:35 -0400] "GET /wp-content/install.php HTTP/1.1" 200 10 "http://jenniferflo.com/wp-content/install.php" "Mozilla/5.0 (Windows NT 10.0; Win64; x64) AppleWebKit/537.36 (KHTML, like Gecko) Chrome/58.0.3029.110 Safari/537.3"
57.141.6.29 - - [07/May/2025:14:48:37 -0400] "GET /?_g=19018305 HTTP/1.1" 500 360 "-" "meta-externalagent/1.1 (+https://developers.facebook.com/docs/sharing/webmasters/crawler)"
198.204.226.18 - - [07/May/2025:14:48:32 -0400] "GET /wp-content/install.php HTTP/1.1" 200 0 "http://jenniferflo.com/wp-content/install.php" "Mozilla/5.0 (Windows NT 10.0; Win64; x64) AppleWebKit/537.36 (KHTML, like Gecko) Chrome/58.0.3029.110 Safari/537.3"
47.238.13.16 - - [07/May/2025:14:48:53 -0400] "GET /sitemap-subkey-341.xml HTTP/1.1" 200 100509 "-" "Mozilla/5.0 (Macintosh; Intel Mac OS X 10_15_7) AppleWebKit/537.36 (KHTML, like Gecko) Chrome/109.0.0.0 Safari/537.36"
57.141.6.16 - - [07/May/2025:14:49:27 -0400] "GET /?_g=19895927 HTTP/1.1" 500 360 "-" "meta-externalagent/1.1 (+https://developers.facebook.com/docs/sharing/webmasters/crawler)"
198.204.226.18 - - [07/May/2025:14:49:37 -0400] "GET /wp-content/install.php HTTP/1.1" 200 10 "http://jenniferflo.com/wp-content/install.php" "Mozilla/5.0 (Windows NT 10.0; Win64; x64) AppleWebKit/537.36 (KHTML, like Gecko) Chrome/58.0.3029.110 Safari/537.3"
57.141.6.4 - - [07/May/2025:14:49:44 -0400] "GET /?_g=9221350 HTTP/1.1" 500 360 "-" "meta-externalagent/1.1 (+https://developers.facebook.com/docs/sharing/webmasters/crawler)"
198.204.226.18 - - [07/May/2025:14:50:16 -0400] "GET /wp-content/install.php HTTP/1.1" 200 10 "http://jenniferflo.com/wp-content/install.php" "Mozilla/5.0 (Windows NT 10.0; Win64; x64) AppleWebKit/537.36 (KHTML, like Gecko) Chrome/58.0.3029.110 Safari/537.3"
198.204.226.18 - - [07/May/2025:14:50:13 -0400] "GET /wp-content/install.php HTTP/1.1" 200 0 "http://jenniferflo.com/wp-content/install.php" "Mozilla/5.0 (Windows NT 10.0; Win64; x64) AppleWebKit/537.36 (KHTML, like Gecko) Chrome/58.0.3029.110 Safari/537.3"
57.141.6.11 - - [07/May/2025:14:50:35 -0400] "GET /images/?SA HTTP/1.1" 200 2128 "-" "meta-externalagent/1.1 (+https://developers.facebook.com/docs/sharing/webmasters/crawler)"
198.204.226.18 - - [07/May/2025:14:50:38 -0400] "GET /wp-content/install.php HTTP/1.1" 200 10 "http://jenniferflo.com/wp-content/install.php" "Mozilla/5.0 (Windows NT 10.0; Win64; x64) AppleWebKit/537.36 (KHTML, like Gecko) Chrome/58.0.3029.110 Safari/537.3"
69.197.182.50 - - [07/May/2025:14:50:42 -0400] "GET /wp-includes/install.php HTTP/1.1" 200 10 "http://jenniferflo.com/wp-includes/install.php" "Mozilla/5.0 (Windows NT 10.0; Win64; x64) AppleWebKit/537.36 (KHTML, like Gecko) Chrome/58.0.3029.110 Safari/537.3"
198.204.226.18 - - [07/May/2025:14:50:35 -0400] "GET /wp-content/install.php HTTP/1.1" 200 0 "http://jenniferflo.com/wp-content/install.php" "Mozilla/5.0 (Windows NT 10.0; Win64; x64) AppleWebKit/537.36 (KHTML, like Gecko) Chrome/58.0.3029.110 Safari/537.3"
8.210.11.248 - - [07/May/2025:14:51:27 -0400] "GET /items/ayldi81/40528?key=disturb HTTP/1.1" 500 271 "-" "Mozilla/5.0 (Macintosh; Intel Mac OS X 10_15_7) AppleWebKit/537.36 (KHTML, like Gecko) Chrome/109.0.0.0 Safari/537.36"
57.141.6.15 - - [07/May/2025:14:51:28 -0400] "GET /?_g=6300850 HTTP/1.1" 500 360 "-" "meta-externalagent/1.1 (+https://developers.facebook.com/docs/sharing/webmasters/crawler)"
57.141.6.12 - - [07/May/2025:14:51:46 -0400] "GET /?_g=7686661 HTTP/1.1" 500 360 "-" "meta-externalagent/1.1 (+https://developers.facebook.com/docs/sharing/webmasters/crawler)"
198.204.226.18 - - [07/May/2025:14:51:46 -0400] "GET /wp-content/install.php HTTP/1.1" 200 10 "http://jenniferflo.com/wp-content/install.php" "Mozilla/5.0 (Windows NT 10.0; Win64; x64) AppleWebKit/537.36 (KHTML, like Gecko) Chrome/58.0.3029.110 Safari/537.3"
57.141.6.4 - - [07/May/2025:14:52:24 -0400] "GET /?_g=19152272 HTTP/1.1" 500 360 "-" "meta-externalagent/1.1 (+https://developers.facebook.com/docs/sharing/webmasters/crawler)"
47.242.230.146 - - [07/May/2025:14:52:25 -0400] "GET /items/abuot99/39922?key=grade HTTP/1.1" 500 271 "-" "Mozilla/5.0 (Macintosh; Intel Mac OS X 10_15_7) AppleWebKit/537.36 (KHTML, like Gecko) Chrome/109.0.0.0 Safari/537.36"
47.238.13.6 - - [07/May/2025:14:52:52 -0400] "GET /shrimp/z198?pid=18024 HTTP/1.1" 500 271 "-" "Mozilla/5.0 (Macintosh; Intel Mac OS X 10_15_7) AppleWebKit/537.36 (KHTML, like Gecko) Chrome/109.0.0.0 Safari/537.36"
198.204.226.18 - - [07/May/2025:14:52:52 -0400] "GET /wp-content/install.php HTTP/1.1" 200 10 "http://jenniferflo.com/wp-content/install.php" "Mozilla/5.0 (Windows NT 10.0; Win64; x64) AppleWebKit/537.36 (KHTML, like Gecko) Chrome/58.0.3029.110 Safari/537.3"
198.204.226.18 - - [07/May/2025:14:52:49 -0400] "GET /wp-content/install.php HTTP/1.1" 200 0 "http://jenniferflo.com/wp-content/install.php" "Mozilla/5.0 (Windows NT 10.0; Win64; x64) AppleWebKit/537.36 (KHTML, like Gecko) Chrome/58.0.3029.110 Safari/537.3"
198.204.226.18 - - [07/May/2025:14:54:03 -0400] "GET /wp-content/install.php HTTP/1.1" 200 10 "http://jenniferflo.com/wp-content/install.php" "Mozilla/5.0 (Windows NT 10.0; Win64; x64) AppleWebKit/537.36 (KHTML, like Gecko) Chrome/58.0.3029.110 Safari/537.3"
198.204.226.18 - - [07/May/2025:14:54:00 -0400] "GET /wp-content/install.php HTTP/1.1" 200 0 "http://jenniferflo.com/wp-content/install.php" "Mozilla/5.0 (Windows NT 10.0; Win64; x64) AppleWebKit/537.36 (KHTML, like Gecko) Chrome/58.0.3029.110 Safari/537.3"
198.204.226.18 - - [07/May/2025:14:54:32 -0400] "GET /wp-content/install.php HTTP/1.1" 200 10 "http://jenniferflo.com/wp-content/install.php" "Mozilla/5.0 (Windows NT 10.0; Win64; x64) AppleWebKit/537.36 (KHTML, like Gecko) Chrome/58.0.3029.110 Safari/537.3"
198.204.226.18 - - [07/May/2025:14:54:29 -0400] "GET /wp-content/install.php HTTP/1.1" 200 0 "http://jenniferflo.com/wp-content/install.php" "Mozilla/5.0 (Windows NT 10.0; Win64; x64) AppleWebKit/537.36 (KHTML, like Gecko) Chrome/58.0.3029.110 Safari/537.3"
47.238.13.15 - - [07/May/2025:14:54:49 -0400] "GET /cemetery/y22?pid=718 HTTP/1.1" 500 271 "-" "Mozilla/5.0 (Macintosh; Intel Mac OS X 10_15_7) AppleWebKit/537.36 (KHTML, like Gecko) Chrome/109.0.0.0 Safari/537.36"
57.141.6.21 - - [07/May/2025:14:55:20 -0400] "GET /?_g=19097216 HTTP/1.1" 500 360 "-" "meta-externalagent/1.1 (+https://developers.facebook.com/docs/sharing/webmasters/crawler)"
47.238.13.12 - - [07/May/2025:14:55:36 -0400] "GET /items/dqplx97/22122?key=service HTTP/1.1" 500 271 "-" "Mozilla/5.0 (Macintosh; Intel Mac OS X 10_15_7) AppleWebKit/537.36 (KHTML, like Gecko) Chrome/109.0.0.0 Safari/537.36"
47.243.161.234 - - [07/May/2025:14:55:39 -0400] "GET /items/jsbwx52/40391?key=music HTTP/1.1" 500 271 "-" "Mozilla/5.0 (Macintosh; Intel Mac OS X 10_15_7) AppleWebKit/537.36 (KHTML, like Gecko) Chrome/109.0.0.0 Safari/537.36"
57.141.6.6 - - [07/May/2025:14:55:48 -0400] "GET /?_g=16603472 HTTP/1.1" 500 360 "-" "meta-externalagent/1.1 (+https://developers.facebook.com/docs/sharing/webmasters/crawler)"
47.238.13.16 - - [07/May/2025:14:56:01 -0400] "GET /sitemap-subkey-1278.xml HTTP/1.1" 200 99378 "-" "Mozilla/5.0 (Macintosh; Intel Mac OS X 10_15_7) AppleWebKit/537.36 (KHTML, like Gecko) Chrome/109.0.0.0 Safari/537.36"
57.141.6.27 - - [07/May/2025:14:56:02 -0400] "GET /?_g=8452627 HTTP/1.1" 500 360 "-" "meta-externalagent/1.1 (+https://developers.facebook.com/docs/sharing/webmasters/crawler)"
198.204.226.18 - - [07/May/2025:14:56:02 -0400] "GET /wp-content/install.php HTTP/1.1" 200 10 "http://jenniferflo.com/wp-content/install.php" "Mozilla/5.0 (Windows NT 10.0; Win64; x64) AppleWebKit/537.36 (KHTML, like Gecko) Chrome/58.0.3029.110 Safari/537.3"
198.204.226.18 - - [07/May/2025:14:55:59 -0400] "GET /wp-content/install.php HTTP/1.1" 200 0 "http://jenniferflo.com/wp-content/install.php" "Mozilla/5.0 (Windows NT 10.0; Win64; x64) AppleWebKit/537.36 (KHTML, like Gecko) Chrome/58.0.3029.110 Safari/537.3"
198.204.226.18 - - [07/May/2025:14:56:21 -0400] "GET /wp-content/install.php HTTP/1.1" 200 10 "http://jenniferflo.com/wp-content/install.php" "Mozilla/5.0 (Windows NT 10.0; Win64; x64) AppleWebKit/537.36 (KHTML, like Gecko) Chrome/58.0.3029.110 Safari/537.3"
57.141.6.3 - - [07/May/2025:14:56:35 -0400] "GET /?_g=7443972 HTTP/1.1" 500 360 "-" "meta-externalagent/1.1 (+https://developers.facebook.com/docs/sharing/webmasters/crawler)"
198.204.226.18 - - [07/May/2025:14:56:41 -0400] "GET /wp-content/install.php HTTP/1.1" 200 10 "http://jenniferflo.com/wp-content/install.php" "Mozilla/5.0 (Windows NT 10.0; Win64; x64) AppleWebKit/537.36 (KHTML, like Gecko) Chrome/58.0.3029.110 Safari/537.3"
198.204.226.18 - - [07/May/2025:14:57:16 -0400] "GET /wp-content/install.php HTTP/1.1" 200 10 "http://jenniferflo.com/wp-content/install.php" "Mozilla/5.0 (Windows NT 10.0; Win64; x64) AppleWebKit/537.36 (KHTML, like Gecko) Chrome/58.0.3029.110 Safari/537.3"
57.141.6.13 - - [07/May/2025:14:57:30 -0400] "GET /?_g=29051772 HTTP/1.1" 500 360 "-" "meta-externalagent/1.1 (+https://developers.facebook.com/docs/sharing/webmasters/crawler)"
198.204.226.18 - - [07/May/2025:14:57:51 -0400] "GET /wp-content/install.php HTTP/1.1" 200 10 "http://jenniferflo.com/wp-content/install.php" "Mozilla/5.0 (Windows NT 10.0; Win64; x64) AppleWebKit/537.36 (KHTML, like Gecko) Chrome/58.0.3029.110 Safari/537.3"
198.204.226.18 - - [07/May/2025:14:57:48 -0400] "GET /wp-content/install.php HTTP/1.1" 200 0 "http://jenniferflo.com/wp-content/install.php" "Mozilla/5.0 (Windows NT 10.0; Win64; x64) AppleWebKit/537.36 (KHTML, like Gecko) Chrome/58.0.3029.110 Safari/537.3"
198.204.226.18 - - [07/May/2025:14:58:11 -0400] "GET /wp-content/install.php HTTP/1.1" 200 10 "http://jenniferflo.com/wp-content/install.php" "Mozilla/5.0 (Windows NT 10.0; Win64; x64) AppleWebKit/537.36 (KHTML, like Gecko) Chrome/58.0.3029.110 Safari/537.3"
198.204.226.18 - - [07/May/2025:14:58:07 -0400] "GET /wp-content/install.php HTTP/1.1" 200 0 "http://jenniferflo.com/wp-content/install.php" "Mozilla/5.0 (Windows NT 10.0; Win64; x64) AppleWebKit/537.36 (KHTML, like Gecko) Chrome/58.0.3029.110 Safari/537.3"
198.204.226.18 - - [07/May/2025:14:58:31 -0400] "GET /wp-content/install.php HTTP/1.1" 200 0 "http://jenniferflo.com/wp-content/install.php" "Mozilla/5.0 (Windows NT 10.0; Win64; x64) AppleWebKit/537.36 (KHTML, like Gecko) Chrome/58.0.3029.110 Safari/537.3"
198.204.226.18 - - [07/May/2025:14:59:21 -0400] "GET /wp-content/install.php HTTP/1.1" 200 10 "http://jenniferflo.com/wp-content/install.php" "Mozilla/5.0 (Windows NT 10.0; Win64; x64) AppleWebKit/537.36 (KHTML, like Gecko) Chrome/58.0.3029.110 Safari/537.3"
198.204.226.18 - - [07/May/2025:14:59:18 -0400] "GET /wp-content/install.php HTTP/1.1" 200 0 "http://jenniferflo.com/wp-content/install.php" "Mozilla/5.0 (Windows NT 10.0; Win64; x64) AppleWebKit/537.36 (KHTML, like Gecko) Chrome/58.0.3029.110 Safari/537.3"
47.238.13.10 - - [07/May/2025:14:59:45 -0400] "GET /weed/y40?pid=650 HTTP/1.1" 500 271 "-" "Mozilla/5.0 (Macintosh; Intel Mac OS X 10_15_7) AppleWebKit/537.36 (KHTML, like Gecko) Chrome/109.0.0.0 Safari/537.36"
47.238.13.3 - - [07/May/2025:15:00:21 -0400] "GET /items/wpbsn66/31473?key=authorize HTTP/1.1" 500 271 "-" "Mozilla/5.0 (Macintosh; Intel Mac OS X 10_15_7) AppleWebKit/537.36 (KHTML, like Gecko) Chrome/109.0.0.0 Safari/537.36"
57.141.6.7 - - [07/May/2025:15:00:32 -0400] "GET /?_g=19046072 HTTP/1.1" 500 360 "-" "meta-externalagent/1.1 (+https://developers.facebook.com/docs/sharing/webmasters/crawler)"
57.141.6.13 - - [07/May/2025:15:01:36 -0400] "GET /?_g=10246249 HTTP/1.1" 500 360 "-" "meta-externalagent/1.1 (+https://developers.facebook.com/docs/sharing/webmasters/crawler)"
57.141.6.15 - - [07/May/2025:15:02:40 -0400] "GET /?_g=23620361 HTTP/1.1" 500 360 "-" "meta-externalagent/1.1 (+https://developers.facebook.com/docs/sharing/webmasters/crawler)"
57.141.6.17 - - [07/May/2025:15:02:42 -0400] "GET /?_g=8785994 HTTP/1.1" 500 360 "-" "meta-externalagent/1.1 (+https://developers.facebook.com/docs/sharing/webmasters/crawler)"
198.204.226.18 - - [07/May/2025:15:02:54 -0400] "GET /wp-content/install.php HTTP/1.1" 200 10 "http://jenniferflo.com/wp-content/install.php" "Mozilla/5.0 (Windows NT 10.0; Win64; x64) AppleWebKit/537.36 (KHTML, like Gecko) Chrome/58.0.3029.110 Safari/537.3"
57.141.6.7 - - [07/May/2025:15:03:50 -0400] "GET /?_g=13935172 HTTP/1.1" 500 360 "-" "meta-externalagent/1.1 (+https://developers.facebook.com/docs/sharing/webmasters/crawler)"
198.204.226.18 - - [07/May/2025:15:03:55 -0400] "GET /wp-content/install.php HTTP/1.1" 200 10 "http://jenniferflo.com/wp-content/install.php" "Mozilla/5.0 (Windows NT 10.0; Win64; x64) AppleWebKit/537.36 (KHTML, like Gecko) Chrome/58.0.3029.110 Safari/537.3"
198.204.226.18 - - [07/May/2025:15:05:30 -0400] "GET /wp-content/install.php HTTP/1.1" 200 10 "http://jenniferflo.com/wp-content/install.php" "Mozilla/5.0 (Windows NT 10.0; Win64; x64) AppleWebKit/537.36 (KHTML, like Gecko) Chrome/58.0.3029.110 Safari/537.3"
198.204.226.18 - - [07/May/2025:15:05:27 -0400] "GET /wp-content/install.php HTTP/1.1" 200 0 "http://jenniferflo.com/wp-content/install.php" "Mozilla/5.0 (Windows NT 10.0; Win64; x64) AppleWebKit/537.36 (KHTML, like Gecko) Chrome/58.0.3029.110 Safari/537.3"
47.238.13.13 - - [07/May/2025:15:05:38 -0400] "GET /another/m18?pid=1290 HTTP/1.1" 500 271 "-" "Mozilla/5.0 (Macintosh; Intel Mac OS X 10_15_7) AppleWebKit/537.36 (KHTML, like Gecko) Chrome/109.0.0.0 Safari/537.36"
57.141.6.31 - - [07/May/2025:15:06:02 -0400] "GET /?_g=4762172 HTTP/1.1" 500 360 "-" "meta-externalagent/1.1 (+https://developers.facebook.com/docs/sharing/webmasters/crawler)"
198.204.226.18 - - [07/May/2025:15:07:10 -0400] "GET /wp-content/install.php HTTP/1.1" 200 10 "http://jenniferflo.com/wp-content/install.php" "Mozilla/5.0 (Windows NT 10.0; Win64; x64) AppleWebKit/537.36 (KHTML, like Gecko) Chrome/58.0.3029.110 Safari/537.3"
198.204.226.18 - - [07/May/2025:15:07:07 -0400] "GET /wp-content/install.php HTTP/1.1" 200 0 "http://jenniferflo.com/wp-content/install.php" "Mozilla/5.0 (Windows NT 10.0; Win64; x64) AppleWebKit/537.36 (KHTML, like Gecko) Chrome/58.0.3029.110 Safari/537.3"
57.141.6.22 - - [07/May/2025:15:08:16 -0400] "GET /?_g=21281138 HTTP/1.1" 500 360 "-" "meta-externalagent/1.1 (+https://developers.facebook.com/docs/sharing/webmasters/crawler)"
198.204.226.18 - - [07/May/2025:15:08:59 -0400] "GET /wp-content/install.php HTTP/1.1" 200 10 "http://jenniferflo.com/wp-content/install.php" "Mozilla/5.0 (Windows NT 10.0; Win64; x64) AppleWebKit/537.36 (KHTML, like Gecko) Chrome/58.0.3029.110 Safari/537.3"
69.197.182.50 - - [07/May/2025:15:09:00 -0400] "GET /wp-includes/install.php HTTP/1.1" 200 10 "http://jenniferflo.com/wp-includes/install.php" "Mozilla/5.0 (Windows NT 10.0; Win64; x64) AppleWebKit/537.36 (KHTML, like Gecko) Chrome/58.0.3029.110 Safari/537.3"
198.204.226.18 - - [07/May/2025:15:09:21 -0400] "GET /wp-content/install.php HTTP/1.1" 200 10 "http://jenniferflo.com/wp-content/install.php" "Mozilla/5.0 (Windows NT 10.0; Win64; x64) AppleWebKit/537.36 (KHTML, like Gecko) Chrome/58.0.3029.110 Safari/537.3"
198.204.226.18 - - [07/May/2025:15:09:18 -0400] "GET /wp-content/install.php HTTP/1.1" 200 0 "http://jenniferflo.com/wp-content/install.php" "Mozilla/5.0 (Windows NT 10.0; Win64; x64) AppleWebKit/537.36 (KHTML, like Gecko) Chrome/58.0.3029.110 Safari/537.3"
198.204.226.18 - - [07/May/2025:15:09:33 -0400] "GET /wp-content/install.php HTTP/1.1" 200 10 "http://jenniferflo.com/wp-content/install.php" "Mozilla/5.0 (Windows NT 10.0; Win64; x64) AppleWebKit/537.36 (KHTML, like Gecko) Chrome/58.0.3029.110 Safari/537.3"
198.204.226.18 - - [07/May/2025:15:10:06 -0400] "GET /wp-content/install.php HTTP/1.1" 200 10 "http://jenniferflo.com/wp-content/install.php" "Mozilla/5.0 (Windows NT 10.0; Win64; x64) AppleWebKit/537.36 (KHTML, like Gecko) Chrome/58.0.3029.110 Safari/537.3"
198.204.226.18 - - [07/May/2025:15:11:07 -0400] "GET /wp-content/install.php HTTP/1.1" 200 10 "http://jenniferflo.com/wp-content/install.php" "Mozilla/5.0 (Windows NT 10.0; Win64; x64) AppleWebKit/537.36 (KHTML, like Gecko) Chrome/58.0.3029.110 Safari/537.3"
198.204.226.18 - - [07/May/2025:15:11:04 -0400] "GET /wp-content/install.php HTTP/1.1" 200 0 "http://jenniferflo.com/wp-content/install.php" "Mozilla/5.0 (Windows NT 10.0; Win64; x64) AppleWebKit/537.36 (KHTML, like Gecko) Chrome/58.0.3029.110 Safari/537.3"
47.238.13.13 - - [07/May/2025:15:11:25 -0400] "GET /items/eykew13/170?key=mainly HTTP/1.1" 500 271 "-" "Mozilla/5.0 (Macintosh; Intel Mac OS X 10_15_7) AppleWebKit/537.36 (KHTML, like Gecko) Chrome/109.0.0.0 Safari/537.36"
47.238.13.13 - - [07/May/2025:15:11:37 -0400] "GET /sitemap-subkey-2823.xml HTTP/1.1" 200 100523 "-" "Mozilla/5.0 (Macintosh; Intel Mac OS X 10_15_7) AppleWebKit/537.36 (KHTML, like Gecko) Chrome/109.0.0.0 Safari/537.36"
47.238.14.12 - - [07/May/2025:15:11:54 -0400] "GET /items/wemri124/4395?key=sad HTTP/1.1" 500 271 "-" "Mozilla/5.0 (Macintosh; Intel Mac OS X 10_15_7) AppleWebKit/537.36 (KHTML, like Gecko) Chrome/109.0.0.0 Safari/537.36"
198.204.226.18 - - [07/May/2025:15:12:46 -0400] "GET /wp-content/install.php HTTP/1.1" 200 10 "http://jenniferflo.com/wp-content/install.php" "Mozilla/5.0 (Windows NT 10.0; Win64; x64) AppleWebKit/537.36 (KHTML, like Gecko) Chrome/58.0.3029.110 Safari/537.3"
198.204.226.18 - - [07/May/2025:15:12:43 -0400] "GET /wp-content/install.php HTTP/1.1" 200 0 "http://jenniferflo.com/wp-content/install.php" "Mozilla/5.0 (Windows NT 10.0; Win64; x64) AppleWebKit/537.36 (KHTML, like Gecko) Chrome/58.0.3029.110 Safari/537.3"
47.242.230.146 - - [07/May/2025:15:12:56 -0400] "GET /sort/w92?pid=43040 HTTP/1.1" 500 271 "-" "Mozilla/5.0 (Macintosh; Intel Mac OS X 10_15_7) AppleWebKit/537.36 (KHTML, like Gecko) Chrome/109.0.0.0 Safari/537.36"
198.204.226.18 - - [07/May/2025:15:13:14 -0400] "GET /wp-content/install.php HTTP/1.1" 200 10 "http://jenniferflo.com/wp-content/install.php" "Mozilla/5.0 (Windows NT 10.0; Win64; x64) AppleWebKit/537.36 (KHTML, like Gecko) Chrome/58.0.3029.110 Safari/537.3"
8.210.8.206 - - [07/May/2025:15:13:16 -0400] "GET /sitemap-subkey-1116.xml HTTP/1.1" 200 99188 "-" "Mozilla/5.0 (Macintosh; Intel Mac OS X 10_15_7) AppleWebKit/537.36 (KHTML, like Gecko) Chrome/109.0.0.0 Safari/537.36"
57.141.6.2 - - [07/May/2025:15:13:49 -0400] "GET /?_g=14940005 HTTP/1.1" 500 360 "-" "meta-externalagent/1.1 (+https://developers.facebook.com/docs/sharing/webmasters/crawler)"
198.204.226.18 - - [07/May/2025:15:14:44 -0400] "GET /wp-content/install.php HTTP/1.1" 200 10 "http://jenniferflo.com/wp-content/install.php" "Mozilla/5.0 (Windows NT 10.0; Win64; x64) AppleWebKit/537.36 (KHTML, like Gecko) Chrome/58.0.3029.110 Safari/537.3"
198.204.226.18 - - [07/May/2025:15:14:41 -0400] "GET /wp-content/install.php HTTP/1.1" 200 0 "http://jenniferflo.com/wp-content/install.php" "Mozilla/5.0 (Windows NT 10.0; Win64; x64) AppleWebKit/537.36 (KHTML, like Gecko) Chrome/58.0.3029.110 Safari/537.3"
66.249.64.110 - - [07/May/2025:15:15:01 -0400] "GET /sitemap40.xml HTTP/1.1" 200 42416 "-" "Mozilla/5.0 (compatible; Googlebot/2.1; +http://www.google.com/bot.html)"
198.204.226.18 - - [07/May/2025:15:15:09 -0400] "GET /wp-content/install.php HTTP/1.1" 200 10 "http://jenniferflo.com/wp-content/install.php" "Mozilla/5.0 (Windows NT 10.0; Win64; x64) AppleWebKit/537.36 (KHTML, like Gecko) Chrome/58.0.3029.110 Safari/537.3"
198.204.226.18 - - [07/May/2025:15:15:24 -0400] "GET /wp-content/install.php HTTP/1.1" 200 10 "http://jenniferflo.com/wp-content/install.php" "Mozilla/5.0 (Windows NT 10.0; Win64; x64) AppleWebKit/537.36 (KHTML, like Gecko) Chrome/58.0.3029.110 Safari/537.3"
47.238.13.16 - - [07/May/2025:15:16:01 -0400] "GET /items/zspff107/34342?key=broadcast HTTP/1.1" 500 271 "-" "Mozilla/5.0 (Macintosh; Intel Mac OS X 10_15_7) AppleWebKit/537.36 (KHTML, like Gecko) Chrome/109.0.0.0 Safari/537.36"
57.141.6.13 - - [07/May/2025:15:16:02 -0400] "GET /?_g=9329027 HTTP/1.1" 500 360 "-" "meta-externalagent/1.1 (+https://developers.facebook.com/docs/sharing/webmasters/crawler)"
47.238.13.11 - - [07/May/2025:15:16:27 -0400] "GET /sitemap-subkey-2246.xml HTTP/1.1" 200 100169 "-" "Mozilla/5.0 (Macintosh; Intel Mac OS X 10_15_7) AppleWebKit/537.36 (KHTML, like Gecko) Chrome/109.0.0.0 Safari/537.36"
198.204.226.18 - - [07/May/2025:15:16:45 -0400] "GET /wp-content/install.php HTTP/1.1" 200 10 "http://jenniferflo.com/wp-content/install.php" "Mozilla/5.0 (Windows NT 10.0; Win64; x64) AppleWebKit/537.36 (KHTML, like Gecko) Chrome/58.0.3029.110 Safari/537.3"
198.204.226.18 - - [07/May/2025:15:16:42 -0400] "GET /wp-content/install.php HTTP/1.1" 200 0 "http://jenniferflo.com/wp-content/install.php" "Mozilla/5.0 (Windows NT 10.0; Win64; x64) AppleWebKit/537.36 (KHTML, like Gecko) Chrome/58.0.3029.110 Safari/537.3"
198.204.226.18 - - [07/May/2025:15:17:06 -0400] "GET /wp-content/install.php HTTP/1.1" 200 10 "http://jenniferflo.com/wp-content/install.php" "Mozilla/5.0 (Windows NT 10.0; Win64; x64) AppleWebKit/537.36 (KHTML, like Gecko) Chrome/58.0.3029.110 Safari/537.3"
57.141.6.30 - - [07/May/2025:15:17:09 -0400] "GET /?_g=6434827 HTTP/1.1" 500 360 "-" "meta-externalagent/1.1 (+https://developers.facebook.com/docs/sharing/webmasters/crawler)"
198.204.226.18 - - [07/May/2025:15:17:19 -0400] "GET /wp-content/install.php HTTP/1.1" 200 10 "http://jenniferflo.com/wp-content/install.php" "Mozilla/5.0 (Windows NT 10.0; Win64; x64) AppleWebKit/537.36 (KHTML, like Gecko) Chrome/58.0.3029.110 Safari/537.3"
57.141.6.11 - - [07/May/2025:15:18:16 -0400] "GET /?_g=4548550 HTTP/1.1" 500 360 "-" "meta-externalagent/1.1 (+https://developers.facebook.com/docs/sharing/webmasters/crawler)"
8.210.108.0 - - [07/May/2025:15:18:22 -0400] "GET /sitemap-subkey-2942.xml HTTP/1.1" 200 100525 "-" "Mozilla/5.0 (Macintosh; Intel Mac OS X 10_15_7) AppleWebKit/537.36 (KHTML, like Gecko) Chrome/109.0.0.0 Safari/537.36"
198.204.226.18 - - [07/May/2025:15:18:34 -0400] "GET /wp-content/install.php HTTP/1.1" 200 10 "http://jenniferflo.com/wp-content/install.php" "Mozilla/5.0 (Windows NT 10.0; Win64; x64) AppleWebKit/537.36 (KHTML, like Gecko) Chrome/58.0.3029.110 Safari/537.3"
198.204.226.18 - - [07/May/2025:15:18:30 -0400] "GET /wp-content/install.php HTTP/1.1" 200 0 "http://jenniferflo.com/wp-content/install.php" "Mozilla/5.0 (Windows NT 10.0; Win64; x64) AppleWebKit/537.36 (KHTML, like Gecko) Chrome/58.0.3029.110 Safari/537.3"
83.219.248.170 - - [07/May/2025:15:18:51 -0400] "GET /wp-json/wp/v2/give_forms/ HTTP/1.1" 500 271 "-" "Mozilla/5.0 (Macintosh; Intel Mac OS X 10_10_0) AppleWebKit/537.36 (KHTML, like Gecko) Chrome/55.0.2905.14 Safari/537.36"
83.219.248.170 - - [07/May/2025:15:18:52 -0400] "POST /wp-admin/admin-ajax.php HTTP/1.1" 500 271 "http://jenniferflo.com/wp-json/wp/v2/give_forms/" "Mozilla/5.0 (Macintosh; Intel Mac OS X 10_10_0) AppleWebKit/537.36 (KHTML, like Gecko) Chrome/55.0.2905.14 Safari/537.36"
47.238.13.11 - - [07/May/2025:15:18:56 -0400] "GET /sitemap-subkey-2814.xml HTTP/1.1" 200 101321 "-" "Mozilla/5.0 (Macintosh; Intel Mac OS X 10_15_7) AppleWebKit/537.36 (KHTML, like Gecko) Chrome/109.0.0.0 Safari/537.36"
47.238.13.13 - - [07/May/2025:15:19:15 -0400] "GET /sitemap-subkey-1558.xml HTTP/1.1" 200 100611 "-" "Mozilla/5.0 (Macintosh; Intel Mac OS X 10_15_7) AppleWebKit/537.36 (KHTML, like Gecko) Chrome/109.0.0.0 Safari/537.36"
198.204.226.18 - - [07/May/2025:15:19:26 -0400] "GET /wp-content/install.php HTTP/1.1" 200 10 "http://jenniferflo.com/wp-content/install.php" "Mozilla/5.0 (Windows NT 10.0; Win64; x64) AppleWebKit/537.36 (KHTML, like Gecko) Chrome/58.0.3029.110 Safari/537.3"
47.238.13.17 - - [07/May/2025:15:19:39 -0400] "GET /forgive/z29?pid=547 HTTP/1.1" 500 271 "-" "Mozilla/5.0 (Macintosh; Intel Mac OS X 10_15_7) AppleWebKit/537.36 (KHTML, like Gecko) Chrome/109.0.0.0 Safari/537.36"
198.204.226.18 - - [07/May/2025:15:20:10 -0400] "GET /wp-content/install.php HTTP/1.1" 200 0 "http://jenniferflo.com/wp-content/install.php" "Mozilla/5.0 (Windows NT 10.0; Win64; x64) AppleWebKit/537.36 (KHTML, like Gecko) Chrome/58.0.3029.110 Safari/537.3"
47.238.13.16 - - [07/May/2025:15:20:33 -0400] "GET /items/gqdpv1/43294?key=boss HTTP/1.1" 500 271 "-" "Mozilla/5.0 (Macintosh; Intel Mac OS X 10_15_7) AppleWebKit/537.36 (KHTML, like Gecko) Chrome/109.0.0.0 Safari/537.36"
47.238.13.12 - - [07/May/2025:15:21:26 -0400] "GET /beard/m81?pid=515 HTTP/1.1" 500 271 "-" "Mozilla/5.0 (Macintosh; Intel Mac OS X 10_15_7) AppleWebKit/537.36 (KHTML, like Gecko) Chrome/109.0.0.0 Safari/537.36"
198.204.226.18 - - [07/May/2025:15:21:30 -0400] "GET /wp-content/install.php HTTP/1.1" 200 10 "http://jenniferflo.com/wp-content/install.php" "Mozilla/5.0 (Windows NT 10.0; Win64; x64) AppleWebKit/537.36 (KHTML, like Gecko) Chrome/58.0.3029.110 Safari/537.3"
57.141.6.31 - - [07/May/2025:15:21:36 -0400] "GET /?_g=17903205 HTTP/1.1" 500 360 "-" "meta-externalagent/1.1 (+https://developers.facebook.com/docs/sharing/webmasters/crawler)"
198.204.226.18 - - [07/May/2025:15:21:27 -0400] "GET /wp-content/install.php HTTP/1.1" 200 0 "http://jenniferflo.com/wp-content/install.php" "Mozilla/5.0 (Windows NT 10.0; Win64; x64) AppleWebKit/537.36 (KHTML, like Gecko) Chrome/58.0.3029.110 Safari/537.3"
57.141.6.11 - - [07/May/2025:15:22:42 -0400] "GET /?_g=9327550 HTTP/1.1" 500 360 "-" "meta-externalagent/1.1 (+https://developers.facebook.com/docs/sharing/webmasters/crawler)"
47.238.13.15 - - [07/May/2025:15:23:04 -0400] "GET /items/jsczq132/46197?key=tooth HTTP/1.1" 500 271 "-" "Mozilla/5.0 (Macintosh; Intel Mac OS X 10_15_7) AppleWebKit/537.36 (KHTML, like Gecko) Chrome/109.0.0.0 Safari/537.36"
198.204.226.18 - - [07/May/2025:15:23:22 -0400] "GET /wp-content/install.php HTTP/1.1" 200 10 "http://jenniferflo.com/wp-content/install.php" "Mozilla/5.0 (Windows NT 10.0; Win64; x64) AppleWebKit/537.36 (KHTML, like Gecko) Chrome/58.0.3029.110 Safari/537.3"
198.204.226.18 - - [07/May/2025:15:23:19 -0400] "GET /wp-content/install.php HTTP/1.1" 200 0 "http://jenniferflo.com/wp-content/install.php" "Mozilla/5.0 (Windows NT 10.0; Win64; x64) AppleWebKit/537.36 (KHTML, like Gecko) Chrome/58.0.3029.110 Safari/537.3"
8.210.15.252 - - [07/May/2025:15:23:39 -0400] "GET /sitemap-subkey-516.xml HTTP/1.1" 200 99215 "-" "Mozilla/5.0 (Macintosh; Intel Mac OS X 10_15_7) AppleWebKit/537.36 (KHTML, like Gecko) Chrome/109.0.0.0 Safari/537.36"
47.238.13.14 - - [07/May/2025:15:24:21 -0400] "GET /sitemap-subkey-1502.xml HTTP/1.1" 200 100090 "-" "Mozilla/5.0 (Macintosh; Intel Mac OS X 10_15_7) AppleWebKit/537.36 (KHTML, like Gecko) Chrome/109.0.0.0 Safari/537.36"
198.204.226.18 - - [07/May/2025:15:24:33 -0400] "GET /wp-content/install.php HTTP/1.1" 200 10 "http://jenniferflo.com/wp-content/install.php" "Mozilla/5.0 (Windows NT 10.0; Win64; x64) AppleWebKit/537.36 (KHTML, like Gecko) Chrome/58.0.3029.110 Safari/537.3"
198.204.226.18 - - [07/May/2025:15:24:30 -0400] "GET /wp-content/install.php HTTP/1.1" 200 0 "http://jenniferflo.com/wp-content/install.php" "Mozilla/5.0 (Windows NT 10.0; Win64; x64) AppleWebKit/537.36 (KHTML, like Gecko) Chrome/58.0.3029.110 Safari/537.3"
57.141.6.20 - - [07/May/2025:15:24:56 -0400] "GET /?_g=20238861 HTTP/1.1" 500 360 "-" "meta-externalagent/1.1 (+https://developers.facebook.com/docs/sharing/webmasters/crawler)"
8.210.10.143 - - [07/May/2025:15:25:03 -0400] "GET /items/ldaar1/678?key=bicycle HTTP/1.1" 500 271 "-" "Mozilla/5.0 (Macintosh; Intel Mac OS X 10_15_7) AppleWebKit/537.36 (KHTML, like Gecko) Chrome/109.0.0.0 Safari/537.36"
57.141.6.22 - - [07/May/2025:15:26:02 -0400] "GET /?_g=9567972 HTTP/1.1" 500 360 "-" "meta-externalagent/1.1 (+https://developers.facebook.com/docs/sharing/webmasters/crawler)"
47.238.13.2 - - [07/May/2025:15:26:35 -0400] "GET /mechanical/n69?pid=10167 HTTP/1.1" 500 271 "-" "Mozilla/5.0 (Macintosh; Intel Mac OS X 10_15_7) AppleWebKit/537.36 (KHTML, like Gecko) Chrome/109.0.0.0 Safari/537.36"
198.204.226.18 - - [07/May/2025:15:26:39 -0400] "GET /wp-content/install.php HTTP/1.1" 200 10 "http://jenniferflo.com/wp-content/install.php" "Mozilla/5.0 (Windows NT 10.0; Win64; x64) AppleWebKit/537.36 (KHTML, like Gecko) Chrome/58.0.3029.110 Safari/537.3"
47.243.178.179 - - [07/May/2025:15:26:44 -0400] "GET /items/qclbk167/20174?key=cite HTTP/1.1" 500 271 "-" "Mozilla/5.0 (Macintosh; Intel Mac OS X 10_15_7) AppleWebKit/537.36 (KHTML, like Gecko) Chrome/109.0.0.0 Safari/537.36"
198.204.226.18 - - [07/May/2025:15:26:36 -0400] "GET /wp-content/install.php HTTP/1.1" 200 0 "http://jenniferflo.com/wp-content/install.php" "Mozilla/5.0 (Windows NT 10.0; Win64; x64) AppleWebKit/537.36 (KHTML, like Gecko) Chrome/58.0.3029.110 Safari/537.3"
198.204.226.18 - - [07/May/2025:15:27:37 -0400] "GET /wp-content/install.php HTTP/1.1" 200 10 "http://jenniferflo.com/wp-content/install.php" "Mozilla/5.0 (Windows NT 10.0; Win64; x64) AppleWebKit/537.36 (KHTML, like Gecko) Chrome/58.0.3029.110 Safari/537.3"
