52.169.142.204 - - [07/May/2025:09:09:26 -0400] "GET /wp-admin/js/ HTTP/1.1" 200 28208 "-" "-"
52.169.142.204 - - [07/May/2025:09:09:26 -0400] "GET /wp-admin/maint/ HTTP/1.1" 200 1835 "-" "-"
52.169.142.204 - - [07/May/2025:09:09:26 -0400] "GET /wp-admin/js//wp-conflg.php HTTP/1.1" 500 360 "-" "-"
52.169.142.204 - - [07/May/2025:09:09:26 -0400] "GET /wp-admin/js/chosen.php HTTP/1.1" 500 360 "-" "-"
52.169.142.204 - - [07/May/2025:09:09:26 -0400] "GET /wp-admin/js/widgets/ HTTP/1.1" 200 6325 "-" "-"
52.169.142.204 - - [07/May/2025:09:09:26 -0400] "GET /wp-admin/log.php HTTP/1.1" 500 360 "-" "-"
52.169.142.204 - - [07/May/2025:09:09:27 -0400] "GET /wp-admin/maint/admin.php HTTP/1.1" 500 360 "-" "-"
52.169.142.204 - - [07/May/2025:09:09:27 -0400] "GET /wp-admin/network/autoload_classmap.php HTTP/1.1" 500 360 "-" "-"
52.169.142.204 - - [07/May/2025:09:09:27 -0400] "GET /wp-admin/network/chosen.php HTTP/1.1" 500 360 "-" "-"
52.169.142.204 - - [07/May/2025:09:09:27 -0400] "GET /wp-admin/network/network.php HTTP/1.1" 500 360 "-" "-"
52.169.142.204 - - [07/May/2025:09:09:27 -0400] "GET /wp-admin/wp-conflg.php HTTP/1.1" 500 360 "-" "-"
52.169.142.204 - - [07/May/2025:09:09:27 -0400] "GET /wp-class.php HTTP/1.1" 500 360 "-" "-"
52.169.142.204 - - [07/May/2025:09:09:27 -0400] "GET /wp-config-sample.php HTTP/1.1" 500 360 "-" "-"
52.169.142.204 - - [07/May/2025:09:09:27 -0400] "GET /wp-content/ HTTP/1.1" 200 17894 "-" "-"
52.169.142.204 - - [07/May/2025:09:09:27 -0400] "GET /wp-content/about.php HTTP/1.1" 500 360 "-" "-"
52.169.142.204 - - [07/May/2025:09:09:27 -0400] "GET /wp-content/atomlib.php HTTP/1.1" 500 360 "-" "-"
52.169.142.204 - - [07/May/2025:09:09:28 -0400] "GET /wp-content/autoload_classmap.php HTTP/1.1" 500 360 "-" "-"
52.169.142.204 - - [07/May/2025:09:09:28 -0400] "GET /wp-content/b.php HTTP/1.1" 500 360 "-" "-"
52.169.142.204 - - [07/May/2025:09:09:28 -0400] "GET /wp-content/cache/index.php HTTP/1.1" 500 360 "-" "-"
52.169.142.204 - - [07/May/2025:09:09:28 -0400] "GET /wp-content/cong.php HTTP/1.1" 500 360 "-" "-"
52.169.142.204 - - [07/May/2025:09:09:28 -0400] "GET /wp-content/file.php HTTP/1.1" 500 360 "-" "-"
52.169.142.204 - - [07/May/2025:09:09:28 -0400] "GET /wp-content/fonts/ HTTP/1.1" 500 360 "-" "-"
52.169.142.204 - - [07/May/2025:09:09:28 -0400] "GET /wp-content/index.php HTTP/1.1" 500 360 "-" "-"
52.169.142.204 - - [07/May/2025:09:09:28 -0400] "GET /wp-content/languages/themes/ HTTP/1.1" 500 360 "-" "-"
52.169.142.204 - - [07/May/2025:09:09:28 -0400] "GET /wp-content/plugins/ HTTP/1.1" 200 359 "-" "-"
52.169.142.204 - - [07/May/2025:09:09:28 -0400] "GET /wp-content/plugins/WordPressCore/ HTTP/1.1" 500 360 "-" "-"
52.169.142.204 - - [07/May/2025:09:09:29 -0400] "GET /wp-content/plugins/classic-editor/ HTTP/1.1" 200 2727 "-" "-"
52.169.142.204 - - [07/May/2025:09:09:29 -0400] "GET /wp-content/plugins/erinyani/ HTTP/1.1" 500 360 "-" "-"
52.169.142.204 - - [07/May/2025:09:09:29 -0400] "GET /wp-content/plugins/erinyani/asasx.php HTTP/1.1" 500 360 "-" "-"
52.169.142.204 - - [07/May/2025:09:09:29 -0400] "GET /wp-content/plugins/erinyani/gebase.php HTTP/1.1" 500 360 "-" "-"
52.169.142.204 - - [07/May/2025:09:09:29 -0400] "GET /wp-content/plugins/goods.php HTTP/1.1" 500 360 "-" "-"
52.169.142.204 - - [07/May/2025:09:09:29 -0400] "GET /wp-content/plugins/hello.php HTTP/1.1" 403 1242 "-" "-"
52.169.142.204 - - [07/May/2025:09:09:29 -0400] "GET /wp-content/plugins/seoplugins/ HTTP/1.1" 500 360 "-" "-"
52.169.142.204 - - [07/May/2025:09:09:29 -0400] "GET /wp-content/plugins/wp-help/admin/wp-fclass.php HTTP/1.1" 500 360 "-" "-"
52.169.142.204 - - [07/May/2025:09:09:29 -0400] "GET /wp-content/plugins/wp-sec/ab.php HTTP/1.1" 500 360 "-" "-"
52.169.142.204 - - [07/May/2025:09:09:29 -0400] "GET /wp-content/themes/about.php HTTP/1.1" 500 360 "-" "-"
52.169.142.204 - - [07/May/2025:09:09:30 -0400] "GET /wp-content/themes/astra/inc/customizer/custom-controls/description/index.php HTTP/1.1" 500 360 "-" "-"
52.169.142.204 - - [07/May/2025:09:09:30 -0400] "GET /wp-content/themes/twentytwenty/404.php HTTP/1.1" 403 1242 "-" "-"
52.169.142.204 - - [07/May/2025:09:09:30 -0400] "GET /wp-content/themes/twentytwentyfour/ HTTP/1.1" 200 4697 "-" "-"
52.169.142.204 - - [07/May/2025:09:09:30 -0400] "GET /wp-content/themes/twentytwentytwo/index.php HTTP/1.1" 200 0 "-" "-"
52.169.142.204 - - [07/May/2025:09:09:30 -0400] "GET /wp-content/themes/wp-pridmag/init.php HTTP/1.1" 500 360 "-" "-"
52.169.142.204 - - [07/May/2025:09:09:30 -0400] "GET /wp-content/uploads/2023/ HTTP/1.1" 200 4819 "-" "-"
52.169.142.204 - - [07/May/2025:09:09:30 -0400] "GET /wp-content/uploads/2023/03/ HTTP/1.1" 200 8415 "-" "-"
52.169.142.204 - - [07/May/2025:09:09:30 -0400] "GET /wp-content/uploads/2023/11/ HTTP/1.1" 200 1390 "-" "-"
52.169.142.204 - - [07/May/2025:09:09:30 -0400] "GET /wp-content/uploads/2024/index.php HTTP/1.1" 500 360 "-" "-"
52.169.142.204 - - [07/May/2025:09:09:31 -0400] "GET /wp-content/uploads/admin.php HTTP/1.1" 500 360 "-" "-"
52.169.142.204 - - [07/May/2025:09:09:31 -0400] "GET /wp-content/uploads/chosen.php HTTP/1.1" 500 360 "-" "-"
52.169.142.204 - - [07/May/2025:09:09:31 -0400] "GET /wp-content/uploads/cong.php HTTP/1.1" 500 360 "-" "-"
52.169.142.204 - - [07/May/2025:09:09:31 -0400] "GET /wp-content/uploads/de_fb_uploads/b.php HTTP/1.1" 500 360 "-" "-"
52.169.142.204 - - [07/May/2025:09:09:31 -0400] "GET /wp-content/uploads/file.php HTTP/1.1" 500 360 "-" "-"
52.169.142.204 - - [07/May/2025:09:09:31 -0400] "GET /wp-content/uploads/plugins.php HTTP/1.1" 500 360 "-" "-"
52.169.142.204 - - [07/May/2025:09:09:31 -0400] "GET /wp-includes/IXR/autoload_classmap.php HTTP/1.1" 500 360 "-" "-"
52.169.142.204 - - [07/May/2025:09:09:31 -0400] "GET /wp-includes/Requests/ HTTP/1.1" 200 1844 "-" "-"
52.169.142.204 - - [07/May/2025:09:09:31 -0400] "GET /wp-includes/Requests/Proxy/ HTTP/1.1" 500 360 "-" "-"
52.169.142.204 - - [07/May/2025:09:09:31 -0400] "GET /wp-includes/Requests/Response/ HTTP/1.1" 500 360 "-" "-"
52.169.142.204 - - [07/May/2025:09:09:32 -0400] "GET /wp-includes/Requests/autoload_classmap.php HTTP/1.1" 500 360 "-" "-"
52.169.142.204 - - [07/May/2025:09:09:32 -0400] "GET /wp-includes/Requests/library/ HTTP/1.1" 200 1662 "-" "-"
52.169.142.204 - - [07/May/2025:09:09:32 -0400] "GET /wp-includes/Requests/library/index.php HTTP/1.1" 500 360 "-" "-"
52.169.142.204 - - [07/May/2025:09:09:32 -0400] "GET /wp-includes/Requests/src/Auth/ HTTP/1.1" 200 1659 "-" "-"
52.169.142.204 - - [07/May/2025:09:09:32 -0400] "GET /wp-includes/SimplePie/Content/ HTTP/1.1" 500 360 "-" "-"
52.169.142.204 - - [07/May/2025:09:09:32 -0400] "GET /wp-includes/SimplePie/autoload_classmap.php HTTP/1.1" 500 360 "-" "-"
52.169.142.204 - - [07/May/2025:09:09:32 -0400] "GET /wp-includes/Text/Diff/ HTTP/1.1" 200 2129 "-" "-"
52.169.142.204 - - [07/May/2025:09:09:32 -0400] "GET /wp-includes/Text/Diff/Engine/index.php HTTP/1.1" 500 360 "-" "-"
52.169.142.204 - - [07/May/2025:09:09:32 -0400] "GET /wp-includes/Text/Diff/Renderer/ HTTP/1.1" 200 1663 "-" "-"
52.169.142.204 - - [07/May/2025:09:09:33 -0400] "GET /wp-includes/Text/Diff/Renderer/index.php HTTP/1.1" 500 360 "-" "-"
52.169.142.204 - - [07/May/2025:09:09:33 -0400] "GET /wp-includes/Text/autoload_classmap.php HTTP/1.1" 500 360 "-" "-"
52.169.142.204 - - [07/May/2025:09:09:33 -0400] "GET /wp-includes/admin.php HTTP/1.1" 500 360 "-" "-"
52.169.142.204 - - [07/May/2025:09:09:33 -0400] "GET /wp-includes/assets/ HTTP/1.1" 200 5120 "-" "-"
208.110.64.178 - - [07/May/2025:09:09:33 -0400] "GET /wp-includes/install.php HTTP/1.1" 200 10 "http://jenniferflo.com/wp-includes/install.php" "Mozilla/5.0 (Windows NT 10.0; Win64; x64) AppleWebKit/537.36 (KHTML, like Gecko) Chrome/58.0.3029.110 Safari/537.3"
52.169.142.204 - - [07/May/2025:09:09:33 -0400] "GET /wp-includes/assets/about.php HTTP/1.1" 500 360 "-" "-"
52.169.142.204 - - [07/May/2025:09:09:33 -0400] "GET /wp-includes/assets/autoload_classmap.php HTTP/1.1" 500 360 "-" "-"
52.169.142.204 - - [07/May/2025:09:09:33 -0400] "GET /wp-includes/autoload_classmap.php HTTP/1.1" 500 360 "-" "-"
52.169.142.204 - - [07/May/2025:09:09:33 -0400] "GET /wp-includes/bk/index.php HTTP/1.1" 500 360 "-" "-"
52.169.142.204 - - [07/May/2025:09:09:33 -0400] "GET /wp-includes/block-bindings/ HTTP/1.1" 200 2218 "-" "-"
52.169.142.204 - - [07/May/2025:09:09:34 -0400] "GET /wp-includes/block-patterns/ HTTP/1.1" 200 4181 "-" "-"
52.169.142.204 - - [07/May/2025:09:09:34 -0400] "GET /wp-includes/block-supports/about.php HTTP/1.1" 500 360 "-" "-"
52.169.142.204 - - [07/May/2025:09:09:34 -0400] "GET /wp-includes/blocks/autoload_classmap.php HTTP/1.1" 500 360 "-" "-"
52.169.142.204 - - [07/May/2025:09:09:34 -0400] "GET /wp-includes/blocks/block/ HTTP/1.1" 200 1634 "-" "-"
52.169.142.204 - - [07/May/2025:09:09:34 -0400] "GET /wp-includes/blocks/block/index.php HTTP/1.1" 500 360 "-" "-"
52.169.142.204 - - [07/May/2025:09:09:34 -0400] "GET /wp-includes/blocks/button/index.php HTTP/1.1" 500 360 "-" "-"
52.169.142.204 - - [07/May/2025:09:09:34 -0400] "GET /wp-includes/blocks/calendar/ HTTP/1.1" 200 2728 "-" "-"
52.169.142.204 - - [07/May/2025:09:09:34 -0400] "GET /wp-includes/blocks/calendar/index.php HTTP/1.1" 500 360 "-" "-"
52.169.142.204 - - [07/May/2025:09:09:34 -0400] "GET /wp-includes/blocks/freeform/ HTTP/1.1" 200 2745 "-" "-"
52.169.142.204 - - [07/May/2025:09:09:35 -0400] "GET /wp-includes/blocks/latest-comments/ HTTP/1.1" 200 2781 "-" "-"
52.169.142.204 - - [07/May/2025:09:09:35 -0400] "GET /wp-includes/blocks/shortcode/index.php HTTP/1.1" 500 360 "-" "-"
52.169.142.204 - - [07/May/2025:09:09:35 -0400] "GET /wp-includes/blocks/site-logo/ HTTP/1.1" 200 4483 "-" "-"
52.169.142.204 - - [07/May/2025:09:09:35 -0400] "GET /wp-includes/blocks/term-description/ HTTP/1.1" 200 2784 "-" "-"
52.169.142.204 - - [07/May/2025:09:09:35 -0400] "GET /wp-includes/certificates/ HTTP/1.1" 200 1903 "-" "-"
52.169.142.204 - - [07/May/2025:09:09:35 -0400] "GET /wp-includes/certificates/autoload_classmap.php HTTP/1.1" 500 360 "-" "-"
52.169.142.204 - - [07/May/2025:09:09:35 -0400] "GET /wp-includes/certificates/index.php HTTP/1.1" 500 360 "-" "-"
52.169.142.204 - - [07/May/2025:09:09:35 -0400] "GET /wp-includes/class-controller-theme-comment.php HTTP/1.1" 500 360 "-" "-"
52.169.142.204 - - [07/May/2025:09:09:35 -0400] "GET /wp-includes/css/ HTTP/1.1" 200 13938 "-" "-"
52.169.142.204 - - [07/May/2025:09:09:35 -0400] "GET /wp-includes/css/about.php HTTP/1.1" 500 360 "-" "-"
52.169.142.204 - - [07/May/2025:09:09:36 -0400] "GET /wp-includes/css/alfa-rex.php HTTP/1.1" 500 360 "-" "-"
52.169.142.204 - - [07/May/2025:09:09:36 -0400] "GET /wp-includes/css/dist/edit-widgets/ HTTP/1.1" 200 2796 "-" "-"
52.169.142.204 - - [07/May/2025:09:09:36 -0400] "GET /wp-includes/css/dist/list-reusable-blocks/index.php HTTP/1.1" 500 360 "-" "-"
52.169.142.204 - - [07/May/2025:09:09:36 -0400] "GET /wp-includes/css/dist/preferences/index.php HTTP/1.1" 500 360 "-" "-"
52.169.142.204 - - [07/May/2025:09:09:36 -0400] "GET /wp-includes/css/dist/widgets/about.php HTTP/1.1" 500 360 "-" "-"
52.169.142.204 - - [07/May/2025:09:09:36 -0400] "GET /wp-includes/customize/ HTTP/1.1" 200 360 "-" "-"
52.169.142.204 - - [07/May/2025:09:09:36 -0400] "GET /wp-includes/customize/autoload_classmap.php HTTP/1.1" 500 360 "-" "-"
52.169.142.204 - - [07/May/2025:09:09:36 -0400] "GET /wp-includes/images/crystal/ HTTP/1.1" 200 4637 "-" "-"
52.169.142.204 - - [07/May/2025:09:09:36 -0400] "GET /wp-includes/images/crystal/index.php HTTP/1.1" 500 360 "-" "-"
52.169.142.204 - - [07/May/2025:09:09:36 -0400] "GET /wp-includes/js/autoload_classmap.php HTTP/1.1" 500 360 "-" "-"
52.169.142.204 - - [07/May/2025:09:09:37 -0400] "GET /wp-includes/js/codemirror/ HTTP/1.1" 200 4197 "-" "-"
52.169.142.204 - - [07/May/2025:09:09:37 -0400] "GET /wp-includes/js/codemirror/about.php HTTP/1.1" 500 360 "-" "-"
52.169.142.204 - - [07/May/2025:09:09:37 -0400] "GET /wp-includes/js/jcrop/ HTTP/1.1" 200 2187 "-" "-"
52.169.142.204 - - [07/May/2025:09:09:37 -0400] "GET /wp-includes/js/jcrop/Jcrop.php HTTP/1.1" 500 360 "-" "-"
198.204.226.18 - - [07/May/2025:09:09:37 -0400] "GET /wp-content/install.php HTTP/1.1" 200 10 "http://jenniferflo.com/wp-content/install.php" "Mozilla/5.0 (Windows NT 10.0; Win64; x64) AppleWebKit/537.36 (KHTML, like Gecko) Chrome/58.0.3029.110 Safari/537.3"
52.169.142.204 - - [07/May/2025:09:09:37 -0400] "GET /wp-includes/js/tinymce/themes/ HTTP/1.1" 200 1897 "-" "-"
52.169.142.204 - - [07/May/2025:09:09:37 -0400] "GET /wp-includes/rest-api/autoload_classmap.php HTTP/1.1" 500 360 "-" "-"
52.169.142.204 - - [07/May/2025:09:09:37 -0400] "GET /wp-includes/rest-api/endpoints/ HTTP/1.1" 200 16711 "-" "-"
52.169.142.204 - - [07/May/2025:09:09:37 -0400] "GET /wp-includes/rest-api/search/alfa-rex.php HTTP/1.1" 500 360 "-" "-"
52.169.142.204 - - [07/May/2025:09:09:37 -0400] "GET /wp-includes/sitemaps/ HTTP/1.1" 200 4133 "-" "-"
52.169.142.204 - - [07/May/2025:09:09:37 -0400] "GET /wp-includes/sodium_compat/src/Core32/Poly1305/ HTTP/1.1" 200 1720 "-" "-"
52.169.142.204 - - [07/May/2025:09:09:38 -0400] "GET /wp-includes/sodium_compat/src/index.php HTTP/1.1" 500 360 "-" "-"
52.169.142.204 - - [07/May/2025:09:09:38 -0400] "GET /wp-includes/style-engine/ HTTP/1.1" 200 3968 "-" "-"
52.169.142.204 - - [07/May/2025:09:09:38 -0400] "GET /wp-includes/style-engine/autoload_classmap.php HTTP/1.1" 500 360 "-" "-"
52.169.142.204 - - [07/May/2025:09:09:38 -0400] "GET /wp-includes/theme-compat/index.php HTTP/1.1" 500 360 "-" "-"
52.169.142.204 - - [07/May/2025:09:09:38 -0400] "GET /wp-includes/wp-includes_function.php HTTP/1.1" 500 360 "-" "-"
52.169.142.204 - - [07/May/2025:09:09:38 -0400] "GET /wp-admin.phphttps://diegun.com/autoload_classmap.php HTTP/1.1" 500 360 "-" "-"
198.204.226.18 - - [07/May/2025:09:10:26 -0400] "GET /wp-content/install.php HTTP/1.1" 200 10 "http://jenniferflo.com/wp-content/install.php" "Mozilla/5.0 (Windows NT 10.0; Win64; x64) AppleWebKit/537.36 (KHTML, like Gecko) Chrome/58.0.3029.110 Safari/537.3"
47.238.13.12 - - [07/May/2025:09:10:30 -0400] "GET /compensation/w63?pid=547 HTTP/1.1" 500 271 "-" "Mozilla/5.0 (Macintosh; Intel Mac OS X 10_15_7) AppleWebKit/537.36 (KHTML, like Gecko) Chrome/109.0.0.0 Safari/537.36"
198.204.226.18 - - [07/May/2025:09:10:23 -0400] "GET /wp-content/install.php HTTP/1.1" 200 0 "http://jenniferflo.com/wp-content/install.php" "Mozilla/5.0 (Windows NT 10.0; Win64; x64) AppleWebKit/537.36 (KHTML, like Gecko) Chrome/58.0.3029.110 Safari/537.3"
66.249.64.104 - - [07/May/2025:09:10:37 -0400] "GET /items/sgpcd95/39376?key=fish HTTP/1.1" 200 82986 "-" "Mozilla/5.0 (Linux; Android 6.0.1; Nexus 5X Build/MMB29P) AppleWebKit/537.36 (KHTML, like Gecko) Chrome/136.0.7103.59 Mobile Safari/537.36 (compatible; Googlebot/2.1; +http://www.google.com/bot.html)"
198.204.226.18 - - [07/May/2025:09:10:47 -0400] "GET /wp-content/install.php HTTP/1.1" 200 10 "http://jenniferflo.com/wp-content/install.php" "Mozilla/5.0 (Windows NT 10.0; Win64; x64) AppleWebKit/537.36 (KHTML, like Gecko) Chrome/58.0.3029.110 Safari/537.3"
198.204.226.18 - - [07/May/2025:09:10:42 -0400] "GET /wp-content/install.php HTTP/1.1" 200 0 "http://jenniferflo.com/wp-content/install.php" "Mozilla/5.0 (Windows NT 10.0; Win64; x64) AppleWebKit/537.36 (KHTML, like Gecko) Chrome/58.0.3029.110 Safari/537.3"
47.238.14.12 - - [07/May/2025:09:11:04 -0400] "GET /sitemap-subkey-537.xml HTTP/1.1" 200 99521 "-" "Mozilla/5.0 (Macintosh; Intel Mac OS X 10_15_7) AppleWebKit/537.36 (KHTML, like Gecko) Chrome/109.0.0.0 Safari/537.36"
57.141.6.15 - - [07/May/2025:09:11:17 -0400] "GET /?_g=10576627 HTTP/1.1" 500 360 "-" "meta-externalagent/1.1 (+https://developers.facebook.com/docs/sharing/webmasters/crawler)"
198.204.226.18 - - [07/May/2025:09:11:46 -0400] "GET /wp-content/install.php HTTP/1.1" 200 10 "http://jenniferflo.com/wp-content/install.php" "Mozilla/5.0 (Windows NT 10.0; Win64; x64) AppleWebKit/537.36 (KHTML, like Gecko) Chrome/58.0.3029.110 Safari/537.3"
69.197.135.226 - - [07/May/2025:09:12:16 -0400] "GET /wp-includes/install.php HTTP/1.1" 200 10 "http://jenniferflo.com/wp-includes/install.php" "Mozilla/5.0 (Windows NT 10.0; Win64; x64) AppleWebKit/537.36 (KHTML, like Gecko) Chrome/58.0.3029.110 Safari/537.3"
47.243.56.196 - - [07/May/2025:09:12:27 -0400] "GET /sitemap-subkey-1889.xml HTTP/1.1" 200 99674 "-" "Mozilla/5.0 (Macintosh; Intel Mac OS X 10_15_7) AppleWebKit/537.36 (KHTML, like Gecko) Chrome/109.0.0.0 Safari/537.36"
47.238.13.18 - - [07/May/2025:09:12:49 -0400] "GET /sitemap-subkey-980.xml HTTP/1.1" 200 99415 "-" "Mozilla/5.0 (Macintosh; Intel Mac OS X 10_15_7) AppleWebKit/537.36 (KHTML, like Gecko) Chrome/109.0.0.0 Safari/537.36"
47.238.13.10 - - [07/May/2025:09:14:42 -0400] "GET /automobile/a80?pid=460 HTTP/1.1" 500 271 "-" "Mozilla/5.0 (Macintosh; Intel Mac OS X 10_15_7) AppleWebKit/537.36 (KHTML, like Gecko) Chrome/109.0.0.0 Safari/537.36"
57.141.6.7 - - [07/May/2025:09:14:48 -0400] "GET /?_g=25520627 HTTP/1.1" 500 360 "-" "meta-externalagent/1.1 (+https://developers.facebook.com/docs/sharing/webmasters/crawler)"
198.204.226.18 - - [07/May/2025:09:14:55 -0400] "GET /wp-content/install.php HTTP/1.1" 200 10 "http://jenniferflo.com/wp-content/install.php" "Mozilla/5.0 (Windows NT 10.0; Win64; x64) AppleWebKit/537.36 (KHTML, like Gecko) Chrome/58.0.3029.110 Safari/537.3"
198.204.226.18 - - [07/May/2025:09:14:52 -0400] "GET /wp-content/install.php HTTP/1.1" 200 0 "http://jenniferflo.com/wp-content/install.php" "Mozilla/5.0 (Windows NT 10.0; Win64; x64) AppleWebKit/537.36 (KHTML, like Gecko) Chrome/58.0.3029.110 Safari/537.3"
8.210.15.252 - - [07/May/2025:09:15:15 -0400] "GET /sitemap-subkey-3099.xml HTTP/1.1" 200 99537 "-" "Mozilla/5.0 (Macintosh; Intel Mac OS X 10_15_7) AppleWebKit/537.36 (KHTML, like Gecko) Chrome/109.0.0.0 Safari/537.36"
198.204.226.18 - - [07/May/2025:09:15:36 -0400] "GET /wp-content/install.php HTTP/1.1" 200 10 "http://jenniferflo.com/wp-content/install.php" "Mozilla/5.0 (Windows NT 10.0; Win64; x64) AppleWebKit/537.36 (KHTML, like Gecko) Chrome/58.0.3029.110 Safari/537.3"
8.218.186.1 - - [07/May/2025:09:15:43 -0400] "GET /items/jkoae156/46417?key=contend HTTP/1.1" 500 271 "-" "Mozilla/5.0 (Macintosh; Intel Mac OS X 10_15_7) AppleWebKit/537.36 (KHTML, like Gecko) Chrome/109.0.0.0 Safari/537.36"
198.204.226.18 - - [07/May/2025:09:15:33 -0400] "GET /wp-content/install.php HTTP/1.1" 200 0 "http://jenniferflo.com/wp-content/install.php" "Mozilla/5.0 (Windows NT 10.0; Win64; x64) AppleWebKit/537.36 (KHTML, like Gecko) Chrome/58.0.3029.110 Safari/537.3"
57.141.6.18 - - [07/May/2025:09:15:46 -0400] "GET /?_g=17134727 HTTP/1.1" 500 360 "-" "meta-externalagent/1.1 (+https://developers.facebook.com/docs/sharing/webmasters/crawler)"
47.238.13.15 - - [07/May/2025:09:15:51 -0400] "GET /items/fytvp89/1302?key=meaning HTTP/1.1" 500 271 "-" "Mozilla/5.0 (Macintosh; Intel Mac OS X 10_15_7) AppleWebKit/537.36 (KHTML, like Gecko) Chrome/109.0.0.0 Safari/537.36"
47.243.178.179 - - [07/May/2025:09:16:37 -0400] "GET /items/xuslh92/39865?key=inspector HTTP/1.1" 500 271 "-" "Mozilla/5.0 (Macintosh; Intel Mac OS X 10_15_7) AppleWebKit/537.36 (KHTML, like Gecko) Chrome/109.0.0.0 Safari/537.36"
47.238.13.14 - - [07/May/2025:09:16:37 -0400] "GET /ourselves/a30?pid=9452 HTTP/1.1" 500 271 "-" "Mozilla/5.0 (Macintosh; Intel Mac OS X 10_15_7) AppleWebKit/537.36 (KHTML, like Gecko) Chrome/109.0.0.0 Safari/537.36"
57.141.6.20 - - [07/May/2025:09:16:51 -0400] "GET /?_g=11796705 HTTP/1.1" 500 360 "-" "meta-externalagent/1.1 (+https://developers.facebook.com/docs/sharing/webmasters/crawler)"
208.110.64.178 - - [07/May/2025:09:17:36 -0400] "GET /wp-includes/install.php HTTP/1.1" 200 10 "http://jenniferflo.com/wp-includes/install.php" "Mozilla/5.0 (Windows NT 10.0; Win64; x64) AppleWebKit/537.36 (KHTML, like Gecko) Chrome/58.0.3029.110 Safari/537.3"
57.141.6.2 - - [07/May/2025:09:17:56 -0400] "GET /?_g=13219849 HTTP/1.1" 500 360 "-" "meta-externalagent/1.1 (+https://developers.facebook.com/docs/sharing/webmasters/crawler)"
47.238.13.10 - - [07/May/2025:09:18:03 -0400] "GET /simultaneously/n166?pid=1222 HTTP/1.1" 500 271 "-" "Mozilla/5.0 (Macintosh; Intel Mac OS X 10_15_7) AppleWebKit/537.36 (KHTML, like Gecko) Chrome/109.0.0.0 Safari/537.36"
198.204.226.18 - - [07/May/2025:09:18:29 -0400] "GET /wp-content/install.php HTTP/1.1" 200 0 "http://jenniferflo.com/wp-content/install.php" "Mozilla/5.0 (Windows NT 10.0; Win64; x64) AppleWebKit/537.36 (KHTML, like Gecko) Chrome/58.0.3029.110 Safari/537.3"
198.204.226.18 - - [07/May/2025:09:18:55 -0400] "GET /wp-content/install.php HTTP/1.1" 200 10 "http://jenniferflo.com/wp-content/install.php" "Mozilla/5.0 (Windows NT 10.0; Win64; x64) AppleWebKit/537.36 (KHTML, like Gecko) Chrome/58.0.3029.110 Safari/537.3"
57.141.6.28 - - [07/May/2025:09:19:00 -0400] "GET /?_g=21201483 HTTP/1.1" 500 360 "-" "meta-externalagent/1.1 (+https://developers.facebook.com/docs/sharing/webmasters/crawler)"
198.204.226.18 - - [07/May/2025:09:18:52 -0400] "GET /wp-content/install.php HTTP/1.1" 200 0 "http://jenniferflo.com/wp-content/install.php" "Mozilla/5.0 (Windows NT 10.0; Win64; x64) AppleWebKit/537.36 (KHTML, like Gecko) Chrome/58.0.3029.110 Safari/537.3"
198.204.226.18 - - [07/May/2025:09:19:54 -0400] "GET /wp-content/install.php HTTP/1.1" 200 10 "http://jenniferflo.com/wp-content/install.php" "Mozilla/5.0 (Windows NT 10.0; Win64; x64) AppleWebKit/537.36 (KHTML, like Gecko) Chrome/58.0.3029.110 Safari/537.3"
198.204.226.18 - - [07/May/2025:09:19:51 -0400] "GET /wp-content/install.php HTTP/1.1" 200 0 "http://jenniferflo.com/wp-content/install.php" "Mozilla/5.0 (Windows NT 10.0; Win64; x64) AppleWebKit/537.36 (KHTML, like Gecko) Chrome/58.0.3029.110 Safari/537.3"
57.141.6.7 - - [07/May/2025:09:20:06 -0400] "GET /?_g=5746827 HTTP/1.1" 500 360 "-" "meta-externalagent/1.1 (+https://developers.facebook.com/docs/sharing/webmasters/crawler)"
198.204.226.18 - - [07/May/2025:09:20:10 -0400] "GET /wp-content/install.php HTTP/1.1" 200 10 "http://jenniferflo.com/wp-content/install.php" "Mozilla/5.0 (Windows NT 10.0; Win64; x64) AppleWebKit/537.36 (KHTML, like Gecko) Chrome/58.0.3029.110 Safari/537.3"
198.204.226.18 - - [07/May/2025:09:20:07 -0400] "GET /wp-content/install.php HTTP/1.1" 200 0 "http://jenniferflo.com/wp-content/install.php" "Mozilla/5.0 (Windows NT 10.0; Win64; x64) AppleWebKit/537.36 (KHTML, like Gecko) Chrome/58.0.3029.110 Safari/537.3"
198.204.226.18 - - [07/May/2025:09:20:34 -0400] "GET /wp-content/install.php HTTP/1.1" 200 10 "http://jenniferflo.com/wp-content/install.php" "Mozilla/5.0 (Windows NT 10.0; Win64; x64) AppleWebKit/537.36 (KHTML, like Gecko) Chrome/58.0.3029.110 Safari/537.3"
198.204.226.18 - - [07/May/2025:09:20:31 -0400] "GET /wp-content/install.php HTTP/1.1" 200 0 "http://jenniferflo.com/wp-content/install.php" "Mozilla/5.0 (Windows NT 10.0; Win64; x64) AppleWebKit/537.36 (KHTML, like Gecko) Chrome/58.0.3029.110 Safari/537.3"
57.141.6.24 - - [07/May/2025:09:21:30 -0400] "GET /?_g=8558827 HTTP/1.1" 500 360 "-" "meta-externalagent/1.1 (+https://developers.facebook.com/docs/sharing/webmasters/crawler)"
8.218.186.1 - - [07/May/2025:09:21:45 -0400] "GET /sitemap-subkey-1930.xml HTTP/1.1" 200 100231 "-" "Mozilla/5.0 (Macintosh; Intel Mac OS X 10_15_7) AppleWebKit/537.36 (KHTML, like Gecko) Chrome/109.0.0.0 Safari/537.36"
47.243.56.196 - - [07/May/2025:09:21:55 -0400] "GET /items/ldijy74/12955?key=legitimate HTTP/1.1" 500 271 "-" "Mozilla/5.0 (Macintosh; Intel Mac OS X 10_15_7) AppleWebKit/537.36 (KHTML, like Gecko) Chrome/109.0.0.0 Safari/537.36"
47.243.161.234 - - [07/May/2025:09:22:03 -0400] "GET /bathroom/p81?pid=29931 HTTP/1.1" 500 271 "-" "Mozilla/5.0 (Macintosh; Intel Mac OS X 10_15_7) AppleWebKit/537.36 (KHTML, like Gecko) Chrome/109.0.0.0 Safari/537.36"
198.204.226.18 - - [07/May/2025:09:22:11 -0400] "GET /wp-content/install.php HTTP/1.1" 200 10 "http://jenniferflo.com/wp-content/install.php" "Mozilla/5.0 (Windows NT 10.0; Win64; x64) AppleWebKit/537.36 (KHTML, like Gecko) Chrome/58.0.3029.110 Safari/537.3"
198.204.226.18 - - [07/May/2025:09:22:07 -0400] "GET /wp-content/install.php HTTP/1.1" 200 0 "http://jenniferflo.com/wp-content/install.php" "Mozilla/5.0 (Windows NT 10.0; Win64; x64) AppleWebKit/537.36 (KHTML, like Gecko) Chrome/58.0.3029.110 Safari/537.3"
69.197.182.50 - - [07/May/2025:09:22:31 -0400] "GET /wp-includes/install.php HTTP/1.1" 200 10 "http://jenniferflo.com/wp-includes/install.php" "Mozilla/5.0 (Windows NT 10.0; Win64; x64) AppleWebKit/537.36 (KHTML, like Gecko) Chrome/58.0.3029.110 Safari/537.3"
57.141.6.29 - - [07/May/2025:09:22:37 -0400] "GET /?_g=1389105 HTTP/1.1" 500 360 "-" "meta-externalagent/1.1 (+https://developers.facebook.com/docs/sharing/webmasters/crawler)"
54.236.1.13 - - [07/May/2025:09:22:38 -0400] "GET / HTTP/1.1" 500 276 "-" "Mozilla/5.0 (compatible; Pinterestbot/1.0; +http://www.pinterest.com/bot.html)"
47.238.13.16 - - [07/May/2025:09:23:11 -0400] "GET /items/urdho28/44821?key=creature HTTP/1.1" 500 271 "-" "Mozilla/5.0 (Macintosh; Intel Mac OS X 10_15_7) AppleWebKit/537.36 (KHTML, like Gecko) Chrome/109.0.0.0 Safari/537.36"
57.141.6.20 - - [07/May/2025:09:23:25 -0400] "GET /?_g=8177927 HTTP/1.1" 500 360 "-" "meta-externalagent/1.1 (+https://developers.facebook.com/docs/sharing/webmasters/crawler)"
47.238.13.18 - - [07/May/2025:09:23:49 -0400] "GET /items/xwllt85/17618?key=standard HTTP/1.1" 500 271 "-" "Mozilla/5.0 (Macintosh; Intel Mac OS X 10_15_7) AppleWebKit/537.36 (KHTML, like Gecko) Chrome/109.0.0.0 Safari/537.36"
198.204.226.18 - - [07/May/2025:09:23:52 -0400] "GET /wp-content/install.php HTTP/1.1" 200 10 "http://jenniferflo.com/wp-content/install.php" "Mozilla/5.0 (Windows NT 10.0; Win64; x64) AppleWebKit/537.36 (KHTML, like Gecko) Chrome/58.0.3029.110 Safari/537.3"
47.238.13.9 - - [07/May/2025:09:23:54 -0400] "GET /items/kdkoc78/611?key=remind HTTP/1.1" 500 271 "-" "Mozilla/5.0 (Macintosh; Intel Mac OS X 10_15_7) AppleWebKit/537.36 (KHTML, like Gecko) Chrome/109.0.0.0 Safari/537.36"
198.204.226.18 - - [07/May/2025:09:23:49 -0400] "GET /wp-content/install.php HTTP/1.1" 200 0 "http://jenniferflo.com/wp-content/install.php" "Mozilla/5.0 (Windows NT 10.0; Win64; x64) AppleWebKit/537.36 (KHTML, like Gecko) Chrome/58.0.3029.110 Safari/537.3"
198.204.226.18 - - [07/May/2025:09:24:12 -0400] "GET /wp-content/install.php HTTP/1.1" 200 10 "http://jenniferflo.com/wp-content/install.php" "Mozilla/5.0 (Windows NT 10.0; Win64; x64) AppleWebKit/537.36 (KHTML, like Gecko) Chrome/58.0.3029.110 Safari/537.3"
198.204.226.18 - - [07/May/2025:09:24:09 -0400] "GET /wp-content/install.php HTTP/1.1" 200 0 "http://jenniferflo.com/wp-content/install.php" "Mozilla/5.0 (Windows NT 10.0; Win64; x64) AppleWebKit/537.36 (KHTML, like Gecko) Chrome/58.0.3029.110 Safari/537.3"
57.141.6.20 - - [07/May/2025:09:24:42 -0400] "GET /?_g=19577072 HTTP/1.1" 500 360 "-" "meta-externalagent/1.1 (+https://developers.facebook.com/docs/sharing/webmasters/crawler)"
8.210.8.206 - - [07/May/2025:09:24:51 -0400] "GET /items/hjrhu92/5449?key=belong HTTP/1.1" 500 271 "-" "Mozilla/5.0 (Macintosh; Intel Mac OS X 10_15_7) AppleWebKit/537.36 (KHTML, like Gecko) Chrome/109.0.0.0 Safari/537.36"
198.204.226.18 - - [07/May/2025:09:25:19 -0400] "GET /wp-content/install.php HTTP/1.1" 200 10 "http://jenniferflo.com/wp-content/install.php" "Mozilla/5.0 (Windows NT 10.0; Win64; x64) AppleWebKit/537.36 (KHTML, like Gecko) Chrome/58.0.3029.110 Safari/537.3"
198.204.226.18 - - [07/May/2025:09:25:16 -0400] "GET /wp-content/install.php HTTP/1.1" 200 0 "http://jenniferflo.com/wp-content/install.php" "Mozilla/5.0 (Windows NT 10.0; Win64; x64) AppleWebKit/537.36 (KHTML, like Gecko) Chrome/58.0.3029.110 Safari/537.3"
69.197.182.50 - - [07/May/2025:09:25:28 -0400] "GET /wp-includes/install.php HTTP/1.1" 200 10 "http://jenniferflo.com/wp-includes/install.php" "Mozilla/5.0 (Windows NT 10.0; Win64; x64) AppleWebKit/537.36 (KHTML, like Gecko) Chrome/58.0.3029.110 Safari/537.3"
198.204.226.18 - - [07/May/2025:09:25:45 -0400] "GET /wp-content/install.php HTTP/1.1" 200 10 "http://jenniferflo.com/wp-content/install.php" "Mozilla/5.0 (Windows NT 10.0; Win64; x64) AppleWebKit/537.36 (KHTML, like Gecko) Chrome/58.0.3029.110 Safari/537.3"
47.238.13.14 - - [07/May/2025:09:25:59 -0400] "GET /sitemap-subkey-1740.xml HTTP/1.1" 200 60380 "-" "Mozilla/5.0 (Macintosh; Intel Mac OS X 10_15_7) AppleWebKit/537.36 (KHTML, like Gecko) Chrome/109.0.0.0 Safari/537.36"
57.141.6.6 - - [07/May/2025:09:26:10 -0400] "GET /?_g=8191116 HTTP/1.1" 500 360 "-" "meta-externalagent/1.1 (+https://developers.facebook.com/docs/sharing/webmasters/crawler)"
8.210.146.98 - - [07/May/2025:09:26:20 -0400] "GET /sitemap-subkey-1983.xml HTTP/1.1" 200 99649 "-" "Mozilla/5.0 (Macintosh; Intel Mac OS X 10_15_7) AppleWebKit/537.36 (KHTML, like Gecko) Chrome/109.0.0.0 Safari/537.36"
198.204.226.18 - - [07/May/2025:09:26:34 -0400] "GET /wp-content/install.php HTTP/1.1" 200 10 "http://jenniferflo.com/wp-content/install.php" "Mozilla/5.0 (Windows NT 10.0; Win64; x64) AppleWebKit/537.36 (KHTML, like Gecko) Chrome/58.0.3029.110 Safari/537.3"
198.204.226.18 - - [07/May/2025:09:26:31 -0400] "GET /wp-content/install.php HTTP/1.1" 200 0 "http://jenniferflo.com/wp-content/install.php" "Mozilla/5.0 (Windows NT 10.0; Win64; x64) AppleWebKit/537.36 (KHTML, like Gecko) Chrome/58.0.3029.110 Safari/537.3"
57.141.6.9 - - [07/May/2025:09:26:51 -0400] "GET /?_g=2054327 HTTP/1.1" 500 360 "-" "meta-externalagent/1.1 (+https://developers.facebook.com/docs/sharing/webmasters/crawler)"
47.238.13.4 - - [07/May/2025:09:27:23 -0400] "GET /items/itkwi150/17399?key=Korean HTTP/1.1" 500 271 "-" "Mozilla/5.0 (Macintosh; Intel Mac OS X 10_15_7) AppleWebKit/537.36 (KHTML, like Gecko) Chrome/109.0.0.0 Safari/537.36"
8.210.8.206 - - [07/May/2025:09:27:37 -0400] "GET /fabric/h34?pid=996 HTTP/1.1" 500 271 "-" "Mozilla/5.0 (Macintosh; Intel Mac OS X 10_15_7) AppleWebKit/537.36 (KHTML, like Gecko) Chrome/109.0.0.0 Safari/537.36"
57.141.6.20 - - [07/May/2025:09:28:24 -0400] "GET /?_g=17424561 HTTP/1.1" 500 360 "-" "meta-externalagent/1.1 (+https://developers.facebook.com/docs/sharing/webmasters/crawler)"
198.204.226.18 - - [07/May/2025:09:28:32 -0400] "GET /wp-content/install.php HTTP/1.1" 200 10 "http://jenniferflo.com/wp-content/install.php" "Mozilla/5.0 (Windows NT 10.0; Win64; x64) AppleWebKit/537.36 (KHTML, like Gecko) Chrome/58.0.3029.110 Safari/537.3"
198.204.226.18 - - [07/May/2025:09:29:44 -0400] "GET /wp-content/install.php HTTP/1.1" 200 10 "http://jenniferflo.com/wp-content/install.php" "Mozilla/5.0 (Windows NT 10.0; Win64; x64) AppleWebKit/537.36 (KHTML, like Gecko) Chrome/58.0.3029.110 Safari/537.3"
198.204.226.18 - - [07/May/2025:09:30:07 -0400] "GET /wp-content/install.php HTTP/1.1" 200 10 "http://jenniferflo.com/wp-content/install.php" "Mozilla/5.0 (Windows NT 10.0; Win64; x64) AppleWebKit/537.36 (KHTML, like Gecko) Chrome/58.0.3029.110 Safari/537.3"
198.204.226.18 - - [07/May/2025:09:30:04 -0400] "GET /wp-content/install.php HTTP/1.1" 200 0 "http://jenniferflo.com/wp-content/install.php" "Mozilla/5.0 (Windows NT 10.0; Win64; x64) AppleWebKit/537.36 (KHTML, like Gecko) Chrome/58.0.3029.110 Safari/537.3"
57.141.6.2 - - [07/May/2025:09:30:16 -0400] "GET /?_g=18347827 HTTP/1.1" 500 360 "-" "meta-externalagent/1.1 (+https://developers.facebook.com/docs/sharing/webmasters/crawler)"
69.197.182.50 - - [07/May/2025:09:30:46 -0400] "GET /wp-includes/install.php HTTP/1.1" 200 10 "http://jenniferflo.com/wp-includes/install.php" "Mozilla/5.0 (Windows NT 10.0; Win64; x64) AppleWebKit/537.36 (KHTML, like Gecko) Chrome/58.0.3029.110 Safari/537.3"
198.204.226.18 - - [07/May/2025:09:31:12 -0400] "GET /wp-content/install.php HTTP/1.1" 200 10 "http://jenniferflo.com/wp-content/install.php" "Mozilla/5.0 (Windows NT 10.0; Win64; x64) AppleWebKit/537.36 (KHTML, like Gecko) Chrome/58.0.3029.110 Safari/537.3"
47.238.14.12 - - [07/May/2025:09:32:04 -0400] "GET /category/360545/1/listing HTTP/1.1" 500 271 "-" "Mozilla/5.0 (Macintosh; Intel Mac OS X 10_15_7) AppleWebKit/537.36 (KHTML, like Gecko) Chrome/109.0.0.0 Safari/537.36"
47.238.13.3 - - [07/May/2025:09:32:06 -0400] "GET /items/hpunq78/153?key=known HTTP/1.1" 500 271 "-" "Mozilla/5.0 (Macintosh; Intel Mac OS X 10_15_7) AppleWebKit/537.36 (KHTML, like Gecko) Chrome/109.0.0.0 Safari/537.36"
198.204.226.18 - - [07/May/2025:09:32:08 -0400] "GET /wp-content/install.php HTTP/1.1" 200 10 "http://jenniferflo.com/wp-content/install.php" "Mozilla/5.0 (Windows NT 10.0; Win64; x64) AppleWebKit/537.36 (KHTML, like Gecko) Chrome/58.0.3029.110 Safari/537.3"
204.12.252.98 - - [07/May/2025:09:32:14 -0400] "GET /wp-includes/install.php HTTP/1.1" 200 10 "http://jenniferflo.com/wp-includes/install.php" "Mozilla/5.0 (Windows NT 10.0; Win64; x64) AppleWebKit/537.36 (KHTML, like Gecko) Chrome/58.0.3029.110 Safari/537.3"
198.204.226.18 - - [07/May/2025:09:32:04 -0400] "GET /wp-content/install.php HTTP/1.1" 200 0 "http://jenniferflo.com/wp-content/install.php" "Mozilla/5.0 (Windows NT 10.0; Win64; x64) AppleWebKit/537.36 (KHTML, like Gecko) Chrome/58.0.3029.110 Safari/537.3"
47.238.13.9 - - [07/May/2025:09:32:16 -0400] "GET /pursue/w17?pid=42689 HTTP/1.1" 500 271 "-" "Mozilla/5.0 (Macintosh; Intel Mac OS X 10_15_7) AppleWebKit/537.36 (KHTML, like Gecko) Chrome/109.0.0.0 Safari/537.36"
69.197.184.234 - - [07/May/2025:09:32:28 -0400] "GET /wp-content/install.php HTTP/1.1" 200 0 "http://jenniferflo.com/wp-content/install.php" "Mozilla/5.0 (Windows NT 10.0; Win64; x64) AppleWebKit/537.36 (KHTML, like Gecko) Chrome/58.0.3029.110 Safari/537.3"
47.238.13.15 - - [07/May/2025:09:32:53 -0400] "GET /items/hlndi97/788?key=chairman HTTP/1.1" 500 271 "-" "Mozilla/5.0 (Macintosh; Intel Mac OS X 10_15_7) AppleWebKit/537.36 (KHTML, like Gecko) Chrome/109.0.0.0 Safari/537.36"
47.238.13.11 - - [07/May/2025:09:32:54 -0400] "GET /sitemap-subkey-2510.xml HTTP/1.1" 200 100436 "-" "Mozilla/5.0 (Macintosh; Intel Mac OS X 10_15_7) AppleWebKit/537.36 (KHTML, like Gecko) Chrome/109.0.0.0 Safari/537.36"
198.204.226.18 - - [07/May/2025:09:33:17 -0400] "GET /wp-content/install.php HTTP/1.1" 200 10 "http://jenniferflo.com/wp-content/install.php" "Mozilla/5.0 (Windows NT 10.0; Win64; x64) AppleWebKit/537.36 (KHTML, like Gecko) Chrome/58.0.3029.110 Safari/537.3"
57.141.6.16 - - [07/May/2025:09:33:26 -0400] "GET /?_g=12329172 HTTP/1.1" 500 360 "-" "meta-externalagent/1.1 (+https://developers.facebook.com/docs/sharing/webmasters/crawler)"
47.238.13.13 - - [07/May/2025:09:34:07 -0400] "GET /sitemap-subkey-2146.xml HTTP/1.1" 200 100548 "-" "Mozilla/5.0 (Macintosh; Intel Mac OS X 10_15_7) AppleWebKit/537.36 (KHTML, like Gecko) Chrome/109.0.0.0 Safari/537.36"
198.204.226.18 - - [07/May/2025:09:34:18 -0400] "GET /wp-content/install.php HTTP/1.1" 200 10 "http://jenniferflo.com/wp-content/install.php" "Mozilla/5.0 (Windows NT 10.0; Win64; x64) AppleWebKit/537.36 (KHTML, like Gecko) Chrome/58.0.3029.110 Safari/537.3"
198.204.226.18 - - [07/May/2025:09:34:15 -0400] "GET /wp-content/install.php HTTP/1.1" 200 0 "http://jenniferflo.com/wp-content/install.php" "Mozilla/5.0 (Windows NT 10.0; Win64; x64) AppleWebKit/537.36 (KHTML, like Gecko) Chrome/58.0.3029.110 Safari/537.3"
198.204.226.18 - - [07/May/2025:09:34:36 -0400] "GET /wp-content/install.php HTTP/1.1" 200 10 "http://jenniferflo.com/wp-content/install.php" "Mozilla/5.0 (Windows NT 10.0; Win64; x64) AppleWebKit/537.36 (KHTML, like Gecko) Chrome/58.0.3029.110 Safari/537.3"
47.238.13.9 - - [07/May/2025:09:35:22 -0400] "GET /items/wrqpj70/39381?key=perfect HTTP/1.1" 500 271 "-" "Mozilla/5.0 (Macintosh; Intel Mac OS X 10_15_7) AppleWebKit/537.36 (KHTML, like Gecko) Chrome/109.0.0.0 Safari/537.36"
198.204.226.18 - - [07/May/2025:09:35:53 -0400] "GET /wp-content/install.php HTTP/1.1" 200 0 "http://jenniferflo.com/wp-content/install.php" "Mozilla/5.0 (Windows NT 10.0; Win64; x64) AppleWebKit/537.36 (KHTML, like Gecko) Chrome/58.0.3029.110 Safari/537.3"
204.12.252.98 - - [07/May/2025:09:36:23 -0400] "GET /wp-includes/install.php HTTP/1.1" 200 10 "http://jenniferflo.com/wp-includes/install.php" "Mozilla/5.0 (Windows NT 10.0; Win64; x64) AppleWebKit/537.36 (KHTML, like Gecko) Chrome/58.0.3029.110 Safari/537.3"
47.238.13.16 - - [07/May/2025:09:36:28 -0400] "GET /conversation/j118?pid=28802 HTTP/1.1" 500 271 "-" "Mozilla/5.0 (Macintosh; Intel Mac OS X 10_15_7) AppleWebKit/537.36 (KHTML, like Gecko) Chrome/109.0.0.0 Safari/537.36"
47.238.13.9 - - [07/May/2025:09:36:38 -0400] "GET /items/pwrop21/32?key=stock HTTP/1.1" 500 271 "-" "Mozilla/5.0 (Macintosh; Intel Mac OS X 10_15_7) AppleWebKit/537.36 (KHTML, like Gecko) Chrome/109.0.0.0 Safari/537.36"
198.204.226.18 - - [07/May/2025:09:36:46 -0400] "GET /wp-content/install.php HTTP/1.1" 200 10 "http://jenniferflo.com/wp-content/install.php" "Mozilla/5.0 (Windows NT 10.0; Win64; x64) AppleWebKit/537.36 (KHTML, like Gecko) Chrome/58.0.3029.110 Safari/537.3"
57.141.6.9 - - [07/May/2025:09:36:56 -0400] "GET /?_g=5164416 HTTP/1.1" 500 360 "-" "meta-externalagent/1.1 (+https://developers.facebook.com/docs/sharing/webmasters/crawler)"
8.218.186.1 - - [07/May/2025:09:37:03 -0400] "GET /sitemap-subkey-502.xml HTTP/1.1" 200 99514 "-" "Mozilla/5.0 (Macintosh; Intel Mac OS X 10_15_7) AppleWebKit/537.36 (KHTML, like Gecko) Chrome/109.0.0.0 Safari/537.36"
47.238.13.16 - - [07/May/2025:09:37:27 -0400] "GET /sitemap-subkey-2107.xml HTTP/1.1" 200 98668 "-" "Mozilla/5.0 (Macintosh; Intel Mac OS X 10_15_7) AppleWebKit/537.36 (KHTML, like Gecko) Chrome/109.0.0.0 Safari/537.36"
198.204.226.18 - - [07/May/2025:09:37:58 -0400] "GET /wp-content/install.php HTTP/1.1" 200 0 "http://jenniferflo.com/wp-content/install.php" "Mozilla/5.0 (Windows NT 10.0; Win64; x64) AppleWebKit/537.36 (KHTML, like Gecko) Chrome/58.0.3029.110 Safari/537.3"
198.204.226.18 - - [07/May/2025:09:40:08 -0400] "GET /wp-content/install.php HTTP/1.1" 200 0 "http://jenniferflo.com/wp-content/install.php" "Mozilla/5.0 (Windows NT 10.0; Win64; x64) AppleWebKit/537.36 (KHTML, like Gecko) Chrome/58.0.3029.110 Safari/537.3"
47.238.13.13 - - [07/May/2025:09:40:23 -0400] "GET /items/ddlyb2/18039?key=advantage HTTP/1.1" 500 271 "-" "Mozilla/5.0 (Macintosh; Intel Mac OS X 10_15_7) AppleWebKit/537.36 (KHTML, like Gecko) Chrome/109.0.0.0 Safari/537.36"
8.210.8.206 - - [07/May/2025:09:40:32 -0400] "GET /and/p190?pid=42980 HTTP/1.1" 500 271 "-" "Mozilla/5.0 (Macintosh; Intel Mac OS X 10_15_7) AppleWebKit/537.36 (KHTML, like Gecko) Chrome/109.0.0.0 Safari/537.36"
47.242.77.69 - - [07/May/2025:09:40:38 -0400] "GET /sitemap-subkey-2411.xml HTTP/1.1" 200 100161 "-" "Mozilla/5.0 (Macintosh; Intel Mac OS X 10_15_7) AppleWebKit/537.36 (KHTML, like Gecko) Chrome/109.0.0.0 Safari/537.36"
198.204.226.18 - - [07/May/2025:09:41:02 -0400] "GET /wp-content/install.php HTTP/1.1" 200 10 "http://jenniferflo.com/wp-content/install.php" "Mozilla/5.0 (Windows NT 10.0; Win64; x64) AppleWebKit/537.36 (KHTML, like Gecko) Chrome/58.0.3029.110 Safari/537.3"
57.141.6.7 - - [07/May/2025:09:41:14 -0400] "GET /?_g=12311550 HTTP/1.1" 500 360 "-" "meta-externalagent/1.1 (+https://developers.facebook.com/docs/sharing/webmasters/crawler)"
47.238.13.17 - - [07/May/2025:09:41:24 -0400] "GET /items/lsace164/4609?key=predict HTTP/1.1" 500 271 "-" "Mozilla/5.0 (Macintosh; Intel Mac OS X 10_15_7) AppleWebKit/537.36 (KHTML, like Gecko) Chrome/109.0.0.0 Safari/537.36"
47.238.13.9 - - [07/May/2025:09:41:41 -0400] "GET /sitemap-subkey-2451.xml HTTP/1.1" 200 100543 "-" "Mozilla/5.0 (Macintosh; Intel Mac OS X 10_15_7) AppleWebKit/537.36 (KHTML, like Gecko) Chrome/109.0.0.0 Safari/537.36"
69.197.135.226 - - [07/May/2025:09:41:48 -0400] "GET /wp-includes/install.php HTTP/1.1" 200 10 "http://jenniferflo.com/wp-includes/install.php" "Mozilla/5.0 (Windows NT 10.0; Win64; x64) AppleWebKit/537.36 (KHTML, like Gecko) Chrome/58.0.3029.110 Safari/537.3"
198.204.226.18 - - [07/May/2025:09:41:55 -0400] "GET /wp-content/install.php HTTP/1.1" 200 10 "http://jenniferflo.com/wp-content/install.php" "Mozilla/5.0 (Windows NT 10.0; Win64; x64) AppleWebKit/537.36 (KHTML, like Gecko) Chrome/58.0.3029.110 Safari/537.3"
8.210.10.143 - - [07/May/2025:09:41:57 -0400] "GET /sitemap-subkey-1058.xml HTTP/1.1" 200 100626 "-" "Mozilla/5.0 (Macintosh; Intel Mac OS X 10_15_7) AppleWebKit/537.36 (KHTML, like Gecko) Chrome/109.0.0.0 Safari/537.36"
198.204.226.18 - - [07/May/2025:09:41:52 -0400] "GET /wp-content/install.php HTTP/1.1" 200 0 "http://jenniferflo.com/wp-content/install.php" "Mozilla/5.0 (Windows NT 10.0; Win64; x64) AppleWebKit/537.36 (KHTML, like Gecko) Chrome/58.0.3029.110 Safari/537.3"
57.141.6.30 - - [07/May/2025:09:42:30 -0400] "GET /?_g=4920250 HTTP/1.1" 500 360 "-" "meta-externalagent/1.1 (+https://developers.facebook.com/docs/sharing/webmasters/crawler)"
198.204.226.18 - - [07/May/2025:09:43:32 -0400] "GET /wp-content/install.php HTTP/1.1" 200 10 "http://jenniferflo.com/wp-content/install.php" "Mozilla/5.0 (Windows NT 10.0; Win64; x64) AppleWebKit/537.36 (KHTML, like Gecko) Chrome/58.0.3029.110 Safari/537.3"
198.204.226.18 - - [07/May/2025:09:43:29 -0400] "GET /wp-content/install.php HTTP/1.1" 200 0 "http://jenniferflo.com/wp-content/install.php" "Mozilla/5.0 (Windows NT 10.0; Win64; x64) AppleWebKit/537.36 (KHTML, like Gecko) Chrome/58.0.3029.110 Safari/537.3"
47.238.13.10 - - [07/May/2025:09:43:53 -0400] "GET /harm/b34?pid=5568 HTTP/1.1" 500 271 "-" "Mozilla/5.0 (Macintosh; Intel Mac OS X 10_15_7) AppleWebKit/537.36 (KHTML, like Gecko) Chrome/109.0.0.0 Safari/537.36"
198.204.226.18 - - [07/May/2025:09:44:31 -0400] "GET /wp-content/install.php HTTP/1.1" 200 10 "http://jenniferflo.com/wp-content/install.php" "Mozilla/5.0 (Windows NT 10.0; Win64; x64) AppleWebKit/537.36 (KHTML, like Gecko) Chrome/58.0.3029.110 Safari/537.3"
47.238.13.14 - - [07/May/2025:09:45:25 -0400] "GET /sitemap-subkey-909.xml HTTP/1.1" 200 99554 "-" "Mozilla/5.0 (Macintosh; Intel Mac OS X 10_15_7) AppleWebKit/537.36 (KHTML, like Gecko) Chrome/109.0.0.0 Safari/537.36"
57.141.6.27 - - [07/May/2025:09:45:51 -0400] "GET /?_g=14639027 HTTP/1.1" 500 360 "-" "meta-externalagent/1.1 (+https://developers.facebook.com/docs/sharing/webmasters/crawler)"
204.12.252.98 - - [07/May/2025:09:45:58 -0400] "GET /wp-includes/install.php HTTP/1.1" 200 10 "http://jenniferflo.com/wp-includes/install.php" "Mozilla/5.0 (Windows NT 10.0; Win64; x64) AppleWebKit/537.36 (KHTML, like Gecko) Chrome/58.0.3029.110 Safari/537.3"
198.204.226.18 - - [07/May/2025:09:45:59 -0400] "GET /wp-content/install.php HTTP/1.1" 200 10 "http://jenniferflo.com/wp-content/install.php" "Mozilla/5.0 (Windows NT 10.0; Win64; x64) AppleWebKit/537.36 (KHTML, like Gecko) Chrome/58.0.3029.110 Safari/537.3"
198.204.226.18 - - [07/May/2025:09:45:56 -0400] "GET /wp-content/install.php HTTP/1.1" 200 0 "http://jenniferflo.com/wp-content/install.php" "Mozilla/5.0 (Windows NT 10.0; Win64; x64) AppleWebKit/537.36 (KHTML, like Gecko) Chrome/58.0.3029.110 Safari/537.3"
198.204.226.18 - - [07/May/2025:09:46:16 -0400] "GET /wp-content/install.php HTTP/1.1" 200 10 "http://jenniferflo.com/wp-content/install.php" "Mozilla/5.0 (Windows NT 10.0; Win64; x64) AppleWebKit/537.36 (KHTML, like Gecko) Chrome/58.0.3029.110 Safari/537.3"
198.204.226.18 - - [07/May/2025:09:46:13 -0400] "GET /wp-content/install.php HTTP/1.1" 200 0 "http://jenniferflo.com/wp-content/install.php" "Mozilla/5.0 (Windows NT 10.0; Win64; x64) AppleWebKit/537.36 (KHTML, like Gecko) Chrome/58.0.3029.110 Safari/537.3"
198.204.226.18 - - [07/May/2025:09:46:42 -0400] "GET /wp-content/install.php HTTP/1.1" 200 10 "http://jenniferflo.com/wp-content/install.php" "Mozilla/5.0 (Windows NT 10.0; Win64; x64) AppleWebKit/537.36 (KHTML, like Gecko) Chrome/58.0.3029.110 Safari/537.3"
198.204.226.18 - - [07/May/2025:09:46:39 -0400] "GET /wp-content/install.php HTTP/1.1" 200 0 "http://jenniferflo.com/wp-content/install.php" "Mozilla/5.0 (Windows NT 10.0; Win64; x64) AppleWebKit/537.36 (KHTML, like Gecko) Chrome/58.0.3029.110 Safari/537.3"
47.238.13.17 - - [07/May/2025:09:47:04 -0400] "GET /maintenance/z45?pid=32241 HTTP/1.1" 500 271 "-" "Mozilla/5.0 (Macintosh; Intel Mac OS X 10_15_7) AppleWebKit/537.36 (KHTML, like Gecko) Chrome/109.0.0.0 Safari/537.36"
47.238.13.3 - - [07/May/2025:09:47:27 -0400] "GET /items/oylad95/1814?key=standing HTTP/1.1" 500 271 "-" "Mozilla/5.0 (Macintosh; Intel Mac OS X 10_15_7) AppleWebKit/537.36 (KHTML, like Gecko) Chrome/109.0.0.0 Safari/537.36"
198.204.226.18 - - [07/May/2025:09:47:30 -0400] "GET /wp-content/install.php HTTP/1.1" 200 10 "http://jenniferflo.com/wp-content/install.php" "Mozilla/5.0 (Windows NT 10.0; Win64; x64) AppleWebKit/537.36 (KHTML, like Gecko) Chrome/58.0.3029.110 Safari/537.3"
208.110.64.178 - - [07/May/2025:09:48:22 -0400] "GET /wp-includes/install.php HTTP/1.1" 200 10 "http://jenniferflo.com/wp-includes/install.php" "Mozilla/5.0 (Windows NT 10.0; Win64; x64) AppleWebKit/537.36 (KHTML, like Gecko) Chrome/58.0.3029.110 Safari/537.3"
47.238.13.3 - - [07/May/2025:09:48:37 -0400] "GET /stair/d102?pid=46910 HTTP/1.1" 500 271 "-" "Mozilla/5.0 (Macintosh; Intel Mac OS X 10_15_7) AppleWebKit/537.36 (KHTML, like Gecko) Chrome/109.0.0.0 Safari/537.36"
198.204.226.18 - - [07/May/2025:09:48:37 -0400] "GET /wp-content/install.php HTTP/1.1" 200 10 "http://jenniferflo.com/wp-content/install.php" "Mozilla/5.0 (Windows NT 10.0; Win64; x64) AppleWebKit/537.36 (KHTML, like Gecko) Chrome/58.0.3029.110 Safari/537.3"
198.204.226.18 - - [07/May/2025:09:48:34 -0400] "GET /wp-content/install.php HTTP/1.1" 200 0 "http://jenniferflo.com/wp-content/install.php" "Mozilla/5.0 (Windows NT 10.0; Win64; x64) AppleWebKit/537.36 (KHTML, like Gecko) Chrome/58.0.3029.110 Safari/537.3"
198.204.226.18 - - [07/May/2025:09:48:54 -0400] "GET /wp-content/install.php HTTP/1.1" 200 10 "http://jenniferflo.com/wp-content/install.php" "Mozilla/5.0 (Windows NT 10.0; Win64; x64) AppleWebKit/537.36 (KHTML, like Gecko) Chrome/58.0.3029.110 Safari/537.3"
47.238.13.10 - - [07/May/2025:09:48:55 -0400] "GET /items/poirk33/49780?key=favorite HTTP/1.1" 500 271 "-" "Mozilla/5.0 (Macintosh; Intel Mac OS X 10_15_7) AppleWebKit/537.36 (KHTML, like Gecko) Chrome/109.0.0.0 Safari/537.36"
198.204.226.18 - - [07/May/2025:09:49:09 -0400] "GET /wp-content/install.php HTTP/1.1" 200 10 "http://jenniferflo.com/wp-content/install.php" "Mozilla/5.0 (Windows NT 10.0; Win64; x64) AppleWebKit/537.36 (KHTML, like Gecko) Chrome/58.0.3029.110 Safari/537.3"
57.141.6.2 - - [07/May/2025:09:49:13 -0400] "GET /?_g=3965927 HTTP/1.1" 500 360 "-" "meta-externalagent/1.1 (+https://developers.facebook.com/docs/sharing/webmasters/crawler)"
198.204.226.18 - - [07/May/2025:09:49:32 -0400] "GET /wp-content/install.php HTTP/1.1" 200 10 "http://jenniferflo.com/wp-content/install.php" "Mozilla/5.0 (Windows NT 10.0; Win64; x64) AppleWebKit/537.36 (KHTML, like Gecko) Chrome/58.0.3029.110 Safari/537.3"
8.210.218.201 - - [07/May/2025:09:49:38 -0400] "GET /items/rppvw48/33655?key=stare HTTP/1.1" 500 271 "-" "Mozilla/5.0 (Macintosh; Intel Mac OS X 10_15_7) AppleWebKit/537.36 (KHTML, like Gecko) Chrome/109.0.0.0 Safari/537.36"
198.204.226.18 - - [07/May/2025:09:50:20 -0400] "GET /wp-content/install.php HTTP/1.1" 200 0 "http://jenniferflo.com/wp-content/install.php" "Mozilla/5.0 (Windows NT 10.0; Win64; x64) AppleWebKit/537.36 (KHTML, like Gecko) Chrome/58.0.3029.110 Safari/537.3"
198.204.226.18 - - [07/May/2025:09:51:03 -0400] "GET /wp-content/install.php HTTP/1.1" 200 10 "http://jenniferflo.com/wp-content/install.php" "Mozilla/5.0 (Windows NT 10.0; Win64; x64) AppleWebKit/537.36 (KHTML, like Gecko) Chrome/58.0.3029.110 Safari/537.3"
47.238.13.17 - - [07/May/2025:09:52:05 -0400] "GET /sitemap-subkey-2957.xml HTTP/1.1" 200 99360 "-" "Mozilla/5.0 (Macintosh; Intel Mac OS X 10_15_7) AppleWebKit/537.36 (KHTML, like Gecko) Chrome/109.0.0.0 Safari/537.36"
198.204.226.18 - - [07/May/2025:09:52:12 -0400] "GET /wp-content/install.php HTTP/1.1" 200 10 "http://jenniferflo.com/wp-content/install.php" "Mozilla/5.0 (Windows NT 10.0; Win64; x64) AppleWebKit/537.36 (KHTML, like Gecko) Chrome/58.0.3029.110 Safari/537.3"
198.204.226.18 - - [07/May/2025:09:52:09 -0400] "GET /wp-content/install.php HTTP/1.1" 200 0 "http://jenniferflo.com/wp-content/install.php" "Mozilla/5.0 (Windows NT 10.0; Win64; x64) AppleWebKit/537.36 (KHTML, like Gecko) Chrome/58.0.3029.110 Safari/537.3"
69.197.135.226 - - [07/May/2025:09:52:41 -0400] "GET /wp-includes/install.php HTTP/1.1" 200 10 "http://jenniferflo.com/wp-includes/install.php" "Mozilla/5.0 (Windows NT 10.0; Win64; x64) AppleWebKit/537.36 (KHTML, like Gecko) Chrome/58.0.3029.110 Safari/537.3"
198.204.226.18 - - [07/May/2025:09:52:42 -0400] "GET /wp-content/install.php HTTP/1.1" 200 10 "http://jenniferflo.com/wp-content/install.php" "Mozilla/5.0 (Windows NT 10.0; Win64; x64) AppleWebKit/537.36 (KHTML, like Gecko) Chrome/58.0.3029.110 Safari/537.3"
47.238.13.11 - - [07/May/2025:09:52:56 -0400] "GET /sitemap-subkey-2113.xml HTTP/1.1" 200 99304 "-" "Mozilla/5.0 (Macintosh; Intel Mac OS X 10_15_7) AppleWebKit/537.36 (KHTML, like Gecko) Chrome/109.0.0.0 Safari/537.36"
57.141.6.8 - - [07/May/2025:09:53:32 -0400] "GET /?_g=14479727 HTTP/1.1" 500 360 "-" "meta-externalagent/1.1 (+https://developers.facebook.com/docs/sharing/webmasters/crawler)"
198.204.226.18 - - [07/May/2025:09:53:41 -0400] "GET /wp-content/install.php HTTP/1.1" 200 10 "http://jenniferflo.com/wp-content/install.php" "Mozilla/5.0 (Windows NT 10.0; Win64; x64) AppleWebKit/537.36 (KHTML, like Gecko) Chrome/58.0.3029.110 Safari/537.3"
198.204.226.18 - - [07/May/2025:09:53:38 -0400] "GET /wp-content/install.php HTTP/1.1" 200 0 "http://jenniferflo.com/wp-content/install.php" "Mozilla/5.0 (Windows NT 10.0; Win64; x64) AppleWebKit/537.36 (KHTML, like Gecko) Chrome/58.0.3029.110 Safari/537.3"
47.238.14.12 - - [07/May/2025:09:54:28 -0400] "GET /plot/m9?pid=6739 HTTP/1.1" 500 271 "-" "Mozilla/5.0 (Macintosh; Intel Mac OS X 10_15_7) AppleWebKit/537.36 (KHTML, like Gecko) Chrome/109.0.0.0 Safari/537.36"
