159.223.87.4 - - [07/May/2025:19:23:06 -0400] "GET /files/malware.php HTTP/1.1" 500 271 "-" "Mozilla/5.0 (X11; Linux x86_64; rv:83.0) Gecko/20100101 Firefox/83.0"
159.223.87.4 - - [07/May/2025:19:23:07 -0400] "GET /files/r57.php HTTP/1.1" 500 271 "-" "Mozilla/5.0 (X11; Linux x86_64; rv:83.0) Gecko/20100101 Firefox/83.0"
159.223.87.4 - - [07/May/2025:19:23:07 -0400] "GET /files/w0rm.php HTTP/1.1" 500 271 "-" "Mozilla/5.0 (X11; Linux x86_64; rv:83.0) Gecko/20100101 Firefox/83.0"
159.223.87.4 - - [07/May/2025:19:23:09 -0400] "GET /files/r99.php HTTP/1.1" 500 271 "-" "Mozilla/5.0 (X11; Linux x86_64; rv:83.0) Gecko/20100101 Firefox/83.0"
159.223.87.4 - - [07/May/2025:19:23:09 -0400] "GET /files/sql.php HTTP/1.1" 500 271 "-" "Mozilla/5.0 (X11; Linux x86_64; rv:83.0) Gecko/20100101 Firefox/83.0"
159.223.87.4 - - [07/May/2025:19:23:11 -0400] "GET /files/alfa.php HTTP/1.1" 500 271 "-" "Mozilla/5.0 (X11; Linux x86_64; rv:83.0) Gecko/20100101 Firefox/83.0"
47.79.123.182 - - [07/May/2025:19:23:11 -0400] "GET /index.php/take-your-dog-to-work-day HTTP/1.1" 500 271 "http://jenniferflo.com/index.php/take-your-dog-to-work-day" "Mozilla/5.0 (Windows NT 10.0; Win64; x64) AppleWebKit/537.36 (KHTML, like Gecko) Chrome/114.0.0.0 Safari/537.36 Edg/114.0.1823.43"
159.223.87.4 - - [07/May/2025:19:23:11 -0400] "GET /files/anon.php HTTP/1.1" 500 271 "-" "Mozilla/5.0 (X11; Linux x86_64; rv:83.0) Gecko/20100101 Firefox/83.0"
159.223.87.4 - - [07/May/2025:19:23:13 -0400] "GET /files/anonghost.php HTTP/1.1" 500 271 "-" "Mozilla/5.0 (X11; Linux x86_64; rv:83.0) Gecko/20100101 Firefox/83.0"
159.223.87.4 - - [07/May/2025:19:23:13 -0400] "GET /files/anonymous.php HTTP/1.1" 500 271 "-" "Mozilla/5.0 (X11; Linux x86_64; rv:83.0) Gecko/20100101 Firefox/83.0"
159.223.87.4 - - [07/May/2025:19:23:15 -0400] "GET /files/black.php HTTP/1.1" 500 271 "-" "Mozilla/5.0 (X11; Linux x86_64; rv:83.0) Gecko/20100101 Firefox/83.0"
159.223.87.4 - - [07/May/2025:19:23:16 -0400] "GET /files/white.php HTTP/1.1" 500 271 "-" "Mozilla/5.0 (X11; Linux x86_64; rv:83.0) Gecko/20100101 Firefox/83.0"
159.223.87.4 - - [07/May/2025:19:23:18 -0400] "GET /files/backdoor.php HTTP/1.1" 500 271 "-" "Mozilla/5.0 (X11; Linux x86_64; rv:83.0) Gecko/20100101 Firefox/83.0"
159.223.87.4 - - [07/May/2025:19:23:19 -0400] "GET /files/tiny.php HTTP/1.1" 500 271 "-" "Mozilla/5.0 (X11; Linux x86_64; rv:83.0) Gecko/20100101 Firefox/83.0"
159.223.87.4 - - [07/May/2025:19:23:20 -0400] "GET /files/manager.php HTTP/1.1" 500 271 "-" "Mozilla/5.0 (X11; Linux x86_64; rv:83.0) Gecko/20100101 Firefox/83.0"
159.223.87.4 - - [07/May/2025:19:23:22 -0400] "GET /files/tinymanager.php HTTP/1.1" 500 271 "-" "Mozilla/5.0 (X11; Linux x86_64; rv:83.0) Gecko/20100101 Firefox/83.0"
159.223.87.4 - - [07/May/2025:19:23:22 -0400] "GET /files/becak.php HTTP/1.1" 500 271 "-" "Mozilla/5.0 (X11; Linux x86_64; rv:83.0) Gecko/20100101 Firefox/83.0"
159.223.87.4 - - [07/May/2025:19:23:24 -0400] "GET /files/indonesia.php HTTP/1.1" 500 271 "-" "Mozilla/5.0 (X11; Linux x86_64; rv:83.0) Gecko/20100101 Firefox/83.0"
159.223.87.4 - - [07/May/2025:19:23:26 -0400] "GET /files/Sym.php HTTP/1.1" 500 270 "-" "Mozilla/5.0 (X11; Linux x86_64; rv:83.0) Gecko/20100101 Firefox/83.0"
159.223.87.4 - - [07/May/2025:19:23:28 -0400] "GET /files/sym.php HTTP/1.1" 500 271 "-" "Mozilla/5.0 (X11; Linux x86_64; rv:83.0) Gecko/20100101 Firefox/83.0"
159.223.87.4 - - [07/May/2025:19:23:28 -0400] "GET /files/db.php HTTP/1.1" 500 271 "-" "Mozilla/5.0 (X11; Linux x86_64; rv:83.0) Gecko/20100101 Firefox/83.0"
159.223.87.4 - - [07/May/2025:19:23:30 -0400] "GET /files/whmcs.php HTTP/1.1" 500 271 "-" "Mozilla/5.0 (X11; Linux x86_64; rv:83.0) Gecko/20100101 Firefox/83.0"
159.223.87.4 - - [07/May/2025:19:23:31 -0400] "GET /files/WHMCS.php HTTP/1.1" 500 271 "-" "Mozilla/5.0 (X11; Linux x86_64; rv:83.0) Gecko/20100101 Firefox/83.0"
159.223.87.4 - - [07/May/2025:19:23:32 -0400] "GET /files/cpanel.php HTTP/1.1" 500 271 "-" "Mozilla/5.0 (X11; Linux x86_64; rv:83.0) Gecko/20100101 Firefox/83.0"
159.223.87.4 - - [07/May/2025:19:23:34 -0400] "GET /files/krdp.php HTTP/1.1" 500 271 "-" "Mozilla/5.0 (X11; Linux x86_64; rv:83.0) Gecko/20100101 Firefox/83.0"
159.223.87.4 - - [07/May/2025:19:23:35 -0400] "GET /files/blackhat.php HTTP/1.1" 500 271 "-" "Mozilla/5.0 (X11; Linux x86_64; rv:83.0) Gecko/20100101 Firefox/83.0"
159.223.87.4 - - [07/May/2025:19:23:36 -0400] "GET /files/whitehat.php HTTP/1.1" 500 271 "-" "Mozilla/5.0 (X11; Linux x86_64; rv:83.0) Gecko/20100101 Firefox/83.0"
198.204.226.18 - - [07/May/2025:19:23:38 -0400] "GET /wp-content/install.php HTTP/1.1" 200 10 "http://jenniferflo.com/wp-content/install.php" "Mozilla/5.0 (Windows NT 10.0; Win64; x64) AppleWebKit/537.36 (KHTML, like Gecko) Chrome/58.0.3029.110 Safari/537.3"
159.223.87.4 - - [07/May/2025:19:23:38 -0400] "GET /files/merdeka.php HTTP/1.1" 500 271 "-" "Mozilla/5.0 (X11; Linux x86_64; rv:83.0) Gecko/20100101 Firefox/83.0"
159.223.87.4 - - [07/May/2025:19:23:41 -0400] "GET /files/root.php HTTP/1.1" 500 271 "-" "Mozilla/5.0 (X11; Linux x86_64; rv:83.0) Gecko/20100101 Firefox/83.0"
159.223.87.4 - - [07/May/2025:19:23:43 -0400] "GET /files/r00t.php HTTP/1.1" 500 271 "-" "Mozilla/5.0 (X11; Linux x86_64; rv:83.0) Gecko/20100101 Firefox/83.0"
47.82.61.106 - - [07/May/2025:19:23:44 -0400] "GET /north-coast-health-center-3rd-saturday-of-month/ HTTP/1.1" 500 271 "http://jenniferflo.com/north-coast-health-center-3rd-saturday-of-month/" "Mozilla/5.0 (Windows NT 10.0; Win64; x64) AppleWebKit/537.36 (KHTML, like Gecko) Chrome/114.0.0.0 Safari/537.36 Edg/114.0.1823.43"
159.223.87.4 - - [07/May/2025:19:23:45 -0400] "GET /files/ak47.php HTTP/1.1" 500 271 "-" "Mozilla/5.0 (X11; Linux x86_64; rv:83.0) Gecko/20100101 Firefox/83.0"
159.223.87.4 - - [07/May/2025:19:23:47 -0400] "GET /files/AK47.php HTTP/1.1" 500 271 "-" "Mozilla/5.0 (X11; Linux x86_64; rv:83.0) Gecko/20100101 Firefox/83.0"
159.223.87.4 - - [07/May/2025:19:23:48 -0400] "GET /files/AK-47.php HTTP/1.1" 500 271 "-" "Mozilla/5.0 (X11; Linux x86_64; rv:83.0) Gecko/20100101 Firefox/83.0"
159.223.87.4 - - [07/May/2025:19:23:51 -0400] "GET /files/ak-47.php HTTP/1.1" 500 271 "-" "Mozilla/5.0 (X11; Linux x86_64; rv:83.0) Gecko/20100101 Firefox/83.0"
159.223.87.4 - - [07/May/2025:19:23:52 -0400] "GET /files/galau.php HTTP/1.1" 500 271 "-" "Mozilla/5.0 (X11; Linux x86_64; rv:83.0) Gecko/20100101 Firefox/83.0"
159.223.87.4 - - [07/May/2025:19:23:53 -0400] "GET /files/hack.php HTTP/1.1" 500 271 "-" "Mozilla/5.0 (X11; Linux x86_64; rv:83.0) Gecko/20100101 Firefox/83.0"
159.223.87.4 - - [07/May/2025:19:23:54 -0400] "GET /files/hacked.php HTTP/1.1" 500 271 "-" "Mozilla/5.0 (X11; Linux x86_64; rv:83.0) Gecko/20100101 Firefox/83.0"
159.223.87.4 - - [07/May/2025:19:23:55 -0400] "GET /files/etc.php HTTP/1.1" 500 271 "-" "Mozilla/5.0 (X11; Linux x86_64; rv:83.0) Gecko/20100101 Firefox/83.0"
159.223.87.4 - - [07/May/2025:19:23:56 -0400] "GET /css/colors/shell.php HTTP/1.1" 500 271 "-" "Mozilla/5.0 (X11; Linux x86_64; rv:83.0) Gecko/20100101 Firefox/83.0"
159.223.87.4 - - [07/May/2025:19:23:57 -0400] "GET /wp-admin/css/shell.php HTTP/1.1" 500 271 "-" "Mozilla/5.0 (X11; Linux x86_64; rv:83.0) Gecko/20100101 Firefox/83.0"
159.223.87.4 - - [07/May/2025:19:24:00 -0400] "GET /wp-admin/css/mini.php HTTP/1.1" 500 271 "-" "Mozilla/5.0 (X11; Linux x86_64; rv:83.0) Gecko/20100101 Firefox/83.0"
198.204.226.18 - - [07/May/2025:19:24:00 -0400] "GET /wp-content/install.php HTTP/1.1" 200 10 "http://jenniferflo.com/wp-content/install.php" "Mozilla/5.0 (Windows NT 10.0; Win64; x64) AppleWebKit/537.36 (KHTML, like Gecko) Chrome/58.0.3029.110 Safari/537.3"
159.223.87.4 - - [07/May/2025:19:24:01 -0400] "GET /wp-admin/css/upload.php HTTP/1.1" 500 271 "-" "Mozilla/5.0 (X11; Linux x86_64; rv:83.0) Gecko/20100101 Firefox/83.0"
159.223.87.4 - - [07/May/2025:19:24:04 -0400] "GET /wp-admin/css/uploads.php HTTP/1.1" 500 271 "-" "Mozilla/5.0 (X11; Linux x86_64; rv:83.0) Gecko/20100101 Firefox/83.0"
159.223.87.4 - - [07/May/2025:19:24:05 -0400] "GET /wp-admin/css/uploader.php HTTP/1.1" 500 271 "-" "Mozilla/5.0 (X11; Linux x86_64; rv:83.0) Gecko/20100101 Firefox/83.0"
159.223.87.4 - - [07/May/2025:19:24:06 -0400] "GET /wp-admin/css/wso.php HTTP/1.1" 500 271 "-" "Mozilla/5.0 (X11; Linux x86_64; rv:83.0) Gecko/20100101 Firefox/83.0"
159.223.87.4 - - [07/May/2025:19:24:08 -0400] "GET /wp-admin/css/r99.php HTTP/1.1" 500 271 "-" "Mozilla/5.0 (X11; Linux x86_64; rv:83.0) Gecko/20100101 Firefox/83.0"
159.223.87.4 - - [07/May/2025:19:24:10 -0400] "GET /wp-admin/css/r57.php HTTP/1.1" 500 271 "-" "Mozilla/5.0 (X11; Linux x86_64; rv:83.0) Gecko/20100101 Firefox/83.0"
159.223.87.4 - - [07/May/2025:19:24:11 -0400] "GET /wp-admin/css/b374k.php HTTP/1.1" 500 271 "-" "Mozilla/5.0 (X11; Linux x86_64; rv:83.0) Gecko/20100101 Firefox/83.0"
159.223.87.4 - - [07/May/2025:19:24:12 -0400] "GET /wp-admin/mini.php HTTP/1.1" 500 271 "-" "Mozilla/5.0 (X11; Linux x86_64; rv:83.0) Gecko/20100101 Firefox/83.0"
159.223.87.4 - - [07/May/2025:19:24:14 -0400] "GET /wp-admin/uploader.php HTTP/1.1" 500 271 "-" "Mozilla/5.0 (X11; Linux x86_64; rv:83.0) Gecko/20100101 Firefox/83.0"
159.223.87.4 - - [07/May/2025:19:24:16 -0400] "GET /wp-admin/upload.php HTTP/1.1" 500 271 "-" "Mozilla/5.0 (X11; Linux x86_64; rv:83.0) Gecko/20100101 Firefox/83.0"
159.223.87.4 - - [07/May/2025:19:24:17 -0400] "GET /wp-admin/uploads.php HTTP/1.1" 500 271 "-" "Mozilla/5.0 (X11; Linux x86_64; rv:83.0) Gecko/20100101 Firefox/83.0"
159.223.87.4 - - [07/May/2025:19:24:18 -0400] "GET /wp-admin/r99.php HTTP/1.1" 500 271 "-" "Mozilla/5.0 (X11; Linux x86_64; rv:83.0) Gecko/20100101 Firefox/83.0"
159.223.87.4 - - [07/May/2025:19:24:20 -0400] "GET /wp-admin/r57.php HTTP/1.1" 500 271 "-" "Mozilla/5.0 (X11; Linux x86_64; rv:83.0) Gecko/20100101 Firefox/83.0"
159.223.87.4 - - [07/May/2025:19:24:23 -0400] "GET /wp-admin/b374k.php HTTP/1.1" 500 271 "-" "Mozilla/5.0 (X11; Linux x86_64; rv:83.0) Gecko/20100101 Firefox/83.0"
159.223.87.4 - - [07/May/2025:19:24:24 -0400] "GET /wp-admin/error.php HTTP/1.1" 500 271 "-" "Mozilla/5.0 (X11; Linux x86_64; rv:83.0) Gecko/20100101 Firefox/83.0"
159.223.87.4 - - [07/May/2025:19:24:25 -0400] "GET /wp-admin/slider.php HTTP/1.1" 500 270 "-" "Mozilla/5.0 (X11; Linux x86_64; rv:83.0) Gecko/20100101 Firefox/83.0"
159.223.87.4 - - [07/May/2025:19:24:27 -0400] "GET /wp-admin/cmd.php HTTP/1.1" 500 271 "-" "Mozilla/5.0 (X11; Linux x86_64; rv:83.0) Gecko/20100101 Firefox/83.0"
159.223.87.4 - - [07/May/2025:19:24:29 -0400] "GET /wp-admin/idx.php HTTP/1.1" 500 271 "-" "Mozilla/5.0 (X11; Linux x86_64; rv:83.0) Gecko/20100101 Firefox/83.0"
159.223.87.4 - - [07/May/2025:19:24:32 -0400] "GET /wp-admin/sym.php HTTP/1.1" 500 271 "-" "Mozilla/5.0 (X11; Linux x86_64; rv:83.0) Gecko/20100101 Firefox/83.0"
159.223.87.4 - - [07/May/2025:19:24:33 -0400] "GET /wp-admin/cpanel.php HTTP/1.1" 500 271 "-" "Mozilla/5.0 (X11; Linux x86_64; rv:83.0) Gecko/20100101 Firefox/83.0"
47.238.13.18 - - [07/May/2025:19:24:35 -0400] "GET /meantime/w53?pid=4651 HTTP/1.1" 500 271 "-" "Mozilla/5.0 (Macintosh; Intel Mac OS X 10_15_7) AppleWebKit/537.36 (KHTML, like Gecko) Chrome/109.0.0.0 Safari/537.36"
159.223.87.4 - - [07/May/2025:19:24:35 -0400] "GET /wp-admin/jumping.php HTTP/1.1" 500 271 "-" "Mozilla/5.0 (X11; Linux x86_64; rv:83.0) Gecko/20100101 Firefox/83.0"
159.223.87.4 - - [07/May/2025:19:24:37 -0400] "GET /wp-admin/adminer.php HTTP/1.1" 500 271 "-" "Mozilla/5.0 (X11; Linux x86_64; rv:83.0) Gecko/20100101 Firefox/83.0"
159.223.87.4 - - [07/May/2025:19:24:39 -0400] "GET /wp-admin/DB.php HTTP/1.1" 500 271 "-" "Mozilla/5.0 (X11; Linux x86_64; rv:83.0) Gecko/20100101 Firefox/83.0"
159.223.87.4 - - [07/May/2025:19:24:40 -0400] "GET /wp-admin/db.php HTTP/1.1" 500 271 "-" "Mozilla/5.0 (X11; Linux x86_64; rv:83.0) Gecko/20100101 Firefox/83.0"
159.223.87.4 - - [07/May/2025:19:24:41 -0400] "GET /wp-admin/spesies.php HTTP/1.1" 500 271 "-" "Mozilla/5.0 (X11; Linux x86_64; rv:83.0) Gecko/20100101 Firefox/83.0"
159.223.87.4 - - [07/May/2025:19:24:42 -0400] "GET /wp-admin/special.php HTTP/1.1" 500 271 "-" "Mozilla/5.0 (X11; Linux x86_64; rv:83.0) Gecko/20100101 Firefox/83.0"
159.223.87.4 - - [07/May/2025:19:24:43 -0400] "GET /wp-admin/CSRF.php HTTP/1.1" 500 271 "-" "Mozilla/5.0 (X11; Linux x86_64; rv:83.0) Gecko/20100101 Firefox/83.0"
159.223.87.4 - - [07/May/2025:19:24:45 -0400] "GET /wp-admin/csrf.php HTTP/1.1" 500 271 "-" "Mozilla/5.0 (X11; Linux x86_64; rv:83.0) Gecko/20100101 Firefox/83.0"
159.223.87.4 - - [07/May/2025:19:24:46 -0400] "GET /wp-admin/remote.php HTTP/1.1" 500 271 "-" "Mozilla/5.0 (X11; Linux x86_64; rv:83.0) Gecko/20100101 Firefox/83.0"
159.223.87.4 - - [07/May/2025:19:24:46 -0400] "GET /wp-admin/hidden.php HTTP/1.1" 500 271 "-" "Mozilla/5.0 (X11; Linux x86_64; rv:83.0) Gecko/20100101 Firefox/83.0"
159.223.87.4 - - [07/May/2025:19:24:48 -0400] "GET /wp-admin/marijuana.php HTTP/1.1" 500 271 "-" "Mozilla/5.0 (X11; Linux x86_64; rv:83.0) Gecko/20100101 Firefox/83.0"
159.223.87.4 - - [07/May/2025:19:24:50 -0400] "GET /wp-admin/marjan.php HTTP/1.1" 500 271 "-" "Mozilla/5.0 (X11; Linux x86_64; rv:83.0) Gecko/20100101 Firefox/83.0"
159.223.87.4 - - [07/May/2025:19:24:51 -0400] "GET /wp-admin/old.php HTTP/1.1" 500 271 "-" "Mozilla/5.0 (X11; Linux x86_64; rv:83.0) Gecko/20100101 Firefox/83.0"
159.223.87.4 - - [07/May/2025:19:24:52 -0400] "GET /wp-admin/risi.php HTTP/1.1" 500 271 "-" "Mozilla/5.0 (X11; Linux x86_64; rv:83.0) Gecko/20100101 Firefox/83.0"
159.223.87.4 - - [07/May/2025:19:24:53 -0400] "GET /wp-admin/risk.php HTTP/1.1" 500 271 "-" "Mozilla/5.0 (X11; Linux x86_64; rv:83.0) Gecko/20100101 Firefox/83.0"
159.223.87.4 - - [07/May/2025:19:24:56 -0400] "GET /wp-admin/auto.php HTTP/1.1" 500 271 "-" "Mozilla/5.0 (X11; Linux x86_64; rv:83.0) Gecko/20100101 Firefox/83.0"
159.223.87.4 - - [07/May/2025:19:24:57 -0400] "GET /wp-admin/user.php HTTP/1.1" 500 271 "-" "Mozilla/5.0 (X11; Linux x86_64; rv:83.0) Gecko/20100101 Firefox/83.0"
159.223.87.4 - - [07/May/2025:19:24:57 -0400] "GET /wp-admin/bot.php HTTP/1.1" 500 271 "-" "Mozilla/5.0 (X11; Linux x86_64; rv:83.0) Gecko/20100101 Firefox/83.0"
159.223.87.4 - - [07/May/2025:19:24:58 -0400] "GET /wp-admin/ak.php HTTP/1.1" 500 271 "-" "Mozilla/5.0 (X11; Linux x86_64; rv:83.0) Gecko/20100101 Firefox/83.0"
159.223.87.4 - - [07/May/2025:19:24:59 -0400] "GET /wp-admin/al.php HTTP/1.1" 500 271 "-" "Mozilla/5.0 (X11; Linux x86_64; rv:83.0) Gecko/20100101 Firefox/83.0"
159.223.87.4 - - [07/May/2025:19:24:59 -0400] "GET /wp-admin/aj.php HTTP/1.1" 500 271 "-" "Mozilla/5.0 (X11; Linux x86_64; rv:83.0) Gecko/20100101 Firefox/83.0"
159.223.87.4 - - [07/May/2025:19:25:00 -0400] "GET /wp-admin/ah.php HTTP/1.1" 500 270 "-" "Mozilla/5.0 (X11; Linux x86_64; rv:83.0) Gecko/20100101 Firefox/83.0"
159.223.87.4 - - [07/May/2025:19:25:02 -0400] "GET /wp-admin/reverse.php HTTP/1.1" 500 271 "-" "Mozilla/5.0 (X11; Linux x86_64; rv:83.0) Gecko/20100101 Firefox/83.0"
159.223.87.4 - - [07/May/2025:19:25:04 -0400] "GET /wp-admin/back.php HTTP/1.1" 500 271 "-" "Mozilla/5.0 (X11; Linux x86_64; rv:83.0) Gecko/20100101 Firefox/83.0"
159.223.87.4 - - [07/May/2025:19:25:04 -0400] "GET /wp-admin/backconnect.php HTTP/1.1" 500 271 "-" "Mozilla/5.0 (X11; Linux x86_64; rv:83.0) Gecko/20100101 Firefox/83.0"
159.223.87.4 - - [07/May/2025:19:25:05 -0400] "GET /wp-content/plugins/akismet/akismet.php HTTP/1.1" 403 1242 "-" "Mozilla/5.0 (X11; Linux x86_64; rv:83.0) Gecko/20100101 Firefox/83.0"
159.223.87.4 - - [07/May/2025:19:25:07 -0400] "GET /images/stories/w.php HTTP/1.1" 403 1242 "-" "Mozilla/5.0 (X11; Linux x86_64; rv:83.0) Gecko/20100101 Firefox/83.0"
159.223.87.4 - - [07/May/2025:19:25:08 -0400] "GET /r0k.php HTTP/1.1" 500 271 "-" "Mozilla/5.0 (X11; Linux x86_64; rv:83.0) Gecko/20100101 Firefox/83.0"
198.204.226.18 - - [07/May/2025:19:25:10 -0400] "GET /wp-content/install.php HTTP/1.1" 200 10 "http://jenniferflo.com/wp-content/install.php" "Mozilla/5.0 (Windows NT 10.0; Win64; x64) AppleWebKit/537.36 (KHTML, like Gecko) Chrome/58.0.3029.110 Safari/537.3"
159.223.87.4 - - [07/May/2025:19:25:10 -0400] "GET /egy.php HTTP/1.1" 500 271 "-" "Mozilla/5.0 (X11; Linux x86_64; rv:83.0) Gecko/20100101 Firefox/83.0"
159.223.87.4 - - [07/May/2025:19:25:13 -0400] "GET /syrian_shell.php HTTP/1.1" 500 271 "-" "Mozilla/5.0 (X11; Linux x86_64; rv:83.0) Gecko/20100101 Firefox/83.0"
159.223.87.4 - - [07/May/2025:19:25:14 -0400] "GET /settings.php HTTP/1.1" 500 271 "-" "Mozilla/5.0 (X11; Linux x86_64; rv:83.0) Gecko/20100101 Firefox/83.0"
159.223.87.4 - - [07/May/2025:19:25:15 -0400] "GET /tmp.php HTTP/1.1" 500 271 "-" "Mozilla/5.0 (X11; Linux x86_64; rv:83.0) Gecko/20100101 Firefox/83.0"
198.204.226.18 - - [07/May/2025:19:25:07 -0400] "GET /wp-content/install.php HTTP/1.1" 200 0 "http://jenniferflo.com/wp-content/install.php" "Mozilla/5.0 (Windows NT 10.0; Win64; x64) AppleWebKit/537.36 (KHTML, like Gecko) Chrome/58.0.3029.110 Safari/537.3"
159.223.87.4 - - [07/May/2025:19:25:18 -0400] "GET /d4rk.php HTTP/1.1" 500 271 "-" "Mozilla/5.0 (X11; Linux x86_64; rv:83.0) Gecko/20100101 Firefox/83.0"
159.223.87.4 - - [07/May/2025:19:25:21 -0400] "GET /index1.php HTTP/1.1" 500 271 "-" "Mozilla/5.0 (X11; Linux x86_64; rv:83.0) Gecko/20100101 Firefox/83.0"
159.223.87.4 - - [07/May/2025:19:25:23 -0400] "GET /nkr.php HTTP/1.1" 500 271 "-" "Mozilla/5.0 (X11; Linux x86_64; rv:83.0) Gecko/20100101 Firefox/83.0"
159.223.87.4 - - [07/May/2025:19:25:25 -0400] "GET /M4r0c.php HTTP/1.1" 500 271 "-" "Mozilla/5.0 (X11; Linux x86_64; rv:83.0) Gecko/20100101 Firefox/83.0"
159.223.87.4 - - [07/May/2025:19:25:27 -0400] "GET /Dz.php HTTP/1.1" 500 271 "-" "Mozilla/5.0 (X11; Linux x86_64; rv:83.0) Gecko/20100101 Firefox/83.0"
159.223.87.4 - - [07/May/2025:19:25:28 -0400] "GET /ksa.php HTTP/1.1" 500 271 "-" "Mozilla/5.0 (X11; Linux x86_64; rv:83.0) Gecko/20100101 Firefox/83.0"
159.223.87.4 - - [07/May/2025:19:25:30 -0400] "GET /tmp/cpn.php HTTP/1.1" 500 271 "-" "Mozilla/5.0 (X11; Linux x86_64; rv:83.0) Gecko/20100101 Firefox/83.0"
159.223.87.4 - - [07/May/2025:19:25:31 -0400] "GET /tmp/w.php HTTP/1.1" 500 271 "-" "Mozilla/5.0 (X11; Linux x86_64; rv:83.0) Gecko/20100101 Firefox/83.0"
57.141.6.19 - - [07/May/2025:19:25:31 -0400] "GET /?_g=30998438 HTTP/1.1" 500 360 "-" "meta-externalagent/1.1 (+https://developers.facebook.com/docs/sharing/webmasters/crawler)"
159.223.87.4 - - [07/May/2025:19:25:32 -0400] "GET /tmp/r57.php HTTP/1.1" 500 271 "-" "Mozilla/5.0 (X11; Linux x86_64; rv:83.0) Gecko/20100101 Firefox/83.0"
159.223.87.4 - - [07/May/2025:19:25:34 -0400] "GET /tmp/king.php HTTP/1.1" 500 271 "-" "Mozilla/5.0 (X11; Linux x86_64; rv:83.0) Gecko/20100101 Firefox/83.0"
159.223.87.4 - - [07/May/2025:19:25:35 -0400] "GET /tmp/sok.php HTTP/1.1" 500 271 "-" "Mozilla/5.0 (X11; Linux x86_64; rv:83.0) Gecko/20100101 Firefox/83.0"
159.223.87.4 - - [07/May/2025:19:25:36 -0400] "GET /tmp/ss.php HTTP/1.1" 500 271 "-" "Mozilla/5.0 (X11; Linux x86_64; rv:83.0) Gecko/20100101 Firefox/83.0"
159.223.87.4 - - [07/May/2025:19:25:37 -0400] "GET /tmp/as.php HTTP/1.1" 500 271 "-" "Mozilla/5.0 (X11; Linux x86_64; rv:83.0) Gecko/20100101 Firefox/83.0"
159.223.87.4 - - [07/May/2025:19:25:38 -0400] "GET /tmp/dz.php HTTP/1.1" 500 271 "-" "Mozilla/5.0 (X11; Linux x86_64; rv:83.0) Gecko/20100101 Firefox/83.0"
159.223.87.4 - - [07/May/2025:19:25:38 -0400] "GET /tmp/r1z.php HTTP/1.1" 500 271 "-" "Mozilla/5.0 (X11; Linux x86_64; rv:83.0) Gecko/20100101 Firefox/83.0"
159.223.87.4 - - [07/May/2025:19:25:39 -0400] "GET /tmp/whmcs.php HTTP/1.1" 500 271 "-" "Mozilla/5.0 (X11; Linux x86_64; rv:83.0) Gecko/20100101 Firefox/83.0"
159.223.87.4 - - [07/May/2025:19:25:41 -0400] "GET /tmp/root.php HTTP/1.1" 500 271 "-" "Mozilla/5.0 (X11; Linux x86_64; rv:83.0) Gecko/20100101 Firefox/83.0"
159.223.87.4 - - [07/May/2025:19:25:44 -0400] "GET /tmp/r00t.php HTTP/1.1" 500 271 "-" "Mozilla/5.0 (X11; Linux x86_64; rv:83.0) Gecko/20100101 Firefox/83.0"
47.82.60.65 - - [07/May/2025:19:25:46 -0400] "GET /five-things-diabetes-and-cold-weather/ HTTP/1.1" 500 271 "http://jenniferflo.com/five-things-diabetes-and-cold-weather/" "Mozilla/5.0 (Windows NT 10.0; Win64; x64) AppleWebKit/537.36 (KHTML, like Gecko) Chrome/114.0.0.0 Safari/537.36 Edg/114.0.1823.43"
159.223.87.4 - - [07/May/2025:19:25:46 -0400] "GET /templates/beez/beez.php HTTP/1.1" 500 271 "-" "Mozilla/5.0 (X11; Linux x86_64; rv:83.0) Gecko/20100101 Firefox/83.0"
159.223.87.4 - - [07/May/2025:19:25:46 -0400] "GET /tmp/uploads.php HTTP/1.1" 500 271 "-" "Mozilla/5.0 (X11; Linux x86_64; rv:83.0) Gecko/20100101 Firefox/83.0"
159.223.87.4 - - [07/May/2025:19:25:49 -0400] "GET /tmp/upload.php HTTP/1.1" 500 271 "-" "Mozilla/5.0 (X11; Linux x86_64; rv:83.0) Gecko/20100101 Firefox/83.0"
159.223.87.4 - - [07/May/2025:19:25:50 -0400] "GET /tmp/sa.php HTTP/1.1" 500 271 "-" "Mozilla/5.0 (X11; Linux x86_64; rv:83.0) Gecko/20100101 Firefox/83.0"
159.223.87.4 - - [07/May/2025:19:25:52 -0400] "GET /readme.php HTTP/1.1" 500 271 "-" "Mozilla/5.0 (X11; Linux x86_64; rv:83.0) Gecko/20100101 Firefox/83.0"
159.223.87.4 - - [07/May/2025:19:25:54 -0400] "GET /tmp/readme.php HTTP/1.1" 500 271 "-" "Mozilla/5.0 (X11; Linux x86_64; rv:83.0) Gecko/20100101 Firefox/83.0"
159.223.87.4 - - [07/May/2025:19:25:56 -0400] "GET /wp.zip HTTP/1.1" 500 271 "-" "Mozilla/5.0 (X11; Linux x86_64; rv:83.0) Gecko/20100101 Firefox/83.0"
159.223.87.4 - - [07/May/2025:19:25:59 -0400] "GET /wp-content/plugins/disqus-comment-system/disqus.php HTTP/1.1" 500 271 "-" "Mozilla/5.0 (X11; Linux x86_64; rv:83.0) Gecko/20100101 Firefox/83.0"
159.223.87.4 - - [07/May/2025:19:25:59 -0400] "GET /d0mains.php HTTP/1.1" 500 271 "-" "Mozilla/5.0 (X11; Linux x86_64; rv:83.0) Gecko/20100101 Firefox/83.0"
159.223.87.4 - - [07/May/2025:19:26:00 -0400] "GET /wp-content/plugins/akismet/admin.php HTTP/1.1" 500 270 "-" "Mozilla/5.0 (X11; Linux x86_64; rv:83.0) Gecko/20100101 Firefox/83.0"
159.223.87.4 - - [07/May/2025:19:26:00 -0400] "GET /wp-content/plugins/google-sitemap-generator/sitemap-core.php HTTP/1.1" 500 270 "-" "Mozilla/5.0 (X11; Linux x86_64; rv:83.0) Gecko/20100101 Firefox/83.0"
159.223.87.4 - - [07/May/2025:19:26:00 -0400] "GET /wp-content/plugins/akismet/widget.php HTTP/1.1" 500 270 "-" "Mozilla/5.0 (X11; Linux x86_64; rv:83.0) Gecko/20100101 Firefox/83.0"
159.223.87.4 - - [07/May/2025:19:26:01 -0400] "GET /xx.pl HTTP/1.1" 500 271 "-" "Mozilla/5.0 (X11; Linux x86_64; rv:83.0) Gecko/20100101 Firefox/83.0"
159.223.87.4 - - [07/May/2025:19:26:02 -0400] "GET /tmp/user.php HTTP/1.1" 500 271 "-" "Mozilla/5.0 (X11; Linux x86_64; rv:83.0) Gecko/20100101 Firefox/83.0"
31.13.103.112 - - [07/May/2025:19:26:03 -0400] "GET /wp-content/uploads/5things4-1.png HTTP/1.1" 500 360 "-" "facebookexternalhit/1.1 (+http://www.facebook.com/externalhit_uatext.php)"
159.223.87.4 - - [07/May/2025:19:26:03 -0400] "GET /tmp/Sym.php HTTP/1.1" 500 271 "-" "Mozilla/5.0 (X11; Linux x86_64; rv:83.0) Gecko/20100101 Firefox/83.0"
159.223.87.4 - - [07/May/2025:19:26:05 -0400] "GET /tmp/madspotshell.php HTTP/1.1" 500 271 "-" "Mozilla/5.0 (X11; Linux x86_64; rv:83.0) Gecko/20100101 Firefox/83.0"
31.13.103.5 - - [07/May/2025:19:26:05 -0400] "GET /wp-content/uploads/5things4-1.png HTTP/1.1" 500 360 "-" "facebookexternalhit/1.1 (+http://www.facebook.com/externalhit_uatext.php)"
159.223.87.4 - - [07/May/2025:19:26:06 -0400] "GET /tmp/index.php HTTP/1.1" 500 270 "-" "Mozilla/5.0 (X11; Linux x86_64; rv:83.0) Gecko/20100101 Firefox/83.0"
198.204.226.18 - - [07/May/2025:19:26:07 -0400] "GET /wp-content/install.php HTTP/1.1" 200 10 "http://jenniferflo.com/wp-content/install.php" "Mozilla/5.0 (Windows NT 10.0; Win64; x64) AppleWebKit/537.36 (KHTML, like Gecko) Chrome/58.0.3029.110 Safari/537.3"
159.223.87.4 - - [07/May/2025:19:26:08 -0400] "GET /tmp/2.php HTTP/1.1" 500 271 "-" "Mozilla/5.0 (X11; Linux x86_64; rv:83.0) Gecko/20100101 Firefox/83.0"
159.223.87.4 - - [07/May/2025:19:26:09 -0400] "GET /tmp/changeall.php HTTP/1.1" 500 271 "-" "Mozilla/5.0 (X11; Linux x86_64; rv:83.0) Gecko/20100101 Firefox/83.0"
159.223.87.4 - - [07/May/2025:19:26:10 -0400] "GET /tmp/Cgishell.pl HTTP/1.1" 500 271 "-" "Mozilla/5.0 (X11; Linux x86_64; rv:83.0) Gecko/20100101 Firefox/83.0"
159.223.87.4 - - [07/May/2025:19:26:11 -0400] "GET /tmp/sql.php HTTP/1.1" 500 271 "-" "Mozilla/5.0 (X11; Linux x86_64; rv:83.0) Gecko/20100101 Firefox/83.0"
159.223.87.4 - - [07/May/2025:19:26:13 -0400] "GET /tmp/admin.php HTTP/1.1" 500 271 "-" "Mozilla/5.0 (X11; Linux x86_64; rv:83.0) Gecko/20100101 Firefox/83.0"
159.223.87.4 - - [07/May/2025:19:26:15 -0400] "GET /cliente/downloads/h4xor.php HTTP/1.1" 500 271 "-" "Mozilla/5.0 (X11; Linux x86_64; rv:83.0) Gecko/20100101 Firefox/83.0"
159.223.87.4 - - [07/May/2025:19:26:17 -0400] "GET /whmcs/downloads/dz.php HTTP/1.1" 500 271 "-" "Mozilla/5.0 (X11; Linux x86_64; rv:83.0) Gecko/20100101 Firefox/83.0"
198.204.226.18 - - [07/May/2025:19:26:18 -0400] "GET /wp-content/install.php HTTP/1.1" 200 10 "http://jenniferflo.com/wp-content/install.php" "Mozilla/5.0 (Windows NT 10.0; Win64; x64) AppleWebKit/537.36 (KHTML, like Gecko) Chrome/58.0.3029.110 Safari/537.3"
159.223.87.4 - - [07/May/2025:19:26:19 -0400] "GET /tmp/d.php HTTP/1.1" 500 271 "-" "Mozilla/5.0 (X11; Linux x86_64; rv:83.0) Gecko/20100101 Firefox/83.0"
159.223.87.4 - - [07/May/2025:19:26:19 -0400] "GET /tmp/L3b.php HTTP/1.1" 500 271 "-" "Mozilla/5.0 (X11; Linux x86_64; rv:83.0) Gecko/20100101 Firefox/83.0"
159.223.87.4 - - [07/May/2025:19:26:21 -0400] "GET /wp-content/plugins/akismet/admin.php HTTP/1.1" 500 271 "-" "Mozilla/5.0 (X11; Linux x86_64; rv:83.0) Gecko/20100101 Firefox/83.0"
159.223.87.4 - - [07/May/2025:19:26:23 -0400] "GET /administration/Sym.php HTTP/1.1" 500 271 "-" "Mozilla/5.0 (X11; Linux x86_64; rv:83.0) Gecko/20100101 Firefox/83.0"
159.223.87.4 - - [07/May/2025:19:26:24 -0400] "GET /site.rar HTTP/1.1" 500 271 "-" "Mozilla/5.0 (X11; Linux x86_64; rv:83.0) Gecko/20100101 Firefox/83.0"
159.223.87.4 - - [07/May/2025:19:26:26 -0400] "GET /error HTTP/1.1" 500 271 "-" "Mozilla/5.0 (X11; Linux x86_64; rv:83.0) Gecko/20100101 Firefox/83.0"
159.223.87.4 - - [07/May/2025:19:26:28 -0400] "GET /tmp/vaga.php HTTP/1.1" 500 271 "-" "Mozilla/5.0 (X11; Linux x86_64; rv:83.0) Gecko/20100101 Firefox/83.0"
159.223.87.4 - - [07/May/2025:19:26:30 -0400] "GET /tmp/killer.php HTTP/1.1" 500 271 "-" "Mozilla/5.0 (X11; Linux x86_64; rv:83.0) Gecko/20100101 Firefox/83.0"
159.223.87.4 - - [07/May/2025:19:26:31 -0400] "GET /tmp/d0maine.php HTTP/1.1" 500 271 "-" "Mozilla/5.0 (X11; Linux x86_64; rv:83.0) Gecko/20100101 Firefox/83.0"
159.223.87.4 - - [07/May/2025:19:26:32 -0400] "GET /tmp/xd.php HTTP/1.1" 500 271 "-" "Mozilla/5.0 (X11; Linux x86_64; rv:83.0) Gecko/20100101 Firefox/83.0"
159.223.87.4 - - [07/May/2025:19:26:33 -0400] "GET /sym/root/home/ HTTP/1.1" 500 271 "-" "Mozilla/5.0 (X11; Linux x86_64; rv:83.0) Gecko/20100101 Firefox/83.0"
159.223.87.4 - - [07/May/2025:19:26:33 -0400] "GET /billing/killer.php HTTP/1.1" 500 271 "-" "Mozilla/5.0 (X11; Linux x86_64; rv:83.0) Gecko/20100101 Firefox/83.0"
159.223.87.4 - - [07/May/2025:19:26:34 -0400] "GET /tmp/up.php HTTP/1.1" 500 271 "-" "Mozilla/5.0 (X11; Linux x86_64; rv:83.0) Gecko/20100101 Firefox/83.0"
159.223.87.4 - - [07/May/2025:19:26:35 -0400] "GET /downloads/dom.php HTTP/1.1" 500 271 "-" "Mozilla/5.0 (X11; Linux x86_64; rv:83.0) Gecko/20100101 Firefox/83.0"
159.223.87.4 - - [07/May/2025:19:26:36 -0400] "GET /templates/ja-helio-farsi/index.php HTTP/1.1" 500 271 "-" "Mozilla/5.0 (X11; Linux x86_64; rv:83.0) Gecko/20100101 Firefox/83.0"
159.223.87.4 - - [07/May/2025:19:26:38 -0400] "GET /admins.php HTTP/1.1" 500 271 "-" "Mozilla/5.0 (X11; Linux x86_64; rv:83.0) Gecko/20100101 Firefox/83.0"
159.223.87.4 - - [07/May/2025:19:26:38 -0400] "GET /wp-content/plugins/count-per-day/js/yc/d00.php HTTP/1.1" 500 271 "-" "Mozilla/5.0 (X11; Linux x86_64; rv:83.0) Gecko/20100101 Firefox/83.0"
159.223.87.4 - - [07/May/2025:19:26:40 -0400] "GET /admins/ HTTP/1.1" 500 270 "-" "Mozilla/5.0 (X11; Linux x86_64; rv:83.0) Gecko/20100101 Firefox/83.0"
159.223.87.4 - - [07/May/2025:19:26:40 -0400] "GET /1234.php HTTP/1.1" 500 270 "-" "Mozilla/5.0 (X11; Linux x86_64; rv:83.0) Gecko/20100101 Firefox/83.0"
159.223.87.4 - - [07/May/2025:19:26:40 -0400] "GET /mad.php HTTP/1.1" 500 270 "-" "Mozilla/5.0 (X11; Linux x86_64; rv:83.0) Gecko/20100101 Firefox/83.0"
159.223.87.4 - - [07/May/2025:19:26:41 -0400] "GET /private.php HTTP/1.1" 500 271 "-" "Mozilla/5.0 (X11; Linux x86_64; rv:83.0) Gecko/20100101 Firefox/83.0"
159.223.87.4 - - [07/May/2025:19:26:41 -0400] "GET /cpbrute.php HTTP/1.1" 500 271 "-" "Mozilla/5.0 (X11; Linux x86_64; rv:83.0) Gecko/20100101 Firefox/83.0"
159.223.87.4 - - [07/May/2025:19:26:42 -0400] "GET /themes/404/404.php HTTP/1.1" 500 271 "-" "Mozilla/5.0 (X11; Linux x86_64; rv:83.0) Gecko/20100101 Firefox/83.0"
159.223.87.4 - - [07/May/2025:19:26:43 -0400] "GET /wso24.php HTTP/1.1" 500 271 "-" "Mozilla/5.0 (X11; Linux x86_64; rv:83.0) Gecko/20100101 Firefox/83.0"
159.223.87.4 - - [07/May/2025:19:26:43 -0400] "GET /wso26.php HTTP/1.1" 500 271 "-" "Mozilla/5.0 (X11; Linux x86_64; rv:83.0) Gecko/20100101 Firefox/83.0"
159.223.87.4 - - [07/May/2025:19:26:44 -0400] "GET /wso404.php HTTP/1.1" 500 271 "-" "Mozilla/5.0 (X11; Linux x86_64; rv:83.0) Gecko/20100101 Firefox/83.0"
159.223.87.4 - - [07/May/2025:19:26:46 -0400] "GET /symsa2.php HTTP/1.1" 500 270 "-" "Mozilla/5.0 (X11; Linux x86_64; rv:83.0) Gecko/20100101 Firefox/83.0"
159.223.87.4 - - [07/May/2025:19:26:48 -0400] "GET /sym3.php HTTP/1.1" 500 271 "-" "Mozilla/5.0 (X11; Linux x86_64; rv:83.0) Gecko/20100101 Firefox/83.0"
198.204.226.18 - - [07/May/2025:19:26:49 -0400] "GET /wp-content/install.php HTTP/1.1" 200 10 "http://jenniferflo.com/wp-content/install.php" "Mozilla/5.0 (Windows NT 10.0; Win64; x64) AppleWebKit/537.36 (KHTML, like Gecko) Chrome/58.0.3029.110 Safari/537.3"
159.223.87.4 - - [07/May/2025:19:26:50 -0400] "GET /whmcskiller.php HTTP/1.1" 500 271 "-" "Mozilla/5.0 (X11; Linux x86_64; rv:83.0) Gecko/20100101 Firefox/83.0"
159.223.87.4 - - [07/May/2025:19:26:50 -0400] "GET /um3r.php HTTP/1.1" 500 271 "-" "Mozilla/5.0 (X11; Linux x86_64; rv:83.0) Gecko/20100101 Firefox/83.0"
159.223.87.4 - - [07/May/2025:19:26:51 -0400] "GET /doom.php HTTP/1.1" 500 271 "-" "Mozilla/5.0 (X11; Linux x86_64; rv:83.0) Gecko/20100101 Firefox/83.0"
159.223.87.4 - - [07/May/2025:19:26:52 -0400] "GET /shelled.php HTTP/1.1" 500 271 "-" "Mozilla/5.0 (X11; Linux x86_64; rv:83.0) Gecko/20100101 Firefox/83.0"
159.223.87.4 - - [07/May/2025:19:26:53 -0400] "GET /tmp/mad.php HTTP/1.1" 500 271 "-" "Mozilla/5.0 (X11; Linux x86_64; rv:83.0) Gecko/20100101 Firefox/83.0"
159.223.87.4 - - [07/May/2025:19:26:53 -0400] "GET /tmp/1.php HTTP/1.1" 500 271 "-" "Mozilla/5.0 (X11; Linux x86_64; rv:83.0) Gecko/20100101 Firefox/83.0"
159.223.87.4 - - [07/May/2025:19:26:54 -0400] "GET /wp-admin/m4d.php HTTP/1.1" 500 271 "-" "Mozilla/5.0 (X11; Linux x86_64; rv:83.0) Gecko/20100101 Firefox/83.0"
159.223.87.4 - - [07/May/2025:19:26:54 -0400] "GET /wp-admin/images/ HTTP/1.1" 200 271 "-" "Mozilla/5.0 (X11; Linux x86_64; rv:83.0) Gecko/20100101 Firefox/83.0"
159.223.87.4 - - [07/May/2025:19:26:55 -0400] "GET /.well-known/acme-challenge/cloud.php HTTP/1.1" 500 271 "-" "Mozilla/5.0 (X11; Linux x86_64; rv:83.0) Gecko/20100101 Firefox/83.0"
198.204.226.18 - - [07/May/2025:19:26:46 -0400] "GET /wp-content/install.php HTTP/1.1" 200 0 "http://jenniferflo.com/wp-content/install.php" "Mozilla/5.0 (Windows NT 10.0; Win64; x64) AppleWebKit/537.36 (KHTML, like Gecko) Chrome/58.0.3029.110 Safari/537.3"
159.223.87.4 - - [07/May/2025:19:26:56 -0400] "GET /wp-content/uploads/wpr-addons/forms/b1ack.php HTTP/1.1" 500 271 "-" "Mozilla/5.0 (X11; Linux x86_64; rv:83.0) Gecko/20100101 Firefox/83.0"
159.223.87.4 - - [07/May/2025:19:26:58 -0400] "GET /wp-content/themes/twentyfive/include.php HTTP/1.1" 500 271 "-" "Mozilla/5.0 (X11; Linux x86_64; rv:83.0) Gecko/20100101 Firefox/83.0"
159.223.87.4 - - [07/May/2025:19:27:00 -0400] "GET /wp-content/plugins/wordpresss3cll/includes.php HTTP/1.1" 500 271 "-" "Mozilla/5.0 (X11; Linux x86_64; rv:83.0) Gecko/20100101 Firefox/83.0"
159.223.87.4 - - [07/May/2025:19:27:01 -0400] "GET /leaf.php HTTP/1.1" 500 271 "-" "Mozilla/5.0 (X11; Linux x86_64; rv:83.0) Gecko/20100101 Firefox/83.0"
159.223.87.4 - - [07/May/2025:19:27:01 -0400] "GET /anone.php HTTP/1.1" 500 271 "-" "Mozilla/5.0 (X11; Linux x86_64; rv:83.0) Gecko/20100101 Firefox/83.0"
159.223.87.4 - - [07/May/2025:19:27:03 -0400] "GET /ALFA_DATA/alfacgiapi/perl.alfa.php HTTP/1.1" 500 271 "-" "Mozilla/5.0 (X11; Linux x86_64; rv:83.0) Gecko/20100101 Firefox/83.0"
159.223.87.4 - - [07/May/2025:19:27:05 -0400] "GET /.well-known/ALFA_DATA/alfacgiapi/perl.alfa.php HTTP/1.1" 500 271 "-" "Mozilla/5.0 (X11; Linux x86_64; rv:83.0) Gecko/20100101 Firefox/83.0"
159.223.87.4 - - [07/May/2025:19:27:06 -0400] "GET /tmp_images/alfacgiapi/perl.alfa.php HTTP/1.1" 500 271 "-" "Mozilla/5.0 (X11; Linux x86_64; rv:83.0) Gecko/20100101 Firefox/83.0"
198.204.226.18 - - [07/May/2025:19:27:08 -0400] "GET /wp-content/install.php HTTP/1.1" 200 10 "http://jenniferflo.com/wp-content/install.php" "Mozilla/5.0 (Windows NT 10.0; Win64; x64) AppleWebKit/537.36 (KHTML, like Gecko) Chrome/58.0.3029.110 Safari/537.3"
159.223.87.4 - - [07/May/2025:19:27:09 -0400] "GET /wp-admin/alfacgiapi/perl.alfa.php HTTP/1.1" 500 271 "-" "Mozilla/5.0 (X11; Linux x86_64; rv:83.0) Gecko/20100101 Firefox/83.0"
159.223.87.4 - - [07/May/2025:19:27:11 -0400] "GET /wp-content/alfacgiapi/perl.alfa.php HTTP/1.1" 500 271 "-" "Mozilla/5.0 (X11; Linux x86_64; rv:83.0) Gecko/20100101 Firefox/83.0"
159.223.87.4 - - [07/May/2025:19:27:13 -0400] "GET /wp-includes/alfacgiapi/perl.alfa.php HTTP/1.1" 500 271 "-" "Mozilla/5.0 (X11; Linux x86_64; rv:83.0) Gecko/20100101 Firefox/83.0"
159.223.87.4 - - [07/May/2025:19:27:15 -0400] "GET /alfacgiapi/perl.alfa.php HTTP/1.1" 500 271 "-" "Mozilla/5.0 (X11; Linux x86_64; rv:83.0) Gecko/20100101 Firefox/83.0"
159.223.87.4 - - [07/May/2025:19:27:18 -0400] "GET /css/ALFA_DATA/alfacgiapi/perl.alfa.php HTTP/1.1" 500 271 "-" "Mozilla/5.0 (X11; Linux x86_64; rv:83.0) Gecko/20100101 Firefox/83.0"
159.223.87.4 - - [07/May/2025:19:27:20 -0400] "GET /files/ALFA_DATA/alfacgiapi/perl.alfa.php HTTP/1.1" 500 271 "-" "Mozilla/5.0 (X11; Linux x86_64; rv:83.0) Gecko/20100101 Firefox/83.0"
159.223.87.4 - - [07/May/2025:19:27:22 -0400] "GET /images/ALFA_DATA/alfacgiapi/perl.alfa.php HTTP/1.1" 500 271 "-" "Mozilla/5.0 (X11; Linux x86_64; rv:83.0) Gecko/20100101 Firefox/83.0"
159.223.87.4 - - [07/May/2025:19:27:24 -0400] "GET /wp-admin/ALFA_DATA/alfacgiapi/perl.alfa.php HTTP/1.1" 500 270 "-" "Mozilla/5.0 (X11; Linux x86_64; rv:83.0) Gecko/20100101 Firefox/83.0"
47.238.13.3 - - [07/May/2025:19:27:23 -0400] "GET /sitemap-subkey-3078.xml HTTP/1.1" 200 99763 "-" "Mozilla/5.0 (Macintosh; Intel Mac OS X 10_15_7) AppleWebKit/537.36 (KHTML, like Gecko) Chrome/109.0.0.0 Safari/537.36"
159.223.87.4 - - [07/May/2025:19:27:24 -0400] "GET /wp-content/ALFA_DATA/alfacgiapi/perl.alfa.php HTTP/1.1" 500 270 "-" "Mozilla/5.0 (X11; Linux x86_64; rv:83.0) Gecko/20100101 Firefox/83.0"
159.223.87.4 - - [07/May/2025:19:27:24 -0400] "GET /wp-includes/ALFA_DATA/alfacgiapi/perl.alfa HTTP/1.1" 500 271 "-" "Mozilla/5.0 (X11; Linux x86_64; rv:83.0) Gecko/20100101 Firefox/83.0"
159.223.87.4 - - [07/May/2025:19:27:26 -0400] "GET /wp-content/themes/twentytwentythree/patterns/index.php HTTP/1.1" 200 0 "-" "Mozilla/5.0 (X11; Linux x86_64; rv:83.0) Gecko/20100101 Firefox/83.0"
57.141.6.17 - - [07/May/2025:19:27:48 -0400] "GET /?_g=6130994 HTTP/1.1" 500 360 "-" "meta-externalagent/1.1 (+https://developers.facebook.com/docs/sharing/webmasters/crawler)"
198.204.226.18 - - [07/May/2025:19:28:17 -0400] "GET /wp-content/install.php HTTP/1.1" 200 10 "http://jenniferflo.com/wp-content/install.php" "Mozilla/5.0 (Windows NT 10.0; Win64; x64) AppleWebKit/537.36 (KHTML, like Gecko) Chrome/58.0.3029.110 Safari/537.3"
198.204.226.18 - - [07/May/2025:19:28:14 -0400] "GET /wp-content/install.php HTTP/1.1" 200 0 "http://jenniferflo.com/wp-content/install.php" "Mozilla/5.0 (Windows NT 10.0; Win64; x64) AppleWebKit/537.36 (KHTML, like Gecko) Chrome/58.0.3029.110 Safari/537.3"
204.12.252.98 - - [07/May/2025:19:28:34 -0400] "GET /wp-includes/install.php HTTP/1.1" 200 10 "http://jenniferflo.com/wp-includes/install.php" "Mozilla/5.0 (Windows NT 10.0; Win64; x64) AppleWebKit/537.36 (KHTML, like Gecko) Chrome/58.0.3029.110 Safari/537.3"
198.204.226.18 - - [07/May/2025:19:28:59 -0400] "GET /wp-content/install.php HTTP/1.1" 200 10 "http://jenniferflo.com/wp-content/install.php" "Mozilla/5.0 (Windows NT 10.0; Win64; x64) AppleWebKit/537.36 (KHTML, like Gecko) Chrome/58.0.3029.110 Safari/537.3"
198.204.226.18 - - [07/May/2025:19:29:21 -0400] "GET /wp-content/install.php HTTP/1.1" 200 10 "http://jenniferflo.com/wp-content/install.php" "Mozilla/5.0 (Windows NT 10.0; Win64; x64) AppleWebKit/537.36 (KHTML, like Gecko) Chrome/58.0.3029.110 Safari/537.3"
47.238.13.10 - - [07/May/2025:19:29:24 -0400] "GET /sitemap-subkey-1839.xml HTTP/1.1" 200 99894 "-" "Mozilla/5.0 (Macintosh; Intel Mac OS X 10_15_7) AppleWebKit/537.36 (KHTML, like Gecko) Chrome/109.0.0.0 Safari/537.36"
47.82.60.70 - - [07/May/2025:19:29:56 -0400] "GET /diabetics-should-wear-diabetic-shoes/ HTTP/1.1" 500 271 "http://jenniferflo.com/diabetics-should-wear-diabetic-shoes/" "Mozilla/5.0 (Windows NT 10.0; Win64; x64) AppleWebKit/537.36 (KHTML, like Gecko) Chrome/114.0.0.0 Safari/537.36 Edg/114.0.1823.43"
198.204.226.18 - - [07/May/2025:19:30:10 -0400] "GET /wp-content/install.php HTTP/1.1" 200 10 "http://jenniferflo.com/wp-content/install.php" "Mozilla/5.0 (Windows NT 10.0; Win64; x64) AppleWebKit/537.36 (KHTML, like Gecko) Chrome/58.0.3029.110 Safari/537.3"
198.204.226.18 - - [07/May/2025:19:30:06 -0400] "GET /wp-content/install.php HTTP/1.1" 200 0 "http://jenniferflo.com/wp-content/install.php" "Mozilla/5.0 (Windows NT 10.0; Win64; x64) AppleWebKit/537.36 (KHTML, like Gecko) Chrome/58.0.3029.110 Safari/537.3"
47.79.2.223 - - [07/May/2025:19:30:17 -0400] "GET /tag/wrinkles HTTP/1.1" 500 270 "http://jenniferflo.com/tag/wrinkles" "Mozilla/5.0 (Windows NT 10.0; Win64; x64) AppleWebKit/537.36 (KHTML, like Gecko) Chrome/114.0.0.0 Safari/537.36 Edg/114.0.1823.43"
69.171.231.114 - - [07/May/2025:19:30:24 -0400] "GET /robots.txt HTTP/1.1" 206 371 "-" "facebookexternalhit/1.1 (+http://www.facebook.com/externalhit_uatext.php)"
57.141.6.15 - - [07/May/2025:19:31:05 -0400] "GET /?_g=23760650 HTTP/1.1" 500 360 "-" "meta-externalagent/1.1 (+https://developers.facebook.com/docs/sharing/webmasters/crawler)"
47.238.13.11 - - [07/May/2025:19:31:29 -0400] "GET /cope/k60?pid=190 HTTP/1.1" 500 271 "-" "Mozilla/5.0 (Macintosh; Intel Mac OS X 10_15_7) AppleWebKit/537.36 (KHTML, like Gecko) Chrome/109.0.0.0 Safari/537.36"
198.204.226.18 - - [07/May/2025:19:31:42 -0400] "GET /wp-content/install.php HTTP/1.1" 200 10 "http://jenniferflo.com/wp-content/install.php" "Mozilla/5.0 (Windows NT 10.0; Win64; x64) AppleWebKit/537.36 (KHTML, like Gecko) Chrome/58.0.3029.110 Safari/537.3"
198.204.226.18 - - [07/May/2025:19:31:38 -0400] "GET /wp-content/install.php HTTP/1.1" 200 0 "http://jenniferflo.com/wp-content/install.php" "Mozilla/5.0 (Windows NT 10.0; Win64; x64) AppleWebKit/537.36 (KHTML, like Gecko) Chrome/58.0.3029.110 Safari/537.3"
47.238.13.9 - - [07/May/2025:19:32:15 -0400] "GET /chapter/n158?pid=13640 HTTP/1.1" 500 271 "-" "Mozilla/5.0 (Macintosh; Intel Mac OS X 10_15_7) AppleWebKit/537.36 (KHTML, like Gecko) Chrome/109.0.0.0 Safari/537.36"
198.204.226.18 - - [07/May/2025:19:32:47 -0400] "GET /wp-content/install.php HTTP/1.1" 200 10 "http://jenniferflo.com/wp-content/install.php" "Mozilla/5.0 (Windows NT 10.0; Win64; x64) AppleWebKit/537.36 (KHTML, like Gecko) Chrome/58.0.3029.110 Safari/537.3"
198.204.226.18 - - [07/May/2025:19:32:39 -0400] "GET /wp-content/install.php HTTP/1.1" 200 0 "http://jenniferflo.com/wp-content/install.php" "Mozilla/5.0 (Windows NT 10.0; Win64; x64) AppleWebKit/537.36 (KHTML, like Gecko) Chrome/58.0.3029.110 Safari/537.3"
198.204.226.18 - - [07/May/2025:19:32:57 -0400] "GET /wp-content/install.php HTTP/1.1" 200 10 "http://jenniferflo.com/wp-content/install.php" "Mozilla/5.0 (Windows NT 10.0; Win64; x64) AppleWebKit/537.36 (KHTML, like Gecko) Chrome/58.0.3029.110 Safari/537.3"
198.204.226.18 - - [07/May/2025:19:32:54 -0400] "GET /wp-content/install.php HTTP/1.1" 200 0 "http://jenniferflo.com/wp-content/install.php" "Mozilla/5.0 (Windows NT 10.0; Win64; x64) AppleWebKit/537.36 (KHTML, like Gecko) Chrome/58.0.3029.110 Safari/537.3"
47.238.13.18 - - [07/May/2025:19:33:12 -0400] "GET /items/fszcy148/29799?key=exploration HTTP/1.1" 500 271 "-" "Mozilla/5.0 (Macintosh; Intel Mac OS X 10_15_7) AppleWebKit/537.36 (KHTML, like Gecko) Chrome/109.0.0.0 Safari/537.36"
208.110.64.178 - - [07/May/2025:19:33:21 -0400] "GET /wp-includes/install.php HTTP/1.1" 200 10 "http://jenniferflo.com/wp-includes/install.php" "Mozilla/5.0 (Windows NT 10.0; Win64; x64) AppleWebKit/537.36 (KHTML, like Gecko) Chrome/58.0.3029.110 Safari/537.3"
57.141.6.23 - - [07/May/2025:19:33:34 -0400] "GET /?_g=11045327 HTTP/1.1" 500 360 "-" "meta-externalagent/1.1 (+https://developers.facebook.com/docs/sharing/webmasters/crawler)"
47.79.98.33 - - [07/May/2025:19:33:47 -0400] "GET /index.php/tag/health HTTP/1.1" 500 271 "http://jenniferflo.com/index.php/tag/health" "Mozilla/5.0 (Windows NT 10.0; Win64; x64) AppleWebKit/537.36 (KHTML, like Gecko) Chrome/114.0.0.0 Safari/537.36 Edg/114.0.1823.43"
66.249.64.102 - - [07/May/2025:19:34:26 -0400] "GET /items/lfrau6/7463?key=delivery HTTP/1.1" 200 81993 "-" "Mozilla/5.0 (Linux; Android 6.0.1; Nexus 5X Build/MMB29P) AppleWebKit/537.36 (KHTML, like Gecko) Chrome/136.0.7103.59 Mobile Safari/537.36 (compatible; GoogleOther)"
57.141.6.18 - - [07/May/2025:19:34:33 -0400] "GET /?_g=8452872 HTTP/1.1" 500 360 "-" "meta-externalagent/1.1 (+https://developers.facebook.com/docs/sharing/webmasters/crawler)"
47.238.13.3 - - [07/May/2025:19:34:38 -0400] "GET /exclusively/m147?pid=31675 HTTP/1.1" 500 271 "-" "Mozilla/5.0 (Macintosh; Intel Mac OS X 10_15_7) AppleWebKit/537.36 (KHTML, like Gecko) Chrome/109.0.0.0 Safari/537.36"
198.204.226.18 - - [07/May/2025:19:34:55 -0400] "GET /wp-content/install.php HTTP/1.1" 200 0 "http://jenniferflo.com/wp-content/install.php" "Mozilla/5.0 (Windows NT 10.0; Win64; x64) AppleWebKit/537.36 (KHTML, like Gecko) Chrome/58.0.3029.110 Safari/537.3"
47.82.62.74 - - [07/May/2025:19:35:17 -0400] "GET / HTTP/1.1" 500 271 "http://jenniferflo.com" "Mozilla/5.0 (Windows NT 10.0; Win64; x64) AppleWebKit/537.36 (KHTML, like Gecko) Chrome/114.0.0.0 Safari/537.36 Edg/114.0.1823.43"
47.238.13.10 - - [07/May/2025:19:35:26 -0400] "GET /equal/z174?pid=4176 HTTP/1.1" 500 271 "-" "Mozilla/5.0 (Macintosh; Intel Mac OS X 10_15_7) AppleWebKit/537.36 (KHTML, like Gecko) Chrome/109.0.0.0 Safari/537.36"
57.141.6.20 - - [07/May/2025:19:35:48 -0400] "GET /?_g=8217661 HTTP/1.1" 500 360 "-" "meta-externalagent/1.1 (+https://developers.facebook.com/docs/sharing/webmasters/crawler)"
47.82.62.41 - - [07/May/2025:19:35:54 -0400] "GET /index.php/emergency-number-day-and-helpful-hints HTTP/1.1" 500 271 "http://jenniferflo.com/index.php/emergency-number-day-and-helpful-hints" "Mozilla/5.0 (Windows NT 10.0; Win64; x64) AppleWebKit/537.36 (KHTML, like Gecko) Chrome/114.0.0.0 Safari/537.36 Edg/114.0.1823.43"
198.204.226.18 - - [07/May/2025:19:36:20 -0400] "GET /wp-content/install.php HTTP/1.1" 200 10 "http://jenniferflo.com/wp-content/install.php" "Mozilla/5.0 (Windows NT 10.0; Win64; x64) AppleWebKit/537.36 (KHTML, like Gecko) Chrome/58.0.3029.110 Safari/537.3"
198.204.226.18 - - [07/May/2025:19:36:17 -0400] "GET /wp-content/install.php HTTP/1.1" 200 0 "http://jenniferflo.com/wp-content/install.php" "Mozilla/5.0 (Windows NT 10.0; Win64; x64) AppleWebKit/537.36 (KHTML, like Gecko) Chrome/58.0.3029.110 Safari/537.3"
198.204.226.18 - - [07/May/2025:19:36:36 -0400] "GET /wp-content/install.php HTTP/1.1" 200 10 "http://jenniferflo.com/wp-content/install.php" "Mozilla/5.0 (Windows NT 10.0; Win64; x64) AppleWebKit/537.36 (KHTML, like Gecko) Chrome/58.0.3029.110 Safari/537.3"
47.238.13.13 - - [07/May/2025:19:36:41 -0400] "GET /items/xuemg52/42061?key=unit HTTP/1.1" 500 270 "-" "Mozilla/5.0 (Macintosh; Intel Mac OS X 10_15_7) AppleWebKit/537.36 (KHTML, like Gecko) Chrome/109.0.0.0 Safari/537.36"
47.243.56.196 - - [07/May/2025:19:36:41 -0400] "GET /classic/f93?pid=1509 HTTP/1.1" 500 270 "-" "Mozilla/5.0 (Macintosh; Intel Mac OS X 10_15_7) AppleWebKit/537.36 (KHTML, like Gecko) Chrome/109.0.0.0 Safari/537.36"
198.204.226.18 - - [07/May/2025:19:36:32 -0400] "GET /wp-content/install.php HTTP/1.1" 200 0 "http://jenniferflo.com/wp-content/install.php" "Mozilla/5.0 (Windows NT 10.0; Win64; x64) AppleWebKit/537.36 (KHTML, like Gecko) Chrome/58.0.3029.110 Safari/537.3"
57.141.6.21 - - [07/May/2025:19:36:50 -0400] "GET /?_g=7789127 HTTP/1.1" 500 360 "-" "meta-externalagent/1.1 (+https://developers.facebook.com/docs/sharing/webmasters/crawler)"
47.82.61.190 - - [07/May/2025:19:37:04 -0400] "GET /index.php/tell-a-joke-day HTTP/1.1" 500 271 "http://jenniferflo.com/index.php/tell-a-joke-day" "Mozilla/5.0 (Windows NT 10.0; Win64; x64) AppleWebKit/537.36 (KHTML, like Gecko) Chrome/114.0.0.0 Safari/537.36 Edg/114.0.1823.43"
198.204.226.18 - - [07/May/2025:19:37:05 -0400] "GET /wp-content/install.php HTTP/1.1" 200 10 "http://jenniferflo.com/wp-content/install.php" "Mozilla/5.0 (Windows NT 10.0; Win64; x64) AppleWebKit/537.36 (KHTML, like Gecko) Chrome/58.0.3029.110 Safari/537.3"
198.204.226.18 - - [07/May/2025:19:37:03 -0400] "GET /wp-content/install.php HTTP/1.1" 200 0 "http://jenniferflo.com/wp-content/install.php" "Mozilla/5.0 (Windows NT 10.0; Win64; x64) AppleWebKit/537.36 (KHTML, like Gecko) Chrome/58.0.3029.110 Safari/537.3"
66.249.64.102 - - [07/May/2025:19:37:20 -0400] "GET /items/svlrt98/21085?key=file HTTP/1.1" 200 81976 "-" "Mozilla/5.0 (Linux; Android 6.0.1; Nexus 5X Build/MMB29P) AppleWebKit/537.36 (KHTML, like Gecko) Chrome/136.0.7103.59 Mobile Safari/537.36 (compatible; GoogleOther)"
198.204.226.18 - - [07/May/2025:19:37:24 -0400] "GET /wp-content/install.php HTTP/1.1" 200 10 "http://jenniferflo.com/wp-content/install.php" "Mozilla/5.0 (Windows NT 10.0; Win64; x64) AppleWebKit/537.36 (KHTML, like Gecko) Chrome/58.0.3029.110 Safari/537.3"
47.82.61.238 - - [07/May/2025:19:37:29 -0400] "GET /index.php/tag/police HTTP/1.1" 500 271 "http://jenniferflo.com/index.php/tag/police" "Mozilla/5.0 (Windows NT 10.0; Win64; x64) AppleWebKit/537.36 (KHTML, like Gecko) Chrome/114.0.0.0 Safari/537.36 Edg/114.0.1823.43"
198.204.226.18 - - [07/May/2025:19:37:21 -0400] "GET /wp-content/install.php HTTP/1.1" 200 0 "http://jenniferflo.com/wp-content/install.php" "Mozilla/5.0 (Windows NT 10.0; Win64; x64) AppleWebKit/537.36 (KHTML, like Gecko) Chrome/58.0.3029.110 Safari/537.3"
57.141.6.1 - - [07/May/2025:19:38:04 -0400] "GET /?_g=25708161 HTTP/1.1" 500 360 "-" "meta-externalagent/1.1 (+https://developers.facebook.com/docs/sharing/webmasters/crawler)"
47.82.61.148 - - [07/May/2025:19:38:08 -0400] "GET /index.php/tag/holidays HTTP/1.1" 500 271 "http://jenniferflo.com/index.php/tag/holidays" "Mozilla/5.0 (Windows NT 10.0; Win64; x64) AppleWebKit/537.36 (KHTML, like Gecko) Chrome/114.0.0.0 Safari/537.36 Edg/114.0.1823.43"
47.238.13.16 - - [07/May/2025:19:39:05 -0400] "GET /sitemap-subkey-2149.xml HTTP/1.1" 200 99756 "-" "Mozilla/5.0 (Macintosh; Intel Mac OS X 10_15_7) AppleWebKit/537.36 (KHTML, like Gecko) Chrome/109.0.0.0 Safari/537.36"
198.204.226.18 - - [07/May/2025:19:39:06 -0400] "GET /wp-content/install.php HTTP/1.1" 200 10 "http://jenniferflo.com/wp-content/install.php" "Mozilla/5.0 (Windows NT 10.0; Win64; x64) AppleWebKit/537.36 (KHTML, like Gecko) Chrome/58.0.3029.110 Safari/537.3"
198.204.226.18 - - [07/May/2025:19:39:03 -0400] "GET /wp-content/install.php HTTP/1.1" 200 0 "http://jenniferflo.com/wp-content/install.php" "Mozilla/5.0 (Windows NT 10.0; Win64; x64) AppleWebKit/537.36 (KHTML, like Gecko) Chrome/58.0.3029.110 Safari/537.3"
198.204.226.18 - - [07/May/2025:19:39:22 -0400] "GET /wp-content/install.php HTTP/1.1" 200 10 "http://jenniferflo.com/wp-content/install.php" "Mozilla/5.0 (Windows NT 10.0; Win64; x64) AppleWebKit/537.36 (KHTML, like Gecko) Chrome/58.0.3029.110 Safari/537.3"
198.204.226.18 - - [07/May/2025:19:39:19 -0400] "GET /wp-content/install.php HTTP/1.1" 200 0 "http://jenniferflo.com/wp-content/install.php" "Mozilla/5.0 (Windows NT 10.0; Win64; x64) AppleWebKit/537.36 (KHTML, like Gecko) Chrome/58.0.3029.110 Safari/537.3"
198.204.226.18 - - [07/May/2025:19:39:59 -0400] "GET /wp-content/install.php HTTP/1.1" 200 10 "http://jenniferflo.com/wp-content/install.php" "Mozilla/5.0 (Windows NT 10.0; Win64; x64) AppleWebKit/537.36 (KHTML, like Gecko) Chrome/58.0.3029.110 Safari/537.3"
47.238.13.14 - - [07/May/2025:19:40:04 -0400] "GET /hurry/j80?pid=970 HTTP/1.1" 500 271 "-" "Mozilla/5.0 (Macintosh; Intel Mac OS X 10_15_7) AppleWebKit/537.36 (KHTML, like Gecko) Chrome/109.0.0.0 Safari/537.36"
198.204.226.18 - - [07/May/2025:19:39:56 -0400] "GET /wp-content/install.php HTTP/1.1" 200 0 "http://jenniferflo.com/wp-content/install.php" "Mozilla/5.0 (Windows NT 10.0; Win64; x64) AppleWebKit/537.36 (KHTML, like Gecko) Chrome/58.0.3029.110 Safari/537.3"
47.238.13.16 - - [07/May/2025:19:40:09 -0400] "GET /category/1_2/1/listing HTTP/1.1" 500 271 "-" "Mozilla/5.0 (Macintosh; Intel Mac OS X 10_15_7) AppleWebKit/537.36 (KHTML, like Gecko) Chrome/109.0.0.0 Safari/537.36"
57.141.6.12 - - [07/May/2025:19:40:15 -0400] "GET /?_g=14877972 HTTP/1.1" 500 360 "-" "meta-externalagent/1.1 (+https://developers.facebook.com/docs/sharing/webmasters/crawler)"
47.238.13.14 - - [07/May/2025:19:40:49 -0400] "GET /category/5_72379/1/listing HTTP/1.1" 500 271 "-" "Mozilla/5.0 (Macintosh; Intel Mac OS X 10_15_7) AppleWebKit/537.36 (KHTML, like Gecko) Chrome/109.0.0.0 Safari/537.36"
