8.210.8.206 - - [07/May/2025:20:38:45 -0400] "GET /category/225526/1/listing HTTP/1.1" 500 271 "-" "Mozilla/5.0 (Macintosh; Intel Mac OS X 10_15_7) AppleWebKit/537.36 (KHTML, like Gecko) Chrome/109.0.0.0 Safari/537.36"
47.238.13.16 - - [07/May/2025:20:38:47 -0400] "GET /items/ekder70/77?key=nt HTTP/1.1" 500 271 "-" "Mozilla/5.0 (Macintosh; Intel Mac OS X 10_15_7) AppleWebKit/537.36 (KHTML, like Gecko) Chrome/109.0.0.0 Safari/537.36"
198.204.226.18 - - [07/May/2025:20:38:50 -0400] "GET /wp-content/install.php HTTP/1.1" 200 10 "http://jenniferflo.com/wp-content/install.php" "Mozilla/5.0 (Windows NT 10.0; Win64; x64) AppleWebKit/537.36 (KHTML, like Gecko) Chrome/58.0.3029.110 Safari/537.3"
198.204.226.18 - - [07/May/2025:20:38:47 -0400] "GET /wp-content/install.php HTTP/1.1" 200 0 "http://jenniferflo.com/wp-content/install.php" "Mozilla/5.0 (Windows NT 10.0; Win64; x64) AppleWebKit/537.36 (KHTML, like Gecko) Chrome/58.0.3029.110 Safari/537.3"
57.141.6.13 - - [07/May/2025:20:39:24 -0400] "GET /?_g=14028127 HTTP/1.1" 500 360 "-" "meta-externalagent/1.1 (+https://developers.facebook.com/docs/sharing/webmasters/crawler)"
57.141.6.30 - - [07/May/2025:20:40:32 -0400] "GET /?_g=22497827 HTTP/1.1" 500 360 "-" "meta-externalagent/1.1 (+https://developers.facebook.com/docs/sharing/webmasters/crawler)"
198.204.226.18 - - [07/May/2025:20:40:47 -0400] "GET /wp-content/install.php HTTP/1.1" 200 10 "http://jenniferflo.com/wp-content/install.php" "Mozilla/5.0 (Windows NT 10.0; Win64; x64) AppleWebKit/537.36 (KHTML, like Gecko) Chrome/58.0.3029.110 Safari/537.3"
47.238.13.3 - - [07/May/2025:20:40:57 -0400] "GET /sitemap-subkey-1614.xml HTTP/1.1" 200 30457 "-" "Mozilla/5.0 (Macintosh; Intel Mac OS X 10_15_7) AppleWebKit/537.36 (KHTML, like Gecko) Chrome/109.0.0.0 Safari/537.36"
47.238.13.8 - - [07/May/2025:20:41:09 -0400] "GET /sitemap-subkey-1569.xml HTTP/1.1" 200 30569 "-" "Mozilla/5.0 (Macintosh; Intel Mac OS X 10_15_7) AppleWebKit/537.36 (KHTML, like Gecko) Chrome/109.0.0.0 Safari/537.36"
57.141.6.7 - - [07/May/2025:20:41:26 -0400] "GET /?_g=27033972 HTTP/1.1" 500 360 "-" "meta-externalagent/1.1 (+https://developers.facebook.com/docs/sharing/webmasters/crawler)"
47.238.13.3 - - [07/May/2025:20:41:42 -0400] "GET /care/l20?pid=2476 HTTP/1.1" 500 271 "-" "Mozilla/5.0 (Macintosh; Intel Mac OS X 10_15_7) AppleWebKit/537.36 (KHTML, like Gecko) Chrome/109.0.0.0 Safari/537.36"
66.249.64.103 - - [07/May/2025:20:41:46 -0400] "GET /items/updfc84/44443?key=string HTTP/1.1" 200 81516 "-" "Mozilla/5.0 (Linux; Android 6.0.1; Nexus 5X Build/MMB29P) AppleWebKit/537.36 (KHTML, like Gecko) Chrome/136.0.7103.59 Mobile Safari/537.36 (compatible; GoogleOther)"
204.12.252.98 - - [07/May/2025:20:42:02 -0400] "GET /wp-includes/install.php HTTP/1.1" 200 10 "http://jenniferflo.com/wp-includes/install.php" "Mozilla/5.0 (Windows NT 10.0; Win64; x64) AppleWebKit/537.36 (KHTML, like Gecko) Chrome/58.0.3029.110 Safari/537.3"
47.238.13.17 - - [07/May/2025:20:43:18 -0400] "GET /fund/e20?pid=562 HTTP/1.1" 500 271 "-" "Mozilla/5.0 (Macintosh; Intel Mac OS X 10_15_7) AppleWebKit/537.36 (KHTML, like Gecko) Chrome/109.0.0.0 Safari/537.36"
47.238.13.7 - - [07/May/2025:20:43:26 -0400] "GET /sitemap-subkey-1674.xml HTTP/1.1" 200 99622 "-" "Mozilla/5.0 (Macintosh; Intel Mac OS X 10_15_7) AppleWebKit/537.36 (KHTML, like Gecko) Chrome/109.0.0.0 Safari/537.36"
57.141.6.31 - - [07/May/2025:20:43:37 -0400] "GET /?_g=30671327 HTTP/1.1" 500 360 "-" "meta-externalagent/1.1 (+https://developers.facebook.com/docs/sharing/webmasters/crawler)"
47.242.200.220 - - [07/May/2025:20:44:38 -0400] "GET /items/obumw73/848?key=organization HTTP/1.1" 500 271 "-" "Mozilla/5.0 (Macintosh; Intel Mac OS X 10_15_7) AppleWebKit/537.36 (KHTML, like Gecko) Chrome/109.0.0.0 Safari/537.36"
198.204.226.18 - - [07/May/2025:20:44:59 -0400] "GET /wp-content/install.php HTTP/1.1" 200 0 "http://jenniferflo.com/wp-content/install.php" "Mozilla/5.0 (Windows NT 10.0; Win64; x64) AppleWebKit/537.36 (KHTML, like Gecko) Chrome/58.0.3029.110 Safari/537.3"
47.238.13.10 - - [07/May/2025:20:45:40 -0400] "GET /items/trvdl82/999?key=prosecutor HTTP/1.1" 500 271 "-" "Mozilla/5.0 (Macintosh; Intel Mac OS X 10_15_7) AppleWebKit/537.36 (KHTML, like Gecko) Chrome/109.0.0.0 Safari/537.36"
57.141.6.5 - - [07/May/2025:20:45:54 -0400] "GET /?_g=29237627 HTTP/1.1" 500 360 "-" "meta-externalagent/1.1 (+https://developers.facebook.com/docs/sharing/webmasters/crawler)"
198.204.226.18 - - [07/May/2025:20:46:30 -0400] "GET /wp-content/install.php HTTP/1.1" 200 10 "http://jenniferflo.com/wp-content/install.php" "Mozilla/5.0 (Windows NT 10.0; Win64; x64) AppleWebKit/537.36 (KHTML, like Gecko) Chrome/58.0.3029.110 Safari/537.3"
47.238.13.10 - - [07/May/2025:20:47:17 -0400] "GET /items/pgwsf5/134?key=last HTTP/1.1" 500 271 "-" "Mozilla/5.0 (Macintosh; Intel Mac OS X 10_15_7) AppleWebKit/537.36 (KHTML, like Gecko) Chrome/109.0.0.0 Safari/537.36"
198.204.226.18 - - [07/May/2025:20:47:51 -0400] "GET /wp-content/install.php HTTP/1.1" 200 10 "http://jenniferflo.com/wp-content/install.php" "Mozilla/5.0 (Windows NT 10.0; Win64; x64) AppleWebKit/537.36 (KHTML, like Gecko) Chrome/58.0.3029.110 Safari/537.3"
198.204.226.18 - - [07/May/2025:20:48:07 -0400] "GET /wp-content/install.php HTTP/1.1" 200 10 "http://jenniferflo.com/wp-content/install.php" "Mozilla/5.0 (Windows NT 10.0; Win64; x64) AppleWebKit/537.36 (KHTML, like Gecko) Chrome/58.0.3029.110 Safari/537.3"
52.186.71.17 - - [07/May/2025:20:49:35 -0400] "GET /menu-header.php HTTP/1.1" 500 360 "-" "-"
52.186.71.17 - - [07/May/2025:20:49:35 -0400] "GET /wp-includes/ID3/wp-login.php HTTP/1.1" 500 360 "-" "-"
52.186.71.17 - - [07/May/2025:20:49:36 -0400] "GET /moderation.php HTTP/1.1" 500 360 "-" "-"
52.186.71.17 - - [07/May/2025:20:49:36 -0400] "GET /wp-includes/radio.php HTTP/1.1" 500 360 "-" "-"
52.186.71.17 - - [07/May/2025:20:49:36 -0400] "GET /.well-known/pki-validation/wp-login.php HTTP/1.1" 404 1251 "-" "-"
52.186.71.17 - - [07/May/2025:20:49:36 -0400] "GET /wp-content/plugins/widget-logic/ui.php HTTP/1.1" 500 360 "-" "-"
52.186.71.17 - - [07/May/2025:20:49:36 -0400] "GET /wp-admin/doc.php HTTP/1.1" 500 360 "-" "-"
52.186.71.17 - - [07/May/2025:20:49:37 -0400] "GET /wp-includes/class-flitert.php HTTP/1.1" 500 360 "-" "-"
52.186.71.17 - - [07/May/2025:20:49:39 -0400] "GET /wp-content/uploads/2023/05/install.php HTTP/1.1" 500 360 "-" "-"
52.186.71.17 - - [07/May/2025:20:49:41 -0400] "GET /lib.php HTTP/1.1" 500 360 "-" "-"
47.238.13.16 - - [07/May/2025:20:49:41 -0400] "GET /sitemap-subkey-2361.xml HTTP/1.1" 200 53920 "-" "Mozilla/5.0 (Macintosh; Intel Mac OS X 10_15_7) AppleWebKit/537.36 (KHTML, like Gecko) Chrome/109.0.0.0 Safari/537.36"
52.186.71.17 - - [07/May/2025:20:49:42 -0400] "GET /wp-includes/rest-api/network.php HTTP/1.1" 500 360 "-" "-"
52.186.71.17 - - [07/May/2025:20:49:44 -0400] "GET /.well-known/bek.php HTTP/1.1" 500 360 "-" "-"
52.186.71.17 - - [07/May/2025:20:49:44 -0400] "GET /wp-includes/sodium_compat/src/Core/Curve25519/Ge/wp_blog.php HTTP/1.1" 500 360 "-" "-"
52.186.71.17 - - [07/May/2025:20:49:44 -0400] "GET /wp-includes/Text/Diff/Engine/com_search.php HTTP/1.1" 500 360 "-" "-"
52.186.71.17 - - [07/May/2025:20:49:45 -0400] "GET /gif.php HTTP/1.1" 500 360 "-" "-"
52.186.71.17 - - [07/May/2025:20:49:45 -0400] "GET /gecko.php HTTP/1.1" 500 360 "-" "-"
52.186.71.17 - - [07/May/2025:20:49:45 -0400] "GET /edit-tags.php HTTP/1.1" 500 360 "-" "-"
52.186.71.17 - - [07/May/2025:20:49:45 -0400] "GET /style.php HTTP/1.1" 500 360 "-" "-"
52.186.71.17 - - [07/May/2025:20:49:45 -0400] "GET /assets/bypass.php HTTP/1.1" 500 360 "-" "-"
52.186.71.17 - - [07/May/2025:20:49:45 -0400] "GET /wp-admin/css/colors/coffee/themes.php.hacked HTTP/1.1" 500 360 "-" "-"
52.186.71.17 - - [07/May/2025:20:49:45 -0400] "GET /.well-known/acme-challenge/adminfuns.php HTTP/1.1" 500 360 "-" "-"
52.186.71.17 - - [07/May/2025:20:49:45 -0400] "GET /wp-content/uploads/2023/11/system.php HTTP/1.1" 500 360 "-" "-"
52.186.71.17 - - [07/May/2025:20:49:45 -0400] "GET /ALFA_DATA/alfacgiapi/shell.php HTTP/1.1" 500 360 "-" "-"
52.186.71.17 - - [07/May/2025:20:49:45 -0400] "GET /todo.php HTTP/1.1" 500 360 "-" "-"
52.186.71.17 - - [07/May/2025:20:49:46 -0400] "GET /wp-includes/wp-links.php HTTP/1.1" 500 360 "-" "-"
52.186.71.17 - - [07/May/2025:20:49:46 -0400] "GET /new/transjule.php HTTP/1.1" 500 360 "-" "-"
52.186.71.17 - - [07/May/2025:20:49:46 -0400] "GET /wp-admin/css/colors/sunrise/about.php HTTP/1.1" 500 360 "-" "-"
52.186.71.17 - - [07/May/2025:20:49:47 -0400] "GET /1975.php HTTP/1.1" 500 360 "-" "-"
52.186.71.17 - - [07/May/2025:20:49:48 -0400] "GET /.well-known/acme-challenge/wp-login.php HTTP/1.1" 500 360 "-" "-"
52.186.71.17 - - [07/May/2025:20:49:49 -0400] "GET /index1.php HTTP/1.1" 500 360 "-" "-"
52.186.71.17 - - [07/May/2025:20:49:50 -0400] "GET /wp-content/uploads/autoload_classmap.php HTTP/1.1" 500 360 "-" "-"
52.186.71.17 - - [07/May/2025:20:49:51 -0400] "GET /.well-known/content.php HTTP/1.1" 500 360 "-" "-"
52.186.71.17 - - [07/May/2025:20:49:51 -0400] "GET /wp-includes/ID3/classwithtostring.php HTTP/1.1" 500 360 "-" "-"
52.186.71.17 - - [07/May/2025:20:49:52 -0400] "GET /r3x.php HTTP/1.1" 500 360 "-" "-"
52.186.71.17 - - [07/May/2025:20:49:52 -0400] "GET /wp-content/uploads/7.php HTTP/1.1" 500 360 "-" "-"
52.186.71.17 - - [07/May/2025:20:49:52 -0400] "GET /vendor/phpunit/phpunit/src/Util/PHP/a.php HTTP/1.1" 500 360 "-" "-"
52.186.71.17 - - [07/May/2025:20:49:52 -0400] "GET /epinyins.php HTTP/1.1" 500 360 "-" "-"
52.186.71.17 - - [07/May/2025:20:49:53 -0400] "GET /ALFA_DATA/alfacgiapi/function.php HTTP/1.1" 500 360 "-" "-"
52.186.71.17 - - [07/May/2025:20:49:53 -0400] "GET /css/xmrlpc.php HTTP/1.1" 500 360 "-" "-"
52.186.71.17 - - [07/May/2025:20:49:53 -0400] "GET /include/bussubmit.php HTTP/1.1" 500 360 "-" "-"
52.186.71.17 - - [07/May/2025:20:49:53 -0400] "GET /wp-content/plugins/WordPressCore/swvhvgnq.php HTTP/1.1" 500 360 "-" "-"
52.186.71.17 - - [07/May/2025:20:49:54 -0400] "GET /wp-cron.php HTTP/1.1" 500 360 "-" "-"
52.186.71.17 - - [07/May/2025:20:49:56 -0400] "GET /wp-content/upgrade/edit-links.php HTTP/1.1" 500 360 "-" "-"
52.186.71.17 - - [07/May/2025:20:49:57 -0400] "GET /.well-known/pki-validation/wp-scripts.php HTTP/1.1" 404 1251 "-" "-"
52.186.71.17 - - [07/May/2025:20:49:57 -0400] "GET /wp-includes/plugins.php HTTP/1.1" 200 381 "-" "-"
52.186.71.17 - - [07/May/2025:20:49:58 -0400] "GET /.well-known/pki-validation/fond.php HTTP/1.1" 404 1251 "-" "-"
52.186.71.17 - - [07/May/2025:20:49:58 -0400] "GET /wp-includes/Requests/Exception/content.php.suspected HTTP/1.1" 500 360 "-" "-"
52.186.71.17 - - [07/May/2025:20:49:58 -0400] "GET /wp-blog-header.php HTTP/1.1" 403 1242 "-" "-"
52.186.71.17 - - [07/May/2025:20:49:58 -0400] "GET /.well-known/pki-validation/content.php.suspected HTTP/1.1" 404 1251 "-" "-"
52.186.71.17 - - [07/May/2025:20:49:58 -0400] "GET /wp-content/uploads/2023/gncfqygn.php HTTP/1.1" 500 360 "-" "-"
52.186.71.17 - - [07/May/2025:20:49:59 -0400] "GET /wp-content/plugins/wp-hps/sh/b374k.php HTTP/1.1" 500 360 "-" "-"
52.186.71.17 - - [07/May/2025:20:50:00 -0400] "GET /wp-includes/Text/network.php HTTP/1.1" 500 360 "-" "-"
52.186.71.17 - - [07/May/2025:20:50:00 -0400] "GET /.tmb/cpabpkyk.php HTTP/1.1" 500 360 "-" "-"
52.186.71.17 - - [07/May/2025:20:50:00 -0400] "GET /wp-content/plugins/WordPressCore/cong.php HTTP/1.1" 500 360 "-" "-"
52.186.71.17 - - [07/May/2025:20:50:00 -0400] "GET /wp-includes/js/codemirror/about.php HTTP/1.1" 500 360 "-" "-"
52.186.71.17 - - [07/May/2025:20:50:00 -0400] "GET /wp-content/cong.php HTTP/1.1" 500 360 "-" "-"
52.186.71.17 - - [07/May/2025:20:50:01 -0400] "GET /xt/index.php HTTP/1.1" 500 360 "-" "-"
52.186.71.17 - - [07/May/2025:20:50:01 -0400] "GET /ayk.php HTTP/1.1" 500 360 "-" "-"
52.186.71.17 - - [07/May/2025:20:50:01 -0400] "GET /wp-includes/Requests/library/don.php HTTP/1.1" 500 360 "-" "-"
52.186.71.17 - - [07/May/2025:20:50:01 -0400] "GET /wp-admin/maint/src_api.php HTTP/1.1" 500 360 "-" "-"
52.186.71.17 - - [07/May/2025:20:50:01 -0400] "GET /wp-content/plugins/seoo/alfa-rex.php HTTP/1.1" 500 360 "-" "-"
52.186.71.17 - - [07/May/2025:20:50:01 -0400] "GET /wso112233.php HTTP/1.1" 500 360 "-" "-"
52.186.71.17 - - [07/May/2025:20:50:01 -0400] "GET /alfa-rex.php HTTP/1.1" 500 360 "-" "-"
52.186.71.17 - - [07/May/2025:20:50:01 -0400] "GET /.well-known/pki-validation/ibkejxnu.php HTTP/1.1" 404 1251 "-" "-"
52.186.71.17 - - [07/May/2025:20:50:01 -0400] "GET /wp-content/languages/index.php.suspected HTTP/1.1" 500 360 "-" "-"
52.186.71.17 - - [07/May/2025:20:50:04 -0400] "GET /TNT.php HTTP/1.1" 500 360 "-" "-"
52.186.71.17 - - [07/May/2025:20:50:07 -0400] "GET /wp-includes/IXR/core.php HTTP/1.1" 500 360 "-" "-"
52.186.71.17 - - [07/May/2025:20:50:08 -0400] "GET /assets/wp-blog.php HTTP/1.1" 500 360 "-" "-"
47.238.13.5 - - [07/May/2025:20:50:10 -0400] "GET /connect/x147?pid=40655 HTTP/1.1" 500 271 "-" "Mozilla/5.0 (Macintosh; Intel Mac OS X 10_15_7) AppleWebKit/537.36 (KHTML, like Gecko) Chrome/109.0.0.0 Safari/537.36"
52.186.71.17 - - [07/May/2025:20:50:10 -0400] "GET /config.php HTTP/1.1" 500 360 "-" "-"
198.204.226.18 - - [07/May/2025:20:50:11 -0400] "GET /wp-content/install.php HTTP/1.1" 200 10 "http://jenniferflo.com/wp-content/install.php" "Mozilla/5.0 (Windows NT 10.0; Win64; x64) AppleWebKit/537.36 (KHTML, like Gecko) Chrome/58.0.3029.110 Safari/537.3"
52.186.71.17 - - [07/May/2025:20:50:11 -0400] "GET /wp-init.php HTTP/1.1" 500 360 "-" "-"
52.186.71.17 - - [07/May/2025:20:50:12 -0400] "GET /.well-known/pki-validation/101d2ae2-f2f3-4977-b35d-b3a0ad74a469.php HTTP/1.1" 404 1251 "-" "-"
52.186.71.17 - - [07/May/2025:20:50:13 -0400] "GET /wp-includes/class-controller-theme-comment.php HTTP/1.1" 500 360 "-" "-"
52.186.71.17 - - [07/May/2025:20:50:14 -0400] "GET /wp-admin/css/colors/blue/blkdimxx.php HTTP/1.1" 500 360 "-" "-"
52.186.71.17 - - [07/May/2025:20:50:16 -0400] "GET /img/dot.php HTTP/1.1" 500 360 "-" "-"
52.186.71.17 - - [07/May/2025:20:50:17 -0400] "GET /assets/atomlib.php HTTP/1.1" 500 360 "-" "-"
52.186.71.17 - - [07/May/2025:20:50:18 -0400] "GET /baja.php HTTP/1.1" 500 360 "-" "-"
52.186.71.17 - - [07/May/2025:20:50:19 -0400] "GET /tools.php HTTP/1.1" 500 360 "-" "-"
52.186.71.17 - - [07/May/2025:20:50:20 -0400] "GET /geju.php HTTP/1.1" 500 360 "-" "-"
52.186.71.17 - - [07/May/2025:20:50:20 -0400] "GET /wp-includes/customize/upfile.php HTTP/1.1" 500 360 "-" "-"
52.186.71.17 - - [07/May/2025:20:50:20 -0400] "GET /wp-admin/shell20211028.php HTTP/1.1" 500 360 "-" "-"
52.186.71.17 - - [07/May/2025:20:50:20 -0400] "GET /old.php HTTP/1.1" 500 360 "-" "-"
52.186.71.17 - - [07/May/2025:20:50:21 -0400] "GET /assets/fonts/admin.php HTTP/1.1" 500 360 "-" "-"
52.186.71.17 - - [07/May/2025:20:50:23 -0400] "GET /2.php HTTP/1.1" 500 360 "-" "-"
47.238.13.10 - - [07/May/2025:20:50:23 -0400] "GET /importance/l91?pid=287 HTTP/1.1" 500 271 "-" "Mozilla/5.0 (Macintosh; Intel Mac OS X 10_15_7) AppleWebKit/537.36 (KHTML, like Gecko) Chrome/109.0.0.0 Safari/537.36"
52.186.71.17 - - [07/May/2025:20:50:24 -0400] "GET /wp-includes/PHPMailer/about.php HTTP/1.1" 500 360 "-" "-"
52.186.71.17 - - [07/May/2025:20:50:26 -0400] "GET /wp-content/uploads/wp-booter.php HTTP/1.1" 500 360 "-" "-"
52.186.71.17 - - [07/May/2025:20:50:28 -0400] "GET /wp-admin/css/colors/blue/blkhfvco.php HTTP/1.1" 500 360 "-" "-"
52.186.71.17 - - [07/May/2025:20:50:30 -0400] "GET /wp-includes/customize/chosen.php HTTP/1.1" 500 360 "-" "-"
52.186.71.17 - - [07/May/2025:20:50:31 -0400] "GET /wp-content/uploads/gfwisone.php HTTP/1.1" 500 360 "-" "-"
52.186.71.17 - - [07/May/2025:20:50:32 -0400] "GET /wp-includes/css/SEEP77.php HTTP/1.1" 500 360 "-" "-"
52.186.71.17 - - [07/May/2025:20:50:34 -0400] "GET /wp-content/upgrade/pdf.php HTTP/1.1" 500 360 "-" "-"
52.186.71.17 - - [07/May/2025:20:50:35 -0400] "GET /wp-trackback.php HTTP/1.1" 500 360 "-" "-"
52.186.71.17 - - [07/May/2025:20:50:36 -0400] "GET /.well-known/pki-validation/shell.php HTTP/1.1" 404 1251 "-" "-"
52.186.71.17 - - [07/May/2025:20:50:36 -0400] "GET /wp-content/plugins/backup-backup/includes/1155949024...php HTTP/1.1" 500 360 "-" "-"
57.141.6.11 - - [07/May/2025:20:50:36 -0400] "GET /?_g=16444172 HTTP/1.1" 500 360 "-" "meta-externalagent/1.1 (+https://developers.facebook.com/docs/sharing/webmasters/crawler)"
52.186.71.17 - - [07/May/2025:20:50:37 -0400] "GET /wp-admin/images/file.php HTTP/1.1" 500 360 "-" "-"
52.186.71.17 - - [07/May/2025:20:50:38 -0400] "GET /.well-known/pki-validation/worksec.php HTTP/1.1" 404 1251 "-" "-"
52.186.71.17 - - [07/May/2025:20:50:38 -0400] "GET /wp-content/plugins/wso.php HTTP/1.1" 500 360 "-" "-"
52.186.71.17 - - [07/May/2025:20:50:40 -0400] "GET /include/Lurd.class.php HTTP/1.1" 500 360 "-" "-"
52.186.71.17 - - [07/May/2025:20:50:40 -0400] "GET /wp-includes/certificates/wp-login.php HTTP/1.1" 500 360 "-" "-"
52.186.71.17 - - [07/May/2025:20:50:42 -0400] "GET /wp-content/plugins/custom/issue.php HTTP/1.1" 500 360 "-" "-"
52.186.71.17 - - [07/May/2025:20:50:43 -0400] "GET /wp-admin/images/wp-signup.php HTTP/1.1" 500 360 "-" "-"
52.186.71.17 - - [07/May/2025:20:50:43 -0400] "GET /ccx/index.php HTTP/1.1" 500 360 "-" "-"
52.186.71.17 - - [07/May/2025:20:50:44 -0400] "GET /wp-content/upgrade/wp-login.php HTTP/1.1" 500 360 "-" "-"
52.186.71.17 - - [07/May/2025:20:50:44 -0400] "GET /images/headers/strenms.php HTTP/1.1" 500 360 "-" "-"
52.186.71.17 - - [07/May/2025:20:50:44 -0400] "GET /wp-includes/customize/class-wp-customize-sidebar-secure.php HTTP/1.1" 500 360 "-" "-"
52.186.71.17 - - [07/May/2025:20:50:44 -0400] "GET /wp-admin/css/colors/sunrise/item.php HTTP/1.1" 500 360 "-" "-"
52.186.71.17 - - [07/May/2025:20:50:45 -0400] "GET /.well-known/acme-challenge/content.php HTTP/1.1" 500 360 "-" "-"
52.186.71.17 - - [07/May/2025:20:50:45 -0400] "GET /user-edit.php HTTP/1.1" 500 360 "-" "-"
52.186.71.17 - - [07/May/2025:20:50:45 -0400] "GET /wp-admin/images/profile.php HTTP/1.1" 500 360 "-" "-"
52.186.71.17 - - [07/May/2025:20:50:45 -0400] "GET /wp-includes/IXR/moon.php HTTP/1.1" 500 360 "-" "-"
52.186.71.17 - - [07/May/2025:20:50:45 -0400] "GET /.well-known/pki-validation/ckyocyyp.php HTTP/1.1" 404 1251 "-" "-"
52.186.71.17 - - [07/May/2025:20:50:45 -0400] "GET /wp-admin/home.php HTTP/1.1" 500 360 "-" "-"
52.186.71.17 - - [07/May/2025:20:50:46 -0400] "GET /wp-content/upload.php HTTP/1.1" 500 360 "-" "-"
52.186.71.17 - - [07/May/2025:20:50:46 -0400] "GET /webadmin.php HTTP/1.1" 500 360 "-" "-"
52.186.71.17 - - [07/May/2025:20:50:46 -0400] "GET /wp-includes/css/core.php HTTP/1.1" 500 360 "-" "-"
52.186.71.17 - - [07/May/2025:20:50:46 -0400] "GET /locale.php HTTP/1.1" 500 360 "-" "-"
52.186.71.17 - - [07/May/2025:20:50:47 -0400] "GET /wp-content/plugins/yyobang/mar.php HTTP/1.1" 500 360 "-" "-"
52.186.71.17 - - [07/May/2025:20:50:47 -0400] "GET /wp-admin/images/thumbs.php HTTP/1.1" 500 360 "-" "-"
52.186.71.17 - - [07/May/2025:20:50:48 -0400] "GET /wp-includes/bmccxior.php HTTP/1.1" 500 360 "-" "-"
52.186.71.17 - - [07/May/2025:20:50:48 -0400] "GET /wp-includes/sitemaps/providers/class-wp-sitemaps-admin.php HTTP/1.1" 500 360 "-" "-"
52.186.71.17 - - [07/May/2025:20:50:50 -0400] "GET /wp-includes/js/tinymce/langs/atomlib.php HTTP/1.1" 500 360 "-" "-"
52.186.71.17 - - [07/May/2025:20:50:50 -0400] "GET /ern1.php HTTP/1.1" 500 360 "-" "-"
52.186.71.17 - - [07/May/2025:20:50:50 -0400] "GET /wp-includes/js/crop/crop.php HTTP/1.1" 500 360 "-" "-"
52.186.71.17 - - [07/May/2025:20:50:50 -0400] "GET /wp-includes/sodium_compat/src/Core/Curve25519/Ge/info.php.suspected HTTP/1.1" 500 360 "-" "-"
52.186.71.17 - - [07/May/2025:20:50:50 -0400] "GET /fw.php HTTP/1.1" 500 360 "-" "-"
52.186.71.17 - - [07/May/2025:20:50:50 -0400] "GET /wp-includes/js/dist/vendor/vcard.php HTTP/1.1" 500 360 "-" "-"
52.186.71.17 - - [07/May/2025:20:50:50 -0400] "GET /wp-load.php HTTP/1.1" 403 1242 "-" "-"
52.186.71.17 - - [07/May/2025:20:50:50 -0400] "GET /wp-links-opml.php HTTP/1.1" 500 360 "-" "-"
52.186.71.17 - - [07/May/2025:20:50:50 -0400] "GET /wp-includes/css/about.php HTTP/1.1" 500 360 "-" "-"
52.186.71.17 - - [07/May/2025:20:50:50 -0400] "GET /wp-includes/fonts/log404.php HTTP/1.1" 500 360 "-" "-"
52.186.71.17 - - [07/May/2025:20:50:51 -0400] "GET /LA.php HTTP/1.1" 500 360 "-" "-"
52.186.71.17 - - [07/May/2025:20:50:52 -0400] "GET /nav-menus.php HTTP/1.1" 500 360 "-" "-"
52.186.71.17 - - [07/May/2025:20:50:52 -0400] "GET /.well-known/pki-validation/a.php HTTP/1.1" 404 1251 "-" "-"
52.186.71.17 - - [07/May/2025:20:50:52 -0400] "GET /wp-includes/certificates/cloud.php HTTP/1.1" 500 360 "-" "-"
52.186.71.17 - - [07/May/2025:20:50:54 -0400] "GET /wp-includes/css.php HTTP/1.1" 500 360 "-" "-"
52.186.71.17 - - [07/May/2025:20:50:55 -0400] "GET /.well-known/pki-validation/Newsupway.php HTTP/1.1" 404 1251 "-" "-"
52.186.71.17 - - [07/May/2025:20:50:55 -0400] "GET /wp-includes/SimplePie/Exception-class.php HTTP/1.1" 500 360 "-" "-"
52.186.71.17 - - [07/May/2025:20:50:55 -0400] "GET /wp-content/plugins/backup-backup/includes/1a895fa06f.php HTTP/1.1" 500 360 "-" "-"
52.186.71.17 - - [07/May/2025:20:50:56 -0400] "GET /wp-content/uploads/9_abc.phtml.jpg HTTP/1.1" 500 360 "-" "-"
52.186.71.17 - - [07/May/2025:20:50:56 -0400] "GET /wordpress/wp-includes/shell20211028.php HTTP/1.1" 500 360 "-" "-"
52.186.71.17 - - [07/May/2025:20:50:57 -0400] "GET /assets/images/cmd.php HTTP/1.1" 500 360 "-" "-"
52.186.71.17 - - [07/May/2025:20:50:57 -0400] "GET /moded.php HTTP/1.1" 500 360 "-" "-"
52.186.71.17 - - [07/May/2025:20:50:58 -0400] "GET /cgi-bin/wp-login.php HTTP/1.1" 500 360 "-" "-"
52.186.71.17 - - [07/May/2025:20:51:00 -0400] "GET /wp-content/plugins/background-image-cropper/tmpls.php HTTP/1.1" 500 360 "-" "-"
52.186.71.17 - - [07/May/2025:20:51:00 -0400] "GET /wp-admin/css/colors/light/Admin-Author.php HTTP/1.1" 500 360 "-" "-"
52.186.71.17 - - [07/May/2025:20:51:00 -0400] "GET /.well-known/zxhfwqyt.php HTTP/1.1" 500 360 "-" "-"
52.186.71.17 - - [07/May/2025:20:51:01 -0400] "GET /wp-content/uploads/options-writing.php HTTP/1.1" 500 360 "-" "-"
52.186.71.17 - - [07/May/2025:20:51:01 -0400] "GET /.well-known/pki-validation/amaxx.php HTTP/1.1" 404 1251 "-" "-"
52.186.71.17 - - [07/May/2025:20:51:01 -0400] "GET /wp-content/plugins/apikey/mar.php HTTP/1.1" 500 360 "-" "-"
52.186.71.17 - - [07/May/2025:20:51:01 -0400] "GET /.well-known/acme-challenge/plugins.php HTTP/1.1" 500 360 "-" "-"
52.186.71.17 - - [07/May/2025:20:51:01 -0400] "GET /.well-known/pki-validation/gkiliuew.php HTTP/1.1" 404 1251 "-" "-"
52.186.71.17 - - [07/May/2025:20:51:01 -0400] "GET /wp-content/plugins/css-ready/file.php HTTP/1.1" 500 360 "-" "-"
52.186.71.17 - - [07/May/2025:20:51:01 -0400] "GET /wp-includes/sodium_compat/src/Core/Curve25519/Ge/about.php HTTP/1.1" 500 360 "-" "-"
52.186.71.17 - - [07/May/2025:20:51:01 -0400] "GET /wp-includes/log404.php HTTP/1.1" 500 360 "-" "-"
52.186.71.17 - - [07/May/2025:20:51:01 -0400] "GET /wp/wp-includes/menu.php HTTP/1.1" 500 360 "-" "-"
52.186.71.17 - - [07/May/2025:20:51:02 -0400] "GET /wp-content/plugins/instabuilder2/cache/plugins/moon.php HTTP/1.1" 500 360 "-" "-"
52.186.71.17 - - [07/May/2025:20:51:02 -0400] "GET /.tmb/LA.php HTTP/1.1" 500 360 "-" "-"
52.186.71.17 - - [07/May/2025:20:51:02 -0400] "GET /wp-includes/qw.php HTTP/1.1" 500 360 "-" "-"
52.186.71.17 - - [07/May/2025:20:51:02 -0400] "GET /.tmb/admin.php HTTP/1.1" 500 360 "-" "-"
52.186.71.17 - - [07/May/2025:20:51:02 -0400] "GET /wp-admin/YP1cuvy6WrD.php HTTP/1.1" 500 360 "-" "-"
52.186.71.17 - - [07/May/2025:20:51:02 -0400] "GET /assets/app.php HTTP/1.1" 500 360 "-" "-"
52.186.71.17 - - [07/May/2025:20:51:02 -0400] "GET /.well-known/pki-validation/wp-admin/install.php HTTP/1.1" 404 1251 "-" "-"
52.186.71.17 - - [07/May/2025:20:51:02 -0400] "GET /wp-includes/widgets/class-wp-widget-tag.php HTTP/1.1" 500 360 "-" "-"
52.186.71.17 - - [07/May/2025:20:51:02 -0400] "GET /batm.php HTTP/1.1" 500 360 "-" "-"
52.186.71.17 - - [07/May/2025:20:51:02 -0400] "GET /wp-includes/aa.php HTTP/1.1" 500 360 "-" "-"
52.186.71.17 - - [07/May/2025:20:51:04 -0400] "GET /wp-content/plugins/fix/00.php HTTP/1.1" 500 360 "-" "-"
52.186.71.17 - - [07/May/2025:20:51:05 -0400] "GET /wp-includes/images/wlw/libcore.php HTTP/1.1" 500 360 "-" "-"
52.186.71.17 - - [07/May/2025:20:51:05 -0400] "GET /wp-content/uploads/2018/03/equipe-background-570x536.php HTTP/1.1" 500 360 "-" "-"
52.186.71.17 - - [07/May/2025:20:51:05 -0400] "GET /wp-content/themes/ccx/index.php HTTP/1.1" 500 360 "-" "-"
52.186.71.17 - - [07/May/2025:20:51:06 -0400] "GET /wp-head.php HTTP/1.1" 500 360 "-" "-"
52.186.71.17 - - [07/May/2025:20:51:09 -0400] "GET /assets/css/403.php HTTP/1.1" 500 360 "-" "-"
52.186.71.17 - - [07/May/2025:20:51:10 -0400] "GET /wp-includes/js/tinymce/skins/lightgray/img/index.php HTTP/1.1" 500 360 "-" "-"
52.186.71.17 - - [07/May/2025:20:51:10 -0400] "GET /wp-admin/includes/class_api.php HTTP/1.1" 500 360 "-" "-"
198.204.226.18 - - [07/May/2025:20:51:10 -0400] "GET /wp-content/install.php HTTP/1.1" 200 10 "http://jenniferflo.com/wp-content/install.php" "Mozilla/5.0 (Windows NT 10.0; Win64; x64) AppleWebKit/537.36 (KHTML, like Gecko) Chrome/58.0.3029.110 Safari/537.3"
52.186.71.17 - - [07/May/2025:20:51:11 -0400] "GET /wp-content/themes/twentyseventeen/page/index.php HTTP/1.1" 500 360 "-" "-"
52.186.71.17 - - [07/May/2025:20:51:11 -0400] "GET /wp-apxupx.php?apx=upx HTTP/1.1" 500 360 "-" "-"
52.186.71.17 - - [07/May/2025:20:51:11 -0400] "GET /wp-content/plugins/wp-apxupx.php?apx=upx HTTP/1.1" 500 360 "-" "-"
52.186.71.17 - - [07/May/2025:20:51:12 -0400] "GET /.tmb/class_api.php HTTP/1.1" 500 360 "-" "-"
52.186.71.17 - - [07/May/2025:20:51:12 -0400] "GET /wp-content/ccx/index.php HTTP/1.1" 500 360 "-" "-"
52.186.71.17 - - [07/May/2025:20:51:12 -0400] "GET /wp-admin/ccx/index.php HTTP/1.1" 500 360 "-" "-"
52.186.71.17 - - [07/May/2025:20:51:12 -0400] "GET /wp-admin/css/colors/blue/about.php HTTP/1.1" 500 360 "-" "-"
52.186.71.17 - - [07/May/2025:20:51:12 -0400] "GET /cjfuns.php HTTP/1.1" 500 360 "-" "-"
52.186.71.17 - - [07/May/2025:20:51:12 -0400] "GET /404.php HTTP/1.1" 500 360 "-" "-"
52.186.71.17 - - [07/May/2025:20:51:12 -0400] "GET /wp-includes/blocks/table/int/tmpl/index.php HTTP/1.1" 500 360 "-" "-"
52.186.71.17 - - [07/May/2025:20:51:12 -0400] "GET /wp-admin/css/colors/coffee/index.php HTTP/1.1" 500 360 "-" "-"
52.186.71.17 - - [07/May/2025:20:51:12 -0400] "GET /wp-pano.php HTTP/1.1" 500 360 "-" "-"
52.186.71.17 - - [07/May/2025:20:51:12 -0400] "GET /defaul1.php HTTP/1.1" 500 360 "-" "-"
52.186.71.17 - - [07/May/2025:20:51:12 -0400] "GET /xl2023.php HTTP/1.1" 500 360 "-" "-"
52.186.71.17 - - [07/May/2025:20:51:12 -0400] "GET /.well-known/wso112233.php HTTP/1.1" 500 360 "-" "-"
52.186.71.17 - - [07/May/2025:20:51:12 -0400] "GET /wp-content/themes/travelscape/json.php HTTP/1.1" 500 360 "-" "-"
52.186.71.17 - - [07/May/2025:20:51:12 -0400] "GET /wp-content/plugins/contact-form-7/includes/js/jquery-ui/themes/smoothness/admin.php HTTP/1.1" 500 360 "-" "-"
52.186.71.17 - - [07/May/2025:20:51:12 -0400] "GET /atomlib.php HTTP/1.1" 500 360 "-" "-"
52.186.71.17 - - [07/May/2025:20:51:13 -0400] "GET /upfile.php HTTP/1.1" 500 360 "-" "-"
52.186.71.17 - - [07/May/2025:20:51:13 -0400] "GET /wp-conflg.php HTTP/1.1" 500 360 "-" "-"
52.186.71.17 - - [07/May/2025:20:51:13 -0400] "GET /bypass.php HTTP/1.1" 500 360 "-" "-"
52.186.71.17 - - [07/May/2025:20:51:14 -0400] "GET /ae.php HTTP/1.1" 500 360 "-" "-"
52.186.71.17 - - [07/May/2025:20:51:14 -0400] "GET /ini.php HTTP/1.1" 500 360 "-" "-"
52.186.71.17 - - [07/May/2025:20:51:14 -0400] "GET /as.php HTTP/1.1" 500 360 "-" "-"
52.186.71.17 - - [07/May/2025:20:51:14 -0400] "GET /makeasmtp.php HTTP/1.1" 500 360 "-" "-"
52.186.71.17 - - [07/May/2025:20:51:14 -0400] "GET /wp-sigunq.php HTTP/1.1" 500 360 "-" "-"
52.186.71.17 - - [07/May/2025:20:51:14 -0400] "GET /wp-content/ccx/ HTTP/1.1" 500 360 "-" "-"
52.186.71.17 - - [07/May/2025:20:51:15 -0400] "GET /wp-content/themes/tflow/ HTTP/1.1" 500 360 "-" "-"
52.186.71.17 - - [07/May/2025:20:51:15 -0400] "GET /wp-content/plugins/pwnd-1/ HTTP/1.1" 500 360 "-" "-"
52.186.71.17 - - [07/May/2025:20:51:15 -0400] "GET /wp-content/plugins/pwnd/ HTTP/1.1" 500 360 "-" "-"
52.186.71.17 - - [07/May/2025:20:51:16 -0400] "GET /wordpress/wp-includes/IXR/ HTTP/1.1" 500 360 "-" "-"
52.186.71.17 - - [07/May/2025:20:51:16 -0400] "GET /assets/fonts/ HTTP/1.1" 500 360 "-" "-"
52.186.71.17 - - [07/May/2025:20:51:18 -0400] "GET /vendor/phpunit/phpunit/src/Util/PHP/ HTTP/1.1" 500 360 "-" "-"
52.186.71.17 - - [07/May/2025:20:51:20 -0400] "GET /wp-content/plugins/css-ready/ HTTP/1.1" 500 360 "-" "-"
52.186.71.17 - - [07/May/2025:20:51:21 -0400] "GET /wp-content/plugins/linkpreview/ HTTP/1.1" 500 360 "-" "-"
52.186.71.17 - - [07/May/2025:20:51:21 -0400] "GET /wp-content/uploads/2023/11/ HTTP/1.1" 200 1390 "-" "-"
52.186.71.17 - - [07/May/2025:20:51:22 -0400] "GET /wp-includes/js/tinymce/skins/wordpress/images/ HTTP/1.1" 200 5800 "-" "-"
52.186.71.17 - - [07/May/2025:20:51:22 -0400] "GET /wp-includes/Requests/Text/ HTTP/1.1" 500 360 "-" "-"
52.186.71.17 - - [07/May/2025:20:51:23 -0400] "GET /wp-content/themes/wp-classic/inc/ HTTP/1.1" 500 360 "-" "-"
52.186.71.17 - - [07/May/2025:20:51:24 -0400] "GET /admin/upload/ HTTP/1.1" 500 360 "-" "-"
52.186.71.17 - - [07/May/2025:20:51:25 -0400] "GET /wp-includes.bak/html-api/ HTTP/1.1" 500 360 "-" "-"
52.186.71.17 - - [07/May/2025:20:51:26 -0400] "GET /wp-admin/maint/maint/ HTTP/1.1" 200 1854 "-" "-"
52.186.71.17 - - [07/May/2025:20:51:27 -0400] "GET /wp-content/plugins/Cache/ HTTP/1.1" 500 360 "-" "-"
198.204.226.18 - - [07/May/2025:20:51:28 -0400] "GET /wp-content/install.php HTTP/1.1" 200 10 "http://jenniferflo.com/wp-content/install.php" "Mozilla/5.0 (Windows NT 10.0; Win64; x64) AppleWebKit/537.36 (KHTML, like Gecko) Chrome/58.0.3029.110 Safari/537.3"
52.186.71.17 - - [07/May/2025:20:51:28 -0400] "GET /wp-admin/css/colors/coffee/ HTTP/1.1" 200 2744 "-" "-"
52.186.71.17 - - [07/May/2025:20:51:28 -0400] "GET /wp-admin/js//wp-admin/js/ HTTP/1.1" 500 360 "-" "-"
52.186.71.17 - - [07/May/2025:20:51:29 -0400] "GET /wp/wp-includes/ HTTP/1.1" 500 360 "-" "-"
52.186.71.17 - - [07/May/2025:20:51:29 -0400] "GET /wp-includes/js/tinymce/skins/lightgray/img/ HTTP/1.1" 200 2525 "-" "-"
52.186.71.17 - - [07/May/2025:20:51:29 -0400] "GET /wp-admin/css/colors/midnight/ HTTP/1.1" 200 2758 "-" "-"
52.186.71.17 - - [07/May/2025:20:51:29 -0400] "GET /wp-content/gallery/ HTTP/1.1" 500 360 "-" "-"
52.186.71.17 - - [07/May/2025:20:51:29 -0400] "GET /wp-includes/PHPMailer/ HTTP/1.1" 200 2406 "-" "-"
52.186.71.17 - - [07/May/2025:20:51:29 -0400] "GET /wp-content/plugins/backup-backup/includes/ HTTP/1.1" 500 360 "-" "-"
52.186.71.17 - - [07/May/2025:20:51:29 -0400] "GET /filemanager/ HTTP/1.1" 500 360 "-" "-"
52.186.71.17 - - [07/May/2025:20:51:31 -0400] "GET /images/ HTTP/1.1" 200 2128 "-" "-"
52.186.71.17 - - [07/May/2025:20:51:31 -0400] "GET /wp-includes/js/tinymce/skins/lightgray/fonts/ HTTP/1.1" 200 4388 "-" "-"
52.186.71.17 - - [07/May/2025:20:51:33 -0400] "GET /wp-content/plugins/envato-market/inc/ HTTP/1.1" 500 360 "-" "-"
198.204.226.18 - - [07/May/2025:20:51:24 -0400] "GET /wp-content/install.php HTTP/1.1" 200 0 "http://jenniferflo.com/wp-content/install.php" "Mozilla/5.0 (Windows NT 10.0; Win64; x64) AppleWebKit/537.36 (KHTML, like Gecko) Chrome/58.0.3029.110 Safari/537.3"
52.186.71.17 - - [07/May/2025:20:51:35 -0400] "GET /wp-includes/js/codemirror/ HTTP/1.1" 200 4197 "-" "-"
52.186.71.17 - - [07/May/2025:20:51:35 -0400] "GET /wp-content/themes/twentyfive/ HTTP/1.1" 500 360 "-" "-"
52.186.71.17 - - [07/May/2025:20:51:35 -0400] "GET /wp-content/themes/travel/ HTTP/1.1" 500 360 "-" "-"
52.186.71.17 - - [07/May/2025:20:51:36 -0400] "GET /wp-content/plugins/core/ HTTP/1.1" 500 360 "-" "-"
52.186.71.17 - - [07/May/2025:20:51:36 -0400] "GET /img/ HTTP/1.1" 500 360 "-" "-"
52.186.71.17 - - [07/May/2025:20:51:36 -0400] "GET /wp-content/plugins/contact-form-7/includes/js/jquery-ui/themes/smoothness/ HTTP/1.1" 500 360 "-" "-"
52.186.71.17 - - [07/May/2025:20:51:36 -0400] "GET /modules/mod_simplefileuploadv1.3/elements/ HTTP/1.1" 500 360 "-" "-"
52.186.71.17 - - [07/May/2025:20:51:36 -0400] "GET /wp-content/plugins/seoo/ HTTP/1.1" 500 360 "-" "-"
52.186.71.17 - - [07/May/2025:20:51:38 -0400] "GET /wp-includes/sitemaps/providers/ HTTP/1.1" 200 2364 "-" "-"
52.186.71.17 - - [07/May/2025:20:51:41 -0400] "GET /wp-includes/fonts/ HTTP/1.1" 200 4808 "-" "-"
52.186.71.17 - - [07/May/2025:20:51:42 -0400] "GET /ALFA_DATA/alfacgiapi/ HTTP/1.1" 500 360 "-" "-"
52.186.71.17 - - [07/May/2025:20:51:44 -0400] "GET /wp-content/plugins/widget-logic/ HTTP/1.1" 500 360 "-" "-"
52.186.71.17 - - [07/May/2025:20:51:46 -0400] "GET /wp-includes/js/tinymce/langs/ HTTP/1.1" 200 1670 "-" "-"
52.186.71.17 - - [07/May/2025:20:51:48 -0400] "GET /wp-includes//wp-includes/ HTTP/1.1" 500 360 "-" "-"
52.186.71.17 - - [07/May/2025:20:51:49 -0400] "GET /wp-content/plugins/wp-hps/sh/ HTTP/1.1" 500 360 "-" "-"
52.186.71.17 - - [07/May/2025:20:51:51 -0400] "GET /wp-content/plugins/masterx/ HTTP/1.1" 500 360 "-" "-"
52.186.71.17 - - [07/May/2025:20:51:51 -0400] "GET /wp-content/plugins/custom/ HTTP/1.1" 500 360 "-" "-"
52.186.71.17 - - [07/May/2025:20:51:51 -0400] "GET /wp-includes/Requests/Exception/ HTTP/1.1" 500 360 "-" "-"
52.186.71.17 - - [07/May/2025:20:51:52 -0400] "GET /wp-content/plugins/yyobang/ HTTP/1.1" 500 360 "-" "-"
52.186.71.17 - - [07/May/2025:20:51:52 -0400] "GET /libraries/vendor/ HTTP/1.1" 500 360 "-" "-"
52.186.71.17 - - [07/May/2025:20:51:52 -0400] "GET /include/ HTTP/1.1" 500 360 "-" "-"
52.186.71.17 - - [07/May/2025:20:51:52 -0400] "GET /wp-content/blogs.dir/ HTTP/1.1" 500 360 "-" "-"
52.186.71.17 - - [07/May/2025:20:51:52 -0400] "GET /libraries/legacy/ HTTP/1.1" 500 360 "-" "-"
52.186.71.17 - - [07/May/2025:20:51:53 -0400] "GET /wp-content/uploads/2018/03/ HTTP/1.1" 500 360 "-" "-"
52.186.71.17 - - [07/May/2025:20:51:54 -0400] "GET /wp-content/plugins/press/ HTTP/1.1" 500 360 "-" "-"
52.186.71.17 - - [07/May/2025:20:51:55 -0400] "GET /libraries/phpmailer/ HTTP/1.1" 500 360 "-" "-"
52.186.71.17 - - [07/May/2025:20:51:55 -0400] "GET /wp-includes/Text/Diff/Renderer/ HTTP/1.1" 200 1663 "-" "-"
52.186.71.17 - - [07/May/2025:20:51:57 -0400] "GET /wp-content/plugins/apikey/ HTTP/1.1" 500 360 "-" "-"
52.186.71.17 - - [07/May/2025:20:51:57 -0400] "GET /wp-content/banners/ HTTP/1.1" 500 360 "-" "-"
52.186.71.17 - - [07/May/2025:20:51:59 -0400] "GET /.wp-cli/ HTTP/1.1" 200 1554 "-" "-"
52.186.71.17 - - [07/May/2025:20:52:01 -0400] "GET /wp-includes/sodium_compat/src/Core/Curve25519/Ge/ HTTP/1.1" 200 2854 "-" "-"
52.186.71.17 - - [07/May/2025:20:52:02 -0400] "GET /wp-content/plugins/background-image-cropper/ HTTP/1.1" 500 360 "-" "-"
52.186.71.17 - - [07/May/2025:20:52:03 -0400] "GET /wp-admin/ccx/ HTTP/1.1" 500 360 "-" "-"
52.186.71.17 - - [07/May/2025:20:52:04 -0400] "GET /wp-includes/widgets/ HTTP/1.1" 200 42924 "-" "-"
47.238.13.3 - - [07/May/2025:20:52:29 -0400] "GET /items/dckpx6/755?key=God HTTP/1.1" 500 271 "-" "Mozilla/5.0 (Macintosh; Intel Mac OS X 10_15_7) AppleWebKit/537.36 (KHTML, like Gecko) Chrome/109.0.0.0 Safari/537.36"
57.141.6.22 - - [07/May/2025:20:52:36 -0400] "GET /?_g=18776927 HTTP/1.1" 500 360 "-" "meta-externalagent/1.1 (+https://developers.facebook.com/docs/sharing/webmasters/crawler)"
198.204.226.18 - - [07/May/2025:20:52:55 -0400] "GET /wp-content/install.php HTTP/1.1" 200 10 "http://jenniferflo.com/wp-content/install.php" "Mozilla/5.0 (Windows NT 10.0; Win64; x64) AppleWebKit/537.36 (KHTML, like Gecko) Chrome/58.0.3029.110 Safari/537.3"
47.238.13.18 - - [07/May/2025:20:52:58 -0400] "GET /sitemap-subkey-1688.xml HTTP/1.1" 200 98922 "-" "Mozilla/5.0 (Macintosh; Intel Mac OS X 10_15_7) AppleWebKit/537.36 (KHTML, like Gecko) Chrome/109.0.0.0 Safari/537.36"
198.204.226.18 - - [07/May/2025:20:52:52 -0400] "GET /wp-content/install.php HTTP/1.1" 200 0 "http://jenniferflo.com/wp-content/install.php" "Mozilla/5.0 (Windows NT 10.0; Win64; x64) AppleWebKit/537.36 (KHTML, like Gecko) Chrome/58.0.3029.110 Safari/537.3"
198.204.226.18 - - [07/May/2025:20:53:11 -0400] "GET /wp-content/install.php HTTP/1.1" 200 10 "http://jenniferflo.com/wp-content/install.php" "Mozilla/5.0 (Windows NT 10.0; Win64; x64) AppleWebKit/537.36 (KHTML, like Gecko) Chrome/58.0.3029.110 Safari/537.3"
198.204.226.18 - - [07/May/2025:20:54:26 -0400] "GET /wp-content/install.php HTTP/1.1" 200 10 "http://jenniferflo.com/wp-content/install.php" "Mozilla/5.0 (Windows NT 10.0; Win64; x64) AppleWebKit/537.36 (KHTML, like Gecko) Chrome/58.0.3029.110 Safari/537.3"
198.204.226.18 - - [07/May/2025:20:54:23 -0400] "GET /wp-content/install.php HTTP/1.1" 200 0 "http://jenniferflo.com/wp-content/install.php" "Mozilla/5.0 (Windows NT 10.0; Win64; x64) AppleWebKit/537.36 (KHTML, like Gecko) Chrome/58.0.3029.110 Safari/537.3"
47.242.200.220 - - [07/May/2025:20:54:37 -0400] "GET /items/pnsyn103/37110?key=remarkable HTTP/1.1" 500 270 "-" "Mozilla/5.0 (Macintosh; Intel Mac OS X 10_15_7) AppleWebKit/537.36 (KHTML, like Gecko) Chrome/109.0.0.0 Safari/537.36"
57.141.6.15 - - [07/May/2025:20:54:45 -0400] "GET /?_g=17320572 HTTP/1.1" 500 360 "-" "meta-externalagent/1.1 (+https://developers.facebook.com/docs/sharing/webmasters/crawler)"
198.204.226.18 - - [07/May/2025:20:55:24 -0400] "GET /wp-content/install.php HTTP/1.1" 200 10 "http://jenniferflo.com/wp-content/install.php" "Mozilla/5.0 (Windows NT 10.0; Win64; x64) AppleWebKit/537.36 (KHTML, like Gecko) Chrome/58.0.3029.110 Safari/537.3"
47.238.13.1 - - [07/May/2025:20:55:52 -0400] "GET /sentence/a196?pid=38932 HTTP/1.1" 500 271 "-" "Mozilla/5.0 (Macintosh; Intel Mac OS X 10_15_7) AppleWebKit/537.36 (KHTML, like Gecko) Chrome/109.0.0.0 Safari/537.36"
66.249.64.104 - - [07/May/2025:20:56:04 -0400] "GET /items/onqyb46/20687?key=disability HTTP/1.1" 200 81578 "-" "Mozilla/5.0 (Linux; Android 6.0.1; Nexus 5X Build/MMB29P) AppleWebKit/537.36 (KHTML, like Gecko) Chrome/136.0.7103.59 Mobile Safari/537.36 (compatible; GoogleOther)"
198.204.226.18 - - [07/May/2025:20:56:08 -0400] "GET /wp-content/install.php HTTP/1.1" 200 10 "http://jenniferflo.com/wp-content/install.php" "Mozilla/5.0 (Windows NT 10.0; Win64; x64) AppleWebKit/537.36 (KHTML, like Gecko) Chrome/58.0.3029.110 Safari/537.3"
57.141.6.29 - - [07/May/2025:20:56:09 -0400] "GET /?_g=18488772 HTTP/1.1" 500 360 "-" "meta-externalagent/1.1 (+https://developers.facebook.com/docs/sharing/webmasters/crawler)"
198.204.226.18 - - [07/May/2025:20:56:04 -0400] "GET /wp-content/install.php HTTP/1.1" 200 0 "http://jenniferflo.com/wp-content/install.php" "Mozilla/5.0 (Windows NT 10.0; Win64; x64) AppleWebKit/537.36 (KHTML, like Gecko) Chrome/58.0.3029.110 Safari/537.3"
69.197.182.50 - - [07/May/2025:20:56:21 -0400] "GET /wp-includes/install.php HTTP/1.1" 200 10 "http://jenniferflo.com/wp-includes/install.php" "Mozilla/5.0 (Windows NT 10.0; Win64; x64) AppleWebKit/537.36 (KHTML, like Gecko) Chrome/58.0.3029.110 Safari/537.3"
198.204.226.18 - - [07/May/2025:20:56:29 -0400] "GET /wp-content/install.php HTTP/1.1" 200 10 "http://jenniferflo.com/wp-content/install.php" "Mozilla/5.0 (Windows NT 10.0; Win64; x64) AppleWebKit/537.36 (KHTML, like Gecko) Chrome/58.0.3029.110 Safari/537.3"
198.204.226.18 - - [07/May/2025:20:56:45 -0400] "GET /wp-content/install.php HTTP/1.1" 200 10 "http://jenniferflo.com/wp-content/install.php" "Mozilla/5.0 (Windows NT 10.0; Win64; x64) AppleWebKit/537.36 (KHTML, like Gecko) Chrome/58.0.3029.110 Safari/537.3"
47.238.13.1 - - [07/May/2025:20:57:02 -0400] "GET /heaven/u171?pid=38859 HTTP/1.1" 500 271 "-" "Mozilla/5.0 (Macintosh; Intel Mac OS X 10_15_7) AppleWebKit/537.36 (KHTML, like Gecko) Chrome/109.0.0.0 Safari/537.36"
57.141.6.6 - - [07/May/2025:20:57:08 -0400] "GET /?_g=27062216 HTTP/1.1" 500 360 "-" "meta-externalagent/1.1 (+https://developers.facebook.com/docs/sharing/webmasters/crawler)"
47.238.13.7 - - [07/May/2025:20:57:34 -0400] "GET /importantly/p139?pid=39837 HTTP/1.1" 500 271 "-" "Mozilla/5.0 (Macintosh; Intel Mac OS X 10_15_7) AppleWebKit/537.36 (KHTML, like Gecko) Chrome/109.0.0.0 Safari/537.36"
57.141.6.26 - - [07/May/2025:20:58:11 -0400] "GET /?_g=3024649 HTTP/1.1" 500 360 "-" "meta-externalagent/1.1 (+https://developers.facebook.com/docs/sharing/webmasters/crawler)"
47.238.13.9 - - [07/May/2025:20:58:26 -0400] "GET /monster/m185?pid=22101 HTTP/1.1" 500 271 "-" "Mozilla/5.0 (Macintosh; Intel Mac OS X 10_15_7) AppleWebKit/537.36 (KHTML, like Gecko) Chrome/109.0.0.0 Safari/537.36"
57.141.6.30 - - [07/May/2025:20:59:25 -0400] "GET /?_g=14361494 HTTP/1.1" 500 360 "-" "meta-externalagent/1.1 (+https://developers.facebook.com/docs/sharing/webmasters/crawler)"
47.242.77.69 - - [07/May/2025:20:59:53 -0400] "GET /sitemap-subkey-2606.xml HTTP/1.1" 200 99097 "-" "Mozilla/5.0 (Macintosh; Intel Mac OS X 10_15_7) AppleWebKit/537.36 (KHTML, like Gecko) Chrome/109.0.0.0 Safari/537.36"
66.249.64.103 - - [07/May/2025:20:59:53 -0400] "GET /items/vpdfb209/24908?key=stimulate HTTP/1.1" 200 81986 "-" "Mozilla/5.0 (Linux; Android 6.0.1; Nexus 5X Build/MMB29P) AppleWebKit/537.36 (KHTML, like Gecko) Chrome/136.0.7103.59 Mobile Safari/537.36 (compatible; GoogleOther)"
57.141.6.21 - - [07/May/2025:21:00:27 -0400] "GET /?_g=19949027 HTTP/1.1" 500 360 "-" "meta-externalagent/1.1 (+https://developers.facebook.com/docs/sharing/webmasters/crawler)"
173.252.87.8 - - [07/May/2025:21:00:35 -0400] "GET /robots.txt HTTP/1.1" 206 371 "-" "facebookexternalhit/1.1 (+http://www.facebook.com/externalhit_uatext.php)"
66.249.64.102 - - [07/May/2025:21:00:45 -0400] "GET /items/cqpzi163/31178?key=attach HTTP/1.1" 200 82022 "-" "Mozilla/5.0 (Linux; Android 6.0.1; Nexus 5X Build/MMB29P) AppleWebKit/537.36 (KHTML, like Gecko) Chrome/136.0.7103.59 Mobile Safari/537.36 (compatible; GoogleOther)"
198.204.226.18 - - [07/May/2025:21:00:48 -0400] "GET /wp-content/install.php HTTP/1.1" 200 0 "http://jenniferflo.com/wp-content/install.php" "Mozilla/5.0 (Windows NT 10.0; Win64; x64) AppleWebKit/537.36 (KHTML, like Gecko) Chrome/58.0.3029.110 Safari/537.3"
69.171.231.116 - - [07/May/2025:21:01:19 -0400] "GET /robots.txt HTTP/1.1" 206 371 "-" "facebookexternalhit/1.1 (+http://www.facebook.com/externalhit_uatext.php)"
198.204.226.18 - - [07/May/2025:21:01:28 -0400] "GET /wp-content/install.php HTTP/1.1" 200 10 "http://jenniferflo.com/wp-content/install.php" "Mozilla/5.0 (Windows NT 10.0; Win64; x64) AppleWebKit/537.36 (KHTML, like Gecko) Chrome/58.0.3029.110 Safari/537.3"
198.204.226.18 - - [07/May/2025:21:01:30 -0400] "GET /wp-content/install.php HTTP/1.1" 200 10 "http://jenniferflo.com/wp-content/install.php" "Mozilla/5.0 (Windows NT 10.0; Win64; x64) AppleWebKit/537.36 (KHTML, like Gecko) Chrome/58.0.3029.110 Safari/537.3"
47.238.13.13 - - [07/May/2025:21:01:32 -0400] "GET /historic/e45?pid=34067 HTTP/1.1" 500 271 "-" "Mozilla/5.0 (Macintosh; Intel Mac OS X 10_15_7) AppleWebKit/537.36 (KHTML, like Gecko) Chrome/109.0.0.0 Safari/537.36"
8.210.8.206 - - [07/May/2025:21:01:32 -0400] "GET /sitemap-subkey-2424.xml HTTP/1.1" 200 100275 "-" "Mozilla/5.0 (Macintosh; Intel Mac OS X 10_15_7) AppleWebKit/537.36 (KHTML, like Gecko) Chrome/109.0.0.0 Safari/537.36"
57.141.6.4 - - [07/May/2025:21:01:41 -0400] "GET /?_g=17690061 HTTP/1.1" 500 360 "-" "meta-externalagent/1.1 (+https://developers.facebook.com/docs/sharing/webmasters/crawler)"
198.204.226.18 - - [07/May/2025:21:01:57 -0400] "GET /wp-content/install.php HTTP/1.1" 200 10 "http://jenniferflo.com/wp-content/install.php" "Mozilla/5.0 (Windows NT 10.0; Win64; x64) AppleWebKit/537.36 (KHTML, like Gecko) Chrome/58.0.3029.110 Safari/537.3"
198.204.226.18 - - [07/May/2025:21:02:20 -0400] "GET /wp-content/install.php HTTP/1.1" 200 10 "http://jenniferflo.com/wp-content/install.php" "Mozilla/5.0 (Windows NT 10.0; Win64; x64) AppleWebKit/537.36 (KHTML, like Gecko) Chrome/58.0.3029.110 Safari/537.3"
198.204.226.18 - - [07/May/2025:21:02:16 -0400] "GET /wp-content/install.php HTTP/1.1" 200 0 "http://jenniferflo.com/wp-content/install.php" "Mozilla/5.0 (Windows NT 10.0; Win64; x64) AppleWebKit/537.36 (KHTML, like Gecko) Chrome/58.0.3029.110 Safari/537.3"
57.141.6.28 - - [07/May/2025:21:02:43 -0400] "GET /?_g=21291505 HTTP/1.1" 500 360 "-" "meta-externalagent/1.1 (+https://developers.facebook.com/docs/sharing/webmasters/crawler)"
47.238.13.13 - - [07/May/2025:21:03:21 -0400] "GET /ice/c53?pid=16381 HTTP/1.1" 500 271 "-" "Mozilla/5.0 (Macintosh; Intel Mac OS X 10_15_7) AppleWebKit/537.36 (KHTML, like Gecko) Chrome/109.0.0.0 Safari/537.36"
198.204.226.18 - - [07/May/2025:21:03:23 -0400] "GET /wp-content/install.php HTTP/1.1" 200 10 "http://jenniferflo.com/wp-content/install.php" "Mozilla/5.0 (Windows NT 10.0; Win64; x64) AppleWebKit/537.36 (KHTML, like Gecko) Chrome/58.0.3029.110 Safari/537.3"
198.204.226.18 - - [07/May/2025:21:03:37 -0400] "GET /wp-content/install.php HTTP/1.1" 200 10 "http://jenniferflo.com/wp-content/install.php" "Mozilla/5.0 (Windows NT 10.0; Win64; x64) AppleWebKit/537.36 (KHTML, like Gecko) Chrome/58.0.3029.110 Safari/537.3"
47.238.13.16 - - [07/May/2025:21:03:43 -0400] "GET /privately/l118?pid=43698 HTTP/1.1" 500 271 "-" "Mozilla/5.0 (Macintosh; Intel Mac OS X 10_15_7) AppleWebKit/537.36 (KHTML, like Gecko) Chrome/109.0.0.0 Safari/537.36"
47.238.13.13 - - [07/May/2025:21:03:52 -0400] "GET /sitemap-subkey-3059.xml HTTP/1.1" 200 99492 "-" "Mozilla/5.0 (Macintosh; Intel Mac OS X 10_15_7) AppleWebKit/537.36 (KHTML, like Gecko) Chrome/109.0.0.0 Safari/537.36"
57.141.6.4 - - [07/May/2025:21:04:02 -0400] "GET /?_g=24274461 HTTP/1.1" 500 360 "-" "meta-externalagent/1.1 (+https://developers.facebook.com/docs/sharing/webmasters/crawler)"
198.204.226.18 - - [07/May/2025:21:04:15 -0400] "GET /wp-content/install.php HTTP/1.1" 200 10 "http://jenniferflo.com/wp-content/install.php" "Mozilla/5.0 (Windows NT 10.0; Win64; x64) AppleWebKit/537.36 (KHTML, like Gecko) Chrome/58.0.3029.110 Safari/537.3"
198.204.226.18 - - [07/May/2025:21:04:13 -0400] "GET /wp-content/install.php HTTP/1.1" 200 0 "http://jenniferflo.com/wp-content/install.php" "Mozilla/5.0 (Windows NT 10.0; Win64; x64) AppleWebKit/537.36 (KHTML, like Gecko) Chrome/58.0.3029.110 Safari/537.3"
47.238.13.16 - - [07/May/2025:21:04:33 -0400] "GET /items/kghpp93/9196?key=himself HTTP/1.1" 500 271 "-" "Mozilla/5.0 (Macintosh; Intel Mac OS X 10_15_7) AppleWebKit/537.36 (KHTML, like Gecko) Chrome/109.0.0.0 Safari/537.36"
198.204.226.18 - - [07/May/2025:21:04:39 -0400] "GET /wp-content/install.php HTTP/1.1" 200 0 "http://jenniferflo.com/wp-content/install.php" "Mozilla/5.0 (Windows NT 10.0; Win64; x64) AppleWebKit/537.36 (KHTML, like Gecko) Chrome/58.0.3029.110 Safari/537.3"
57.141.6.21 - - [07/May/2025:21:05:01 -0400] "GET /?_g=15939727 HTTP/1.1" 500 360 "-" "meta-externalagent/1.1 (+https://developers.facebook.com/docs/sharing/webmasters/crawler)"
198.204.226.18 - - [07/May/2025:21:05:13 -0400] "GET /wp-content/install.php HTTP/1.1" 200 10 "http://jenniferflo.com/wp-content/install.php" "Mozilla/5.0 (Windows NT 10.0; Win64; x64) AppleWebKit/537.36 (KHTML, like Gecko) Chrome/58.0.3029.110 Safari/537.3"
66.249.64.102 - - [07/May/2025:21:05:21 -0400] "GET /items/pdfnf46/36161?key=how HTTP/1.1" 200 81722 "-" "Mozilla/5.0 (Linux; Android 6.0.1; Nexus 5X Build/MMB29P) AppleWebKit/537.36 (KHTML, like Gecko) Chrome/136.0.7103.59 Mobile Safari/537.36 (compatible; GoogleOther)"
198.204.226.18 - - [07/May/2025:21:05:56 -0400] "GET /wp-content/install.php HTTP/1.1" 200 10 "http://jenniferflo.com/wp-content/install.php" "Mozilla/5.0 (Windows NT 10.0; Win64; x64) AppleWebKit/537.36 (KHTML, like Gecko) Chrome/58.0.3029.110 Safari/537.3"
57.141.6.14 - - [07/May/2025:21:05:59 -0400] "GET /?_g=6863616 HTTP/1.1" 500 360 "-" "meta-externalagent/1.1 (+https://developers.facebook.com/docs/sharing/webmasters/crawler)"
198.204.226.18 - - [07/May/2025:21:06:26 -0400] "GET /wp-content/install.php HTTP/1.1" 200 10 "http://jenniferflo.com/wp-content/install.php" "Mozilla/5.0 (Windows NT 10.0; Win64; x64) AppleWebKit/537.36 (KHTML, like Gecko) Chrome/58.0.3029.110 Safari/537.3"
198.204.226.18 - - [07/May/2025:21:06:22 -0400] "GET /wp-content/install.php HTTP/1.1" 200 0 "http://jenniferflo.com/wp-content/install.php" "Mozilla/5.0 (Windows NT 10.0; Win64; x64) AppleWebKit/537.36 (KHTML, like Gecko) Chrome/58.0.3029.110 Safari/537.3"
198.204.226.18 - - [07/May/2025:21:07:00 -0400] "GET /wp-content/install.php HTTP/1.1" 200 10 "http://jenniferflo.com/wp-content/install.php" "Mozilla/5.0 (Windows NT 10.0; Win64; x64) AppleWebKit/537.36 (KHTML, like Gecko) Chrome/58.0.3029.110 Safari/537.3"
8.210.10.143 - - [07/May/2025:21:07:46 -0400] "GET /importantly/j185?pid=1913 HTTP/1.1" 500 270 "-" "Mozilla/5.0 (Macintosh; Intel Mac OS X 10_15_7) AppleWebKit/537.36 (KHTML, like Gecko) Chrome/109.0.0.0 Safari/537.36"
57.141.6.30 - - [07/May/2025:21:08:10 -0400] "GET /?_g=5242372 HTTP/1.1" 500 360 "-" "meta-externalagent/1.1 (+https://developers.facebook.com/docs/sharing/webmasters/crawler)"
198.204.226.18 - - [07/May/2025:21:08:19 -0400] "GET /wp-content/install.php HTTP/1.1" 200 10 "http://jenniferflo.com/wp-content/install.php" "Mozilla/5.0 (Windows NT 10.0; Win64; x64) AppleWebKit/537.36 (KHTML, like Gecko) Chrome/58.0.3029.110 Safari/537.3"
198.204.226.18 - - [07/May/2025:21:08:13 -0400] "GET /wp-content/install.php HTTP/1.1" 200 0 "http://jenniferflo.com/wp-content/install.php" "Mozilla/5.0 (Windows NT 10.0; Win64; x64) AppleWebKit/537.36 (KHTML, like Gecko) Chrome/58.0.3029.110 Safari/537.3"
66.249.64.102 - - [07/May/2025:21:08:46 -0400] "GET /items/vzhwj132/44847?key=recession HTTP/1.1" 200 82342 "-" "Mozilla/5.0 (Linux; Android 6.0.1; Nexus 5X Build/MMB29P) AppleWebKit/537.36 (KHTML, like Gecko) Chrome/136.0.7103.59 Mobile Safari/537.36 (compatible; Googlebot/2.1; +http://www.google.com/bot.html)"
57.141.6.28 - - [07/May/2025:21:09:24 -0400] "GET /?_g=5148649 HTTP/1.1" 500 360 "-" "meta-externalagent/1.1 (+https://developers.facebook.com/docs/sharing/webmasters/crawler)"
