159.223.87.4 - - [07/May/2025:19:08:58 -0400] "GET /k0nt0l.php5 HTTP/1.1" 500 271 "-" "Mozilla/5.0 (X11; Linux x86_64; rv:83.0) Gecko/20100101 Firefox/83.0"
159.223.87.4 - - [07/May/2025:19:09:00 -0400] "GET /login.php5 HTTP/1.1" 500 271 "-" "Mozilla/5.0 (X11; Linux x86_64; rv:83.0) Gecko/20100101 Firefox/83.0"
159.223.87.4 - - [07/May/2025:19:09:01 -0400] "GET /log.php5 HTTP/1.1" 500 271 "-" "Mozilla/5.0 (X11; Linux x86_64; rv:83.0) Gecko/20100101 Firefox/83.0"
159.223.87.4 - - [07/May/2025:19:09:01 -0400] "GET /hidden.php5 HTTP/1.1" 500 271 "-" "Mozilla/5.0 (X11; Linux x86_64; rv:83.0) Gecko/20100101 Firefox/83.0"
159.223.87.4 - - [07/May/2025:19:09:02 -0400] "GET /regis.php5 HTTP/1.1" 500 271 "-" "Mozilla/5.0 (X11; Linux x86_64; rv:83.0) Gecko/20100101 Firefox/83.0"
159.223.87.4 - - [07/May/2025:19:09:05 -0400] "GET /us.php5 HTTP/1.1" 500 271 "-" "Mozilla/5.0 (X11; Linux x86_64; rv:83.0) Gecko/20100101 Firefox/83.0"
159.223.87.4 - - [07/May/2025:19:09:06 -0400] "GET /string.php5 HTTP/1.1" 500 271 "-" "Mozilla/5.0 (X11; Linux x86_64; rv:83.0) Gecko/20100101 Firefox/83.0"
159.223.87.4 - - [07/May/2025:19:09:07 -0400] "GET /c0der.php5 HTTP/1.1" 500 271 "-" "Mozilla/5.0 (X11; Linux x86_64; rv:83.0) Gecko/20100101 Firefox/83.0"
159.223.87.4 - - [07/May/2025:19:09:08 -0400] "GET /code.php5 HTTP/1.1" 500 271 "-" "Mozilla/5.0 (X11; Linux x86_64; rv:83.0) Gecko/20100101 Firefox/83.0"
159.223.87.4 - - [07/May/2025:19:09:08 -0400] "GET /blank.php5 HTTP/1.1" 500 271 "-" "Mozilla/5.0 (X11; Linux x86_64; rv:83.0) Gecko/20100101 Firefox/83.0"
159.223.87.4 - - [07/May/2025:19:09:10 -0400] "GET /minion.php5 HTTP/1.1" 500 271 "-" "Mozilla/5.0 (X11; Linux x86_64; rv:83.0) Gecko/20100101 Firefox/83.0"
159.223.87.4 - - [07/May/2025:19:09:12 -0400] "GET /minionghost.php5 HTTP/1.1" 500 271 "-" "Mozilla/5.0 (X11; Linux x86_64; rv:83.0) Gecko/20100101 Firefox/83.0"
159.223.87.4 - - [07/May/2025:19:09:14 -0400] "GET /gh0st.php5 HTTP/1.1" 500 271 "-" "Mozilla/5.0 (X11; Linux x86_64; rv:83.0) Gecko/20100101 Firefox/83.0"
159.223.87.4 - - [07/May/2025:19:09:14 -0400] "GET /cracker.php5 HTTP/1.1" 500 271 "-" "Mozilla/5.0 (X11; Linux x86_64; rv:83.0) Gecko/20100101 Firefox/83.0"
159.223.87.4 - - [07/May/2025:19:09:15 -0400] "GET /ups.php5 HTTP/1.1" 500 271 "-" "Mozilla/5.0 (X11; Linux x86_64; rv:83.0) Gecko/20100101 Firefox/83.0"
159.223.87.4 - - [07/May/2025:19:09:16 -0400] "GET /naruto.php5 HTTP/1.1" 500 271 "-" "Mozilla/5.0 (X11; Linux x86_64; rv:83.0) Gecko/20100101 Firefox/83.0"
8.210.152.184 - - [07/May/2025:19:09:16 -0400] "GET /also/u159?pid=225 HTTP/1.1" 500 271 "-" "Mozilla/5.0 (Macintosh; Intel Mac OS X 10_15_7) AppleWebKit/537.36 (KHTML, like Gecko) Chrome/109.0.0.0 Safari/537.36"
159.223.87.4 - - [07/May/2025:19:09:16 -0400] "GET /000.php5 HTTP/1.1" 500 271 "-" "Mozilla/5.0 (X11; Linux x86_64; rv:83.0) Gecko/20100101 Firefox/83.0"
159.223.87.4 - - [07/May/2025:19:09:17 -0400] "GET /k2ll.php5 HTTP/1.1" 500 271 "-" "Mozilla/5.0 (X11; Linux x86_64; rv:83.0) Gecko/20100101 Firefox/83.0"
159.223.87.4 - - [07/May/2025:19:09:17 -0400] "GET /Uploader.php5 HTTP/1.1" 500 271 "-" "Mozilla/5.0 (X11; Linux x86_64; rv:83.0) Gecko/20100101 Firefox/83.0"
159.223.87.4 - - [07/May/2025:19:09:18 -0400] "GET /up5 HTTP/1.1" 500 271 "-" "Mozilla/5.0 (X11; Linux x86_64; rv:83.0) Gecko/20100101 Firefox/83.0"
159.223.87.4 - - [07/May/2025:19:09:20 -0400] "GET /upload.php5 HTTP/1.1" 500 271 "-" "Mozilla/5.0 (X11; Linux x86_64; rv:83.0) Gecko/20100101 Firefox/83.0"
159.223.87.4 - - [07/May/2025:19:09:23 -0400] "GET /upload5 HTTP/1.1" 500 271 "-" "Mozilla/5.0 (X11; Linux x86_64; rv:83.0) Gecko/20100101 Firefox/83.0"
159.223.87.4 - - [07/May/2025:19:09:26 -0400] "GET /WSO.php5 HTTP/1.1" 500 271 "-" "Mozilla/5.0 (X11; Linux x86_64; rv:83.0) Gecko/20100101 Firefox/83.0"
159.223.87.4 - - [07/May/2025:19:09:27 -0400] "GET /dz.php5 HTTP/1.1" 500 271 "-" "Mozilla/5.0 (X11; Linux x86_64; rv:83.0) Gecko/20100101 Firefox/83.0"
159.223.87.4 - - [07/May/2025:19:09:28 -0400] "GET /DZ.php5 HTTP/1.1" 500 271 "-" "Mozilla/5.0 (X11; Linux x86_64; rv:83.0) Gecko/20100101 Firefox/83.0"
159.223.87.4 - - [07/May/2025:19:09:29 -0400] "GET /cpanel.php5 HTTP/1.1" 500 271 "-" "Mozilla/5.0 (X11; Linux x86_64; rv:83.0) Gecko/20100101 Firefox/83.0"
159.223.87.4 - - [07/May/2025:19:09:30 -0400] "GET /cpn.php5 HTTP/1.1" 500 271 "-" "Mozilla/5.0 (X11; Linux x86_64; rv:83.0) Gecko/20100101 Firefox/83.0"
159.223.87.4 - - [07/May/2025:19:09:31 -0400] "GET /sos.php5 HTTP/1.1" 500 271 "-" "Mozilla/5.0 (X11; Linux x86_64; rv:83.0) Gecko/20100101 Firefox/83.0"
159.223.87.4 - - [07/May/2025:19:09:31 -0400] "GET /term.php5 HTTP/1.1" 500 271 "-" "Mozilla/5.0 (X11; Linux x86_64; rv:83.0) Gecko/20100101 Firefox/83.0"
159.223.87.4 - - [07/May/2025:19:09:32 -0400] "GET /Sec-War.php5 HTTP/1.1" 500 271 "-" "Mozilla/5.0 (X11; Linux x86_64; rv:83.0) Gecko/20100101 Firefox/83.0"
159.223.87.4 - - [07/May/2025:19:09:32 -0400] "GET /sql.php5 HTTP/1.1" 500 271 "-" "Mozilla/5.0 (X11; Linux x86_64; rv:83.0) Gecko/20100101 Firefox/83.0"
159.223.87.4 - - [07/May/2025:19:09:34 -0400] "GET /b374.php5 HTTP/1.1" 500 271 "-" "Mozilla/5.0 (X11; Linux x86_64; rv:83.0) Gecko/20100101 Firefox/83.0"
159.223.87.4 - - [07/May/2025:19:09:34 -0400] "GET /ssl.php5 HTTP/1.1" 500 271 "-" "Mozilla/5.0 (X11; Linux x86_64; rv:83.0) Gecko/20100101 Firefox/83.0"
159.223.87.4 - - [07/May/2025:19:09:35 -0400] "GET /mysql.php5 HTTP/1.1" 500 271 "-" "Mozilla/5.0 (X11; Linux x86_64; rv:83.0) Gecko/20100101 Firefox/83.0"
47.238.13.17 - - [07/May/2025:19:09:37 -0400] "GET /apologize/r81?pid=7011 HTTP/1.1" 500 271 "-" "Mozilla/5.0 (Macintosh; Intel Mac OS X 10_15_7) AppleWebKit/537.36 (KHTML, like Gecko) Chrome/109.0.0.0 Safari/537.36"
159.223.87.4 - - [07/May/2025:19:09:37 -0400] "GET /WolF.php5 HTTP/1.1" 500 271 "-" "Mozilla/5.0 (X11; Linux x86_64; rv:83.0) Gecko/20100101 Firefox/83.0"
159.223.87.4 - - [07/May/2025:19:09:38 -0400] "GET /madspot.php5 HTTP/1.1" 500 271 "-" "Mozilla/5.0 (X11; Linux x86_64; rv:83.0) Gecko/20100101 Firefox/83.0"
159.223.87.4 - - [07/May/2025:19:09:39 -0400] "GET /Cgishell.php5 HTTP/1.1" 500 271 "-" "Mozilla/5.0 (X11; Linux x86_64; rv:83.0) Gecko/20100101 Firefox/83.0"
159.223.87.4 - - [07/May/2025:19:09:39 -0400] "GET /killer.php5 HTTP/1.1" 500 271 "-" "Mozilla/5.0 (X11; Linux x86_64; rv:83.0) Gecko/20100101 Firefox/83.0"
159.223.87.4 - - [07/May/2025:19:09:40 -0400] "GET /changeall.php5 HTTP/1.1" 500 271 "-" "Mozilla/5.0 (X11; Linux x86_64; rv:83.0) Gecko/20100101 Firefox/83.0"
159.223.87.4 - - [07/May/2025:19:09:40 -0400] "GET /Sh3ll.php5 HTTP/1.1" 500 271 "-" "Mozilla/5.0 (X11; Linux x86_64; rv:83.0) Gecko/20100101 Firefox/83.0"
159.223.87.4 - - [07/May/2025:19:09:41 -0400] "GET /dz0.php5 HTTP/1.1" 500 271 "-" "Mozilla/5.0 (X11; Linux x86_64; rv:83.0) Gecko/20100101 Firefox/83.0"
159.223.87.4 - - [07/May/2025:19:09:44 -0400] "GET /XAttacker.php5 HTTP/1.1" 500 271 "-" "Mozilla/5.0 (X11; Linux x86_64; rv:83.0) Gecko/20100101 Firefox/83.0"
159.223.87.4 - - [07/May/2025:19:09:46 -0400] "GET /Xattacker.php5 HTTP/1.1" 500 271 "-" "Mozilla/5.0 (X11; Linux x86_64; rv:83.0) Gecko/20100101 Firefox/83.0"
159.223.87.4 - - [07/May/2025:19:09:48 -0400] "GET /dam.php5 HTTP/1.1" 500 271 "-" "Mozilla/5.0 (X11; Linux x86_64; rv:83.0) Gecko/20100101 Firefox/83.0"
159.223.87.4 - - [07/May/2025:19:09:51 -0400] "GET /dom.php5 HTTP/1.1" 500 271 "-" "Mozilla/5.0 (X11; Linux x86_64; rv:83.0) Gecko/20100101 Firefox/83.0"
57.141.6.2 - - [07/May/2025:19:09:53 -0400] "GET /?_g=30883727 HTTP/1.1" 500 360 "-" "meta-externalagent/1.1 (+https://developers.facebook.com/docs/sharing/webmasters/crawler)"
159.223.87.4 - - [07/May/2025:19:09:54 -0400] "GET /mini.php5 HTTP/1.1" 500 271 "-" "Mozilla/5.0 (X11; Linux x86_64; rv:83.0) Gecko/20100101 Firefox/83.0"
159.223.87.4 - - [07/May/2025:19:09:56 -0400] "GET /whmcs.php5 HTTP/1.1" 500 271 "-" "Mozilla/5.0 (X11; Linux x86_64; rv:83.0) Gecko/20100101 Firefox/83.0"
159.223.87.4 - - [07/May/2025:19:09:59 -0400] "GET /badcode.php5 HTTP/1.1" 500 271 "-" "Mozilla/5.0 (X11; Linux x86_64; rv:83.0) Gecko/20100101 Firefox/83.0"
159.223.87.4 - - [07/May/2025:19:10:01 -0400] "GET /b374k.php5 HTTP/1.1" 500 271 "-" "Mozilla/5.0 (X11; Linux x86_64; rv:83.0) Gecko/20100101 Firefox/83.0"
198.204.226.18 - - [07/May/2025:19:10:02 -0400] "GET /wp-content/install.php HTTP/1.1" 200 10 "http://jenniferflo.com/wp-content/install.php" "Mozilla/5.0 (Windows NT 10.0; Win64; x64) AppleWebKit/537.36 (KHTML, like Gecko) Chrome/58.0.3029.110 Safari/537.3"
159.223.87.4 - - [07/May/2025:19:10:03 -0400] "GET /r57.php5 HTTP/1.1" 500 271 "-" "Mozilla/5.0 (X11; Linux x86_64; rv:83.0) Gecko/20100101 Firefox/83.0"
159.223.87.4 - - [07/May/2025:19:10:05 -0400] "GET /berandal.php5 HTTP/1.1" 500 271 "-" "Mozilla/5.0 (X11; Linux x86_64; rv:83.0) Gecko/20100101 Firefox/83.0"
198.204.226.18 - - [07/May/2025:19:09:59 -0400] "GET /wp-content/install.php HTTP/1.1" 200 0 "http://jenniferflo.com/wp-content/install.php" "Mozilla/5.0 (Windows NT 10.0; Win64; x64) AppleWebKit/537.36 (KHTML, like Gecko) Chrome/58.0.3029.110 Safari/537.3"
159.223.87.4 - - [07/May/2025:19:10:08 -0400] "GET /alpashell.php5 HTTP/1.1" 500 271 "-" "Mozilla/5.0 (X11; Linux x86_64; rv:83.0) Gecko/20100101 Firefox/83.0"
159.223.87.4 - - [07/May/2025:19:10:11 -0400] "GET /alpa.php5 HTTP/1.1" 500 271 "-" "Mozilla/5.0 (X11; Linux x86_64; rv:83.0) Gecko/20100101 Firefox/83.0"
159.223.87.4 - - [07/May/2025:19:10:14 -0400] "GET /alfa.php5 HTTP/1.1" 500 271 "-" "Mozilla/5.0 (X11; Linux x86_64; rv:83.0) Gecko/20100101 Firefox/83.0"
159.223.87.4 - - [07/May/2025:19:10:17 -0400] "GET /cyber.php5 HTTP/1.1" 500 271 "-" "Mozilla/5.0 (X11; Linux x86_64; rv:83.0) Gecko/20100101 Firefox/83.0"
159.223.87.4 - - [07/May/2025:19:10:19 -0400] "GET /cybershell.php5 HTTP/1.1" 500 271 "-" "Mozilla/5.0 (X11; Linux x86_64; rv:83.0) Gecko/20100101 Firefox/83.0"
198.204.226.18 - - [07/May/2025:19:10:20 -0400] "GET /wp-content/install.php HTTP/1.1" 200 10 "http://jenniferflo.com/wp-content/install.php" "Mozilla/5.0 (Windows NT 10.0; Win64; x64) AppleWebKit/537.36 (KHTML, like Gecko) Chrome/58.0.3029.110 Safari/537.3"
159.223.87.4 - - [07/May/2025:19:10:22 -0400] "GET /sement.php5 HTTP/1.1" 500 271 "-" "Mozilla/5.0 (X11; Linux x86_64; rv:83.0) Gecko/20100101 Firefox/83.0"
159.223.87.4 - - [07/May/2025:19:10:24 -0400] "GET /semen.php5 HTTP/1.1" 500 271 "-" "Mozilla/5.0 (X11; Linux x86_64; rv:83.0) Gecko/20100101 Firefox/83.0"
198.204.226.18 - - [07/May/2025:19:10:25 -0400] "GET /wp-content/install.php HTTP/1.1" 200 10 "http://jenniferflo.com/wp-content/install.php" "Mozilla/5.0 (Windows NT 10.0; Win64; x64) AppleWebKit/537.36 (KHTML, like Gecko) Chrome/58.0.3029.110 Safari/537.3"
159.223.87.4 - - [07/May/2025:19:10:26 -0400] "GET /gans.php5 HTTP/1.1" 500 271 "-" "Mozilla/5.0 (X11; Linux x86_64; rv:83.0) Gecko/20100101 Firefox/83.0"
159.223.87.4 - - [07/May/2025:19:10:29 -0400] "GET /ganz.php5 HTTP/1.1" 500 271 "-" "Mozilla/5.0 (X11; Linux x86_64; rv:83.0) Gecko/20100101 Firefox/83.0"
159.223.87.4 - - [07/May/2025:19:10:30 -0400] "GET /wa.php5 HTTP/1.1" 500 271 "-" "Mozilla/5.0 (X11; Linux x86_64; rv:83.0) Gecko/20100101 Firefox/83.0"
159.223.87.4 - - [07/May/2025:19:10:32 -0400] "GET /network.php5 HTTP/1.1" 500 271 "-" "Mozilla/5.0 (X11; Linux x86_64; rv:83.0) Gecko/20100101 Firefox/83.0"
159.223.87.4 - - [07/May/2025:19:10:34 -0400] "GET /ghost.php5 HTTP/1.1" 500 271 "-" "Mozilla/5.0 (X11; Linux x86_64; rv:83.0) Gecko/20100101 Firefox/83.0"
159.223.87.4 - - [07/May/2025:19:10:37 -0400] "GET /hgt.php5 HTTP/1.1" 500 271 "-" "Mozilla/5.0 (X11; Linux x86_64; rv:83.0) Gecko/20100101 Firefox/83.0"
159.223.87.4 - - [07/May/2025:19:10:39 -0400] "GET /hiddenuploader.php5 HTTP/1.1" 500 271 "-" "Mozilla/5.0 (X11; Linux x86_64; rv:83.0) Gecko/20100101 Firefox/83.0"
159.223.87.4 - - [07/May/2025:19:10:41 -0400] "GET /team.php5 HTTP/1.1" 500 271 "-" "Mozilla/5.0 (X11; Linux x86_64; rv:83.0) Gecko/20100101 Firefox/83.0"
159.223.87.4 - - [07/May/2025:19:10:42 -0400] "GET /nub.php5 HTTP/1.1" 500 271 "-" "Mozilla/5.0 (X11; Linux x86_64; rv:83.0) Gecko/20100101 Firefox/83.0"
159.223.87.4 - - [07/May/2025:19:10:42 -0400] "GET /linux.php5 HTTP/1.1" 500 271 "-" "Mozilla/5.0 (X11; Linux x86_64; rv:83.0) Gecko/20100101 Firefox/83.0"
159.223.87.4 - - [07/May/2025:19:10:43 -0400] "GET /memekbau.php5 HTTP/1.1" 500 271 "-" "Mozilla/5.0 (X11; Linux x86_64; rv:83.0) Gecko/20100101 Firefox/83.0"
159.223.87.4 - - [07/May/2025:19:10:44 -0400] "GET /tembem.php5 HTTP/1.1" 500 271 "-" "Mozilla/5.0 (X11; Linux x86_64; rv:83.0) Gecko/20100101 Firefox/83.0"
159.223.87.4 - - [07/May/2025:19:10:46 -0400] "GET /miabi.php5 HTTP/1.1" 500 271 "-" "Mozilla/5.0 (X11; Linux x86_64; rv:83.0) Gecko/20100101 Firefox/83.0"
159.223.87.4 - - [07/May/2025:19:10:48 -0400] "GET /mia.php5 HTTP/1.1" 500 271 "-" "Mozilla/5.0 (X11; Linux x86_64; rv:83.0) Gecko/20100101 Firefox/83.0"
159.223.87.4 - - [07/May/2025:19:10:50 -0400] "GET /tikung.php5 HTTP/1.1" 500 271 "-" "Mozilla/5.0 (X11; Linux x86_64; rv:83.0) Gecko/20100101 Firefox/83.0"
159.223.87.4 - - [07/May/2025:19:10:52 -0400] "GET /xxx.php5 HTTP/1.1" 500 271 "-" "Mozilla/5.0 (X11; Linux x86_64; rv:83.0) Gecko/20100101 Firefox/83.0"
159.223.87.4 - - [07/May/2025:19:10:54 -0400] "GET /sex.php5 HTTP/1.1" 500 271 "-" "Mozilla/5.0 (X11; Linux x86_64; rv:83.0) Gecko/20100101 Firefox/83.0"
159.223.87.4 - - [07/May/2025:19:10:56 -0400] "GET /seks.php5 HTTP/1.1" 500 271 "-" "Mozilla/5.0 (X11; Linux x86_64; rv:83.0) Gecko/20100101 Firefox/83.0"
159.223.87.4 - - [07/May/2025:19:10:58 -0400] "GET /download.php5 HTTP/1.1" 500 271 "-" "Mozilla/5.0 (X11; Linux x86_64; rv:83.0) Gecko/20100101 Firefox/83.0"
159.223.87.4 - - [07/May/2025:19:10:59 -0400] "GET /downloadbokep.php5 HTTP/1.1" 500 271 "-" "Mozilla/5.0 (X11; Linux x86_64; rv:83.0) Gecko/20100101 Firefox/83.0"
198.204.226.18 - - [07/May/2025:19:11:00 -0400] "GET /wp-content/install.php HTTP/1.1" 200 10 "http://jenniferflo.com/wp-content/install.php" "Mozilla/5.0 (Windows NT 10.0; Win64; x64) AppleWebKit/537.36 (KHTML, like Gecko) Chrome/58.0.3029.110 Safari/537.3"
159.223.87.4 - - [07/May/2025:19:11:00 -0400] "GET /bokep.php5 HTTP/1.1" 500 271 "-" "Mozilla/5.0 (X11; Linux x86_64; rv:83.0) Gecko/20100101 Firefox/83.0"
159.223.87.4 - - [07/May/2025:19:11:02 -0400] "GET /999.php5 HTTP/1.1" 500 271 "-" "Mozilla/5.0 (X11; Linux x86_64; rv:83.0) Gecko/20100101 Firefox/83.0"
159.223.87.4 - - [07/May/2025:19:11:04 -0400] "GET /b.php5 HTTP/1.1" 500 271 "-" "Mozilla/5.0 (X11; Linux x86_64; rv:83.0) Gecko/20100101 Firefox/83.0"
159.223.87.4 - - [07/May/2025:19:11:07 -0400] "GET /a.php5 HTTP/1.1" 500 271 "-" "Mozilla/5.0 (X11; Linux x86_64; rv:83.0) Gecko/20100101 Firefox/83.0"
57.141.6.22 - - [07/May/2025:19:11:08 -0400] "GET /?_g=12312349 HTTP/1.1" 500 360 "-" "meta-externalagent/1.1 (+https://developers.facebook.com/docs/sharing/webmasters/crawler)"
159.223.87.4 - - [07/May/2025:19:11:09 -0400] "GET /c.php5 HTTP/1.1" 500 271 "-" "Mozilla/5.0 (X11; Linux x86_64; rv:83.0) Gecko/20100101 Firefox/83.0"
159.223.87.4 - - [07/May/2025:19:11:11 -0400] "GET /d.php5 HTTP/1.1" 500 271 "-" "Mozilla/5.0 (X11; Linux x86_64; rv:83.0) Gecko/20100101 Firefox/83.0"
159.223.87.4 - - [07/May/2025:19:11:13 -0400] "GET /e.php5 HTTP/1.1" 500 271 "-" "Mozilla/5.0 (X11; Linux x86_64; rv:83.0) Gecko/20100101 Firefox/83.0"
159.223.87.4 - - [07/May/2025:19:11:16 -0400] "GET /f.php5 HTTP/1.1" 500 271 "-" "Mozilla/5.0 (X11; Linux x86_64; rv:83.0) Gecko/20100101 Firefox/83.0"
159.223.87.4 - - [07/May/2025:19:11:18 -0400] "GET /g.php5 HTTP/1.1" 500 271 "-" "Mozilla/5.0 (X11; Linux x86_64; rv:83.0) Gecko/20100101 Firefox/83.0"
198.204.226.18 - - [07/May/2025:19:11:21 -0400] "GET /wp-content/install.php HTTP/1.1" 200 10 "http://jenniferflo.com/wp-content/install.php" "Mozilla/5.0 (Windows NT 10.0; Win64; x64) AppleWebKit/537.36 (KHTML, like Gecko) Chrome/58.0.3029.110 Safari/537.3"
159.223.87.4 - - [07/May/2025:19:11:21 -0400] "GET /h.php5 HTTP/1.1" 500 271 "-" "Mozilla/5.0 (X11; Linux x86_64; rv:83.0) Gecko/20100101 Firefox/83.0"
47.82.61.16 - - [07/May/2025:19:11:21 -0400] "GET /dr-jennifer-flo-joins-grady-podiatry/ HTTP/1.1" 500 271 "http://jenniferflo.com/dr-jennifer-flo-joins-grady-podiatry/" "Mozilla/5.0 (Windows NT 10.0; Win64; x64) AppleWebKit/537.36 (KHTML, like Gecko) Chrome/114.0.0.0 Safari/537.36 Edg/114.0.1823.43"
159.223.87.4 - - [07/May/2025:19:11:22 -0400] "GET /i.php5 HTTP/1.1" 500 271 "-" "Mozilla/5.0 (X11; Linux x86_64; rv:83.0) Gecko/20100101 Firefox/83.0"
198.204.226.18 - - [07/May/2025:19:11:23 -0400] "GET /wp-content/install.php HTTP/1.1" 200 10 "http://jenniferflo.com/wp-content/install.php" "Mozilla/5.0 (Windows NT 10.0; Win64; x64) AppleWebKit/537.36 (KHTML, like Gecko) Chrome/58.0.3029.110 Safari/537.3"
159.223.87.4 - - [07/May/2025:19:11:26 -0400] "GET /list.php5 HTTP/1.1" 500 271 "-" "Mozilla/5.0 (X11; Linux x86_64; rv:83.0) Gecko/20100101 Firefox/83.0"
159.223.87.4 - - [07/May/2025:19:11:28 -0400] "GET /bcd.php5 HTTP/1.1" 500 271 "-" "Mozilla/5.0 (X11; Linux x86_64; rv:83.0) Gecko/20100101 Firefox/83.0"
159.223.87.4 - - [07/May/2025:19:11:30 -0400] "GET /bct.php5 HTTP/1.1" 500 271 "-" "Mozilla/5.0 (X11; Linux x86_64; rv:83.0) Gecko/20100101 Firefox/83.0"
159.223.87.4 - - [07/May/2025:19:11:30 -0400] "GET /act.php5 HTTP/1.1" 500 271 "-" "Mozilla/5.0 (X11; Linux x86_64; rv:83.0) Gecko/20100101 Firefox/83.0"
159.223.87.4 - - [07/May/2025:19:11:31 -0400] "GET /anoncyber.php5 HTTP/1.1" 500 271 "-" "Mozilla/5.0 (X11; Linux x86_64; rv:83.0) Gecko/20100101 Firefox/83.0"
159.223.87.4 - - [07/May/2025:19:11:34 -0400] "GET /tools.php5 HTTP/1.1" 500 271 "-" "Mozilla/5.0 (X11; Linux x86_64; rv:83.0) Gecko/20100101 Firefox/83.0"
159.223.87.4 - - [07/May/2025:19:11:37 -0400] "GET /tool.php5 HTTP/1.1" 500 271 "-" "Mozilla/5.0 (X11; Linux x86_64; rv:83.0) Gecko/20100101 Firefox/83.0"
159.223.87.4 - - [07/May/2025:19:11:38 -0400] "GET /finder.php5 HTTP/1.1" 500 271 "-" "Mozilla/5.0 (X11; Linux x86_64; rv:83.0) Gecko/20100101 Firefox/83.0"
159.223.87.4 - - [07/May/2025:19:11:39 -0400] "GET /scan.php5 HTTP/1.1" 500 271 "-" "Mozilla/5.0 (X11; Linux x86_64; rv:83.0) Gecko/20100101 Firefox/83.0"
159.223.87.4 - - [07/May/2025:19:11:39 -0400] "GET /anjink.php5 HTTP/1.1" 500 271 "-" "Mozilla/5.0 (X11; Linux x86_64; rv:83.0) Gecko/20100101 Firefox/83.0"
159.223.87.4 - - [07/May/2025:19:11:40 -0400] "GET /hasben.php5 HTTP/1.1" 500 271 "-" "Mozilla/5.0 (X11; Linux x86_64; rv:83.0) Gecko/20100101 Firefox/83.0"
159.223.87.4 - - [07/May/2025:19:11:40 -0400] "GET /index.php5 HTTP/1.1" 500 271 "-" "Mozilla/5.0 (X11; Linux x86_64; rv:83.0) Gecko/20100101 Firefox/83.0"
159.223.87.4 - - [07/May/2025:19:11:40 -0400] "GET /0t0n9.php5 HTTP/1.1" 500 271 "-" "Mozilla/5.0 (X11; Linux x86_64; rv:83.0) Gecko/20100101 Firefox/83.0"
159.223.87.4 - - [07/May/2025:19:11:42 -0400] "GET /exploiter.php5 HTTP/1.1" 500 271 "-" "Mozilla/5.0 (X11; Linux x86_64; rv:83.0) Gecko/20100101 Firefox/83.0"
8.210.152.184 - - [07/May/2025:19:11:43 -0400] "GET /both/g38?pid=638 HTTP/1.1" 500 271 "-" "Mozilla/5.0 (Macintosh; Intel Mac OS X 10_15_7) AppleWebKit/537.36 (KHTML, like Gecko) Chrome/109.0.0.0 Safari/537.36"
159.223.87.4 - - [07/May/2025:19:11:44 -0400] "GET /xploitz.php5 HTTP/1.1" 500 271 "-" "Mozilla/5.0 (X11; Linux x86_64; rv:83.0) Gecko/20100101 Firefox/83.0"
198.204.226.18 - - [07/May/2025:19:11:45 -0400] "GET /wp-content/install.php HTTP/1.1" 200 10 "http://jenniferflo.com/wp-content/install.php" "Mozilla/5.0 (Windows NT 10.0; Win64; x64) AppleWebKit/537.36 (KHTML, like Gecko) Chrome/58.0.3029.110 Safari/537.3"
159.223.87.4 - - [07/May/2025:19:11:46 -0400] "GET /xploiter.php5 HTTP/1.1" 500 271 "-" "Mozilla/5.0 (X11; Linux x86_64; rv:83.0) Gecko/20100101 Firefox/83.0"
8.210.152.184 - - [07/May/2025:19:11:44 -0400] "GET /sitemap-subkey-1504.xml HTTP/1.1" 200 100791 "-" "Mozilla/5.0 (Macintosh; Intel Mac OS X 10_15_7) AppleWebKit/537.36 (KHTML, like Gecko) Chrome/109.0.0.0 Safari/537.36"
159.223.87.4 - - [07/May/2025:19:11:47 -0400] "GET /online.php5 HTTP/1.1" 500 271 "-" "Mozilla/5.0 (X11; Linux x86_64; rv:83.0) Gecko/20100101 Firefox/83.0"
159.223.87.4 - - [07/May/2025:19:11:47 -0400] "GET /124.php5 HTTP/1.1" 500 271 "-" "Mozilla/5.0 (X11; Linux x86_64; rv:83.0) Gecko/20100101 Firefox/83.0"
159.223.87.4 - - [07/May/2025:19:11:48 -0400] "GET /123.php5 HTTP/1.1" 500 271 "-" "Mozilla/5.0 (X11; Linux x86_64; rv:83.0) Gecko/20100101 Firefox/83.0"
159.223.87.4 - - [07/May/2025:19:11:49 -0400] "GET /door.php5 HTTP/1.1" 500 271 "-" "Mozilla/5.0 (X11; Linux x86_64; rv:83.0) Gecko/20100101 Firefox/83.0"
159.223.87.4 - - [07/May/2025:19:11:51 -0400] "GET /wifi.php5 HTTP/1.1" 500 271 "-" "Mozilla/5.0 (X11; Linux x86_64; rv:83.0) Gecko/20100101 Firefox/83.0"
159.223.87.4 - - [07/May/2025:19:11:54 -0400] "GET /maniac.php5 HTTP/1.1" 500 271 "-" "Mozilla/5.0 (X11; Linux x86_64; rv:83.0) Gecko/20100101 Firefox/83.0"
159.223.87.4 - - [07/May/2025:19:11:57 -0400] "GET /savage.php5 HTTP/1.1" 500 271 "-" "Mozilla/5.0 (X11; Linux x86_64; rv:83.0) Gecko/20100101 Firefox/83.0"
159.223.87.4 - - [07/May/2025:19:11:57 -0400] "GET /acil.php5 HTTP/1.1" 500 271 "-" "Mozilla/5.0 (X11; Linux x86_64; rv:83.0) Gecko/20100101 Firefox/83.0"
159.223.87.4 - - [07/May/2025:19:11:58 -0400] "GET /crot.php5 HTTP/1.1" 500 271 "-" "Mozilla/5.0 (X11; Linux x86_64; rv:83.0) Gecko/20100101 Firefox/83.0"
159.223.87.4 - - [07/May/2025:19:11:59 -0400] "GET /ah.php5 HTTP/1.1" 500 271 "-" "Mozilla/5.0 (X11; Linux x86_64; rv:83.0) Gecko/20100101 Firefox/83.0"
159.223.87.4 - - [07/May/2025:19:11:59 -0400] "GET /besar.php5 HTTP/1.1" 500 271 "-" "Mozilla/5.0 (X11; Linux x86_64; rv:83.0) Gecko/20100101 Firefox/83.0"
159.223.87.4 - - [07/May/2025:19:12:02 -0400] "GET /kecil.php5 HTTP/1.1" 500 271 "-" "Mozilla/5.0 (X11; Linux x86_64; rv:83.0) Gecko/20100101 Firefox/83.0"
159.223.87.4 - - [07/May/2025:19:12:03 -0400] "GET /acx.php5 HTTP/1.1" 500 271 "-" "Mozilla/5.0 (X11; Linux x86_64; rv:83.0) Gecko/20100101 Firefox/83.0"
159.223.87.4 - - [07/May/2025:19:12:05 -0400] "GET /heked.php5 HTTP/1.1" 500 271 "-" "Mozilla/5.0 (X11; Linux x86_64; rv:83.0) Gecko/20100101 Firefox/83.0"
159.223.87.4 - - [07/May/2025:19:12:06 -0400] "GET /andro.php5 HTTP/1.1" 500 271 "-" "Mozilla/5.0 (X11; Linux x86_64; rv:83.0) Gecko/20100101 Firefox/83.0"
159.223.87.4 - - [07/May/2025:19:12:06 -0400] "GET /1337.php5 HTTP/1.1" 500 271 "-" "Mozilla/5.0 (X11; Linux x86_64; rv:83.0) Gecko/20100101 Firefox/83.0"
159.223.87.4 - - [07/May/2025:19:12:07 -0400] "GET /android.php5 HTTP/1.1" 500 271 "-" "Mozilla/5.0 (X11; Linux x86_64; rv:83.0) Gecko/20100101 Firefox/83.0"
159.223.87.4 - - [07/May/2025:19:12:07 -0400] "GET /asus.php5 HTTP/1.1" 500 271 "-" "Mozilla/5.0 (X11; Linux x86_64; rv:83.0) Gecko/20100101 Firefox/83.0"
159.223.87.4 - - [07/May/2025:19:12:07 -0400] "GET /n7.php5 HTTP/1.1" 500 271 "-" "Mozilla/5.0 (X11; Linux x86_64; rv:83.0) Gecko/20100101 Firefox/83.0"
159.223.87.4 - - [07/May/2025:19:12:09 -0400] "GET /404.php5 HTTP/1.1" 500 271 "-" "Mozilla/5.0 (X11; Linux x86_64; rv:83.0) Gecko/20100101 Firefox/83.0"
198.204.226.18 - - [07/May/2025:19:12:09 -0400] "GET /wp-content/install.php HTTP/1.1" 200 10 "http://jenniferflo.com/wp-content/install.php" "Mozilla/5.0 (Windows NT 10.0; Win64; x64) AppleWebKit/537.36 (KHTML, like Gecko) Chrome/58.0.3029.110 Safari/537.3"
159.223.87.4 - - [07/May/2025:19:12:10 -0400] "GET /tnt.php5 HTTP/1.1" 500 271 "-" "Mozilla/5.0 (X11; Linux x86_64; rv:83.0) Gecko/20100101 Firefox/83.0"
159.223.87.4 - - [07/May/2025:19:12:13 -0400] "GET /find.php5 HTTP/1.1" 500 271 "-" "Mozilla/5.0 (X11; Linux x86_64; rv:83.0) Gecko/20100101 Firefox/83.0"
159.223.87.4 - - [07/May/2025:19:12:16 -0400] "GET /adm0n.php5 HTTP/1.1" 500 271 "-" "Mozilla/5.0 (X11; Linux x86_64; rv:83.0) Gecko/20100101 Firefox/83.0"
159.223.87.4 - - [07/May/2025:19:12:19 -0400] "GET /c99.php5 HTTP/1.1" 500 271 "-" "Mozilla/5.0 (X11; Linux x86_64; rv:83.0) Gecko/20100101 Firefox/83.0"
159.223.87.4 - - [07/May/2025:19:12:22 -0400] "GET /gaza.php5 HTTP/1.1" 500 271 "-" "Mozilla/5.0 (X11; Linux x86_64; rv:83.0) Gecko/20100101 Firefox/83.0"
198.204.226.18 - - [07/May/2025:19:12:24 -0400] "GET /wp-content/install.php HTTP/1.1" 200 10 "http://jenniferflo.com/wp-content/install.php" "Mozilla/5.0 (Windows NT 10.0; Win64; x64) AppleWebKit/537.36 (KHTML, like Gecko) Chrome/58.0.3029.110 Safari/537.3"
159.223.87.4 - - [07/May/2025:19:12:24 -0400] "GET /madspotshell.php5 HTTP/1.1" 500 271 "-" "Mozilla/5.0 (X11; Linux x86_64; rv:83.0) Gecko/20100101 Firefox/83.0"
159.223.87.4 - - [07/May/2025:19:12:26 -0400] "GET /egyshell.php5 HTTP/1.1" 500 271 "-" "Mozilla/5.0 (X11; Linux x86_64; rv:83.0) Gecko/20100101 Firefox/83.0"
159.223.87.4 - - [07/May/2025:19:12:28 -0400] "GET /auto.php5 HTTP/1.1" 500 271 "-" "Mozilla/5.0 (X11; Linux x86_64; rv:83.0) Gecko/20100101 Firefox/83.0"
159.223.87.4 - - [07/May/2025:19:12:30 -0400] "GET /ngewe.php5 HTTP/1.1" 500 271 "-" "Mozilla/5.0 (X11; Linux x86_64; rv:83.0) Gecko/20100101 Firefox/83.0"
159.223.87.4 - - [07/May/2025:19:12:32 -0400] "GET /c22.php5 HTTP/1.1" 500 271 "-" "Mozilla/5.0 (X11; Linux x86_64; rv:83.0) Gecko/20100101 Firefox/83.0"
159.223.87.4 - - [07/May/2025:19:12:34 -0400] "GET /c100.php5 HTTP/1.1" 500 271 "-" "Mozilla/5.0 (X11; Linux x86_64; rv:83.0) Gecko/20100101 Firefox/83.0"
159.223.87.4 - - [07/May/2025:19:12:37 -0400] "GET /configuration.php5 HTTP/1.1" 500 271 "-" "Mozilla/5.0 (X11; Linux x86_64; rv:83.0) Gecko/20100101 Firefox/83.0"
159.223.87.4 - - [07/May/2025:19:12:39 -0400] "GET /ls.php5 HTTP/1.1" 500 271 "-" "Mozilla/5.0 (X11; Linux x86_64; rv:83.0) Gecko/20100101 Firefox/83.0"
159.223.87.4 - - [07/May/2025:19:12:39 -0400] "GET /Cpanel.php5 HTTP/1.1" 500 271 "-" "Mozilla/5.0 (X11; Linux x86_64; rv:83.0) Gecko/20100101 Firefox/83.0"
159.223.87.4 - - [07/May/2025:19:12:40 -0400] "GET /k.php5 HTTP/1.1" 500 271 "-" "Mozilla/5.0 (X11; Linux x86_64; rv:83.0) Gecko/20100101 Firefox/83.0"
159.223.87.4 - - [07/May/2025:19:12:40 -0400] "GET /zone-h.php5 HTTP/1.1" 500 271 "-" "Mozilla/5.0 (X11; Linux x86_64; rv:83.0) Gecko/20100101 Firefox/83.0"
159.223.87.4 - - [07/May/2025:19:12:42 -0400] "GET /images/user.php5 HTTP/1.1" 500 271 "-" "Mozilla/5.0 (X11; Linux x86_64; rv:83.0) Gecko/20100101 Firefox/83.0"
159.223.87.4 - - [07/May/2025:19:12:43 -0400] "GET /images/Sym.php5 HTTP/1.1" 500 271 "-" "Mozilla/5.0 (X11; Linux x86_64; rv:83.0) Gecko/20100101 Firefox/83.0"
159.223.87.4 - - [07/May/2025:19:12:45 -0400] "GET /cp.php5 HTTP/1.1" 500 271 "-" "Mozilla/5.0 (X11; Linux x86_64; rv:83.0) Gecko/20100101 Firefox/83.0"
159.223.87.4 - - [07/May/2025:19:12:47 -0400] "GET /images/madspotshell.php5 HTTP/1.1" 500 271 "-" "Mozilla/5.0 (X11; Linux x86_64; rv:83.0) Gecko/20100101 Firefox/83.0"
159.223.87.4 - - [07/May/2025:19:12:49 -0400] "GET /images/root.php5 HTTP/1.1" 500 271 "-" "Mozilla/5.0 (X11; Linux x86_64; rv:83.0) Gecko/20100101 Firefox/83.0"
159.223.87.4 - - [07/May/2025:19:12:51 -0400] "GET /images/whmcs.php5 HTTP/1.1" 500 271 "-" "Mozilla/5.0 (X11; Linux x86_64; rv:83.0) Gecko/20100101 Firefox/83.0"
159.223.87.4 - - [07/May/2025:19:12:53 -0400] "GET /images/index.php5 HTTP/1.1" 500 271 "-" "Mozilla/5.0 (X11; Linux x86_64; rv:83.0) Gecko/20100101 Firefox/83.0"
159.223.87.4 - - [07/May/2025:19:12:55 -0400] "GET /images/2.php5 HTTP/1.1" 500 271 "-" "Mozilla/5.0 (X11; Linux x86_64; rv:83.0) Gecko/20100101 Firefox/83.0"
159.223.87.4 - - [07/May/2025:19:12:58 -0400] "GET /images/dz.php5 HTTP/1.1" 500 271 "-" "Mozilla/5.0 (X11; Linux x86_64; rv:83.0) Gecko/20100101 Firefox/83.0"
159.223.87.4 - - [07/May/2025:19:13:00 -0400] "GET /images/cpn.php5 HTTP/1.1" 500 271 "-" "Mozilla/5.0 (X11; Linux x86_64; rv:83.0) Gecko/20100101 Firefox/83.0"
159.223.87.4 - - [07/May/2025:19:13:02 -0400] "GET /images/changeall.php5 HTTP/1.1" 500 271 "-" "Mozilla/5.0 (X11; Linux x86_64; rv:83.0) Gecko/20100101 Firefox/83.0"
159.223.87.4 - - [07/May/2025:19:13:04 -0400] "GET /images/sql.php5 HTTP/1.1" 500 271 "-" "Mozilla/5.0 (X11; Linux x86_64; rv:83.0) Gecko/20100101 Firefox/83.0"
159.223.87.4 - - [07/May/2025:19:13:05 -0400] "GET /0day.php5 HTTP/1.1" 500 271 "-" "Mozilla/5.0 (X11; Linux x86_64; rv:83.0) Gecko/20100101 Firefox/83.0"
47.238.13.11 - - [07/May/2025:19:13:06 -0400] "GET /items/wpysn10/3515?key=quote HTTP/1.1" 500 271 "-" "Mozilla/5.0 (Macintosh; Intel Mac OS X 10_15_7) AppleWebKit/537.36 (KHTML, like Gecko) Chrome/109.0.0.0 Safari/537.36"
47.82.61.207 - - [07/May/2025:19:13:06 -0400] "GET /index.php/safe-medical-pedicures HTTP/1.1" 500 271 "http://jenniferflo.com/index.php/safe-medical-pedicures" "Mozilla/5.0 (Windows NT 10.0; Win64; x64) AppleWebKit/537.36 (KHTML, like Gecko) Chrome/114.0.0.0 Safari/537.36 Edg/114.0.1823.43"
159.223.87.4 - - [07/May/2025:19:13:07 -0400] "GET /images/admin.php5 HTTP/1.1" 500 271 "-" "Mozilla/5.0 (X11; Linux x86_64; rv:83.0) Gecko/20100101 Firefox/83.0"
159.223.87.4 - - [07/May/2025:19:13:08 -0400] "GET /h4xor.php5 HTTP/1.1" 500 271 "-" "Mozilla/5.0 (X11; Linux x86_64; rv:83.0) Gecko/20100101 Firefox/83.0"
159.223.87.4 - - [07/May/2025:19:13:09 -0400] "GET /L3b.php5 HTTP/1.1" 500 271 "-" "Mozilla/5.0 (X11; Linux x86_64; rv:83.0) Gecko/20100101 Firefox/83.0"
159.223.87.4 - - [07/May/2025:19:13:11 -0400] "GET /images/d.php5 HTTP/1.1" 500 271 "-" "Mozilla/5.0 (X11; Linux x86_64; rv:83.0) Gecko/20100101 Firefox/83.0"
159.223.87.4 - - [07/May/2025:19:13:12 -0400] "GET /images/L3b.php5 HTTP/1.1" 500 271 "-" "Mozilla/5.0 (X11; Linux x86_64; rv:83.0) Gecko/20100101 Firefox/83.0"
57.141.6.24 - - [07/May/2025:19:13:12 -0400] "GET /?_g=14134572 HTTP/1.1" 500 360 "-" "meta-externalagent/1.1 (+https://developers.facebook.com/docs/sharing/webmasters/crawler)"
159.223.87.4 - - [07/May/2025:19:13:13 -0400] "GET /sado.php5 HTTP/1.1" 500 271 "-" "Mozilla/5.0 (X11; Linux x86_64; rv:83.0) Gecko/20100101 Firefox/83.0"
159.223.87.4 - - [07/May/2025:19:13:14 -0400] "GET /admin1.php5 HTTP/1.1" 500 271 "-" "Mozilla/5.0 (X11; Linux x86_64; rv:83.0) Gecko/20100101 Firefox/83.0"
159.223.87.4 - - [07/May/2025:19:13:16 -0400] "GET /uploads.php5 HTTP/1.1" 500 271 "-" "Mozilla/5.0 (X11; Linux x86_64; rv:83.0) Gecko/20100101 Firefox/83.0"
159.223.87.4 - - [07/May/2025:19:13:18 -0400] "GET /sa.php5 HTTP/1.1" 500 271 "-" "Mozilla/5.0 (X11; Linux x86_64; rv:83.0) Gecko/20100101 Firefox/83.0"
159.223.87.4 - - [07/May/2025:19:13:21 -0400] "GET /sniper.php5 HTTP/1.1" 500 271 "-" "Mozilla/5.0 (X11; Linux x86_64; rv:83.0) Gecko/20100101 Firefox/83.0"
159.223.87.4 - - [07/May/2025:19:13:22 -0400] "GET /sql-new.php5 HTTP/1.1" 500 271 "-" "Mozilla/5.0 (X11; Linux x86_64; rv:83.0) Gecko/20100101 Firefox/83.0"
159.223.87.4 - - [07/May/2025:19:13:24 -0400] "GET /shell.php5 HTTP/1.1" 500 271 "-" "Mozilla/5.0 (X11; Linux x86_64; rv:83.0) Gecko/20100101 Firefox/83.0"
159.223.87.4 - - [07/May/2025:19:13:24 -0400] "GET /admin.php5 HTTP/1.1" 500 271 "-" "Mozilla/5.0 (X11; Linux x86_64; rv:83.0) Gecko/20100101 Firefox/83.0"
159.223.87.4 - - [07/May/2025:19:13:25 -0400] "GET /sa2.php5 HTTP/1.1" 500 271 "-" "Mozilla/5.0 (X11; Linux x86_64; rv:83.0) Gecko/20100101 Firefox/83.0"
159.223.87.4 - - [07/May/2025:19:13:28 -0400] "GET /hmei7.php5 HTTP/1.1" 500 271 "-" "Mozilla/5.0 (X11; Linux x86_64; rv:83.0) Gecko/20100101 Firefox/83.0"
159.223.87.4 - - [07/May/2025:19:13:30 -0400] "GET /home.php5 HTTP/1.1" 500 271 "-" "Mozilla/5.0 (X11; Linux x86_64; rv:83.0) Gecko/20100101 Firefox/83.0"
159.223.87.4 - - [07/May/2025:19:13:32 -0400] "GET /bac0d.php5 HTTP/1.1" 500 271 "-" "Mozilla/5.0 (X11; Linux x86_64; rv:83.0) Gecko/20100101 Firefox/83.0"
159.223.87.4 - - [07/May/2025:19:13:34 -0400] "GET /badc0de.php5 HTTP/1.1" 500 271 "-" "Mozilla/5.0 (X11; Linux x86_64; rv:83.0) Gecko/20100101 Firefox/83.0"
159.223.87.4 - - [07/May/2025:19:13:36 -0400] "GET /bacod.php5 HTTP/1.1" 500 271 "-" "Mozilla/5.0 (X11; Linux x86_64; rv:83.0) Gecko/20100101 Firefox/83.0"
66.249.64.103 - - [07/May/2025:19:13:34 -0400] "GET /items/gckol220/18677?key=open HTTP/1.1" 200 81408 "-" "Mozilla/5.0 (Linux; Android 6.0.1; Nexus 5X Build/MMB29P) AppleWebKit/537.36 (KHTML, like Gecko) Chrome/136.0.7103.59 Mobile Safari/537.36 (compatible; GoogleOther)"
159.223.87.4 - - [07/May/2025:19:13:39 -0400] "GET /tolol.php5 HTTP/1.1" 500 271 "-" "Mozilla/5.0 (X11; Linux x86_64; rv:83.0) Gecko/20100101 Firefox/83.0"
159.223.87.4 - - [07/May/2025:19:13:40 -0400] "GET /xt.php5 HTTP/1.1" 500 271 "-" "Mozilla/5.0 (X11; Linux x86_64; rv:83.0) Gecko/20100101 Firefox/83.0"
159.223.87.4 - - [07/May/2025:19:13:42 -0400] "GET /xoxo.php5 HTTP/1.1" 500 271 "-" "Mozilla/5.0 (X11; Linux x86_64; rv:83.0) Gecko/20100101 Firefox/83.0"
198.204.226.18 - - [07/May/2025:19:13:42 -0400] "GET /wp-content/install.php HTTP/1.1" 200 10 "http://jenniferflo.com/wp-content/install.php" "Mozilla/5.0 (Windows NT 10.0; Win64; x64) AppleWebKit/537.36 (KHTML, like Gecko) Chrome/58.0.3029.110 Safari/537.3"
159.223.87.4 - - [07/May/2025:19:13:43 -0400] "GET /kontolkejepit.php5 HTTP/1.1" 500 271 "-" "Mozilla/5.0 (X11; Linux x86_64; rv:83.0) Gecko/20100101 Firefox/83.0"
198.204.226.18 - - [07/May/2025:19:13:37 -0400] "GET /wp-content/install.php HTTP/1.1" 200 0 "http://jenniferflo.com/wp-content/install.php" "Mozilla/5.0 (Windows NT 10.0; Win64; x64) AppleWebKit/537.36 (KHTML, like Gecko) Chrome/58.0.3029.110 Safari/537.3"
159.223.87.4 - - [07/May/2025:19:13:46 -0400] "GET /save_gallery.php5 HTTP/1.1" 500 271 "-" "Mozilla/5.0 (X11; Linux x86_64; rv:83.0) Gecko/20100101 Firefox/83.0"
159.223.87.4 - - [07/May/2025:19:13:49 -0400] "GET /saves.php5 HTTP/1.1" 500 271 "-" "Mozilla/5.0 (X11; Linux x86_64; rv:83.0) Gecko/20100101 Firefox/83.0"
47.82.61.124 - - [07/May/2025:19:13:49 -0400] "GET /index.php/news/page/6 HTTP/1.1" 500 271 "http://jenniferflo.com/index.php/news/page/6" "Mozilla/5.0 (Windows NT 10.0; Win64; x64) AppleWebKit/537.36 (KHTML, like Gecko) Chrome/114.0.0.0 Safari/537.36 Edg/114.0.1823.43"
159.223.87.4 - - [07/May/2025:19:13:51 -0400] "GET /save_video.php5 HTTP/1.1" 500 271 "-" "Mozilla/5.0 (X11; Linux x86_64; rv:83.0) Gecko/20100101 Firefox/83.0"
159.223.87.4 - - [07/May/2025:19:13:52 -0400] "GET /c0de.php5 HTTP/1.1" 500 271 "-" "Mozilla/5.0 (X11; Linux x86_64; rv:83.0) Gecko/20100101 Firefox/83.0"
159.223.87.4 - - [07/May/2025:19:13:53 -0400] "GET /sh3ll.php5 HTTP/1.1" 500 271 "-" "Mozilla/5.0 (X11; Linux x86_64; rv:83.0) Gecko/20100101 Firefox/83.0"
159.223.87.4 - - [07/May/2025:19:13:55 -0400] "GET /sh33l.php5 HTTP/1.1" 500 271 "-" "Mozilla/5.0 (X11; Linux x86_64; rv:83.0) Gecko/20100101 Firefox/83.0"
159.223.87.4 - - [07/May/2025:19:13:56 -0400] "GET /adminer.php5 HTTP/1.1" 500 271 "-" "Mozilla/5.0 (X11; Linux x86_64; rv:83.0) Gecko/20100101 Firefox/83.0"
159.223.87.4 - - [07/May/2025:19:13:57 -0400] "GET /Adminer.php5 HTTP/1.1" 500 271 "-" "Mozilla/5.0 (X11; Linux x86_64; rv:83.0) Gecko/20100101 Firefox/83.0"
159.223.87.4 - - [07/May/2025:19:13:58 -0400] "GET /darkshell.php5 HTTP/1.1" 500 271 "-" "Mozilla/5.0 (X11; Linux x86_64; rv:83.0) Gecko/20100101 Firefox/83.0"
159.223.87.4 - - [07/May/2025:19:13:58 -0400] "GET /..php5 HTTP/1.1" 500 271 "-" "Mozilla/5.0 (X11; Linux x86_64; rv:83.0) Gecko/20100101 Firefox/83.0"
159.223.87.4 - - [07/May/2025:19:13:59 -0400] "GET /.php5 HTTP/1.1" 500 271 "-" "Mozilla/5.0 (X11; Linux x86_64; rv:83.0) Gecko/20100101 Firefox/83.0"
159.223.87.4 - - [07/May/2025:19:13:59 -0400] "GET /system.php5 HTTP/1.1" 500 271 "-" "Mozilla/5.0 (X11; Linux x86_64; rv:83.0) Gecko/20100101 Firefox/83.0"
159.223.87.4 - - [07/May/2025:19:14:02 -0400] "GET /error.php5 HTTP/1.1" 500 271 "-" "Mozilla/5.0 (X11; Linux x86_64; rv:83.0) Gecko/20100101 Firefox/83.0"
159.223.87.4 - - [07/May/2025:19:14:05 -0400] "GET /inside.php5 HTTP/1.1" 500 271 "-" "Mozilla/5.0 (X11; Linux x86_64; rv:83.0) Gecko/20100101 Firefox/83.0"
159.223.87.4 - - [07/May/2025:19:14:06 -0400] "GET /ewe.php5 HTTP/1.1" 500 271 "-" "Mozilla/5.0 (X11; Linux x86_64; rv:83.0) Gecko/20100101 Firefox/83.0"
159.223.87.4 - - [07/May/2025:19:14:09 -0400] "GET /eue.php5 HTTP/1.1" 500 271 "-" "Mozilla/5.0 (X11; Linux x86_64; rv:83.0) Gecko/20100101 Firefox/83.0"
159.223.87.4 - - [07/May/2025:19:14:10 -0400] "GET /kimak.php5 HTTP/1.1" 500 271 "-" "Mozilla/5.0 (X11; Linux x86_64; rv:83.0) Gecko/20100101 Firefox/83.0"
159.223.87.4 - - [07/May/2025:19:14:11 -0400] "GET /ak47.php5 HTTP/1.1" 500 271 "-" "Mozilla/5.0 (X11; Linux x86_64; rv:83.0) Gecko/20100101 Firefox/83.0"
159.223.87.4 - - [07/May/2025:19:14:13 -0400] "GET /sg.php5 HTTP/1.1" 500 271 "-" "Mozilla/5.0 (X11; Linux x86_64; rv:83.0) Gecko/20100101 Firefox/83.0"
159.223.87.4 - - [07/May/2025:19:14:16 -0400] "GET /xianjing.php5 HTTP/1.1" 500 271 "-" "Mozilla/5.0 (X11; Linux x86_64; rv:83.0) Gecko/20100101 Firefox/83.0"
69.197.182.50 - - [07/May/2025:19:14:17 -0400] "GET /wp-includes/install.php HTTP/1.1" 200 10 "http://jenniferflo.com/wp-includes/install.php" "Mozilla/5.0 (Windows NT 10.0; Win64; x64) AppleWebKit/537.36 (KHTML, like Gecko) Chrome/58.0.3029.110 Safari/537.3"
159.223.87.4 - - [07/May/2025:19:14:17 -0400] "GET /jembut.php5 HTTP/1.1" 500 271 "-" "Mozilla/5.0 (X11; Linux x86_64; rv:83.0) Gecko/20100101 Firefox/83.0"
159.223.87.4 - - [07/May/2025:19:14:18 -0400] "GET /amad.php5 HTTP/1.1" 500 271 "-" "Mozilla/5.0 (X11; Linux x86_64; rv:83.0) Gecko/20100101 Firefox/83.0"
159.223.87.4 - - [07/May/2025:19:14:19 -0400] "GET /t00.php5 HTTP/1.1" 500 271 "-" "Mozilla/5.0 (X11; Linux x86_64; rv:83.0) Gecko/20100101 Firefox/83.0"
159.223.87.4 - - [07/May/2025:19:14:20 -0400] "GET /Black.php5 HTTP/1.1" 500 271 "-" "Mozilla/5.0 (X11; Linux x86_64; rv:83.0) Gecko/20100101 Firefox/83.0"
159.223.87.4 - - [07/May/2025:19:14:22 -0400] "GET /site.tar.gz HTTP/1.1" 500 271 "-" "Mozilla/5.0 (X11; Linux x86_64; rv:83.0) Gecko/20100101 Firefox/83.0"
159.223.87.4 - - [07/May/2025:19:14:23 -0400] "GET /home.zip HTTP/1.1" 500 271 "-" "Mozilla/5.0 (X11; Linux x86_64; rv:83.0) Gecko/20100101 Firefox/83.0"
159.223.87.4 - - [07/May/2025:19:14:25 -0400] "GET /home.rar HTTP/1.1" 500 270 "-" "Mozilla/5.0 (X11; Linux x86_64; rv:83.0) Gecko/20100101 Firefox/83.0"
159.223.87.4 - - [07/May/2025:19:14:27 -0400] "GET /home.tar HTTP/1.1" 500 271 "-" "Mozilla/5.0 (X11; Linux x86_64; rv:83.0) Gecko/20100101 Firefox/83.0"
159.223.87.4 - - [07/May/2025:19:14:30 -0400] "GET /backup.zip HTTP/1.1" 500 271 "-" "Mozilla/5.0 (X11; Linux x86_64; rv:83.0) Gecko/20100101 Firefox/83.0"
159.223.87.4 - - [07/May/2025:19:14:32 -0400] "GET /home.tar.gz HTTP/1.1" 500 271 "-" "Mozilla/5.0 (X11; Linux x86_64; rv:83.0) Gecko/20100101 Firefox/83.0"
159.223.87.4 - - [07/May/2025:19:14:35 -0400] "GET /forum.zip HTTP/1.1" 500 271 "-" "Mozilla/5.0 (X11; Linux x86_64; rv:83.0) Gecko/20100101 Firefox/83.0"
159.223.87.4 - - [07/May/2025:19:14:37 -0400] "GET /forum.tar HTTP/1.1" 500 271 "-" "Mozilla/5.0 (X11; Linux x86_64; rv:83.0) Gecko/20100101 Firefox/83.0"
159.223.87.4 - - [07/May/2025:19:14:39 -0400] "GET /forum.tar.gz HTTP/1.1" 500 271 "-" "Mozilla/5.0 (X11; Linux x86_64; rv:83.0) Gecko/20100101 Firefox/83.0"
159.223.87.4 - - [07/May/2025:19:14:40 -0400] "GET /test.txt HTTP/1.1" 500 271 "-" "Mozilla/5.0 (X11; Linux x86_64; rv:83.0) Gecko/20100101 Firefox/83.0"
159.223.87.4 - - [07/May/2025:19:14:40 -0400] "GET /ftp.txt HTTP/1.1" 500 271 "-" "Mozilla/5.0 (X11; Linux x86_64; rv:83.0) Gecko/20100101 Firefox/83.0"
159.223.87.4 - - [07/May/2025:19:14:42 -0400] "GET /user.txt HTTP/1.1" 500 271 "-" "Mozilla/5.0 (X11; Linux x86_64; rv:83.0) Gecko/20100101 Firefox/83.0"
159.223.87.4 - - [07/May/2025:19:14:44 -0400] "GET /site.txt HTTP/1.1" 500 271 "-" "Mozilla/5.0 (X11; Linux x86_64; rv:83.0) Gecko/20100101 Firefox/83.0"
159.223.87.4 - - [07/May/2025:19:14:46 -0400] "GET /error_log HTTP/1.1" 403 1242 "-" "Mozilla/5.0 (X11; Linux x86_64; rv:83.0) Gecko/20100101 Firefox/83.0"
159.223.87.4 - - [07/May/2025:19:14:47 -0400] "GET /awstats HTTP/1.1" 500 271 "-" "Mozilla/5.0 (X11; Linux x86_64; rv:83.0) Gecko/20100101 Firefox/83.0"
198.204.226.18 - - [07/May/2025:19:14:47 -0400] "GET /wp-content/install.php HTTP/1.1" 200 10 "http://jenniferflo.com/wp-content/install.php" "Mozilla/5.0 (Windows NT 10.0; Win64; x64) AppleWebKit/537.36 (KHTML, like Gecko) Chrome/58.0.3029.110 Safari/537.3"
159.223.87.4 - - [07/May/2025:19:14:50 -0400] "GET /site.sql HTTP/1.1" 500 271 "-" "Mozilla/5.0 (X11; Linux x86_64; rv:83.0) Gecko/20100101 Firefox/83.0"
198.204.226.18 - - [07/May/2025:19:14:50 -0400] "GET /wp-content/install.php HTTP/1.1" 200 10 "http://jenniferflo.com/wp-content/install.php" "Mozilla/5.0 (Windows NT 10.0; Win64; x64) AppleWebKit/537.36 (KHTML, like Gecko) Chrome/58.0.3029.110 Safari/537.3"
159.223.87.4 - - [07/May/2025:19:14:53 -0400] "GET /vb.sql HTTP/1.1" 500 271 "-" "Mozilla/5.0 (X11; Linux x86_64; rv:83.0) Gecko/20100101 Firefox/83.0"
47.238.13.9 - - [07/May/2025:19:14:53 -0400] "GET /sitemap-subkey-309.xml HTTP/1.1" 200 99764 "-" "Mozilla/5.0 (Macintosh; Intel Mac OS X 10_15_7) AppleWebKit/537.36 (KHTML, like Gecko) Chrome/109.0.0.0 Safari/537.36"
159.223.87.4 - - [07/May/2025:19:14:55 -0400] "GET /forum.sql HTTP/1.1" 500 271 "-" "Mozilla/5.0 (X11; Linux x86_64; rv:83.0) Gecko/20100101 Firefox/83.0"
159.223.87.4 - - [07/May/2025:19:14:58 -0400] "GET /r00t-s3c.php5 HTTP/1.1" 500 271 "-" "Mozilla/5.0 (X11; Linux x86_64; rv:83.0) Gecko/20100101 Firefox/83.0"
159.223.87.4 - - [07/May/2025:19:15:00 -0400] "GET /backup.sql HTTP/1.1" 500 271 "-" "Mozilla/5.0 (X11; Linux x86_64; rv:83.0) Gecko/20100101 Firefox/83.0"
159.223.87.4 - - [07/May/2025:19:15:02 -0400] "GET /back.sql HTTP/1.1" 500 271 "-" "Mozilla/5.0 (X11; Linux x86_64; rv:83.0) Gecko/20100101 Firefox/83.0"
159.223.87.4 - - [07/May/2025:19:15:05 -0400] "GET /data.sql HTTP/1.1" 500 271 "-" "Mozilla/5.0 (X11; Linux x86_64; rv:83.0) Gecko/20100101 Firefox/83.0"
159.223.87.4 - - [07/May/2025:19:15:08 -0400] "GET /wp.rar HTTP/1.1" 500 271 "-" "Mozilla/5.0 (X11; Linux x86_64; rv:83.0) Gecko/20100101 Firefox/83.0"
159.223.87.4 - - [07/May/2025:19:15:10 -0400] "GET /vaga.php5 HTTP/1.1" 500 271 "-" "Mozilla/5.0 (X11; Linux x86_64; rv:83.0) Gecko/20100101 Firefox/83.0"
159.223.87.4 - - [07/May/2025:19:15:13 -0400] "GET /abuhlail.php5 HTTP/1.1" 500 271 "-" "Mozilla/5.0 (X11; Linux x86_64; rv:83.0) Gecko/20100101 Firefox/83.0"
159.223.87.4 - - [07/May/2025:19:15:14 -0400] "GET /domaine.php5 HTTP/1.1" 500 271 "-" "Mozilla/5.0 (X11; Linux x86_64; rv:83.0) Gecko/20100101 Firefox/83.0"
159.223.87.4 - - [07/May/2025:19:15:15 -0400] "GET /d0maine.php5 HTTP/1.1" 500 271 "-" "Mozilla/5.0 (X11; Linux x86_64; rv:83.0) Gecko/20100101 Firefox/83.0"
159.223.87.4 - - [07/May/2025:19:15:15 -0400] "GET /backup.php5 HTTP/1.1" 500 271 "-" "Mozilla/5.0 (X11; Linux x86_64; rv:83.0) Gecko/20100101 Firefox/83.0"
159.223.87.4 - - [07/May/2025:19:15:16 -0400] "GET /backup.php HTTP/1.1" 500 271 "-" "Mozilla/5.0 (X11; Linux x86_64; rv:83.0) Gecko/20100101 Firefox/83.0"
159.223.87.4 - - [07/May/2025:19:15:16 -0400] "GET /backup.phtml HTTP/1.1" 500 271 "-" "Mozilla/5.0 (X11; Linux x86_64; rv:83.0) Gecko/20100101 Firefox/83.0"
159.223.87.4 - - [07/May/2025:19:15:19 -0400] "GET /x.php5 HTTP/1.1" 500 271 "-" "Mozilla/5.0 (X11; Linux x86_64; rv:83.0) Gecko/20100101 Firefox/83.0"
159.223.87.4 - - [07/May/2025:19:15:20 -0400] "GET /X.php5 HTTP/1.1" 500 271 "-" "Mozilla/5.0 (X11; Linux x86_64; rv:83.0) Gecko/20100101 Firefox/83.0"
159.223.87.4 - - [07/May/2025:19:15:23 -0400] "GET /m.php5 HTTP/1.1" 500 271 "-" "Mozilla/5.0 (X11; Linux x86_64; rv:83.0) Gecko/20100101 Firefox/83.0"
159.223.87.4 - - [07/May/2025:19:15:25 -0400] "GET /dark.php5 HTTP/1.1" 500 271 "-" "Mozilla/5.0 (X11; Linux x86_64; rv:83.0) Gecko/20100101 Firefox/83.0"
159.223.87.4 - - [07/May/2025:19:15:27 -0400] "GET /v4team.php5 HTTP/1.1" 500 271 "-" "Mozilla/5.0 (X11; Linux x86_64; rv:83.0) Gecko/20100101 Firefox/83.0"
159.223.87.4 - - [07/May/2025:19:15:29 -0400] "GET /offline.php5 HTTP/1.1" 500 271 "-" "Mozilla/5.0 (X11; Linux x86_64; rv:83.0) Gecko/20100101 Firefox/83.0"
159.223.87.4 - - [07/May/2025:19:15:29 -0400] "GET /p8.php5 HTTP/1.1" 500 271 "-" "Mozilla/5.0 (X11; Linux x86_64; rv:83.0) Gecko/20100101 Firefox/83.0"
159.223.87.4 - - [07/May/2025:19:15:31 -0400] "GET /rr57.php5 HTTP/1.1" 500 271 "-" "Mozilla/5.0 (X11; Linux x86_64; rv:83.0) Gecko/20100101 Firefox/83.0"
159.223.87.4 - - [07/May/2025:19:15:31 -0400] "GET /myshell.php5 HTTP/1.1" 500 271 "-" "Mozilla/5.0 (X11; Linux x86_64; rv:83.0) Gecko/20100101 Firefox/83.0"
159.223.87.4 - - [07/May/2025:19:15:32 -0400] "GET /yourshell.php5 HTTP/1.1" 500 271 "-" "Mozilla/5.0 (X11; Linux x86_64; rv:83.0) Gecko/20100101 Firefox/83.0"
159.223.87.4 - - [07/May/2025:19:15:35 -0400] "GET /sheller.php5 HTTP/1.1" 500 271 "-" "Mozilla/5.0 (X11; Linux x86_64; rv:83.0) Gecko/20100101 Firefox/83.0"
159.223.87.4 - - [07/May/2025:19:15:36 -0400] "GET /mysheller.php5 HTTP/1.1" 500 271 "-" "Mozilla/5.0 (X11; Linux x86_64; rv:83.0) Gecko/20100101 Firefox/83.0"
159.223.87.4 - - [07/May/2025:19:15:39 -0400] "GET /priv8.php5 HTTP/1.1" 500 271 "-" "Mozilla/5.0 (X11; Linux x86_64; rv:83.0) Gecko/20100101 Firefox/83.0"
159.223.87.4 - - [07/May/2025:19:15:40 -0400] "GET /911.php5 HTTP/1.1" 500 271 "-" "Mozilla/5.0 (X11; Linux x86_64; rv:83.0) Gecko/20100101 Firefox/83.0"
159.223.87.4 - - [07/May/2025:19:15:42 -0400] "GET /sym.php5 HTTP/1.1" 500 271 "-" "Mozilla/5.0 (X11; Linux x86_64; rv:83.0) Gecko/20100101 Firefox/83.0"
159.223.87.4 - - [07/May/2025:19:15:42 -0400] "GET /tmp/dz1.php5 HTTP/1.1" 500 271 "-" "Mozilla/5.0 (X11; Linux x86_64; rv:83.0) Gecko/20100101 Firefox/83.0"
159.223.87.4 - - [07/May/2025:19:15:43 -0400] "GET /dz1.php5 HTTP/1.1" 500 271 "-" "Mozilla/5.0 (X11; Linux x86_64; rv:83.0) Gecko/20100101 Firefox/83.0"
57.141.6.29 - - [07/May/2025:19:15:44 -0400] "GET /?_g=21471305 HTTP/1.1" 500 360 "-" "meta-externalagent/1.1 (+https://developers.facebook.com/docs/sharing/webmasters/crawler)"
159.223.87.4 - - [07/May/2025:19:15:44 -0400] "GET /Symlink.php5 HTTP/1.1" 500 271 "-" "Mozilla/5.0 (X11; Linux x86_64; rv:83.0) Gecko/20100101 Firefox/83.0"
159.223.87.4 - - [07/May/2025:19:15:45 -0400] "GET /Symlink.pl HTTP/1.1" 500 271 "-" "Mozilla/5.0 (X11; Linux x86_64; rv:83.0) Gecko/20100101 Firefox/83.0"
159.223.87.4 - - [07/May/2025:19:15:45 -0400] "GET /joomla.zip HTTP/1.1" 500 271 "-" "Mozilla/5.0 (X11; Linux x86_64; rv:83.0) Gecko/20100101 Firefox/83.0"
159.223.87.4 - - [07/May/2025:19:15:45 -0400] "GET /joomla.rar HTTP/1.1" 500 271 "-" "Mozilla/5.0 (X11; Linux x86_64; rv:83.0) Gecko/20100101 Firefox/83.0"
159.223.87.4 - - [07/May/2025:19:15:46 -0400] "GET /buck.sql HTTP/1.1" 500 271 "-" "Mozilla/5.0 (X11; Linux x86_64; rv:83.0) Gecko/20100101 Firefox/83.0"
159.223.87.4 - - [07/May/2025:19:15:47 -0400] "GET /sysadmin.php5 HTTP/1.1" 500 271 "-" "Mozilla/5.0 (X11; Linux x86_64; rv:83.0) Gecko/20100101 Firefox/83.0"
159.223.87.4 - - [07/May/2025:19:15:48 -0400] "GET /images/c99.php5 HTTP/1.1" 500 271 "-" "Mozilla/5.0 (X11; Linux x86_64; rv:83.0) Gecko/20100101 Firefox/83.0"
159.223.87.4 - - [07/May/2025:19:15:50 -0400] "GET /xd.php5 HTTP/1.1" 500 271 "-" "Mozilla/5.0 (X11; Linux x86_64; rv:83.0) Gecko/20100101 Firefox/83.0"
159.223.87.4 - - [07/May/2025:19:15:53 -0400] "GET /spy.aspx HTTP/1.1" 500 271 "-" "Mozilla/5.0 (X11; Linux x86_64; rv:83.0) Gecko/20100101 Firefox/83.0"
159.223.87.4 - - [07/May/2025:19:15:54 -0400] "GET /images/xd.php5 HTTP/1.1" 500 271 "-" "Mozilla/5.0 (X11; Linux x86_64; rv:83.0) Gecko/20100101 Firefox/83.0"
159.223.87.4 - - [07/May/2025:19:15:56 -0400] "GET /uploads/upload.php5 HTTP/1.1" 500 271 "-" "Mozilla/5.0 (X11; Linux x86_64; rv:83.0) Gecko/20100101 Firefox/83.0"
198.204.226.18 - - [07/May/2025:19:15:57 -0400] "GET /wp-content/install.php HTTP/1.1" 200 10 "http://jenniferflo.com/wp-content/install.php" "Mozilla/5.0 (Windows NT 10.0; Win64; x64) AppleWebKit/537.36 (KHTML, like Gecko) Chrome/58.0.3029.110 Safari/537.3"
159.223.87.4 - - [07/May/2025:19:15:59 -0400] "GET /uploads/admin.php5 HTTP/1.1" 500 271 "-" "Mozilla/5.0 (X11; Linux x86_64; rv:83.0) Gecko/20100101 Firefox/83.0"
159.223.87.4 - - [07/May/2025:19:16:01 -0400] "GET /Server.php5 HTTP/1.1" 500 271 "-" "Mozilla/5.0 (X11; Linux x86_64; rv:83.0) Gecko/20100101 Firefox/83.0"
198.204.226.18 - - [07/May/2025:19:15:54 -0400] "GET /wp-content/install.php HTTP/1.1" 200 0 "http://jenniferflo.com/wp-content/install.php" "Mozilla/5.0 (Windows NT 10.0; Win64; x64) AppleWebKit/537.36 (KHTML, like Gecko) Chrome/58.0.3029.110 Safari/537.3"
159.223.87.4 - - [07/May/2025:19:16:04 -0400] "GET /wp-admin/c99.php5 HTTP/1.1" 500 271 "-" "Mozilla/5.0 (X11; Linux x86_64; rv:83.0) Gecko/20100101 Firefox/83.0"
159.223.87.4 - - [07/May/2025:19:16:06 -0400] "GET /tmp/priv8.php5 HTTP/1.1" 500 271 "-" "Mozilla/5.0 (X11; Linux x86_64; rv:83.0) Gecko/20100101 Firefox/83.0"
159.223.87.4 - - [07/May/2025:19:16:08 -0400] "GET /d00.php5 HTTP/1.1" 500 271 "-" "Mozilla/5.0 (X11; Linux x86_64; rv:83.0) Gecko/20100101 Firefox/83.0"
159.223.87.4 - - [07/May/2025:19:16:11 -0400] "GET /bluff.php5 HTTP/1.1" 500 271 "-" "Mozilla/5.0 (X11; Linux x86_64; rv:83.0) Gecko/20100101 Firefox/83.0"
159.223.87.4 - - [07/May/2025:19:16:13 -0400] "GET /shell.php.fla HTTP/1.1" 500 271 "-" "Mozilla/5.0 (X11; Linux x86_64; rv:83.0) Gecko/20100101 Firefox/83.0"
159.223.87.4 - - [07/May/2025:19:16:14 -0400] "GET /shell.jsp HTTP/1.1" 500 271 "-" "Mozilla/5.0 (X11; Linux x86_64; rv:83.0) Gecko/20100101 Firefox/83.0"
159.223.87.4 - - [07/May/2025:19:16:14 -0400] "GET /shell.aspx HTTP/1.1" 500 271 "-" "Mozilla/5.0 (X11; Linux x86_64; rv:83.0) Gecko/20100101 Firefox/83.0"
159.223.87.4 - - [07/May/2025:19:16:15 -0400] "GET /shell.asp HTTP/1.1" 500 271 "-" "Mozilla/5.0 (X11; Linux x86_64; rv:83.0) Gecko/20100101 Firefox/83.0"
159.223.87.4 - - [07/May/2025:19:16:15 -0400] "GET /shell.php;.txt HTTP/1.1" 500 271 "-" "Mozilla/5.0 (X11; Linux x86_64; rv:83.0) Gecko/20100101 Firefox/83.0"
159.223.87.4 - - [07/May/2025:19:16:15 -0400] "GET /shell.php3 HTTP/1.1" 500 271 "-" "Mozilla/5.0 (X11; Linux x86_64; rv:83.0) Gecko/20100101 Firefox/83.0"
