198.204.226.18 - - [07/May/2025:18:16:32 -0400] "GET /wp-content/install.php HTTP/1.1" 200 0 "http://jenniferflo.com/wp-content/install.php" "Mozilla/5.0 (Windows NT 10.0; Win64; x64) AppleWebKit/537.36 (KHTML, like Gecko) Chrome/58.0.3029.110 Safari/537.3"
57.141.6.26 - - [07/May/2025:18:16:44 -0400] "GET /?_g=12266627 HTTP/1.1" 500 360 "-" "meta-externalagent/1.1 (+https://developers.facebook.com/docs/sharing/webmasters/crawler)"
198.204.226.18 - - [07/May/2025:18:17:03 -0400] "GET /wp-content/install.php HTTP/1.1" 200 10 "http://jenniferflo.com/wp-content/install.php" "Mozilla/5.0 (Windows NT 10.0; Win64; x64) AppleWebKit/537.36 (KHTML, like Gecko) Chrome/58.0.3029.110 Safari/537.3"
198.204.226.18 - - [07/May/2025:18:17:19 -0400] "GET /wp-content/install.php HTTP/1.1" 200 10 "http://jenniferflo.com/wp-content/install.php" "Mozilla/5.0 (Windows NT 10.0; Win64; x64) AppleWebKit/537.36 (KHTML, like Gecko) Chrome/58.0.3029.110 Safari/537.3"
57.141.6.1 - - [07/May/2025:18:17:25 -0400] "GET /?_g=13889894 HTTP/1.1" 500 360 "-" "meta-externalagent/1.1 (+https://developers.facebook.com/docs/sharing/webmasters/crawler)"
47.238.13.13 - - [07/May/2025:18:17:35 -0400] "GET /sitemap-subkey-925.xml HTTP/1.1" 200 98687 "-" "Mozilla/5.0 (Macintosh; Intel Mac OS X 10_15_7) AppleWebKit/537.36 (KHTML, like Gecko) Chrome/109.0.0.0 Safari/537.36"
198.204.226.18 - - [07/May/2025:18:17:48 -0400] "GET /wp-content/install.php HTTP/1.1" 200 10 "http://jenniferflo.com/wp-content/install.php" "Mozilla/5.0 (Windows NT 10.0; Win64; x64) AppleWebKit/537.36 (KHTML, like Gecko) Chrome/58.0.3029.110 Safari/537.3"
198.204.226.18 - - [07/May/2025:18:18:02 -0400] "GET /wp-content/install.php HTTP/1.1" 200 0 "http://jenniferflo.com/wp-content/install.php" "Mozilla/5.0 (Windows NT 10.0; Win64; x64) AppleWebKit/537.36 (KHTML, like Gecko) Chrome/58.0.3029.110 Safari/537.3"
198.204.226.18 - - [07/May/2025:18:18:21 -0400] "GET /wp-content/install.php HTTP/1.1" 200 10 "http://jenniferflo.com/wp-content/install.php" "Mozilla/5.0 (Windows NT 10.0; Win64; x64) AppleWebKit/537.36 (KHTML, like Gecko) Chrome/58.0.3029.110 Safari/537.3"
198.204.226.18 - - [07/May/2025:18:19:05 -0400] "GET /wp-content/install.php HTTP/1.1" 200 10 "http://jenniferflo.com/wp-content/install.php" "Mozilla/5.0 (Windows NT 10.0; Win64; x64) AppleWebKit/537.36 (KHTML, like Gecko) Chrome/58.0.3029.110 Safari/537.3"
198.204.226.18 - - [07/May/2025:18:19:19 -0400] "GET /wp-content/install.php HTTP/1.1" 200 10 "http://jenniferflo.com/wp-content/install.php" "Mozilla/5.0 (Windows NT 10.0; Win64; x64) AppleWebKit/537.36 (KHTML, like Gecko) Chrome/58.0.3029.110 Safari/537.3"
47.82.62.45 - - [07/May/2025:18:19:21 -0400] "GET /index.php/heel-pain-in-children HTTP/1.1" 500 271 "http://jenniferflo.com/index.php/heel-pain-in-children" "Mozilla/5.0 (Windows NT 10.0; Win64; x64) AppleWebKit/537.36 (KHTML, like Gecko) Chrome/114.0.0.0 Safari/537.36 Edg/114.0.1823.43"
8.210.230.104 - - [07/May/2025:18:19:34 -0400] "GET /items/umgcr142/46477?key=lobby HTTP/1.1" 500 271 "-" "Mozilla/5.0 (Macintosh; Intel Mac OS X 10_15_7) AppleWebKit/537.36 (KHTML, like Gecko) Chrome/109.0.0.0 Safari/537.36"
208.110.64.178 - - [07/May/2025:18:19:38 -0400] "GET /wp-includes/install.php HTTP/1.1" 200 10 "http://jenniferflo.com/wp-includes/install.php" "Mozilla/5.0 (Windows NT 10.0; Win64; x64) AppleWebKit/537.36 (KHTML, like Gecko) Chrome/58.0.3029.110 Safari/537.3"
198.204.226.18 - - [07/May/2025:18:19:44 -0400] "GET /wp-content/install.php HTTP/1.1" 200 0 "http://jenniferflo.com/wp-content/install.php" "Mozilla/5.0 (Windows NT 10.0; Win64; x64) AppleWebKit/537.36 (KHTML, like Gecko) Chrome/58.0.3029.110 Safari/537.3"
198.204.226.18 - - [07/May/2025:18:20:04 -0400] "GET /wp-content/install.php HTTP/1.1" 200 10 "http://jenniferflo.com/wp-content/install.php" "Mozilla/5.0 (Windows NT 10.0; Win64; x64) AppleWebKit/537.36 (KHTML, like Gecko) Chrome/58.0.3029.110 Safari/537.3"
198.204.226.18 - - [07/May/2025:18:20:00 -0400] "GET /wp-content/install.php HTTP/1.1" 200 0 "http://jenniferflo.com/wp-content/install.php" "Mozilla/5.0 (Windows NT 10.0; Win64; x64) AppleWebKit/537.36 (KHTML, like Gecko) Chrome/58.0.3029.110 Safari/537.3"
57.141.6.15 - - [07/May/2025:18:20:55 -0400] "GET /?_g=18752061 HTTP/1.1" 500 360 "-" "meta-externalagent/1.1 (+https://developers.facebook.com/docs/sharing/webmasters/crawler)"
198.204.226.18 - - [07/May/2025:18:20:53 -0400] "GET /wp-content/install.php HTTP/1.1" 200 0 "http://jenniferflo.com/wp-content/install.php" "Mozilla/5.0 (Windows NT 10.0; Win64; x64) AppleWebKit/537.36 (KHTML, like Gecko) Chrome/58.0.3029.110 Safari/537.3"
47.238.13.5 - - [07/May/2025:18:22:03 -0400] "GET /sitemap-subkey-857.xml HTTP/1.1" 200 99898 "-" "Mozilla/5.0 (Macintosh; Intel Mac OS X 10_15_7) AppleWebKit/537.36 (KHTML, like Gecko) Chrome/109.0.0.0 Safari/537.36"
47.238.13.6 - - [07/May/2025:18:22:09 -0400] "GET /items/tnxmn44/1143?key=tired HTTP/1.1" 500 271 "-" "Mozilla/5.0 (Macintosh; Intel Mac OS X 10_15_7) AppleWebKit/537.36 (KHTML, like Gecko) Chrome/109.0.0.0 Safari/537.36"
47.238.14.0 - - [07/May/2025:18:22:17 -0400] "GET /sitemap-subkey-1607.xml HTTP/1.1" 200 100109 "-" "Mozilla/5.0 (Macintosh; Intel Mac OS X 10_15_7) AppleWebKit/537.36 (KHTML, like Gecko) Chrome/109.0.0.0 Safari/537.36"
47.238.13.16 - - [07/May/2025:18:22:24 -0400] "GET /sitemap-subkey-359.xml HTTP/1.1" 200 100177 "-" "Mozilla/5.0 (Macintosh; Intel Mac OS X 10_15_7) AppleWebKit/537.36 (KHTML, like Gecko) Chrome/109.0.0.0 Safari/537.36"
198.204.226.18 - - [07/May/2025:18:22:48 -0400] "GET /wp-content/install.php HTTP/1.1" 200 10 "http://jenniferflo.com/wp-content/install.php" "Mozilla/5.0 (Windows NT 10.0; Win64; x64) AppleWebKit/537.36 (KHTML, like Gecko) Chrome/58.0.3029.110 Safari/537.3"
198.204.226.18 - - [07/May/2025:18:22:45 -0400] "GET /wp-content/install.php HTTP/1.1" 200 0 "http://jenniferflo.com/wp-content/install.php" "Mozilla/5.0 (Windows NT 10.0; Win64; x64) AppleWebKit/537.36 (KHTML, like Gecko) Chrome/58.0.3029.110 Safari/537.3"
198.204.226.18 - - [07/May/2025:18:23:04 -0400] "GET /wp-content/install.php HTTP/1.1" 200 10 "http://jenniferflo.com/wp-content/install.php" "Mozilla/5.0 (Windows NT 10.0; Win64; x64) AppleWebKit/537.36 (KHTML, like Gecko) Chrome/58.0.3029.110 Safari/537.3"
198.204.226.18 - - [07/May/2025:18:23:00 -0400] "GET /wp-content/install.php HTTP/1.1" 200 0 "http://jenniferflo.com/wp-content/install.php" "Mozilla/5.0 (Windows NT 10.0; Win64; x64) AppleWebKit/537.36 (KHTML, like Gecko) Chrome/58.0.3029.110 Safari/537.3"
198.204.226.18 - - [07/May/2025:18:23:17 -0400] "GET /wp-content/install.php HTTP/1.1" 200 10 "http://jenniferflo.com/wp-content/install.php" "Mozilla/5.0 (Windows NT 10.0; Win64; x64) AppleWebKit/537.36 (KHTML, like Gecko) Chrome/58.0.3029.110 Safari/537.3"
198.204.226.18 - - [07/May/2025:18:23:15 -0400] "GET /wp-content/install.php HTTP/1.1" 200 0 "http://jenniferflo.com/wp-content/install.php" "Mozilla/5.0 (Windows NT 10.0; Win64; x64) AppleWebKit/537.36 (KHTML, like Gecko) Chrome/58.0.3029.110 Safari/537.3"
198.204.226.18 - - [07/May/2025:18:23:43 -0400] "GET /wp-content/install.php HTTP/1.1" 200 10 "http://jenniferflo.com/wp-content/install.php" "Mozilla/5.0 (Windows NT 10.0; Win64; x64) AppleWebKit/537.36 (KHTML, like Gecko) Chrome/58.0.3029.110 Safari/537.3"
198.204.226.18 - - [07/May/2025:18:23:40 -0400] "GET /wp-content/install.php HTTP/1.1" 200 0 "http://jenniferflo.com/wp-content/install.php" "Mozilla/5.0 (Windows NT 10.0; Win64; x64) AppleWebKit/537.36 (KHTML, like Gecko) Chrome/58.0.3029.110 Safari/537.3"
47.238.13.8 - - [07/May/2025:18:23:56 -0400] "GET /items/brtij14/9707?key=educate HTTP/1.1" 500 270 "-" "Mozilla/5.0 (Macintosh; Intel Mac OS X 10_15_7) AppleWebKit/537.36 (KHTML, like Gecko) Chrome/109.0.0.0 Safari/537.36"
57.141.6.28 - - [07/May/2025:18:24:09 -0400] "GET /?_g=14453172 HTTP/1.1" 500 360 "-" "meta-externalagent/1.1 (+https://developers.facebook.com/docs/sharing/webmasters/crawler)"
47.79.5.157 - - [07/May/2025:18:24:10 -0400] "GET /index.php/curriculum-vitae HTTP/1.1" 500 271 "http://jenniferflo.com/index.php/curriculum-vitae" "Mozilla/5.0 (Windows NT 10.0; Win64; x64) AppleWebKit/537.36 (KHTML, like Gecko) Chrome/114.0.0.0 Safari/537.36 Edg/114.0.1823.43"
198.204.226.18 - - [07/May/2025:18:24:27 -0400] "GET /wp-content/install.php HTTP/1.1" 200 10 "http://jenniferflo.com/wp-content/install.php" "Mozilla/5.0 (Windows NT 10.0; Win64; x64) AppleWebKit/537.36 (KHTML, like Gecko) Chrome/58.0.3029.110 Safari/537.3"
47.238.13.17 - - [07/May/2025:18:24:27 -0400] "GET /sitemap-subkey-1783.xml HTTP/1.1" 200 99450 "-" "Mozilla/5.0 (Macintosh; Intel Mac OS X 10_15_7) AppleWebKit/537.36 (KHTML, like Gecko) Chrome/109.0.0.0 Safari/537.36"
198.204.226.18 - - [07/May/2025:18:24:23 -0400] "GET /wp-content/install.php HTTP/1.1" 200 0 "http://jenniferflo.com/wp-content/install.php" "Mozilla/5.0 (Windows NT 10.0; Win64; x64) AppleWebKit/537.36 (KHTML, like Gecko) Chrome/58.0.3029.110 Safari/537.3"
47.82.60.32 - - [07/May/2025:18:24:46 -0400] "GET /index.php/national-spumoni-day-diy-make-your-own-three-layer-popsicle-2 HTTP/1.1" 500 270 "http://jenniferflo.com/index.php/national-spumoni-day-diy-make-your-own-three-layer-popsicle-2" "Mozilla/5.0 (Windows NT 10.0; Win64; x64) AppleWebKit/537.36 (KHTML, like Gecko) Chrome/114.0.0.0 Safari/537.36 Edg/114.0.1823.43"
198.204.226.18 - - [07/May/2025:18:24:46 -0400] "GET /wp-content/install.php HTTP/1.1" 200 10 "http://jenniferflo.com/wp-content/install.php" "Mozilla/5.0 (Windows NT 10.0; Win64; x64) AppleWebKit/537.36 (KHTML, like Gecko) Chrome/58.0.3029.110 Safari/537.3"
198.204.226.18 - - [07/May/2025:18:24:42 -0400] "GET /wp-content/install.php HTTP/1.1" 200 0 "http://jenniferflo.com/wp-content/install.php" "Mozilla/5.0 (Windows NT 10.0; Win64; x64) AppleWebKit/537.36 (KHTML, like Gecko) Chrome/58.0.3029.110 Safari/537.3"
47.82.60.231 - - [07/May/2025:18:25:11 -0400] "GET /all-are-welcome/ HTTP/1.1" 500 271 "http://jenniferflo.com/all-are-welcome/" "Mozilla/5.0 (Windows NT 10.0; Win64; x64) AppleWebKit/537.36 (KHTML, like Gecko) Chrome/114.0.0.0 Safari/537.36 Edg/114.0.1823.43"
198.204.226.18 - - [07/May/2025:18:25:50 -0400] "GET /wp-content/install.php HTTP/1.1" 200 10 "http://jenniferflo.com/wp-content/install.php" "Mozilla/5.0 (Windows NT 10.0; Win64; x64) AppleWebKit/537.36 (KHTML, like Gecko) Chrome/58.0.3029.110 Safari/537.3"
198.204.226.18 - - [07/May/2025:18:26:04 -0400] "GET /wp-content/install.php HTTP/1.1" 200 10 "http://jenniferflo.com/wp-content/install.php" "Mozilla/5.0 (Windows NT 10.0; Win64; x64) AppleWebKit/537.36 (KHTML, like Gecko) Chrome/58.0.3029.110 Safari/537.3"
198.204.226.18 - - [07/May/2025:18:26:25 -0400] "GET /wp-content/install.php HTTP/1.1" 200 10 "http://jenniferflo.com/wp-content/install.php" "Mozilla/5.0 (Windows NT 10.0; Win64; x64) AppleWebKit/537.36 (KHTML, like Gecko) Chrome/58.0.3029.110 Safari/537.3"
198.204.226.18 - - [07/May/2025:18:26:22 -0400] "GET /wp-content/install.php HTTP/1.1" 200 0 "http://jenniferflo.com/wp-content/install.php" "Mozilla/5.0 (Windows NT 10.0; Win64; x64) AppleWebKit/537.36 (KHTML, like Gecko) Chrome/58.0.3029.110 Safari/537.3"
198.204.226.18 - - [07/May/2025:18:26:45 -0400] "GET /wp-content/install.php HTTP/1.1" 200 10 "http://jenniferflo.com/wp-content/install.php" "Mozilla/5.0 (Windows NT 10.0; Win64; x64) AppleWebKit/537.36 (KHTML, like Gecko) Chrome/58.0.3029.110 Safari/537.3"
198.204.226.18 - - [07/May/2025:18:26:41 -0400] "GET /wp-content/install.php HTTP/1.1" 200 0 "http://jenniferflo.com/wp-content/install.php" "Mozilla/5.0 (Windows NT 10.0; Win64; x64) AppleWebKit/537.36 (KHTML, like Gecko) Chrome/58.0.3029.110 Safari/537.3"
47.238.13.2 - - [07/May/2025:18:27:03 -0400] "GET /skill/c10?pid=3520 HTTP/1.1" 500 271 "-" "Mozilla/5.0 (Macintosh; Intel Mac OS X 10_15_7) AppleWebKit/537.36 (KHTML, like Gecko) Chrome/109.0.0.0 Safari/537.36"
8.210.8.206 - - [07/May/2025:18:27:10 -0400] "GET /sitemap-subkey-2282.xml HTTP/1.1" 200 100365 "-" "Mozilla/5.0 (Macintosh; Intel Mac OS X 10_15_7) AppleWebKit/537.36 (KHTML, like Gecko) Chrome/109.0.0.0 Safari/537.36"
198.204.226.18 - - [07/May/2025:18:27:58 -0400] "GET /wp-content/install.php HTTP/1.1" 200 10 "http://jenniferflo.com/wp-content/install.php" "Mozilla/5.0 (Windows NT 10.0; Win64; x64) AppleWebKit/537.36 (KHTML, like Gecko) Chrome/58.0.3029.110 Safari/537.3"
198.204.226.18 - - [07/May/2025:18:27:54 -0400] "GET /wp-content/install.php HTTP/1.1" 200 0 "http://jenniferflo.com/wp-content/install.php" "Mozilla/5.0 (Windows NT 10.0; Win64; x64) AppleWebKit/537.36 (KHTML, like Gecko) Chrome/58.0.3029.110 Safari/537.3"
47.238.13.10 - - [07/May/2025:18:28:17 -0400] "GET /sitemap-subkey-753.xml HTTP/1.1" 200 99672 "-" "Mozilla/5.0 (Macintosh; Intel Mac OS X 10_15_7) AppleWebKit/537.36 (KHTML, like Gecko) Chrome/109.0.0.0 Safari/537.36"
47.238.13.14 - - [07/May/2025:18:28:29 -0400] "GET /blank/h71?pid=741 HTTP/1.1" 500 271 "-" "Mozilla/5.0 (Macintosh; Intel Mac OS X 10_15_7) AppleWebKit/537.36 (KHTML, like Gecko) Chrome/109.0.0.0 Safari/537.36"
47.242.77.69 - - [07/May/2025:18:28:29 -0400] "GET /sitemap-subkey-2760.xml HTTP/1.1" 200 99467 "-" "Mozilla/5.0 (Macintosh; Intel Mac OS X 10_15_7) AppleWebKit/537.36 (KHTML, like Gecko) Chrome/109.0.0.0 Safari/537.36"
69.197.182.50 - - [07/May/2025:18:28:35 -0400] "GET /wp-includes/install.php HTTP/1.1" 200 10 "http://jenniferflo.com/wp-includes/install.php" "Mozilla/5.0 (Windows NT 10.0; Win64; x64) AppleWebKit/537.36 (KHTML, like Gecko) Chrome/58.0.3029.110 Safari/537.3"
69.197.182.50 - - [07/May/2025:18:28:38 -0400] "GET /wp-includes/install.php HTTP/1.1" 200 10 "http://jenniferflo.com/wp-includes/install.php" "Mozilla/5.0 (Windows NT 10.0; Win64; x64) AppleWebKit/537.36 (KHTML, like Gecko) Chrome/58.0.3029.110 Safari/537.3"
47.79.1.234 - - [07/May/2025:18:29:05 -0400] "GET /diabetes-and-your-eyes-track/ HTTP/1.1" 500 271 "http://jenniferflo.com/diabetes-and-your-eyes-track/" "Mozilla/5.0 (Windows NT 10.0; Win64; x64) AppleWebKit/537.36 (KHTML, like Gecko) Chrome/114.0.0.0 Safari/537.36 Edg/114.0.1823.43"
198.204.226.18 - - [07/May/2025:18:29:06 -0400] "GET /wp-content/install.php HTTP/1.1" 200 10 "http://jenniferflo.com/wp-content/install.php" "Mozilla/5.0 (Windows NT 10.0; Win64; x64) AppleWebKit/537.36 (KHTML, like Gecko) Chrome/58.0.3029.110 Safari/537.3"
47.238.13.17 - - [07/May/2025:18:29:20 -0400] "GET /sitemap-subkey-1275.xml HTTP/1.1" 200 99357 "-" "Mozilla/5.0 (Macintosh; Intel Mac OS X 10_15_7) AppleWebKit/537.36 (KHTML, like Gecko) Chrome/109.0.0.0 Safari/537.36"
8.210.10.143 - - [07/May/2025:18:29:36 -0400] "GET /sitemap-subkey-2900.xml HTTP/1.1" 200 99477 "-" "Mozilla/5.0 (Macintosh; Intel Mac OS X 10_15_7) AppleWebKit/537.36 (KHTML, like Gecko) Chrome/109.0.0.0 Safari/537.36"
198.204.226.18 - - [07/May/2025:18:29:43 -0400] "GET /wp-content/install.php HTTP/1.1" 200 10 "http://jenniferflo.com/wp-content/install.php" "Mozilla/5.0 (Windows NT 10.0; Win64; x64) AppleWebKit/537.36 (KHTML, like Gecko) Chrome/58.0.3029.110 Safari/537.3"
57.141.6.17 - - [07/May/2025:18:29:48 -0400] "GET /?_g=15701027 HTTP/1.1" 500 360 "-" "meta-externalagent/1.1 (+https://developers.facebook.com/docs/sharing/webmasters/crawler)"
198.204.226.18 - - [07/May/2025:18:29:40 -0400] "GET /wp-content/install.php HTTP/1.1" 200 0 "http://jenniferflo.com/wp-content/install.php" "Mozilla/5.0 (Windows NT 10.0; Win64; x64) AppleWebKit/537.36 (KHTML, like Gecko) Chrome/58.0.3029.110 Safari/537.3"
47.238.13.1 - - [07/May/2025:18:30:00 -0400] "GET /globe/j33?pid=4397 HTTP/1.1" 500 271 "-" "Mozilla/5.0 (Macintosh; Intel Mac OS X 10_15_7) AppleWebKit/537.36 (KHTML, like Gecko) Chrome/109.0.0.0 Safari/537.36"
198.204.226.18 - - [07/May/2025:18:30:16 -0400] "GET /wp-content/install.php HTTP/1.1" 200 10 "http://jenniferflo.com/wp-content/install.php" "Mozilla/5.0 (Windows NT 10.0; Win64; x64) AppleWebKit/537.36 (KHTML, like Gecko) Chrome/58.0.3029.110 Safari/537.3"
198.204.226.18 - - [07/May/2025:18:30:11 -0400] "GET /wp-content/install.php HTTP/1.1" 200 0 "http://jenniferflo.com/wp-content/install.php" "Mozilla/5.0 (Windows NT 10.0; Win64; x64) AppleWebKit/537.36 (KHTML, like Gecko) Chrome/58.0.3029.110 Safari/537.3"
198.204.226.18 - - [07/May/2025:18:30:29 -0400] "GET /wp-content/install.php HTTP/1.1" 200 10 "http://jenniferflo.com/wp-content/install.php" "Mozilla/5.0 (Windows NT 10.0; Win64; x64) AppleWebKit/537.36 (KHTML, like Gecko) Chrome/58.0.3029.110 Safari/537.3"
198.204.226.18 - - [07/May/2025:18:30:27 -0400] "GET /wp-content/install.php HTTP/1.1" 200 0 "http://jenniferflo.com/wp-content/install.php" "Mozilla/5.0 (Windows NT 10.0; Win64; x64) AppleWebKit/537.36 (KHTML, like Gecko) Chrome/58.0.3029.110 Safari/537.3"
57.141.6.15 - - [07/May/2025:18:30:57 -0400] "GET /?_g=12992672 HTTP/1.1" 500 360 "-" "meta-externalagent/1.1 (+https://developers.facebook.com/docs/sharing/webmasters/crawler)"
47.238.13.16 - - [07/May/2025:18:30:56 -0400] "GET /sitemap-subkey-1007.xml HTTP/1.1" 200 100845 "-" "Mozilla/5.0 (Macintosh; Intel Mac OS X 10_15_7) AppleWebKit/537.36 (KHTML, like Gecko) Chrome/109.0.0.0 Safari/537.36"
198.204.226.18 - - [07/May/2025:18:31:03 -0400] "GET /wp-content/install.php HTTP/1.1" 200 10 "http://jenniferflo.com/wp-content/install.php" "Mozilla/5.0 (Windows NT 10.0; Win64; x64) AppleWebKit/537.36 (KHTML, like Gecko) Chrome/58.0.3029.110 Safari/537.3"
198.204.226.18 - - [07/May/2025:18:31:19 -0400] "GET /wp-content/install.php HTTP/1.1" 200 10 "http://jenniferflo.com/wp-content/install.php" "Mozilla/5.0 (Windows NT 10.0; Win64; x64) AppleWebKit/537.36 (KHTML, like Gecko) Chrome/58.0.3029.110 Safari/537.3"
198.204.226.18 - - [07/May/2025:18:31:15 -0400] "GET /wp-content/install.php HTTP/1.1" 200 0 "http://jenniferflo.com/wp-content/install.php" "Mozilla/5.0 (Windows NT 10.0; Win64; x64) AppleWebKit/537.36 (KHTML, like Gecko) Chrome/58.0.3029.110 Safari/537.3"
47.238.13.6 - - [07/May/2025:18:31:27 -0400] "GET /manufacturing/o141?pid=28115 HTTP/1.1" 500 271 "-" "Mozilla/5.0 (Macintosh; Intel Mac OS X 10_15_7) AppleWebKit/537.36 (KHTML, like Gecko) Chrome/109.0.0.0 Safari/537.36"
57.141.6.28 - - [07/May/2025:18:31:56 -0400] "GET /?_g=19188005 HTTP/1.1" 500 360 "-" "meta-externalagent/1.1 (+https://developers.facebook.com/docs/sharing/webmasters/crawler)"
47.238.13.14 - - [07/May/2025:18:32:21 -0400] "GET /sitemap-subkey-895.xml HTTP/1.1" 200 100748 "-" "Mozilla/5.0 (Macintosh; Intel Mac OS X 10_15_7) AppleWebKit/537.36 (KHTML, like Gecko) Chrome/109.0.0.0 Safari/537.36"
47.238.13.13 - - [07/May/2025:18:32:26 -0400] "GET /items/dpejt56/163?key=majority HTTP/1.1" 500 271 "-" "Mozilla/5.0 (Macintosh; Intel Mac OS X 10_15_7) AppleWebKit/537.36 (KHTML, like Gecko) Chrome/109.0.0.0 Safari/537.36"
47.242.77.69 - - [07/May/2025:18:32:56 -0400] "GET /items/rgzxv71/742?key=ambition HTTP/1.1" 500 271 "-" "Mozilla/5.0 (Macintosh; Intel Mac OS X 10_15_7) AppleWebKit/537.36 (KHTML, like Gecko) Chrome/109.0.0.0 Safari/537.36"
57.141.6.29 - - [07/May/2025:18:33:22 -0400] "GET /?_g=26956016 HTTP/1.1" 500 360 "-" "meta-externalagent/1.1 (+https://developers.facebook.com/docs/sharing/webmasters/crawler)"
198.204.226.18 - - [07/May/2025:18:33:30 -0400] "GET /wp-content/install.php HTTP/1.1" 200 10 "http://jenniferflo.com/wp-content/install.php" "Mozilla/5.0 (Windows NT 10.0; Win64; x64) AppleWebKit/537.36 (KHTML, like Gecko) Chrome/58.0.3029.110 Safari/537.3"
198.204.226.18 - - [07/May/2025:18:33:26 -0400] "GET /wp-content/install.php HTTP/1.1" 200 0 "http://jenniferflo.com/wp-content/install.php" "Mozilla/5.0 (Windows NT 10.0; Win64; x64) AppleWebKit/537.36 (KHTML, like Gecko) Chrome/58.0.3029.110 Safari/537.3"
198.204.226.18 - - [07/May/2025:18:33:59 -0400] "GET /wp-content/install.php HTTP/1.1" 200 10 "http://jenniferflo.com/wp-content/install.php" "Mozilla/5.0 (Windows NT 10.0; Win64; x64) AppleWebKit/537.36 (KHTML, like Gecko) Chrome/58.0.3029.110 Safari/537.3"
47.238.13.12 - - [07/May/2025:18:34:05 -0400] "GET /items/xgxgb14/22955?key=heat HTTP/1.1" 500 271 "-" "Mozilla/5.0 (Macintosh; Intel Mac OS X 10_15_7) AppleWebKit/537.36 (KHTML, like Gecko) Chrome/109.0.0.0 Safari/537.36"
198.204.226.18 - - [07/May/2025:18:34:16 -0400] "GET /wp-content/install.php HTTP/1.1" 200 10 "http://jenniferflo.com/wp-content/install.php" "Mozilla/5.0 (Windows NT 10.0; Win64; x64) AppleWebKit/537.36 (KHTML, like Gecko) Chrome/58.0.3029.110 Safari/537.3"
57.141.6.22 - - [07/May/2025:18:34:18 -0400] "GET /?_g=11399927 HTTP/1.1" 500 360 "-" "meta-externalagent/1.1 (+https://developers.facebook.com/docs/sharing/webmasters/crawler)"
198.204.226.18 - - [07/May/2025:18:34:19 -0400] "GET /wp-content/install.php HTTP/1.1" 200 10 "http://jenniferflo.com/wp-content/install.php" "Mozilla/5.0 (Windows NT 10.0; Win64; x64) AppleWebKit/537.36 (KHTML, like Gecko) Chrome/58.0.3029.110 Safari/537.3"
47.238.13.13 - - [07/May/2025:18:34:20 -0400] "GET /specialist/j175?pid=22459 HTTP/1.1" 500 271 "-" "Mozilla/5.0 (Macintosh; Intel Mac OS X 10_15_7) AppleWebKit/537.36 (KHTML, like Gecko) Chrome/109.0.0.0 Safari/537.36"
159.223.87.4 - - [07/May/2025:18:34:26 -0400] "GET /wso.php HTTP/1.1" 500 271 "-" "Mozilla/5.0 (X11; Linux x86_64; rv:83.0) Gecko/20100101 Firefox/83.0"
159.223.87.4 - - [07/May/2025:18:34:28 -0400] "GET /bless.php HTTP/1.1" 500 271 "-" "Mozilla/5.0 (X11; Linux x86_64; rv:83.0) Gecko/20100101 Firefox/83.0"
159.223.87.4 - - [07/May/2025:18:34:30 -0400] "GET /repeater.php HTTP/1.1" 500 271 "-" "Mozilla/5.0 (X11; Linux x86_64; rv:83.0) Gecko/20100101 Firefox/83.0"
159.223.87.4 - - [07/May/2025:18:34:32 -0400] "GET /admin.php HTTP/1.1" 500 271 "-" "Mozilla/5.0 (X11; Linux x86_64; rv:83.0) Gecko/20100101 Firefox/83.0"
159.223.87.4 - - [07/May/2025:18:34:35 -0400] "GET /about.php HTTP/1.1" 500 271 "-" "Mozilla/5.0 (X11; Linux x86_64; rv:83.0) Gecko/20100101 Firefox/83.0"
159.223.87.4 - - [07/May/2025:18:34:39 -0400] "GET /wp-2019.php HTTP/1.1" 500 271 "-" "Mozilla/5.0 (X11; Linux x86_64; rv:83.0) Gecko/20100101 Firefox/83.0"
159.223.87.4 - - [07/May/2025:18:34:41 -0400] "GET /atomlib.php HTTP/1.1" 500 271 "-" "Mozilla/5.0 (X11; Linux x86_64; rv:83.0) Gecko/20100101 Firefox/83.0"
159.223.87.4 - - [07/May/2025:18:34:44 -0400] "GET /css.php HTTP/1.1" 500 271 "-" "Mozilla/5.0 (X11; Linux x86_64; rv:83.0) Gecko/20100101 Firefox/83.0"
159.223.87.4 - - [07/May/2025:18:34:48 -0400] "GET /simple.php HTTP/1.1" 500 271 "-" "Mozilla/5.0 (X11; Linux x86_64; rv:83.0) Gecko/20100101 Firefox/83.0"
159.223.87.4 - - [07/May/2025:18:34:51 -0400] "GET /log.php HTTP/1.1" 500 271 "-" "Mozilla/5.0 (X11; Linux x86_64; rv:83.0) Gecko/20100101 Firefox/83.0"
198.204.226.18 - - [07/May/2025:18:34:51 -0400] "GET /wp-content/install.php HTTP/1.1" 200 10 "http://jenniferflo.com/wp-content/install.php" "Mozilla/5.0 (Windows NT 10.0; Win64; x64) AppleWebKit/537.36 (KHTML, like Gecko) Chrome/58.0.3029.110 Safari/537.3"
159.223.87.4 - - [07/May/2025:18:34:54 -0400] "GET /index.php HTTP/1.1" 500 271 "-" "Mozilla/5.0 (X11; Linux x86_64; rv:83.0) Gecko/20100101 Firefox/83.0"
159.223.87.4 - - [07/May/2025:18:34:57 -0400] "GET /mail.php HTTP/1.1" 500 271 "-" "Mozilla/5.0 (X11; Linux x86_64; rv:83.0) Gecko/20100101 Firefox/83.0"
159.223.87.4 - - [07/May/2025:18:35:00 -0400] "GET /lufix.php HTTP/1.1" 500 271 "-" "Mozilla/5.0 (X11; Linux x86_64; rv:83.0) Gecko/20100101 Firefox/83.0"
159.223.87.4 - - [07/May/2025:18:35:04 -0400] "GET /doc.php HTTP/1.1" 500 271 "-" "Mozilla/5.0 (X11; Linux x86_64; rv:83.0) Gecko/20100101 Firefox/83.0"
198.204.226.18 - - [07/May/2025:18:34:54 -0400] "GET /wp-content/install.php HTTP/1.1" 200 0 "http://jenniferflo.com/wp-content/install.php" "Mozilla/5.0 (Windows NT 10.0; Win64; x64) AppleWebKit/537.36 (KHTML, like Gecko) Chrome/58.0.3029.110 Safari/537.3"
198.204.226.18 - - [07/May/2025:18:35:05 -0400] "GET /wp-content/install.php HTTP/1.1" 200 10 "http://jenniferflo.com/wp-content/install.php" "Mozilla/5.0 (Windows NT 10.0; Win64; x64) AppleWebKit/537.36 (KHTML, like Gecko) Chrome/58.0.3029.110 Safari/537.3"
159.223.87.4 - - [07/May/2025:18:35:07 -0400] "GET /bak.php HTTP/1.1" 500 271 "-" "Mozilla/5.0 (X11; Linux x86_64; rv:83.0) Gecko/20100101 Firefox/83.0"
198.204.226.18 - - [07/May/2025:18:35:08 -0400] "GET /wp-content/install.php HTTP/1.1" 200 10 "http://jenniferflo.com/wp-content/install.php" "Mozilla/5.0 (Windows NT 10.0; Win64; x64) AppleWebKit/537.36 (KHTML, like Gecko) Chrome/58.0.3029.110 Safari/537.3"
159.223.87.4 - - [07/May/2025:18:35:10 -0400] "GET /content.php HTTP/1.1" 500 271 "-" "Mozilla/5.0 (X11; Linux x86_64; rv:83.0) Gecko/20100101 Firefox/83.0"
159.223.87.4 - - [07/May/2025:18:35:13 -0400] "GET /upfile.php HTTP/1.1" 500 271 "-" "Mozilla/5.0 (X11; Linux x86_64; rv:83.0) Gecko/20100101 Firefox/83.0"
159.223.87.4 - - [07/May/2025:18:35:16 -0400] "GET /wp.php HTTP/1.1" 500 271 "-" "Mozilla/5.0 (X11; Linux x86_64; rv:83.0) Gecko/20100101 Firefox/83.0"
159.223.87.4 - - [07/May/2025:18:35:20 -0400] "GET /wp-conflg.php HTTP/1.1" 500 271 "-" "Mozilla/5.0 (X11; Linux x86_64; rv:83.0) Gecko/20100101 Firefox/83.0"
159.223.87.4 - - [07/May/2025:18:35:22 -0400] "GET /bypass.php HTTP/1.1" 500 271 "-" "Mozilla/5.0 (X11; Linux x86_64; rv:83.0) Gecko/20100101 Firefox/83.0"
198.204.226.18 - - [07/May/2025:18:35:23 -0400] "GET /wp-content/install.php HTTP/1.1" 200 10 "http://jenniferflo.com/wp-content/install.php" "Mozilla/5.0 (Windows NT 10.0; Win64; x64) AppleWebKit/537.36 (KHTML, like Gecko) Chrome/58.0.3029.110 Safari/537.3"
159.223.87.4 - - [07/May/2025:18:35:25 -0400] "GET /wp-activate.php HTTP/1.1" 500 271 "-" "Mozilla/5.0 (X11; Linux x86_64; rv:83.0) Gecko/20100101 Firefox/83.0"
159.223.87.4 - - [07/May/2025:18:35:28 -0400] "GET /404.php HTTP/1.1" 500 271 "-" "Mozilla/5.0 (X11; Linux x86_64; rv:83.0) Gecko/20100101 Firefox/83.0"
159.223.87.4 - - [07/May/2025:18:35:30 -0400] "GET /updates.php HTTP/1.1" 500 271 "-" "Mozilla/5.0 (X11; Linux x86_64; rv:83.0) Gecko/20100101 Firefox/83.0"
159.223.87.4 - - [07/May/2025:18:35:33 -0400] "GET /radio.php HTTP/1.1" 500 271 "-" "Mozilla/5.0 (X11; Linux x86_64; rv:83.0) Gecko/20100101 Firefox/83.0"
159.223.87.4 - - [07/May/2025:18:35:35 -0400] "GET /plugins.php HTTP/1.1" 200 248 "-" "Mozilla/5.0 (X11; Linux x86_64; rv:83.0) Gecko/20100101 Firefox/83.0"
159.223.87.4 - - [07/May/2025:18:35:36 -0400] "GET /xmrlpc.php HTTP/1.1" 500 271 "-" "Mozilla/5.0 (X11; Linux x86_64; rv:83.0) Gecko/20100101 Firefox/83.0"
198.204.226.18 - - [07/May/2025:18:35:36 -0400] "GET /wp-content/install.php HTTP/1.1" 200 10 "http://jenniferflo.com/wp-content/install.php" "Mozilla/5.0 (Windows NT 10.0; Win64; x64) AppleWebKit/537.36 (KHTML, like Gecko) Chrome/58.0.3029.110 Safari/537.3"
159.223.87.4 - - [07/May/2025:18:35:37 -0400] "GET /ae.php HTTP/1.1" 500 271 "-" "Mozilla/5.0 (X11; Linux x86_64; rv:83.0) Gecko/20100101 Firefox/83.0"
159.223.87.4 - - [07/May/2025:18:35:39 -0400] "GET /moon.php HTTP/1.1" 500 271 "-" "Mozilla/5.0 (X11; Linux x86_64; rv:83.0) Gecko/20100101 Firefox/83.0"
159.223.87.4 - - [07/May/2025:18:35:42 -0400] "GET /blog.php HTTP/1.1" 500 271 "-" "Mozilla/5.0 (X11; Linux x86_64; rv:83.0) Gecko/20100101 Firefox/83.0"
159.223.87.4 - - [07/May/2025:18:35:44 -0400] "GET /themes.php HTTP/1.1" 500 271 "-" "Mozilla/5.0 (X11; Linux x86_64; rv:83.0) Gecko/20100101 Firefox/83.0"
159.223.87.4 - - [07/May/2025:18:35:45 -0400] "GET /ini.php HTTP/1.1" 500 271 "-" "Mozilla/5.0 (X11; Linux x86_64; rv:83.0) Gecko/20100101 Firefox/83.0"
159.223.87.4 - - [07/May/2025:18:35:46 -0400] "GET /as.php HTTP/1.1" 500 271 "-" "Mozilla/5.0 (X11; Linux x86_64; rv:83.0) Gecko/20100101 Firefox/83.0"
69.197.135.226 - - [07/May/2025:18:35:49 -0400] "GET /wp-includes/install.php HTTP/1.1" 200 10 "http://jenniferflo.com/wp-includes/install.php" "Mozilla/5.0 (Windows NT 10.0; Win64; x64) AppleWebKit/537.36 (KHTML, like Gecko) Chrome/58.0.3029.110 Safari/537.3"
159.223.87.4 - - [07/May/2025:18:35:49 -0400] "GET /shell.php HTTP/1.1" 500 271 "-" "Mozilla/5.0 (X11; Linux x86_64; rv:83.0) Gecko/20100101 Firefox/83.0"
69.197.135.226 - - [07/May/2025:18:35:52 -0400] "GET /wp-includes/install.php HTTP/1.1" 200 10 "http://jenniferflo.com/wp-includes/install.php" "Mozilla/5.0 (Windows NT 10.0; Win64; x64) AppleWebKit/537.36 (KHTML, like Gecko) Chrome/58.0.3029.110 Safari/537.3"
159.223.87.4 - - [07/May/2025:18:35:52 -0400] "GET /ws.php HTTP/1.1" 500 271 "-" "Mozilla/5.0 (X11; Linux x86_64; rv:83.0) Gecko/20100101 Firefox/83.0"
159.223.87.4 - - [07/May/2025:18:35:55 -0400] "GET /dropdown.php HTTP/1.1" 500 271 "-" "Mozilla/5.0 (X11; Linux x86_64; rv:83.0) Gecko/20100101 Firefox/83.0"
198.204.226.18 - - [07/May/2025:18:35:58 -0400] "GET /wp-content/install.php HTTP/1.1" 200 10 "http://jenniferflo.com/wp-content/install.php" "Mozilla/5.0 (Windows NT 10.0; Win64; x64) AppleWebKit/537.36 (KHTML, like Gecko) Chrome/58.0.3029.110 Safari/537.3"
159.223.87.4 - - [07/May/2025:18:35:58 -0400] "GET /makeasmtp.php HTTP/1.1" 500 271 "-" "Mozilla/5.0 (X11; Linux x86_64; rv:83.0) Gecko/20100101 Firefox/83.0"
159.223.87.4 - - [07/May/2025:18:36:01 -0400] "GET /wp-sigunq.php HTTP/1.1" 500 271 "-" "Mozilla/5.0 (X11; Linux x86_64; rv:83.0) Gecko/20100101 Firefox/83.0"
47.242.230.146 - - [07/May/2025:18:36:02 -0400] "GET /invisible/a5?pid=133 HTTP/1.1" 500 271 "-" "Mozilla/5.0 (Macintosh; Intel Mac OS X 10_15_7) AppleWebKit/537.36 (KHTML, like Gecko) Chrome/109.0.0.0 Safari/537.36"
159.223.87.4 - - [07/May/2025:18:36:03 -0400] "GET /wso112233.php HTTP/1.1" 500 271 "-" "Mozilla/5.0 (X11; Linux x86_64; rv:83.0) Gecko/20100101 Firefox/83.0"
159.223.87.4 - - [07/May/2025:18:36:05 -0400] "GET /wp-atom.php HTTP/1.1" 500 271 "-" "Mozilla/5.0 (X11; Linux x86_64; rv:83.0) Gecko/20100101 Firefox/83.0"
159.223.87.4 - - [07/May/2025:18:36:07 -0400] "GET /alfanew.php HTTP/1.1" 500 271 "-" "Mozilla/5.0 (X11; Linux x86_64; rv:83.0) Gecko/20100101 Firefox/83.0"
159.223.87.4 - - [07/May/2025:18:36:09 -0400] "GET /fw.php HTTP/1.1" 500 271 "-" "Mozilla/5.0 (X11; Linux x86_64; rv:83.0) Gecko/20100101 Firefox/83.0"
159.223.87.4 - - [07/May/2025:18:36:12 -0400] "GET /install.php HTTP/1.1" 500 271 "-" "Mozilla/5.0 (X11; Linux x86_64; rv:83.0) Gecko/20100101 Firefox/83.0"
159.223.87.4 - - [07/May/2025:18:36:15 -0400] "GET /wp-login.php HTTP/1.1" 500 271 "-" "Mozilla/5.0 (X11; Linux x86_64; rv:83.0) Gecko/20100101 Firefox/83.0"
159.223.87.4 - - [07/May/2025:18:36:18 -0400] "GET /WSO.php HTTP/1.1" 500 271 "-" "Mozilla/5.0 (X11; Linux x86_64; rv:83.0) Gecko/20100101 Firefox/83.0"
159.223.87.4 - - [07/May/2025:18:36:21 -0400] "GET /alfa.php HTTP/1.1" 500 271 "-" "Mozilla/5.0 (X11; Linux x86_64; rv:83.0) Gecko/20100101 Firefox/83.0"
159.223.87.4 - - [07/May/2025:18:36:23 -0400] "GET /Alfa.php HTTP/1.1" 500 271 "-" "Mozilla/5.0 (X11; Linux x86_64; rv:83.0) Gecko/20100101 Firefox/83.0"
159.223.87.4 - - [07/May/2025:18:36:25 -0400] "GET /mini.php HTTP/1.1" 500 271 "-" "Mozilla/5.0 (X11; Linux x86_64; rv:83.0) Gecko/20100101 Firefox/83.0"
159.223.87.4 - - [07/May/2025:18:36:26 -0400] "GET /alfa2024.php HTTP/1.1" 500 271 "-" "Mozilla/5.0 (X11; Linux x86_64; rv:83.0) Gecko/20100101 Firefox/83.0"
159.223.87.4 - - [07/May/2025:18:36:27 -0400] "GET /up.php HTTP/1.1" 500 271 "-" "Mozilla/5.0 (X11; Linux x86_64; rv:83.0) Gecko/20100101 Firefox/83.0"
159.223.87.4 - - [07/May/2025:18:36:27 -0400] "GET /dcs.php HTTP/1.1" 500 271 "-" "Mozilla/5.0 (X11; Linux x86_64; rv:83.0) Gecko/20100101 Firefox/83.0"
159.223.87.4 - - [07/May/2025:18:36:30 -0400] "GET /DCS.php HTTP/1.1" 500 271 "-" "Mozilla/5.0 (X11; Linux x86_64; rv:83.0) Gecko/20100101 Firefox/83.0"
57.141.6.10 - - [07/May/2025:18:36:33 -0400] "GET /?_g=13692949 HTTP/1.1" 500 360 "-" "meta-externalagent/1.1 (+https://developers.facebook.com/docs/sharing/webmasters/crawler)"
159.223.87.4 - - [07/May/2025:18:36:34 -0400] "GET /b374k.php HTTP/1.1" 500 271 "-" "Mozilla/5.0 (X11; Linux x86_64; rv:83.0) Gecko/20100101 Firefox/83.0"
57.141.6.15 - - [07/May/2025:18:36:34 -0400] "GET /?_g=26118349 HTTP/1.1" 500 360 "-" "meta-externalagent/1.1 (+https://developers.facebook.com/docs/sharing/webmasters/crawler)"
159.223.87.4 - - [07/May/2025:18:36:37 -0400] "GET /idx.php HTTP/1.1" 500 271 "-" "Mozilla/5.0 (X11; Linux x86_64; rv:83.0) Gecko/20100101 Firefox/83.0"
159.223.87.4 - - [07/May/2025:18:36:40 -0400] "GET /shel.php HTTP/1.1" 500 271 "-" "Mozilla/5.0 (X11; Linux x86_64; rv:83.0) Gecko/20100101 Firefox/83.0"
159.223.87.4 - - [07/May/2025:18:36:43 -0400] "GET /ganteng.php HTTP/1.1" 500 271 "-" "Mozilla/5.0 (X11; Linux x86_64; rv:83.0) Gecko/20100101 Firefox/83.0"
159.223.87.4 - - [07/May/2025:18:36:44 -0400] "GET /evil.php HTTP/1.1" 500 271 "-" "Mozilla/5.0 (X11; Linux x86_64; rv:83.0) Gecko/20100101 Firefox/83.0"
159.223.87.4 - - [07/May/2025:18:36:46 -0400] "GET /eviltwin.php HTTP/1.1" 500 271 "-" "Mozilla/5.0 (X11; Linux x86_64; rv:83.0) Gecko/20100101 Firefox/83.0"
159.223.87.4 - - [07/May/2025:18:36:48 -0400] "GET /ids.php HTTP/1.1" 500 271 "-" "Mozilla/5.0 (X11; Linux x86_64; rv:83.0) Gecko/20100101 Firefox/83.0"
159.223.87.4 - - [07/May/2025:18:36:50 -0400] "GET /indosec.php HTTP/1.1" 500 271 "-" "Mozilla/5.0 (X11; Linux x86_64; rv:83.0) Gecko/20100101 Firefox/83.0"
47.82.61.246 - - [07/May/2025:18:36:52 -0400] "GET /news/page/2/ HTTP/1.1" 500 271 "http://jenniferflo.com/news/page/2/" "Mozilla/5.0 (Windows NT 10.0; Win64; x64) AppleWebKit/537.36 (KHTML, like Gecko) Chrome/114.0.0.0 Safari/537.36 Edg/114.0.1823.43"
159.223.87.4 - - [07/May/2025:18:36:53 -0400] "GET /marijuana.php HTTP/1.1" 500 271 "-" "Mozilla/5.0 (X11; Linux x86_64; rv:83.0) Gecko/20100101 Firefox/83.0"
159.223.87.4 - - [07/May/2025:18:36:55 -0400] "GET /marjan.php HTTP/1.1" 500 271 "-" "Mozilla/5.0 (X11; Linux x86_64; rv:83.0) Gecko/20100101 Firefox/83.0"
159.223.87.4 - - [07/May/2025:18:36:58 -0400] "GET /indoxploit.php HTTP/1.1" 500 271 "-" "Mozilla/5.0 (X11; Linux x86_64; rv:83.0) Gecko/20100101 Firefox/83.0"
159.223.87.4 - - [07/May/2025:18:37:00 -0400] "GET /webadmin.php HTTP/1.1" 500 271 "-" "Mozilla/5.0 (X11; Linux x86_64; rv:83.0) Gecko/20100101 Firefox/83.0"
47.238.13.1 - - [07/May/2025:18:37:02 -0400] "GET /within/j93?pid=807 HTTP/1.1" 500 271 "-" "Mozilla/5.0 (Macintosh; Intel Mac OS X 10_15_7) AppleWebKit/537.36 (KHTML, like Gecko) Chrome/109.0.0.0 Safari/537.36"
159.223.87.4 - - [07/May/2025:18:37:02 -0400] "GET /x.php HTTP/1.1" 500 271 "-" "Mozilla/5.0 (X11; Linux x86_64; rv:83.0) Gecko/20100101 Firefox/83.0"
159.223.87.4 - - [07/May/2025:18:37:04 -0400] "GET /up.phtml HTTP/1.1" 500 271 "-" "Mozilla/5.0 (X11; Linux x86_64; rv:83.0) Gecko/20100101 Firefox/83.0"
159.223.87.4 - - [07/May/2025:18:37:06 -0400] "GET /Alfa.phtml HTTP/1.1" 500 271 "-" "Mozilla/5.0 (X11; Linux x86_64; rv:83.0) Gecko/20100101 Firefox/83.0"
159.223.87.4 - - [07/May/2025:18:37:09 -0400] "GET /alfa.phtml HTTP/1.1" 500 271 "-" "Mozilla/5.0 (X11; Linux x86_64; rv:83.0) Gecko/20100101 Firefox/83.0"
159.223.87.4 - - [07/May/2025:18:37:12 -0400] "GET /shell.phtml HTTP/1.1" 500 271 "-" "Mozilla/5.0 (X11; Linux x86_64; rv:83.0) Gecko/20100101 Firefox/83.0"
159.223.87.4 - - [07/May/2025:18:37:14 -0400] "GET /shel.phtml HTTP/1.1" 500 271 "-" "Mozilla/5.0 (X11; Linux x86_64; rv:83.0) Gecko/20100101 Firefox/83.0"
159.223.87.4 - - [07/May/2025:18:37:19 -0400] "GET /403.phtml HTTP/1.1" 500 271 "-" "Mozilla/5.0 (X11; Linux x86_64; rv:83.0) Gecko/20100101 Firefox/83.0"
159.223.87.4 - - [07/May/2025:18:37:19 -0400] "GET /x.phtml HTTP/1.1" 500 271 "-" "Mozilla/5.0 (X11; Linux x86_64; rv:83.0) Gecko/20100101 Firefox/83.0"
159.223.87.4 - - [07/May/2025:18:37:20 -0400] "GET /marijuana.phtml HTTP/1.1" 500 271 "-" "Mozilla/5.0 (X11; Linux x86_64; rv:83.0) Gecko/20100101 Firefox/83.0"
159.223.87.4 - - [07/May/2025:18:37:23 -0400] "GET /up.php5 HTTP/1.1" 500 271 "-" "Mozilla/5.0 (X11; Linux x86_64; rv:83.0) Gecko/20100101 Firefox/83.0"
159.223.87.4 - - [07/May/2025:18:37:25 -0400] "GET /up.php7 HTTP/1.1" 500 270 "-" "Mozilla/5.0 (X11; Linux x86_64; rv:83.0) Gecko/20100101 Firefox/83.0"
159.223.87.4 - - [07/May/2025:18:37:26 -0400] "GET /upload.php HTTP/1.1" 500 271 "-" "Mozilla/5.0 (X11; Linux x86_64; rv:83.0) Gecko/20100101 Firefox/83.0"
159.223.87.4 - - [07/May/2025:18:37:28 -0400] "GET /idx.phtml HTTP/1.1" 500 271 "-" "Mozilla/5.0 (X11; Linux x86_64; rv:83.0) Gecko/20100101 Firefox/83.0"
159.223.87.4 - - [07/May/2025:18:37:30 -0400] "GET /bypass.phtml HTTP/1.1" 500 271 "-" "Mozilla/5.0 (X11; Linux x86_64; rv:83.0) Gecko/20100101 Firefox/83.0"
159.223.87.4 - - [07/May/2025:18:37:33 -0400] "GET /bypass.php5 HTTP/1.1" 500 271 "-" "Mozilla/5.0 (X11; Linux x86_64; rv:83.0) Gecko/20100101 Firefox/83.0"
159.223.87.4 - - [07/May/2025:18:37:34 -0400] "GET /bypass.php7 HTTP/1.1" 500 270 "-" "Mozilla/5.0 (X11; Linux x86_64; rv:83.0) Gecko/20100101 Firefox/83.0"
159.223.87.4 - - [07/May/2025:18:37:37 -0400] "GET /ganteng.phtml HTTP/1.1" 500 271 "-" "Mozilla/5.0 (X11; Linux x86_64; rv:83.0) Gecko/20100101 Firefox/83.0"
159.223.87.4 - - [07/May/2025:18:37:39 -0400] "GET /ganteng.php5 HTTP/1.1" 500 271 "-" "Mozilla/5.0 (X11; Linux x86_64; rv:83.0) Gecko/20100101 Firefox/83.0"
159.223.87.4 - - [07/May/2025:18:37:42 -0400] "GET /gelay.php HTTP/1.1" 500 271 "-" "Mozilla/5.0 (X11; Linux x86_64; rv:83.0) Gecko/20100101 Firefox/83.0"
159.223.87.4 - - [07/May/2025:18:37:43 -0400] "GET /priv.php HTTP/1.1" 500 271 "-" "Mozilla/5.0 (X11; Linux x86_64; rv:83.0) Gecko/20100101 Firefox/83.0"
57.141.6.1 - - [07/May/2025:18:37:45 -0400] "GET /?_g=16046172 HTTP/1.1" 500 360 "-" "meta-externalagent/1.1 (+https://developers.facebook.com/docs/sharing/webmasters/crawler)"
159.223.87.4 - - [07/May/2025:18:37:46 -0400] "GET /priv8.php HTTP/1.1" 500 270 "-" "Mozilla/5.0 (X11; Linux x86_64; rv:83.0) Gecko/20100101 Firefox/83.0"
159.223.87.4 - - [07/May/2025:18:37:49 -0400] "GET /Priv.php HTTP/1.1" 500 271 "-" "Mozilla/5.0 (X11; Linux x86_64; rv:83.0) Gecko/20100101 Firefox/83.0"
159.223.87.4 - - [07/May/2025:18:37:51 -0400] "GET /Priv8.php HTTP/1.1" 500 271 "-" "Mozilla/5.0 (X11; Linux x86_64; rv:83.0) Gecko/20100101 Firefox/83.0"
159.223.87.4 - - [07/May/2025:18:37:53 -0400] "GET /hacker.php HTTP/1.1" 500 271 "-" "Mozilla/5.0 (X11; Linux x86_64; rv:83.0) Gecko/20100101 Firefox/83.0"
159.223.87.4 - - [07/May/2025:18:37:55 -0400] "GET /hacked.php HTTP/1.1" 500 271 "-" "Mozilla/5.0 (X11; Linux x86_64; rv:83.0) Gecko/20100101 Firefox/83.0"
159.223.87.4 - - [07/May/2025:18:37:56 -0400] "GET /hekel.php HTTP/1.1" 500 271 "-" "Mozilla/5.0 (X11; Linux x86_64; rv:83.0) Gecko/20100101 Firefox/83.0"
159.223.87.4 - - [07/May/2025:18:37:57 -0400] "GET /heker.php HTTP/1.1" 500 271 "-" "Mozilla/5.0 (X11; Linux x86_64; rv:83.0) Gecko/20100101 Firefox/83.0"
159.223.87.4 - - [07/May/2025:18:37:57 -0400] "GET /sea.php HTTP/1.1" 500 271 "-" "Mozilla/5.0 (X11; Linux x86_64; rv:83.0) Gecko/20100101 Firefox/83.0"
159.223.87.4 - - [07/May/2025:18:37:58 -0400] "GET /web.php HTTP/1.1" 500 271 "-" "Mozilla/5.0 (X11; Linux x86_64; rv:83.0) Gecko/20100101 Firefox/83.0"
159.223.87.4 - - [07/May/2025:18:37:58 -0400] "GET /root.php HTTP/1.1" 500 271 "-" "Mozilla/5.0 (X11; Linux x86_64; rv:83.0) Gecko/20100101 Firefox/83.0"
159.223.87.4 - - [07/May/2025:18:37:59 -0400] "GET /r00t.php HTTP/1.1" 500 271 "-" "Mozilla/5.0 (X11; Linux x86_64; rv:83.0) Gecko/20100101 Firefox/83.0"
159.223.87.4 - - [07/May/2025:18:37:59 -0400] "GET /wp-config.php HTTP/1.1" 403 1242 "-" "Mozilla/5.0 (X11; Linux x86_64; rv:83.0) Gecko/20100101 Firefox/83.0"
159.223.87.4 - - [07/May/2025:18:37:59 -0400] "GET /1.php HTTP/1.1" 500 271 "-" "Mozilla/5.0 (X11; Linux x86_64; rv:83.0) Gecko/20100101 Firefox/83.0"
159.223.87.4 - - [07/May/2025:18:37:59 -0400] "GET /2.php HTTP/1.1" 500 271 "-" "Mozilla/5.0 (X11; Linux x86_64; rv:83.0) Gecko/20100101 Firefox/83.0"
159.223.87.4 - - [07/May/2025:18:38:00 -0400] "GET /3.php HTTP/1.1" 500 271 "-" "Mozilla/5.0 (X11; Linux x86_64; rv:83.0) Gecko/20100101 Firefox/83.0"
198.204.226.18 - - [07/May/2025:18:38:00 -0400] "GET /wp-content/install.php HTTP/1.1" 200 10 "http://jenniferflo.com/wp-content/install.php" "Mozilla/5.0 (Windows NT 10.0; Win64; x64) AppleWebKit/537.36 (KHTML, like Gecko) Chrome/58.0.3029.110 Safari/537.3"
159.223.87.4 - - [07/May/2025:18:38:01 -0400] "GET /4.php HTTP/1.1" 500 271 "-" "Mozilla/5.0 (X11; Linux x86_64; rv:83.0) Gecko/20100101 Firefox/83.0"
159.223.87.4 - - [07/May/2025:18:38:01 -0400] "GET /5.php HTTP/1.1" 500 271 "-" "Mozilla/5.0 (X11; Linux x86_64; rv:83.0) Gecko/20100101 Firefox/83.0"
159.223.87.4 - - [07/May/2025:18:38:02 -0400] "GET /6.php HTTP/1.1" 500 271 "-" "Mozilla/5.0 (X11; Linux x86_64; rv:83.0) Gecko/20100101 Firefox/83.0"
159.223.87.4 - - [07/May/2025:18:38:03 -0400] "GET /7.php HTTP/1.1" 500 271 "-" "Mozilla/5.0 (X11; Linux x86_64; rv:83.0) Gecko/20100101 Firefox/83.0"
159.223.87.4 - - [07/May/2025:18:38:04 -0400] "GET /8.php HTTP/1.1" 500 271 "-" "Mozilla/5.0 (X11; Linux x86_64; rv:83.0) Gecko/20100101 Firefox/83.0"
159.223.87.4 - - [07/May/2025:18:38:06 -0400] "GET /9.php HTTP/1.1" 500 271 "-" "Mozilla/5.0 (X11; Linux x86_64; rv:83.0) Gecko/20100101 Firefox/83.0"
198.204.226.18 - - [07/May/2025:18:37:57 -0400] "GET /wp-content/install.php HTTP/1.1" 200 0 "http://jenniferflo.com/wp-content/install.php" "Mozilla/5.0 (Windows NT 10.0; Win64; x64) AppleWebKit/537.36 (KHTML, like Gecko) Chrome/58.0.3029.110 Safari/537.3"
159.223.87.4 - - [07/May/2025:18:38:07 -0400] "GET /10.php HTTP/1.1" 500 271 "-" "Mozilla/5.0 (X11; Linux x86_64; rv:83.0) Gecko/20100101 Firefox/83.0"
159.223.87.4 - - [07/May/2025:18:38:09 -0400] "GET /11.php HTTP/1.1" 500 271 "-" "Mozilla/5.0 (X11; Linux x86_64; rv:83.0) Gecko/20100101 Firefox/83.0"
159.223.87.4 - - [07/May/2025:18:38:09 -0400] "GET /12.php HTTP/1.1" 500 271 "-" "Mozilla/5.0 (X11; Linux x86_64; rv:83.0) Gecko/20100101 Firefox/83.0"
159.223.87.4 - - [07/May/2025:18:38:10 -0400] "GET /13.php HTTP/1.1" 500 271 "-" "Mozilla/5.0 (X11; Linux x86_64; rv:83.0) Gecko/20100101 Firefox/83.0"
159.223.87.4 - - [07/May/2025:18:38:11 -0400] "GET /14.php HTTP/1.1" 500 271 "-" "Mozilla/5.0 (X11; Linux x86_64; rv:83.0) Gecko/20100101 Firefox/83.0"
159.223.87.4 - - [07/May/2025:18:38:11 -0400] "GET /15.php HTTP/1.1" 500 271 "-" "Mozilla/5.0 (X11; Linux x86_64; rv:83.0) Gecko/20100101 Firefox/83.0"
159.223.87.4 - - [07/May/2025:18:38:12 -0400] "GET /16.php HTTP/1.1" 500 271 "-" "Mozilla/5.0 (X11; Linux x86_64; rv:83.0) Gecko/20100101 Firefox/83.0"
159.223.87.4 - - [07/May/2025:18:38:12 -0400] "GET /17.php HTTP/1.1" 500 271 "-" "Mozilla/5.0 (X11; Linux x86_64; rv:83.0) Gecko/20100101 Firefox/83.0"
159.223.87.4 - - [07/May/2025:18:38:12 -0400] "GET /18.php HTTP/1.1" 500 271 "-" "Mozilla/5.0 (X11; Linux x86_64; rv:83.0) Gecko/20100101 Firefox/83.0"
159.223.87.4 - - [07/May/2025:18:38:16 -0400] "GET /19.php HTTP/1.1" 500 271 "-" "Mozilla/5.0 (X11; Linux x86_64; rv:83.0) Gecko/20100101 Firefox/83.0"
159.223.87.4 - - [07/May/2025:18:38:19 -0400] "GET /20.php HTTP/1.1" 500 271 "-" "Mozilla/5.0 (X11; Linux x86_64; rv:83.0) Gecko/20100101 Firefox/83.0"
159.223.87.4 - - [07/May/2025:18:38:20 -0400] "GET /21.php HTTP/1.1" 500 271 "-" "Mozilla/5.0 (X11; Linux x86_64; rv:83.0) Gecko/20100101 Firefox/83.0"
159.223.87.4 - - [07/May/2025:18:38:22 -0400] "GET /22.php HTTP/1.1" 500 271 "-" "Mozilla/5.0 (X11; Linux x86_64; rv:83.0) Gecko/20100101 Firefox/83.0"
159.223.87.4 - - [07/May/2025:18:38:26 -0400] "GET /23.php HTTP/1.1" 500 271 "-" "Mozilla/5.0 (X11; Linux x86_64; rv:83.0) Gecko/20100101 Firefox/83.0"
159.223.87.4 - - [07/May/2025:18:38:29 -0400] "GET /24.php HTTP/1.1" 500 271 "-" "Mozilla/5.0 (X11; Linux x86_64; rv:83.0) Gecko/20100101 Firefox/83.0"
159.223.87.4 - - [07/May/2025:18:38:32 -0400] "GET /25.php HTTP/1.1" 500 271 "-" "Mozilla/5.0 (X11; Linux x86_64; rv:83.0) Gecko/20100101 Firefox/83.0"
159.223.87.4 - - [07/May/2025:18:38:36 -0400] "GET /26.php HTTP/1.1" 500 271 "-" "Mozilla/5.0 (X11; Linux x86_64; rv:83.0) Gecko/20100101 Firefox/83.0"
159.223.87.4 - - [07/May/2025:18:38:38 -0400] "GET /27.php HTTP/1.1" 500 271 "-" "Mozilla/5.0 (X11; Linux x86_64; rv:83.0) Gecko/20100101 Firefox/83.0"
159.223.87.4 - - [07/May/2025:18:38:41 -0400] "GET /28.php HTTP/1.1" 500 271 "-" "Mozilla/5.0 (X11; Linux x86_64; rv:83.0) Gecko/20100101 Firefox/83.0"
57.141.6.7 - - [07/May/2025:18:38:43 -0400] "GET /?_g=12037194 HTTP/1.1" 500 360 "-" "meta-externalagent/1.1 (+https://developers.facebook.com/docs/sharing/webmasters/crawler)"
159.223.87.4 - - [07/May/2025:18:38:44 -0400] "GET /29.php HTTP/1.1" 500 271 "-" "Mozilla/5.0 (X11; Linux x86_64; rv:83.0) Gecko/20100101 Firefox/83.0"
159.223.87.4 - - [07/May/2025:18:38:47 -0400] "GET /30.php HTTP/1.1" 500 271 "-" "Mozilla/5.0 (X11; Linux x86_64; rv:83.0) Gecko/20100101 Firefox/83.0"
159.223.87.4 - - [07/May/2025:18:38:50 -0400] "GET /31.php HTTP/1.1" 500 271 "-" "Mozilla/5.0 (X11; Linux x86_64; rv:83.0) Gecko/20100101 Firefox/83.0"
159.223.87.4 - - [07/May/2025:18:38:53 -0400] "GET /32.php HTTP/1.1" 500 271 "-" "Mozilla/5.0 (X11; Linux x86_64; rv:83.0) Gecko/20100101 Firefox/83.0"
159.223.87.4 - - [07/May/2025:18:38:56 -0400] "GET /33.php HTTP/1.1" 500 271 "-" "Mozilla/5.0 (X11; Linux x86_64; rv:83.0) Gecko/20100101 Firefox/83.0"
159.223.87.4 - - [07/May/2025:18:38:58 -0400] "GET /34.php HTTP/1.1" 500 271 "-" "Mozilla/5.0 (X11; Linux x86_64; rv:83.0) Gecko/20100101 Firefox/83.0"
159.223.87.4 - - [07/May/2025:18:39:01 -0400] "GET /35.php HTTP/1.1" 500 271 "-" "Mozilla/5.0 (X11; Linux x86_64; rv:83.0) Gecko/20100101 Firefox/83.0"
159.223.87.4 - - [07/May/2025:18:39:04 -0400] "GET /36.php HTTP/1.1" 500 270 "-" "Mozilla/5.0 (X11; Linux x86_64; rv:83.0) Gecko/20100101 Firefox/83.0"
159.223.87.4 - - [07/May/2025:18:39:06 -0400] "GET /37.php HTTP/1.1" 500 271 "-" "Mozilla/5.0 (X11; Linux x86_64; rv:83.0) Gecko/20100101 Firefox/83.0"
159.223.87.4 - - [07/May/2025:18:39:08 -0400] "GET /38.php HTTP/1.1" 500 271 "-" "Mozilla/5.0 (X11; Linux x86_64; rv:83.0) Gecko/20100101 Firefox/83.0"
159.223.87.4 - - [07/May/2025:18:39:10 -0400] "GET /39.php HTTP/1.1" 500 271 "-" "Mozilla/5.0 (X11; Linux x86_64; rv:83.0) Gecko/20100101 Firefox/83.0"
159.223.87.4 - - [07/May/2025:18:39:12 -0400] "GET /40.php HTTP/1.1" 500 271 "-" "Mozilla/5.0 (X11; Linux x86_64; rv:83.0) Gecko/20100101 Firefox/83.0"
159.223.87.4 - - [07/May/2025:18:39:15 -0400] "GET /41.php HTTP/1.1" 500 271 "-" "Mozilla/5.0 (X11; Linux x86_64; rv:83.0) Gecko/20100101 Firefox/83.0"
159.223.87.4 - - [07/May/2025:18:39:18 -0400] "GET /42.php HTTP/1.1" 500 271 "-" "Mozilla/5.0 (X11; Linux x86_64; rv:83.0) Gecko/20100101 Firefox/83.0"
159.223.87.4 - - [07/May/2025:18:39:20 -0400] "GET /43.php HTTP/1.1" 500 271 "-" "Mozilla/5.0 (X11; Linux x86_64; rv:83.0) Gecko/20100101 Firefox/83.0"
159.223.87.4 - - [07/May/2025:18:39:24 -0400] "GET /44.php HTTP/1.1" 500 271 "-" "Mozilla/5.0 (X11; Linux x86_64; rv:83.0) Gecko/20100101 Firefox/83.0"
159.223.87.4 - - [07/May/2025:18:39:26 -0400] "GET /45.php HTTP/1.1" 500 271 "-" "Mozilla/5.0 (X11; Linux x86_64; rv:83.0) Gecko/20100101 Firefox/83.0"
159.223.87.4 - - [07/May/2025:18:39:29 -0400] "GET /46.php HTTP/1.1" 500 271 "-" "Mozilla/5.0 (X11; Linux x86_64; rv:83.0) Gecko/20100101 Firefox/83.0"
159.223.87.4 - - [07/May/2025:18:39:32 -0400] "GET /47.php HTTP/1.1" 500 271 "-" "Mozilla/5.0 (X11; Linux x86_64; rv:83.0) Gecko/20100101 Firefox/83.0"
159.223.87.4 - - [07/May/2025:18:39:35 -0400] "GET /48.php HTTP/1.1" 500 271 "-" "Mozilla/5.0 (X11; Linux x86_64; rv:83.0) Gecko/20100101 Firefox/83.0"
159.223.87.4 - - [07/May/2025:18:39:38 -0400] "GET /49.php HTTP/1.1" 500 271 "-" "Mozilla/5.0 (X11; Linux x86_64; rv:83.0) Gecko/20100101 Firefox/83.0"
198.204.226.18 - - [07/May/2025:18:39:39 -0400] "GET /wp-content/install.php HTTP/1.1" 200 10 "http://jenniferflo.com/wp-content/install.php" "Mozilla/5.0 (Windows NT 10.0; Win64; x64) AppleWebKit/537.36 (KHTML, like Gecko) Chrome/58.0.3029.110 Safari/537.3"
159.223.87.4 - - [07/May/2025:18:39:41 -0400] "GET /50.php HTTP/1.1" 500 271 "-" "Mozilla/5.0 (X11; Linux x86_64; rv:83.0) Gecko/20100101 Firefox/83.0"
159.223.87.4 - - [07/May/2025:18:39:43 -0400] "GET /kontol.php HTTP/1.1" 500 271 "-" "Mozilla/5.0 (X11; Linux x86_64; rv:83.0) Gecko/20100101 Firefox/83.0"
57.141.6.5 - - [07/May/2025:18:39:43 -0400] "GET /?_g=6051349 HTTP/1.1" 500 360 "-" "meta-externalagent/1.1 (+https://developers.facebook.com/docs/sharing/webmasters/crawler)"
159.223.87.4 - - [07/May/2025:18:39:44 -0400] "GET /memek.php HTTP/1.1" 500 271 "-" "Mozilla/5.0 (X11; Linux x86_64; rv:83.0) Gecko/20100101 Firefox/83.0"
198.204.226.18 - - [07/May/2025:18:39:33 -0400] "GET /wp-content/install.php HTTP/1.1" 200 0 "http://jenniferflo.com/wp-content/install.php" "Mozilla/5.0 (Windows NT 10.0; Win64; x64) AppleWebKit/537.36 (KHTML, like Gecko) Chrome/58.0.3029.110 Safari/537.3"
159.223.87.4 - - [07/May/2025:18:39:45 -0400] "GET /peju.php HTTP/1.1" 500 271 "-" "Mozilla/5.0 (X11; Linux x86_64; rv:83.0) Gecko/20100101 Firefox/83.0"
159.223.87.4 - - [07/May/2025:18:39:45 -0400] "GET /onion.php HTTP/1.1" 500 271 "-" "Mozilla/5.0 (X11; Linux x86_64; rv:83.0) Gecko/20100101 Firefox/83.0"
159.223.87.4 - - [07/May/2025:18:39:46 -0400] "GET /malay.php HTTP/1.1" 500 271 "-" "Mozilla/5.0 (X11; Linux x86_64; rv:83.0) Gecko/20100101 Firefox/83.0"
159.223.87.4 - - [07/May/2025:18:39:46 -0400] "GET /69.php HTTP/1.1" 500 271 "-" "Mozilla/5.0 (X11; Linux x86_64; rv:83.0) Gecko/20100101 Firefox/83.0"
159.223.87.4 - - [07/May/2025:18:39:47 -0400] "GET /crack.php HTTP/1.1" 500 271 "-" "Mozilla/5.0 (X11; Linux x86_64; rv:83.0) Gecko/20100101 Firefox/83.0"
159.223.87.4 - - [07/May/2025:18:39:48 -0400] "GET /hindi.php HTTP/1.1" 500 271 "-" "Mozilla/5.0 (X11; Linux x86_64; rv:83.0) Gecko/20100101 Firefox/83.0"
47.79.7.207 - - [07/May/2025:18:39:49 -0400] "GET /index.php/reduce-digital-eye-strain-using-20-20-20 HTTP/1.1" 500 271 "http://jenniferflo.com/index.php/reduce-digital-eye-strain-using-20-20-20" "Mozilla/5.0 (Windows NT 10.0; Win64; x64) AppleWebKit/537.36 (KHTML, like Gecko) Chrome/114.0.0.0 Safari/537.36 Edg/114.0.1823.43"
