13.79.56.24 - - [20/May/2025:14:30:31 -0400] "GET /wp-includes/css/wp-conflg.php HTTP/1.1" 500 360 "-" "-"
13.79.56.24 - - [20/May/2025:14:30:31 -0400] "GET /wp-admin/admin-post.php HTTP/1.1" 500 360 "-" "-"
13.79.56.24 - - [20/May/2025:14:30:31 -0400] "GET /wp-includes/html-api/chosen.php HTTP/1.1" 500 360 "-" "-"
13.79.56.24 - - [20/May/2025:14:30:32 -0400] "GET /wp-admin/includes/cong.php HTTP/1.1" 500 360 "-" "-"
13.79.56.24 - - [20/May/2025:14:30:32 -0400] "GET /wp-admin/network/shell.php HTTP/1.1" 500 360 "-" "-"
13.79.56.24 - - [20/May/2025:14:30:32 -0400] "GET /cgi-bin/upfile.php HTTP/1.1" 500 360 "-" "-"
13.79.56.24 - - [20/May/2025:14:30:32 -0400] "GET /wp-includes/images/smilies/wp-login.php HTTP/1.1" 500 360 "-" "-"
13.79.56.24 - - [20/May/2025:14:30:32 -0400] "GET /cong.php HTTP/1.1" 500 360 "-" "-"
13.79.56.24 - - [20/May/2025:14:30:32 -0400] "GET /wp-login.php HTTP/1.1" 500 360 "-" "-"
13.79.56.24 - - [20/May/2025:14:30:32 -0400] "GET /makeasmtp.php HTTP/1.1" 500 360 "-" "-"
13.79.56.24 - - [20/May/2025:14:30:32 -0400] "GET /wp-admin/css/colors/blue/lock.php HTTP/1.1" 500 360 "-" "-"
13.79.56.24 - - [20/May/2025:14:30:32 -0400] "GET /wp-content/plugins/pwnd/classwithtostring.php HTTP/1.1" 500 360 "-" "-"
13.79.56.24 - - [20/May/2025:14:30:32 -0400] "GET /wp-includes/Text/Diff/Renderer/about.php HTTP/1.1" 500 360 "-" "-"
13.79.56.24 - - [20/May/2025:14:30:33 -0400] "GET /13.php HTTP/1.1" 500 360 "-" "-"
13.79.56.24 - - [20/May/2025:14:30:33 -0400] "GET /wp-includes/sodium_compat/index.php HTTP/1.1" 500 360 "-" "-"
13.79.56.24 - - [20/May/2025:14:30:33 -0400] "GET /.well-known/cache-compat.php HTTP/1.1" 500 360 "-" "-"
13.79.56.24 - - [20/May/2025:14:30:33 -0400] "GET /wp-mail.php/wp-includes/ID3/rnEPv9.php HTTP/1.1" 500 360 "-" "-"
13.79.56.24 - - [20/May/2025:14:30:33 -0400] "GET /wp-includes/php-compat/content.php HTTP/1.1" 500 360 "-" "-"
13.79.56.24 - - [20/May/2025:14:30:33 -0400] "GET /admin/function.php HTTP/1.1" 500 360 "-" "-"
13.79.56.24 - - [20/May/2025:14:30:33 -0400] "GET /wp-includes/fonts/admin.php HTTP/1.1" 500 360 "-" "-"
13.79.56.24 - - [20/May/2025:14:30:33 -0400] "GET /doc.php HTTP/1.1" 500 360 "-" "-"
13.79.56.24 - - [20/May/2025:14:30:33 -0400] "GET /wp-includes/block-patterns/autoload_classmap.php HTTP/1.1" 500 1 "-" "-"
13.79.56.24 - - [20/May/2025:14:30:34 -0400] "GET /wp-includes/images/autoload_classmap.php HTTP/1.1" 500 360 "-" "-"
13.79.56.24 - - [20/May/2025:14:30:34 -0400] "GET /wp-includes/certificates/index.php HTTP/1.1" 500 360 "-" "-"
13.79.56.24 - - [20/May/2025:14:30:34 -0400] "GET /.well-known/pki-validation/wp-login.php HTTP/1.1" 404 1251 "-" "-"
13.79.56.24 - - [20/May/2025:14:30:34 -0400] "GET /css/install.php HTTP/1.1" 500 360 "-" "-"
13.79.56.24 - - [20/May/2025:14:30:34 -0400] "GET /wp-includes/theme-compat/wp-conflg.php/wp-content/plugins/google-seo-rank/index.php HTTP/1.1" 500 360 "-" "-"
13.79.56.24 - - [20/May/2025:14:30:34 -0400] "GET /xmrlpc.php HTTP/1.1" 500 360 "-" "-"
13.79.56.24 - - [20/May/2025:14:30:34 -0400] "GET /wp-admin/css/colors/classwithtostring.php HTTP/1.1" 500 360 "-" "-"
13.79.56.24 - - [20/May/2025:14:30:34 -0400] "GET /wp-includes/index.php HTTP/1.1" 500 1 "-" "-"
13.79.56.24 - - [20/May/2025:14:30:34 -0400] "GET /wp-includes/fonts/install.php HTTP/1.1" 500 360 "-" "-"
13.79.56.24 - - [20/May/2025:14:30:34 -0400] "GET /assets/edit.php HTTP/1.1" 500 360 "-" "-"
13.79.56.24 - - [20/May/2025:14:30:35 -0400] "GET /file.php HTTP/1.1" 500 360 "-" "-"
13.79.56.24 - - [20/May/2025:14:30:35 -0400] "GET /wp-admin/index.php HTTP/1.1" 500 360 "-" "-"
13.79.56.24 - - [20/May/2025:14:30:35 -0400] "GET /wp-includes/Text/Diff/Engine/wp-login.php HTTP/1.1" 500 360 "-" "-"
13.79.56.24 - - [20/May/2025:14:30:35 -0400] "GET /wp-admin/user/chosen.php HTTP/1.1" 500 360 "-" "-"
13.79.56.24 - - [20/May/2025:14:30:35 -0400] "GET /wp-content/uploads/wp-conflg.php HTTP/1.1" 500 360 "-" "-"
13.79.56.24 - - [20/May/2025:14:30:35 -0400] "GET /ok.php HTTP/1.1" 500 360 "-" "-"
13.79.56.24 - - [20/May/2025:14:30:35 -0400] "GET /wp-includes/IXR/alfa-rex.php HTTP/1.1" 500 360 "-" "-"
13.79.56.24 - - [20/May/2025:14:30:35 -0400] "GET /wp-admin/autoload_classmap.php HTTP/1.1" 500 360 "-" "-"
13.79.56.24 - - [20/May/2025:14:30:35 -0400] "GET /wp-includes/sodium_compat/src/index.php HTTP/1.1" 500 360 "-" "-"
13.79.56.24 - - [20/May/2025:14:30:36 -0400] "GET /wp-includes/block-patterns/about.php HTTP/1.1" 500 360 "-" "-"
13.79.56.24 - - [20/May/2025:14:30:36 -0400] "GET /wp-includes/css/alfa-rex.php HTTP/1.1" 500 360 "-" "-"
13.79.56.24 - - [20/May/2025:14:30:36 -0400] "GET /images/stories/admin-post.php HTTP/1.1" 403 1242 "-" "-"
198.204.226.18 - - [20/May/2025:14:31:40 -0400] "GET /wp-content/install.php HTTP/1.1" 200 10 "http://jenniferflo.com/wp-content/install.php" "Mozilla/5.0 (Windows NT 10.0; Win64; x64) AppleWebKit/537.36 (KHTML, like Gecko) Chrome/58.0.3029.110 Safari/537.3"
198.204.226.18 - - [20/May/2025:14:31:37 -0400] "GET /wp-content/install.php HTTP/1.1" 200 0 "http://jenniferflo.com/wp-content/install.php" "Mozilla/5.0 (Windows NT 10.0; Win64; x64) AppleWebKit/537.36 (KHTML, like Gecko) Chrome/58.0.3029.110 Safari/537.3"
198.204.226.18 - - [20/May/2025:14:31:54 -0400] "GET /wp-content/install.php HTTP/1.1" 200 10 "http://jenniferflo.com/wp-content/install.php" "Mozilla/5.0 (Windows NT 10.0; Win64; x64) AppleWebKit/537.36 (KHTML, like Gecko) Chrome/58.0.3029.110 Safari/537.3"
47.238.13.11 - - [20/May/2025:14:31:57 -0400] "GET /items/thlvf39/1604?key=spectrum HTTP/1.1" 500 21 "-" "Mozilla/5.0 (Macintosh; Intel Mac OS X 10_15_7) AppleWebKit/537.36 (KHTML, like Gecko) Chrome/109.0.0.0 Safari/537.36"
47.242.77.69 - - [20/May/2025:14:32:01 -0400] "GET /pages.php?products/130ys39101 HTTP/1.1" 200 10725 "-" "Mozilla/5.0 (Macintosh; Intel Mac OS X 10_15_7) AppleWebKit/537.36 (KHTML, like Gecko) Chrome/109.0.0.0 Safari/537.36"
8.210.8.206 - - [20/May/2025:14:32:06 -0400] "GET /items/yndcd7/962?key=track HTTP/1.1" 500 271 "-" "Mozilla/5.0 (Macintosh; Intel Mac OS X 10_15_7) AppleWebKit/537.36 (KHTML, like Gecko) Chrome/109.0.0.0 Safari/537.36"
47.238.13.8 - - [20/May/2025:14:32:16 -0400] "GET /pages.php?products/71me35868 HTTP/1.1" 200 9398 "-" "Mozilla/5.0 (Macintosh; Intel Mac OS X 10_15_7) AppleWebKit/537.36 (KHTML, like Gecko) Chrome/109.0.0.0 Safari/537.36"
212.11.64.144 - - [20/May/2025:14:32:27 -0400] "GET //sites/all/libraries/elfinder/files/un.php?f=f HTTP/1.1" 500 271 "http://jenniferflo.com/" "Mozilla/5.0 (Windows NT 10.0; Win64; x64) AppleWebKit/537.36 (KHTML, like Gecko) Chrome/121.0.0.0 Safari/537.36"
198.204.226.18 - - [20/May/2025:14:32:41 -0400] "GET /wp-content/install.php HTTP/1.1" 200 10 "http://jenniferflo.com/wp-content/install.php" "Mozilla/5.0 (Windows NT 10.0; Win64; x64) AppleWebKit/537.36 (KHTML, like Gecko) Chrome/58.0.3029.110 Safari/537.3"
47.238.13.16 - - [20/May/2025:14:33:22 -0400] "GET /rapid/i31?pid=743 HTTP/1.1" 500 271 "-" "Mozilla/5.0 (Macintosh; Intel Mac OS X 10_15_7) AppleWebKit/537.36 (KHTML, like Gecko) Chrome/109.0.0.0 Safari/537.36"
198.204.226.18 - - [20/May/2025:14:33:48 -0400] "GET /wp-content/install.php HTTP/1.1" 200 10 "http://jenniferflo.com/wp-content/install.php" "Mozilla/5.0 (Windows NT 10.0; Win64; x64) AppleWebKit/537.36 (KHTML, like Gecko) Chrome/58.0.3029.110 Safari/537.3"
198.204.226.18 - - [20/May/2025:14:34:15 -0400] "GET /wp-content/install.php HTTP/1.1" 200 10 "http://jenniferflo.com/wp-content/install.php" "Mozilla/5.0 (Windows NT 10.0; Win64; x64) AppleWebKit/537.36 (KHTML, like Gecko) Chrome/58.0.3029.110 Safari/537.3"
47.238.14.12 - - [20/May/2025:14:34:38 -0400] "GET /elephant/u36?pid=254 HTTP/1.1" 500 271 "-" "Mozilla/5.0 (Macintosh; Intel Mac OS X 10_15_7) AppleWebKit/537.36 (KHTML, like Gecko) Chrome/109.0.0.0 Safari/537.36"
198.204.226.18 - - [20/May/2025:14:34:47 -0400] "GET /wp-content/install.php HTTP/1.1" 200 10 "http://jenniferflo.com/wp-content/install.php" "Mozilla/5.0 (Windows NT 10.0; Win64; x64) AppleWebKit/537.36 (KHTML, like Gecko) Chrome/58.0.3029.110 Safari/537.3"
47.238.13.18 - - [20/May/2025:14:35:16 -0400] "GET /items/vzkun40/1131?key=fire HTTP/1.1" 500 271 "-" "Mozilla/5.0 (Macintosh; Intel Mac OS X 10_15_7) AppleWebKit/537.36 (KHTML, like Gecko) Chrome/109.0.0.0 Safari/537.36"
198.204.226.18 - - [20/May/2025:14:35:48 -0400] "GET /wp-content/install.php HTTP/1.1" 200 10 "http://jenniferflo.com/wp-content/install.php" "Mozilla/5.0 (Windows NT 10.0; Win64; x64) AppleWebKit/537.36 (KHTML, like Gecko) Chrome/58.0.3029.110 Safari/537.3"
212.11.64.144 - - [20/May/2025:14:36:21 -0400] "GET //.well-known/pki-validation/xmrlpc.php HTTP/1.1" 500 271 "http://jenniferflo.com/" "Mozilla/5.0 (Windows NT 10.0; Win64; x64) AppleWebKit/537.36 (KHTML, like Gecko) Chrome/121.0.0.0 Safari/537.36"
47.238.13.10 - - [20/May/2025:14:36:31 -0400] "GET /sitemap-subkey-2903.xml HTTP/1.1" 200 100825 "-" "Mozilla/5.0 (Macintosh; Intel Mac OS X 10_15_7) AppleWebKit/537.36 (KHTML, like Gecko) Chrome/109.0.0.0 Safari/537.36"
8.210.8.206 - - [20/May/2025:14:36:51 -0400] "GET /ten/e215?pid=983 HTTP/1.1" 500 271 "-" "Mozilla/5.0 (Macintosh; Intel Mac OS X 10_15_7) AppleWebKit/537.36 (KHTML, like Gecko) Chrome/109.0.0.0 Safari/537.36"
198.204.226.18 - - [20/May/2025:14:36:51 -0400] "GET /wp-content/install.php HTTP/1.1" 200 0 "http://jenniferflo.com/wp-content/install.php" "Mozilla/5.0 (Windows NT 10.0; Win64; x64) AppleWebKit/537.36 (KHTML, like Gecko) Chrome/58.0.3029.110 Safari/537.3"
47.238.13.4 - - [20/May/2025:14:38:48 -0400] "GET /sitemap-subkey-2242.xml HTTP/1.1" 200 99341 "-" "Mozilla/5.0 (Macintosh; Intel Mac OS X 10_15_7) AppleWebKit/537.36 (KHTML, like Gecko) Chrome/109.0.0.0 Safari/537.36"
198.204.226.18 - - [20/May/2025:14:38:54 -0400] "GET /wp-content/install.php HTTP/1.1" 200 10 "http://jenniferflo.com/wp-content/install.php" "Mozilla/5.0 (Windows NT 10.0; Win64; x64) AppleWebKit/537.36 (KHTML, like Gecko) Chrome/58.0.3029.110 Safari/537.3"
198.204.226.18 - - [20/May/2025:14:39:10 -0400] "GET /wp-content/install.php HTTP/1.1" 200 10 "http://jenniferflo.com/wp-content/install.php" "Mozilla/5.0 (Windows NT 10.0; Win64; x64) AppleWebKit/537.36 (KHTML, like Gecko) Chrome/58.0.3029.110 Safari/537.3"
47.238.13.13 - - [20/May/2025:14:39:40 -0400] "GET /196678556 HTTP/1.1" 500 271 "-" "Mozilla/5.0 (Macintosh; Intel Mac OS X 10_15_7) AppleWebKit/537.36 (KHTML, like Gecko) Chrome/109.0.0.0 Safari/537.36"
47.238.13.3 - - [20/May/2025:14:40:11 -0400] "GET /items/hkmsp1/22416?key=contractor HTTP/1.1" 500 271 "-" "Mozilla/5.0 (Macintosh; Intel Mac OS X 10_15_7) AppleWebKit/537.36 (KHTML, like Gecko) Chrome/109.0.0.0 Safari/537.36"
198.204.226.18 - - [20/May/2025:14:40:11 -0400] "GET /wp-content/install.php HTTP/1.1" 200 10 "http://jenniferflo.com/wp-content/install.php" "Mozilla/5.0 (Windows NT 10.0; Win64; x64) AppleWebKit/537.36 (KHTML, like Gecko) Chrome/58.0.3029.110 Safari/537.3"
212.11.64.144 - - [20/May/2025:14:40:17 -0400] "GET //break/cloud.php HTTP/1.1" 500 270 "http://jenniferflo.com/" "Mozilla/5.0 (Windows NT 10.0; Win64; x64) AppleWebKit/537.36 (KHTML, like Gecko) Chrome/121.0.0.0 Safari/537.36"
47.242.230.146 - - [20/May/2025:14:40:49 -0400] "GET /items/vzhwj108/44871?key=hug HTTP/1.1" 500 271 "-" "Mozilla/5.0 (Macintosh; Intel Mac OS X 10_15_7) AppleWebKit/537.36 (KHTML, like Gecko) Chrome/109.0.0.0 Safari/537.36"
47.238.13.16 - - [20/May/2025:14:40:49 -0400] "GET /items/lmywj16/32535?key=chapter HTTP/1.1" 500 271 "-" "Mozilla/5.0 (Macintosh; Intel Mac OS X 10_15_7) AppleWebKit/537.36 (KHTML, like Gecko) Chrome/109.0.0.0 Safari/537.36"
69.197.182.50 - - [20/May/2025:14:40:53 -0400] "GET /wp-includes/install.php HTTP/1.1" 200 10 "http://jenniferflo.com/wp-includes/install.php" "Mozilla/5.0 (Windows NT 10.0; Win64; x64) AppleWebKit/537.36 (KHTML, like Gecko) Chrome/58.0.3029.110 Safari/537.3"
47.238.13.9 - - [20/May/2025:14:41:01 -0400] "GET /sitemap-subkey-449.xml HTTP/1.1" 200 98838 "-" "Mozilla/5.0 (Macintosh; Intel Mac OS X 10_15_7) AppleWebKit/537.36 (KHTML, like Gecko) Chrome/109.0.0.0 Safari/537.36"
198.204.226.18 - - [20/May/2025:14:41:24 -0400] "GET /wp-content/install.php HTTP/1.1" 200 10 "http://jenniferflo.com/wp-content/install.php" "Mozilla/5.0 (Windows NT 10.0; Win64; x64) AppleWebKit/537.36 (KHTML, like Gecko) Chrome/58.0.3029.110 Safari/537.3"
198.204.226.18 - - [20/May/2025:14:41:20 -0400] "GET /wp-content/install.php HTTP/1.1" 200 0 "http://jenniferflo.com/wp-content/install.php" "Mozilla/5.0 (Windows NT 10.0; Win64; x64) AppleWebKit/537.36 (KHTML, like Gecko) Chrome/58.0.3029.110 Safari/537.3"
198.204.226.18 - - [20/May/2025:14:43:07 -0400] "GET /wp-content/install.php HTTP/1.1" 200 10 "http://jenniferflo.com/wp-content/install.php" "Mozilla/5.0 (Windows NT 10.0; Win64; x64) AppleWebKit/537.36 (KHTML, like Gecko) Chrome/58.0.3029.110 Safari/537.3"
47.238.13.11 - - [20/May/2025:14:43:10 -0400] "GET /sitemap-subkey-2365.xml HTTP/1.1" 200 99336 "-" "Mozilla/5.0 (Macintosh; Intel Mac OS X 10_15_7) AppleWebKit/537.36 (KHTML, like Gecko) Chrome/109.0.0.0 Safari/537.36"
198.204.226.18 - - [20/May/2025:14:43:04 -0400] "GET /wp-content/install.php HTTP/1.1" 200 0 "http://jenniferflo.com/wp-content/install.php" "Mozilla/5.0 (Windows NT 10.0; Win64; x64) AppleWebKit/537.36 (KHTML, like Gecko) Chrome/58.0.3029.110 Safari/537.3"
198.204.226.18 - - [20/May/2025:14:43:17 -0400] "GET /wp-content/install.php HTTP/1.1" 200 10 "http://jenniferflo.com/wp-content/install.php" "Mozilla/5.0 (Windows NT 10.0; Win64; x64) AppleWebKit/537.36 (KHTML, like Gecko) Chrome/58.0.3029.110 Safari/537.3"
47.238.13.11 - - [20/May/2025:14:43:26 -0400] "GET /search.php?items/011038702.html?srsltid=AfmBOoiqdFioceAuoRws952EZwzQkpSOwO4xwWoI1ZISP7KcB5gk HTTP/1.1" 200 11177 "-" "Mozilla/5.0 (Macintosh; Intel Mac OS X 10_15_7) AppleWebKit/537.36 (KHTML, like Gecko) Chrome/109.0.0.0 Safari/537.36"
212.11.64.144 - - [20/May/2025:14:44:13 -0400] "GET //wp-content/plugins/msltbow/index.php HTTP/1.1" 500 21 "http://jenniferflo.com/" "Mozilla/5.0 (Windows NT 10.0; Win64; x64) AppleWebKit/537.36 (KHTML, like Gecko) Chrome/121.0.0.0 Safari/537.36"
198.204.226.18 - - [20/May/2025:14:44:26 -0400] "GET /wp-content/install.php HTTP/1.1" 200 10 "http://jenniferflo.com/wp-content/install.php" "Mozilla/5.0 (Windows NT 10.0; Win64; x64) AppleWebKit/537.36 (KHTML, like Gecko) Chrome/58.0.3029.110 Safari/537.3"
198.204.226.18 - - [20/May/2025:14:44:47 -0400] "GET /wp-content/install.php HTTP/1.1" 200 10 "http://jenniferflo.com/wp-content/install.php" "Mozilla/5.0 (Windows NT 10.0; Win64; x64) AppleWebKit/537.36 (KHTML, like Gecko) Chrome/58.0.3029.110 Safari/537.3"
198.204.226.18 - - [20/May/2025:14:44:44 -0400] "GET /wp-content/install.php HTTP/1.1" 200 0 "http://jenniferflo.com/wp-content/install.php" "Mozilla/5.0 (Windows NT 10.0; Win64; x64) AppleWebKit/537.36 (KHTML, like Gecko) Chrome/58.0.3029.110 Safari/537.3"
47.238.13.15 - - [20/May/2025:14:44:58 -0400] "GET /items/vokyb16/695?key=undermine HTTP/1.1" 500 271 "-" "Mozilla/5.0 (Macintosh; Intel Mac OS X 10_15_7) AppleWebKit/537.36 (KHTML, like Gecko) Chrome/109.0.0.0 Safari/537.36"
198.204.226.18 - - [20/May/2025:14:45:04 -0400] "GET /wp-content/install.php HTTP/1.1" 200 10 "http://jenniferflo.com/wp-content/install.php" "Mozilla/5.0 (Windows NT 10.0; Win64; x64) AppleWebKit/537.36 (KHTML, like Gecko) Chrome/58.0.3029.110 Safari/537.3"
198.204.226.18 - - [20/May/2025:14:45:19 -0400] "GET /wp-content/install.php HTTP/1.1" 200 10 "http://jenniferflo.com/wp-content/install.php" "Mozilla/5.0 (Windows NT 10.0; Win64; x64) AppleWebKit/537.36 (KHTML, like Gecko) Chrome/58.0.3029.110 Safari/537.3"
69.197.182.50 - - [20/May/2025:14:47:00 -0400] "GET /wp-includes/install.php HTTP/1.1" 200 10 "http://jenniferflo.com/wp-includes/install.php" "Mozilla/5.0 (Windows NT 10.0; Win64; x64) AppleWebKit/537.36 (KHTML, like Gecko) Chrome/58.0.3029.110 Safari/537.3"
47.238.13.12 - - [20/May/2025:14:47:02 -0400] "GET /pages.php?product/M278?i=search&l=29770 HTTP/1.1" 200 9996 "-" "Mozilla/5.0 (Macintosh; Intel Mac OS X 10_15_7) AppleWebKit/537.36 (KHTML, like Gecko) Chrome/109.0.0.0 Safari/537.36"
198.204.226.18 - - [20/May/2025:14:47:05 -0400] "GET /wp-content/install.php HTTP/1.1" 200 10 "http://jenniferflo.com/wp-content/install.php" "Mozilla/5.0 (Windows NT 10.0; Win64; x64) AppleWebKit/537.36 (KHTML, like Gecko) Chrome/58.0.3029.110 Safari/537.3"
198.204.226.18 - - [20/May/2025:14:47:02 -0400] "GET /wp-content/install.php HTTP/1.1" 200 0 "http://jenniferflo.com/wp-content/install.php" "Mozilla/5.0 (Windows NT 10.0; Win64; x64) AppleWebKit/537.36 (KHTML, like Gecko) Chrome/58.0.3029.110 Safari/537.3"
47.238.13.12 - - [20/May/2025:14:47:22 -0400] "GET /membership/z24?pid=82 HTTP/1.1" 500 271 "-" "Mozilla/5.0 (Macintosh; Intel Mac OS X 10_15_7) AppleWebKit/537.36 (KHTML, like Gecko) Chrome/109.0.0.0 Safari/537.36"
198.204.226.18 - - [20/May/2025:14:48:07 -0400] "GET /wp-content/install.php HTTP/1.1" 200 10 "http://jenniferflo.com/wp-content/install.php" "Mozilla/5.0 (Windows NT 10.0; Win64; x64) AppleWebKit/537.36 (KHTML, like Gecko) Chrome/58.0.3029.110 Safari/537.3"
47.238.13.0 - - [20/May/2025:14:48:09 -0400] "GET /troop/s215?pid=47897 HTTP/1.1" 500 271 "-" "Mozilla/5.0 (Macintosh; Intel Mac OS X 10_15_7) AppleWebKit/537.36 (KHTML, like Gecko) Chrome/109.0.0.0 Safari/537.36"
212.11.64.144 - - [20/May/2025:14:48:09 -0400] "GET //wp-content/plugins/w0rdpr3ssnew/admin.php?sb=fuckyou HTTP/1.1" 500 271 "http://jenniferflo.com/" "Mozilla/5.0 (Windows NT 10.0; Win64; x64) AppleWebKit/537.36 (KHTML, like Gecko) Chrome/121.0.0.0 Safari/537.36"
198.204.226.18 - - [20/May/2025:14:48:20 -0400] "GET /wp-content/install.php HTTP/1.1" 200 10 "http://jenniferflo.com/wp-content/install.php" "Mozilla/5.0 (Windows NT 10.0; Win64; x64) AppleWebKit/537.36 (KHTML, like Gecko) Chrome/58.0.3029.110 Safari/537.3"
47.238.13.15 - - [20/May/2025:14:49:29 -0400] "GET /items/cxxlm23/17118?key=inspiration HTTP/1.1" 500 271 "-" "Mozilla/5.0 (Macintosh; Intel Mac OS X 10_15_7) AppleWebKit/537.36 (KHTML, like Gecko) Chrome/109.0.0.0 Safari/537.36"
198.204.226.18 - - [20/May/2025:14:49:36 -0400] "GET /wp-content/install.php HTTP/1.1" 200 10 "http://jenniferflo.com/wp-content/install.php" "Mozilla/5.0 (Windows NT 10.0; Win64; x64) AppleWebKit/537.36 (KHTML, like Gecko) Chrome/58.0.3029.110 Safari/537.3"
8.210.8.206 - - [20/May/2025:14:49:44 -0400] "GET /tooth/o74?pid=446 HTTP/1.1" 500 271 "-" "Mozilla/5.0 (Macintosh; Intel Mac OS X 10_15_7) AppleWebKit/537.36 (KHTML, like Gecko) Chrome/109.0.0.0 Safari/537.36"
198.204.226.18 - - [20/May/2025:14:49:49 -0400] "GET /wp-content/install.php HTTP/1.1" 200 10 "http://jenniferflo.com/wp-content/install.php" "Mozilla/5.0 (Windows NT 10.0; Win64; x64) AppleWebKit/537.36 (KHTML, like Gecko) Chrome/58.0.3029.110 Safari/537.3"
198.204.226.18 - - [20/May/2025:14:50:00 -0400] "GET /wp-content/install.php HTTP/1.1" 200 10 "http://jenniferflo.com/wp-content/install.php" "Mozilla/5.0 (Windows NT 10.0; Win64; x64) AppleWebKit/537.36 (KHTML, like Gecko) Chrome/58.0.3029.110 Safari/537.3"
198.204.226.18 - - [20/May/2025:14:50:19 -0400] "GET /wp-content/install.php HTTP/1.1" 200 10 "http://jenniferflo.com/wp-content/install.php" "Mozilla/5.0 (Windows NT 10.0; Win64; x64) AppleWebKit/537.36 (KHTML, like Gecko) Chrome/58.0.3029.110 Safari/537.3"
47.238.13.11 - - [20/May/2025:14:50:37 -0400] "GET /category/474_2080/1/listing HTTP/1.1" 500 270 "-" "Mozilla/5.0 (Macintosh; Intel Mac OS X 10_15_7) AppleWebKit/537.36 (KHTML, like Gecko) Chrome/109.0.0.0 Safari/537.36"
47.238.13.14 - - [20/May/2025:14:50:58 -0400] "GET /sitemap-subkey-976.xml HTTP/1.1" 200 101016 "-" "Mozilla/5.0 (Macintosh; Intel Mac OS X 10_15_7) AppleWebKit/537.36 (KHTML, like Gecko) Chrome/109.0.0.0 Safari/537.36"
47.238.13.18 - - [20/May/2025:14:51:00 -0400] "GET /sitemap-subkey-1147.xml HTTP/1.1" 200 53933 "-" "Mozilla/5.0 (Macintosh; Intel Mac OS X 10_15_7) AppleWebKit/537.36 (KHTML, like Gecko) Chrome/109.0.0.0 Safari/537.36"
47.238.13.8 - - [20/May/2025:14:52:02 -0400] "GET /absolute/z212?pid=14658 HTTP/1.1" 500 271 "-" "Mozilla/5.0 (Macintosh; Intel Mac OS X 10_15_7) AppleWebKit/537.36 (KHTML, like Gecko) Chrome/109.0.0.0 Safari/537.36"
212.11.64.144 - - [20/May/2025:14:52:07 -0400] "GET //wp-admin/user/index.php HTTP/1.1" 500 270 "http://jenniferflo.com/" "Mozilla/5.0 (Windows NT 10.0; Win64; x64) AppleWebKit/537.36 (KHTML, like Gecko) Chrome/121.0.0.0 Safari/537.36"
47.238.13.3 - - [20/May/2025:14:52:23 -0400] "GET /sitemap-subkey-783.xml HTTP/1.1" 200 100703 "-" "Mozilla/5.0 (Macintosh; Intel Mac OS X 10_15_7) AppleWebKit/537.36 (KHTML, like Gecko) Chrome/109.0.0.0 Safari/537.36"
47.238.13.9 - - [20/May/2025:14:52:34 -0400] "GET /frame/c73?pid=5175 HTTP/1.1" 500 271 "-" "Mozilla/5.0 (Macintosh; Intel Mac OS X 10_15_7) AppleWebKit/537.36 (KHTML, like Gecko) Chrome/109.0.0.0 Safari/537.36"
47.238.13.12 - - [20/May/2025:14:52:56 -0400] "GET /social/r54?pid=6240 HTTP/1.1" 500 270 "-" "Mozilla/5.0 (Macintosh; Intel Mac OS X 10_15_7) AppleWebKit/537.36 (KHTML, like Gecko) Chrome/109.0.0.0 Safari/537.36"
198.204.226.18 - - [20/May/2025:14:53:33 -0400] "GET /wp-content/install.php HTTP/1.1" 200 10 "http://jenniferflo.com/wp-content/install.php" "Mozilla/5.0 (Windows NT 10.0; Win64; x64) AppleWebKit/537.36 (KHTML, like Gecko) Chrome/58.0.3029.110 Safari/537.3"
198.204.226.18 - - [20/May/2025:14:53:49 -0400] "GET /wp-content/install.php HTTP/1.1" 200 10 "http://jenniferflo.com/wp-content/install.php" "Mozilla/5.0 (Windows NT 10.0; Win64; x64) AppleWebKit/537.36 (KHTML, like Gecko) Chrome/58.0.3029.110 Safari/537.3"
47.238.14.12 - - [20/May/2025:14:53:55 -0400] "GET /sitemap-subkey-2432.xml HTTP/1.1" 200 99438 "-" "Mozilla/5.0 (Macintosh; Intel Mac OS X 10_15_7) AppleWebKit/537.36 (KHTML, like Gecko) Chrome/109.0.0.0 Safari/537.36"
47.238.13.11 - - [20/May/2025:14:54:11 -0400] "GET /silence/w124?pid=14296 HTTP/1.1" 500 271 "-" "Mozilla/5.0 (Macintosh; Intel Mac OS X 10_15_7) AppleWebKit/537.36 (KHTML, like Gecko) Chrome/109.0.0.0 Safari/537.36"
198.204.226.18 - - [20/May/2025:14:54:14 -0400] "GET /wp-content/install.php HTTP/1.1" 200 10 "http://jenniferflo.com/wp-content/install.php" "Mozilla/5.0 (Windows NT 10.0; Win64; x64) AppleWebKit/537.36 (KHTML, like Gecko) Chrome/58.0.3029.110 Safari/537.3"
8.210.152.184 - - [20/May/2025:14:54:15 -0400] "GET /feather/p178?pid=37672 HTTP/1.1" 500 271 "-" "Mozilla/5.0 (Macintosh; Intel Mac OS X 10_15_7) AppleWebKit/537.36 (KHTML, like Gecko) Chrome/109.0.0.0 Safari/537.36"
198.204.226.18 - - [20/May/2025:14:54:09 -0400] "GET /wp-content/install.php HTTP/1.1" 200 0 "http://jenniferflo.com/wp-content/install.php" "Mozilla/5.0 (Windows NT 10.0; Win64; x64) AppleWebKit/537.36 (KHTML, like Gecko) Chrome/58.0.3029.110 Safari/537.3"
8.210.146.98 - - [20/May/2025:14:54:24 -0400] "GET /pages.php?product/K274?h=search&l=22952 HTTP/1.1" 200 10478 "-" "Mozilla/5.0 (Macintosh; Intel Mac OS X 10_15_7) AppleWebKit/537.36 (KHTML, like Gecko) Chrome/109.0.0.0 Safari/537.36"
198.204.226.18 - - [20/May/2025:14:54:25 -0400] "GET /wp-content/install.php HTTP/1.1" 200 10 "http://jenniferflo.com/wp-content/install.php" "Mozilla/5.0 (Windows NT 10.0; Win64; x64) AppleWebKit/537.36 (KHTML, like Gecko) Chrome/58.0.3029.110 Safari/537.3"
8.210.218.201 - - [20/May/2025:14:55:34 -0400] "GET /pages.php?products/24kr37075 HTTP/1.1" 200 11781 "-" "Mozilla/5.0 (Macintosh; Intel Mac OS X 10_15_7) AppleWebKit/537.36 (KHTML, like Gecko) Chrome/109.0.0.0 Safari/537.36"
212.11.64.144 - - [20/May/2025:14:56:03 -0400] "GET //blog/wp-content/plugins/instabuilder2/cache/add.php HTTP/1.1" 500 271 "http://jenniferflo.com/" "Mozilla/5.0 (Windows NT 10.0; Win64; x64) AppleWebKit/537.36 (KHTML, like Gecko) Chrome/121.0.0.0 Safari/537.36"
47.242.230.146 - - [20/May/2025:14:56:23 -0400] "GET /items/lrlqy246/3643?key=retain HTTP/1.1" 500 271 "-" "Mozilla/5.0 (Macintosh; Intel Mac OS X 10_15_7) AppleWebKit/537.36 (KHTML, like Gecko) Chrome/109.0.0.0 Safari/537.36"
198.204.226.18 - - [20/May/2025:14:56:26 -0400] "GET /wp-content/install.php HTTP/1.1" 200 10 "http://jenniferflo.com/wp-content/install.php" "Mozilla/5.0 (Windows NT 10.0; Win64; x64) AppleWebKit/537.36 (KHTML, like Gecko) Chrome/58.0.3029.110 Safari/537.3"
198.204.226.18 - - [20/May/2025:14:56:23 -0400] "GET /wp-content/install.php HTTP/1.1" 200 0 "http://jenniferflo.com/wp-content/install.php" "Mozilla/5.0 (Windows NT 10.0; Win64; x64) AppleWebKit/537.36 (KHTML, like Gecko) Chrome/58.0.3029.110 Safari/537.3"
47.238.13.10 - - [20/May/2025:14:56:39 -0400] "GET /focus/p69?pid=18143 HTTP/1.1" 500 271 "-" "Mozilla/5.0 (Macintosh; Intel Mac OS X 10_15_7) AppleWebKit/537.36 (KHTML, like Gecko) Chrome/109.0.0.0 Safari/537.36"
198.204.226.18 - - [20/May/2025:14:58:13 -0400] "GET /wp-content/install.php HTTP/1.1" 200 10 "http://jenniferflo.com/wp-content/install.php" "Mozilla/5.0 (Windows NT 10.0; Win64; x64) AppleWebKit/537.36 (KHTML, like Gecko) Chrome/58.0.3029.110 Safari/537.3"
198.204.226.18 - - [20/May/2025:14:58:10 -0400] "GET /wp-content/install.php HTTP/1.1" 200 0 "http://jenniferflo.com/wp-content/install.php" "Mozilla/5.0 (Windows NT 10.0; Win64; x64) AppleWebKit/537.36 (KHTML, like Gecko) Chrome/58.0.3029.110 Safari/537.3"
198.204.226.18 - - [20/May/2025:14:58:36 -0400] "GET /wp-content/install.php HTTP/1.1" 200 10 "http://jenniferflo.com/wp-content/install.php" "Mozilla/5.0 (Windows NT 10.0; Win64; x64) AppleWebKit/537.36 (KHTML, like Gecko) Chrome/58.0.3029.110 Safari/537.3"
198.204.226.18 - - [20/May/2025:14:58:33 -0400] "GET /wp-content/install.php HTTP/1.1" 200 0 "http://jenniferflo.com/wp-content/install.php" "Mozilla/5.0 (Windows NT 10.0; Win64; x64) AppleWebKit/537.36 (KHTML, like Gecko) Chrome/58.0.3029.110 Safari/537.3"
198.204.226.18 - - [20/May/2025:14:59:20 -0400] "GET /wp-content/install.php HTTP/1.1" 200 10 "http://jenniferflo.com/wp-content/install.php" "Mozilla/5.0 (Windows NT 10.0; Win64; x64) AppleWebKit/537.36 (KHTML, like Gecko) Chrome/58.0.3029.110 Safari/537.3"
198.204.226.18 - - [20/May/2025:14:59:16 -0400] "GET /wp-content/install.php HTTP/1.1" 200 0 "http://jenniferflo.com/wp-content/install.php" "Mozilla/5.0 (Windows NT 10.0; Win64; x64) AppleWebKit/537.36 (KHTML, like Gecko) Chrome/58.0.3029.110 Safari/537.3"
212.11.64.144 - - [20/May/2025:14:59:58 -0400] "GET //wp-content/plugins/elementor/assets/data/install.php HTTP/1.1" 500 271 "http://jenniferflo.com/" "Mozilla/5.0 (Windows NT 10.0; Win64; x64) AppleWebKit/537.36 (KHTML, like Gecko) Chrome/121.0.0.0 Safari/537.36"
198.204.226.18 - - [20/May/2025:15:00:25 -0400] "GET /wp-content/install.php HTTP/1.1" 200 10 "http://jenniferflo.com/wp-content/install.php" "Mozilla/5.0 (Windows NT 10.0; Win64; x64) AppleWebKit/537.36 (KHTML, like Gecko) Chrome/58.0.3029.110 Safari/537.3"
144.172.106.3 - - [20/May/2025:15:00:39 -0400] "GET /wp-content/plugins/about.php HTTP/1.1" 500 271 "-" "Mozlila/5.0 (Linux; Android 7.0; SM-G892A Bulid/NRD90M; wv) AppleWebKit/537.36 (KHTML, like Gecko) Version/4.0 Chrome/60.0.3112.107 Moblie Safari/537.36"
198.204.226.18 - - [20/May/2025:15:00:41 -0400] "GET /wp-content/install.php HTTP/1.1" 200 10 "http://jenniferflo.com/wp-content/install.php" "Mozilla/5.0 (Windows NT 10.0; Win64; x64) AppleWebKit/537.36 (KHTML, like Gecko) Chrome/58.0.3029.110 Safari/537.3"
144.172.106.3 - - [20/May/2025:15:00:46 -0400] "GET /geju.php HTTP/1.1" 500 270 "-" "Mozlila/5.0 (Linux; Android 7.0; SM-G892A Bulid/NRD90M; wv) AppleWebKit/537.36 (KHTML, like Gecko) Version/4.0 Chrome/60.0.3112.107 Moblie Safari/537.36"
144.172.106.3 - - [20/May/2025:15:00:52 -0400] "GET /wp.php HTTP/1.1" 500 271 "-" "Mozlila/5.0 (Linux; Android 7.0; SM-G892A Bulid/NRD90M; wv) AppleWebKit/537.36 (KHTML, like Gecko) Version/4.0 Chrome/60.0.3112.107 Moblie Safari/537.36"
198.204.226.18 - - [20/May/2025:15:00:57 -0400] "GET /wp-content/install.php HTTP/1.1" 200 10 "http://jenniferflo.com/wp-content/install.php" "Mozilla/5.0 (Windows NT 10.0; Win64; x64) AppleWebKit/537.36 (KHTML, like Gecko) Chrome/58.0.3029.110 Safari/537.3"
198.204.226.18 - - [20/May/2025:15:00:54 -0400] "GET /wp-content/install.php HTTP/1.1" 200 0 "http://jenniferflo.com/wp-content/install.php" "Mozilla/5.0 (Windows NT 10.0; Win64; x64) AppleWebKit/537.36 (KHTML, like Gecko) Chrome/58.0.3029.110 Safari/537.3"
198.204.226.18 - - [20/May/2025:15:01:11 -0400] "GET /wp-content/install.php HTTP/1.1" 200 10 "http://jenniferflo.com/wp-content/install.php" "Mozilla/5.0 (Windows NT 10.0; Win64; x64) AppleWebKit/537.36 (KHTML, like Gecko) Chrome/58.0.3029.110 Safari/537.3"
198.204.226.18 - - [20/May/2025:15:01:24 -0400] "GET /wp-content/install.php HTTP/1.1" 200 10 "http://jenniferflo.com/wp-content/install.php" "Mozilla/5.0 (Windows NT 10.0; Win64; x64) AppleWebKit/537.36 (KHTML, like Gecko) Chrome/58.0.3029.110 Safari/537.3"
47.238.13.14 - - [20/May/2025:15:02:19 -0400] "GET /items/atojp251/5776?key=cup HTTP/1.1" 500 270 "-" "Mozilla/5.0 (Macintosh; Intel Mac OS X 10_15_7) AppleWebKit/537.36 (KHTML, like Gecko) Chrome/109.0.0.0 Safari/537.36"
198.204.226.18 - - [20/May/2025:15:02:31 -0400] "GET /wp-content/install.php HTTP/1.1" 200 10 "http://jenniferflo.com/wp-content/install.php" "Mozilla/5.0 (Windows NT 10.0; Win64; x64) AppleWebKit/537.36 (KHTML, like Gecko) Chrome/58.0.3029.110 Safari/537.3"
47.238.13.13 - - [20/May/2025:15:02:31 -0400] "GET /sitemap-subkey-2539.xml HTTP/1.1" 200 99282 "-" "Mozilla/5.0 (Macintosh; Intel Mac OS X 10_15_7) AppleWebKit/537.36 (KHTML, like Gecko) Chrome/109.0.0.0 Safari/537.36"
198.204.226.18 - - [20/May/2025:15:02:28 -0400] "GET /wp-content/install.php HTTP/1.1" 200 0 "http://jenniferflo.com/wp-content/install.php" "Mozilla/5.0 (Windows NT 10.0; Win64; x64) AppleWebKit/537.36 (KHTML, like Gecko) Chrome/58.0.3029.110 Safari/537.3"
47.242.77.69 - - [20/May/2025:15:03:03 -0400] "GET /closed/c271?pid=3675 HTTP/1.1" 500 270 "-" "Mozilla/5.0 (Macintosh; Intel Mac OS X 10_15_7) AppleWebKit/537.36 (KHTML, like Gecko) Chrome/109.0.0.0 Safari/537.36"
198.204.226.18 - - [20/May/2025:15:03:38 -0400] "GET /wp-content/install.php HTTP/1.1" 200 10 "http://jenniferflo.com/wp-content/install.php" "Mozilla/5.0 (Windows NT 10.0; Win64; x64) AppleWebKit/537.36 (KHTML, like Gecko) Chrome/58.0.3029.110 Safari/537.3"
212.11.64.144 - - [20/May/2025:15:03:53 -0400] "GET //ndoe/1index.php HTTP/1.1" 500 271 "http://jenniferflo.com/" "Mozilla/5.0 (Windows NT 10.0; Win64; x64) AppleWebKit/537.36 (KHTML, like Gecko) Chrome/121.0.0.0 Safari/537.36"
198.204.226.18 - - [20/May/2025:15:04:05 -0400] "GET /wp-content/install.php HTTP/1.1" 200 0 "http://jenniferflo.com/wp-content/install.php" "Mozilla/5.0 (Windows NT 10.0; Win64; x64) AppleWebKit/537.36 (KHTML, like Gecko) Chrome/58.0.3029.110 Safari/537.3"
198.204.226.18 - - [20/May/2025:15:04:22 -0400] "GET /wp-content/install.php HTTP/1.1" 200 10 "http://jenniferflo.com/wp-content/install.php" "Mozilla/5.0 (Windows NT 10.0; Win64; x64) AppleWebKit/537.36 (KHTML, like Gecko) Chrome/58.0.3029.110 Safari/537.3"
23.102.23.147 - - [20/May/2025:15:04:37 -0400] "GET /wp-content/plugins/hellopress/wp_filemanager.php HTTP/1.1" 403 1242 "-" "-"
23.102.23.147 - - [20/May/2025:15:04:37 -0400] "GET /wp-includes/Text/network.php HTTP/1.1" 500 360 "-" "-"
23.102.23.147 - - [20/May/2025:15:04:37 -0400] "GET /wp-content/upgrade-temp-backup/wp-login.php HTTP/1.1" 500 360 "-" "-"
23.102.23.147 - - [20/May/2025:15:04:37 -0400] "GET /js/fm.php HTTP/1.1" 500 360 "-" "-"
23.102.23.147 - - [20/May/2025:15:04:37 -0400] "GET /wp-content/themes/astra/inc/ki1k.php HTTP/1.1" 500 360 "-" "-"
23.102.23.147 - - [20/May/2025:15:04:37 -0400] "GET /WordPress/wp-admin/includes/zmFM.php HTTP/1.1" 500 360 "-" "-"
23.102.23.147 - - [20/May/2025:15:04:37 -0400] "GET /default.php HTTP/1.1" 500 360 "-" "-"
23.102.23.147 - - [20/May/2025:15:04:37 -0400] "GET /ty.php HTTP/1.1" 500 360 "-" "-"
23.102.23.147 - - [20/May/2025:15:04:37 -0400] "GET /wp-content/themes/cay-van-phong/filemanager.php HTTP/1.1" 500 360 "-" "-"
23.102.23.147 - - [20/May/2025:15:04:37 -0400] "GET /fm.php HTTP/1.1" 500 360 "-" "-"
23.102.23.147 - - [20/May/2025:15:04:38 -0400] "GET /wp-content/plugins/seoplugins/index.php HTTP/1.1" 500 360 "-" "-"
23.102.23.147 - - [20/May/2025:15:04:38 -0400] "GET /ini.php HTTP/1.1" 500 360 "-" "-"
23.102.23.147 - - [20/May/2025:15:04:38 -0400] "GET /libraries/legacy/info.php HTTP/1.1" 500 360 "-" "-"
23.102.23.147 - - [20/May/2025:15:04:38 -0400] "GET /wp-content/themes/include.php HTTP/1.1" 500 360 "-" "-"
23.102.23.147 - - [20/May/2025:15:04:38 -0400] "GET /wp-admin/network/about.php HTTP/1.1" 500 359 "-" "-"
23.102.23.147 - - [20/May/2025:15:04:38 -0400] "GET /alfa.php HTTP/1.1" 500 360 "-" "-"
23.102.23.147 - - [20/May/2025:15:04:38 -0400] "GET /wp-mail.php/wp-includes/ID3/rk2.php HTTP/1.1" 500 360 "-" "-"
23.102.23.147 - - [20/May/2025:15:04:38 -0400] "GET /assets/images/28c5400b0b.php HTTP/1.1" 500 360 "-" "-"
23.102.23.147 - - [20/May/2025:15:04:38 -0400] "GET /wordpress/wp-includes/wp-config-sample.php HTTP/1.1" 500 360 "-" "-"
23.102.23.147 - - [20/May/2025:15:04:39 -0400] "GET /wp-mail.php/wp-includes/ID3/.info.php HTTP/1.1" 500 360 "-" "-"
23.102.23.147 - - [20/May/2025:15:04:39 -0400] "GET /wp-includes/Text/Diff/Engine/about.php HTTP/1.1" 500 360 "-" "-"
23.102.23.147 - - [20/May/2025:15:04:39 -0400] "GET /wp-includes/js/tinymce/skins/lightgray/img/about.php HTTP/1.1" 500 360 "-" "-"
23.102.23.147 - - [20/May/2025:15:04:39 -0400] "GET /wp-includes/block-supports/autoload_classmap.php HTTP/1.1" 500 360 "-" "-"
23.102.23.147 - - [20/May/2025:15:04:39 -0400] "GET /wp-content/uploads/classwithtostring.php HTTP/1.1" 500 360 "-" "-"
23.102.23.147 - - [20/May/2025:15:04:39 -0400] "GET /wp-admin/images/install.php HTTP/1.1" 500 360 "-" "-"
23.102.23.147 - - [20/May/2025:15:04:39 -0400] "GET /.well-known/link.php HTTP/1.1" 500 360 "-" "-"
23.102.23.147 - - [20/May/2025:15:04:39 -0400] "GET /wp-admin/chosen.php HTTP/1.1" 500 360 "-" "-"
23.102.23.147 - - [20/May/2025:15:04:39 -0400] "GET /info.php HTTP/1.1" 500 360 "-" "-"
23.102.23.147 - - [20/May/2025:15:04:40 -0400] "GET /wp-includes/assets/about.php HTTP/1.1" 500 360 "-" "-"
23.102.23.147 - - [20/May/2025:15:04:40 -0400] "GET /test.php HTTP/1.1" 500 360 "-" "-"
23.102.23.147 - - [20/May/2025:15:04:40 -0400] "GET /wp-admin/css/colors/ectoplasm/wp-login.php HTTP/1.1" 500 360 "-" "-"
23.102.23.147 - - [20/May/2025:15:04:40 -0400] "GET /Assets/item.php HTTP/1.1" 500 360 "-" "-"
23.102.23.147 - - [20/May/2025:15:04:40 -0400] "GET /shop/lock.php HTTP/1.1" 500 360 "-" "-"
23.102.23.147 - - [20/May/2025:15:04:40 -0400] "GET /th/plugins/phpThumb/404.php HTTP/1.1" 500 360 "-" "-"
23.102.23.147 - - [20/May/2025:15:04:40 -0400] "GET /wp-includes/css/dist/preferences/index.php HTTP/1.1" 500 360 "-" "-"
23.102.23.147 - - [20/May/2025:15:04:40 -0400] "GET /files/log.php HTTP/1.1" 500 360 "-" "-"
23.102.23.147 - - [20/May/2025:15:04:40 -0400] "GET /wp-includes/html-api/index.php HTTP/1.1" 500 360 "-" "-"
23.102.23.147 - - [20/May/2025:15:04:41 -0400] "GET /x.php HTTP/1.1" 500 360 "-" "-"
23.102.23.147 - - [20/May/2025:15:04:41 -0400] "GET /wp-includes/assets/index.php HTTP/1.1" 500 360 "-" "-"
23.102.23.147 - - [20/May/2025:15:04:41 -0400] "GET /wp-includes/block-patterns/vuln.php HTTP/1.1" 500 360 "-" "-"
23.102.23.147 - - [20/May/2025:15:04:41 -0400] "GET /wp-includes/rest-api/fields/index.php HTTP/1.1" 200 360 "-" "-"
23.102.23.147 - - [20/May/2025:15:04:41 -0400] "GET /wp-includes/images/media/wp-login.php HTTP/1.1" 500 360 "-" "-"
23.102.23.147 - - [20/May/2025:15:04:41 -0400] "GET /wp-content/uploads/autoload_classmap.php HTTP/1.1" 500 360 "-" "-"
23.102.23.147 - - [20/May/2025:15:04:41 -0400] "GET /images/404.php HTTP/1.1" 500 360 "-" "-"
23.102.23.147 - - [20/May/2025:15:04:41 -0400] "GET /wp-content/languages/asus.php HTTP/1.1" 500 360 "-" "-"
23.102.23.147 - - [20/May/2025:15:04:41 -0400] "GET /admin.php HTTP/1.1" 500 360 "-" "-"
23.102.23.147 - - [20/May/2025:15:04:42 -0400] "GET /.well-known/pki-validation/parx.php HTTP/1.1" 404 1251 "-" "-"
23.102.23.147 - - [20/May/2025:15:04:42 -0400] "GET /wp-content/plugins/wp-login.php HTTP/1.1" 500 360 "-" "-"
23.102.23.147 - - [20/May/2025:15:04:42 -0400] "GET /12wudscz.php HTTP/1.1" 500 360 "-" "-"
23.102.23.147 - - [20/May/2025:15:04:42 -0400] "GET /wp-content/themes/wp-pridmag/admin.php HTTP/1.1" 500 360 "-" "-"
23.102.23.147 - - [20/May/2025:15:04:42 -0400] "GET /wp-includes/Text/wp-conflg.php HTTP/1.1" 500 360 "-" "-"
23.102.23.147 - - [20/May/2025:15:04:42 -0400] "GET /wp-content/plugins/background-image-cropper/plugins.php HTTP/1.1" 500 360 "-" "-"
23.102.23.147 - - [20/May/2025:15:04:42 -0400] "GET /classwithtostring.php HTTP/1.1" 500 360 "-" "-"
23.102.23.147 - - [20/May/2025:15:04:42 -0400] "GET /wp-includes/Text/Diff/Renderer/wp-login.php HTTP/1.1" 500 360 "-" "-"
23.102.23.147 - - [20/May/2025:15:04:42 -0400] "GET /wp-admin/images/users.php HTTP/1.1" 500 360 "-" "-"
23.102.23.147 - - [20/May/2025:15:04:42 -0400] "GET /wp-includes/rest-api/endpoints/index.php HTTP/1.1" 500 360 "-" "-"
23.102.23.147 - - [20/May/2025:15:04:43 -0400] "GET /wp-includes/random_compat/about.php HTTP/1.1" 500 360 "-" "-"
23.102.23.147 - - [20/May/2025:15:04:43 -0400] "GET /index/about.php HTTP/1.1" 500 360 "-" "-"
23.102.23.147 - - [20/May/2025:15:04:43 -0400] "GET /manager.php HTTP/1.1" 500 360 "-" "-"
23.102.23.147 - - [20/May/2025:15:04:43 -0400] "GET /.well-known/pki-validation/about.php HTTP/1.1" 404 1251 "-" "-"
23.102.23.147 - - [20/May/2025:15:04:43 -0400] "GET /wp-admin/user/content.php HTTP/1.1" 500 360 "-" "-"
23.102.23.147 - - [20/May/2025:15:04:43 -0400] "GET /modules/mod_simplefileuploadv1.3/elements/filemanager.php HTTP/1.1" 500 360 "-" "-"
23.102.23.147 - - [20/May/2025:15:04:43 -0400] "GET /about/function.php HTTP/1.1" 500 360 "-" "-"
23.102.23.147 - - [20/May/2025:15:04:43 -0400] "GET /wp-content/plugins/wp.php HTTP/1.1" 500 360 "-" "-"
23.102.23.147 - - [20/May/2025:15:04:43 -0400] "GET /wp-admin/includes/index.php HTTP/1.1" 500 360 "-" "-"
23.102.23.147 - - [20/May/2025:15:04:43 -0400] "GET /wp-includes/SimplePie/Cache/content.php HTTP/1.1" 500 360 "-" "-"
23.102.23.147 - - [20/May/2025:15:04:44 -0400] "GET /wp-content/themes/xmrlpc.php HTTP/1.1" 500 360 "-" "-"
23.102.23.147 - - [20/May/2025:15:04:44 -0400] "GET /wp-includes/js/wp-login.php HTTP/1.1" 500 360 "-" "-"
23.102.23.147 - - [20/May/2025:15:04:44 -0400] "GET /wp-mail.php/wp-includes/ID3/taptap-null.php HTTP/1.1" 500 360 "-" "-"
23.102.23.147 - - [20/May/2025:15:04:44 -0400] "GET /.well-known/as.php HTTP/1.1" 500 360 "-" "-"
23.102.23.147 - - [20/May/2025:15:04:44 -0400] "GET /wp-includes/customize/wp-login.php HTTP/1.1" 500 360 "-" "-"
23.102.23.147 - - [20/May/2025:15:04:44 -0400] "GET /.well-known/lv.php HTTP/1.1" 500 360 "-" "-"
23.102.23.147 - - [20/May/2025:15:04:44 -0400] "GET /themes.php HTTP/1.1" 500 360 "-" "-"
23.102.23.147 - - [20/May/2025:15:04:44 -0400] "GET /wp-content/plugins/duplicator/assets/about.php HTTP/1.1" 500 360 "-" "-"
23.102.23.147 - - [20/May/2025:15:04:44 -0400] "GET /wp-admin/network/upfile.php HTTP/1.1" 500 360 "-" "-"
23.102.23.147 - - [20/May/2025:15:04:45 -0400] "GET /wp-content/plugins/index.php HTTP/1.1" 200 359 "-" "-"
23.102.23.147 - - [20/May/2025:15:04:45 -0400] "GET /wp-includes/sitemaps/providers/about.php HTTP/1.1" 500 360 "-" "-"
23.102.23.147 - - [20/May/2025:15:04:45 -0400] "GET /wp-content/upgrade/autoload_classmap.php HTTP/1.1" 500 360 "-" "-"
23.102.23.147 - - [20/May/2025:15:04:45 -0400] "GET /images/cjfuns.php HTTP/1.1" 500 360 "-" "-"
23.102.23.147 - - [20/May/2025:15:04:45 -0400] "GET /wp-includes/sodium_compat/src/content.php HTTP/1.1" 500 360 "-" "-"
23.102.23.147 - - [20/May/2025:15:04:45 -0400] "GET /wp-includes/rest-api/admin.php HTTP/1.1" 500 360 "-" "-"
23.102.23.147 - - [20/May/2025:15:04:45 -0400] "GET /wp-includes/js/crop/zmFM.php HTTP/1.1" 500 360 "-" "-"
23.102.23.147 - - [20/May/2025:15:04:45 -0400] "GET /wp-2019.php HTTP/1.1" 500 360 "-" "-"
23.102.23.147 - - [20/May/2025:15:04:45 -0400] "GET /wp-includes/js/about.php HTTP/1.1" 500 360 "-" "-"
23.102.23.147 - - [20/May/2025:15:04:46 -0400] "GET /wp-content/plugin.php HTTP/1.1" 500 360 "-" "-"
23.102.23.147 - - [20/May/2025:15:04:46 -0400] "GET /wp-admin/js/widgets/xmrlpc.php HTTP/1.1" 500 360 "-" "-"
23.102.23.147 - - [20/May/2025:15:04:46 -0400] "GET /wp-configs.php HTTP/1.1" 500 360 "-" "-"
23.102.23.147 - - [20/May/2025:15:04:46 -0400] "GET /wp-includes/Text/wp.php HTTP/1.1" 500 360 "-" "-"
23.102.23.147 - - [20/May/2025:15:04:46 -0400] "GET /inputs.php HTTP/1.1" 403 1242 "-" "-"
23.102.23.147 - - [20/May/2025:15:04:46 -0400] "GET /wp-includes/block-supports/about.php HTTP/1.1" 500 360 "-" "-"
23.102.23.147 - - [20/May/2025:15:04:46 -0400] "GET /wp-admin/network/chosen.php HTTP/1.1" 500 360 "-" "-"
23.102.23.147 - - [20/May/2025:15:04:46 -0400] "GET /wp-includes/images/chosen.php HTTP/1.1" 500 360 "-" "-"
23.102.23.147 - - [20/May/2025:15:04:47 -0400] "GET /.well-known/acme-challenge/parx.php HTTP/1.1" 500 360 "-" "-"
23.102.23.147 - - [20/May/2025:15:04:47 -0400] "GET /wp-includes/sodium_compat/src/Core32/Curve25519/Ge/about.php HTTP/1.1" 500 360 "-" "-"
23.102.23.147 - - [20/May/2025:15:04:47 -0400] "GET /index/function.php HTTP/1.1" 500 360 "-" "-"
23.102.23.147 - - [20/May/2025:15:04:47 -0400] "GET /css.php HTTP/1.1" 500 360 "-" "-"
23.102.23.147 - - [20/May/2025:15:04:47 -0400] "GET /wp-content/languages/index.php HTTP/1.1" 500 360 "-" "-"
23.102.23.147 - - [20/May/2025:15:04:47 -0400] "GET /network.php HTTP/1.1" 500 360 "-" "-"
23.102.23.147 - - [20/May/2025:15:04:47 -0400] "GET /wp-admin/css/colors/blue/wp-login.php HTTP/1.1" 500 360 "-" "-"
23.102.23.147 - - [20/May/2025:15:04:47 -0400] "GET /admin/fckeditor/editor/filemanager/updates.php HTTP/1.1" 500 360 "-" "-"
23.102.23.147 - - [20/May/2025:15:04:48 -0400] "GET /wp-content/uploads/file.php HTTP/1.1" 500 360 "-" "-"
23.102.23.147 - - [20/May/2025:15:04:48 -0400] "GET /wp-includes/Requests/Response/wp-login.php HTTP/1.1" 500 360 "-" "-"
23.102.23.147 - - [20/May/2025:15:04:48 -0400] "GET /wp-admin/css/colors/coffee/alfa-rex.php HTTP/1.1" 500 360 "-" "-"
23.102.23.147 - - [20/May/2025:15:04:48 -0400] "GET /wp-includes/SimplePie/Cache/about.php HTTP/1.1" 500 360 "-" "-"
23.102.23.147 - - [20/May/2025:15:04:48 -0400] "GET /wp-includes/sodium_compat/src/alfa-rex.php HTTP/1.1" 500 360 "-" "-"
23.102.23.147 - - [20/May/2025:15:04:48 -0400] "GET /wp-admin/css/colors/blue/index.php HTTP/1.1" 500 360 "-" "-"
23.102.23.147 - - [20/May/2025:15:04:48 -0400] "GET /wp-mail.php/wp-includes/ID3/wp-mail.php HTTP/1.1" 500 360 "-" "-"
23.102.23.147 - - [20/May/2025:15:04:48 -0400] "GET /wp-content/plugins/revslider/public/assets/assets/sources/wp-login.php HTTP/1.1" 500 360 "-" "-"
23.102.23.147 - - [20/May/2025:15:04:48 -0400] "GET /wp.php HTTP/1.1" 500 360 "-" "-"
23.102.23.147 - - [20/May/2025:15:04:49 -0400] "GET /wp-content/themes/file.php HTTP/1.1" 500 360 "-" "-"
23.102.23.147 - - [20/May/2025:15:04:49 -0400] "GET /css/item.php HTTP/1.1" 500 360 "-" "-"
23.102.23.147 - - [20/May/2025:15:04:49 -0400] "GET /wp-content/uploads/2020/admin.php HTTP/1.1" 500 360 "-" "-"
23.102.23.147 - - [20/May/2025:15:04:49 -0400] "GET /wp-admin/includes/xmrlpc.php HTTP/1.1" 500 360 "-" "-"
23.102.23.147 - - [20/May/2025:15:04:49 -0400] "GET /assets/images/wp-login.php HTTP/1.1" 500 360 "-" "-"
23.102.23.147 - - [20/May/2025:15:04:49 -0400] "GET /css/xp.php HTTP/1.1" 500 360 "-" "-"
23.102.23.147 - - [20/May/2025:15:04:49 -0400] "GET /wp-includes/assets/themes.php HTTP/1.1" 500 360 "-" "-"
23.102.23.147 - - [20/May/2025:15:04:49 -0400] "GET /wp-content/plugins/dummyyummy/wp-signup.php HTTP/1.1" 500 360 "-" "-"
23.102.23.147 - - [20/May/2025:15:04:49 -0400] "GET /wp-content/uploads/chosen.php HTTP/1.1" 500 360 "-" "-"
23.102.23.147 - - [20/May/2025:15:04:49 -0400] "GET /wp-includes/style-engine/autoload_classmap.php HTTP/1.1" 500 360 "-" "-"
23.102.23.147 - - [20/May/2025:15:04:50 -0400] "GET /wp-includes/SimplePie/Content/Type/wp-login.php HTTP/1.1" 500 360 "-" "-"
23.102.23.147 - - [20/May/2025:15:04:50 -0400] "GET /js/style.php HTTP/1.1" 500 360 "-" "-"
23.102.23.147 - - [20/May/2025:15:04:50 -0400] "GET /wp-content/languages/wp-login.php HTTP/1.1" 500 360 "-" "-"
23.102.23.147 - - [20/May/2025:15:04:50 -0400] "GET /lock.php HTTP/1.1" 500 360 "-" "-"
23.102.23.147 - - [20/May/2025:15:04:50 -0400] "GET /wp-includes/js/tinymce/skins/wordpress/images/about.php HTTP/1.1" 500 360 "-" "-"
23.102.23.147 - - [20/May/2025:15:04:50 -0400] "GET /wp-includes/SimplePie/Content/Type/index.php HTTP/1.1" 500 360 "-" "-"
23.102.23.147 - - [20/May/2025:15:04:50 -0400] "GET /.well-known/dropdown.php HTTP/1.1" 500 360 "-" "-"
23.102.23.147 - - [20/May/2025:15:04:50 -0400] "GET /wp-includes/rest-api/autoload_classmap.php HTTP/1.1" 500 360 "-" "-"
23.102.23.147 - - [20/May/2025:15:04:50 -0400] "GET /readme.php HTTP/1.1" 500 360 "-" "-"
23.102.23.147 - - [20/May/2025:15:04:50 -0400] "GET /edit.php HTTP/1.1" 500 360 "-" "-"
23.102.23.147 - - [20/May/2025:15:04:51 -0400] "GET /wp-content/themes/travelscape/json.php HTTP/1.1" 500 360 "-" "-"
23.102.23.147 - - [20/May/2025:15:04:51 -0400] "GET /wp-admin/wp-admin.php HTTP/1.1" 500 360 "-" "-"
23.102.23.147 - - [20/May/2025:15:04:51 -0400] "GET /wp-content/upgrade/shell.php HTTP/1.1" 500 360 "-" "-"
23.102.23.147 - - [20/May/2025:15:04:51 -0400] "GET /wp-admin/user/bak.php HTTP/1.1" 500 360 "-" "-"
23.102.23.147 - - [20/May/2025:15:04:51 -0400] "GET /wp-content/plugins/admin.php HTTP/1.1" 500 360 "-" "-"
23.102.23.147 - - [20/May/2025:15:04:51 -0400] "GET /wp-admin/css/about.php HTTP/1.1" 500 360 "-" "-"
23.102.23.147 - - [20/May/2025:15:04:51 -0400] "GET /wp-admin/date.php HTTP/1.1" 500 1 "-" "-"
23.102.23.147 - - [20/May/2025:15:04:51 -0400] "GET /index/x.php HTTP/1.1" 500 360 "-" "-"
23.102.23.147 - - [20/May/2025:15:04:51 -0400] "GET /wp-includes/network.php HTTP/1.1" 500 360 "-" "-"
23.102.23.147 - - [20/May/2025:15:04:52 -0400] "GET /.well-known/.well-known/cc.php HTTP/1.1" 500 360 "-" "-"
23.102.23.147 - - [20/May/2025:15:04:52 -0400] "GET /wp-includes/pomo/chosen.php HTTP/1.1" 500 1 "-" "-"
23.102.23.147 - - [20/May/2025:15:04:52 -0400] "GET /.well-known/pki-validation/pwnd.php HTTP/1.1" 404 1251 "-" "-"
23.102.23.147 - - [20/May/2025:15:04:52 -0400] "GET /css/cong.php HTTP/1.1" 500 360 "-" "-"
23.102.23.147 - - [20/May/2025:15:04:52 -0400] "GET /wp-includes/customize/shell.php HTTP/1.1" 500 360 "-" "-"
23.102.23.147 - - [20/May/2025:15:04:52 -0400] "GET /wp-content/mah.php HTTP/1.1" 500 360 "-" "-"
23.102.23.147 - - [20/May/2025:15:04:52 -0400] "GET /wp-content/upgrade/admin.php HTTP/1.1" 500 360 "-" "-"
23.102.23.147 - - [20/May/2025:15:04:52 -0400] "GET /wp-content/index.php HTTP/1.1" 500 360 "-" "-"
23.102.23.147 - - [20/May/2025:15:04:52 -0400] "GET /cgi-bin/fm.php HTTP/1.1" 500 360 "-" "-"
23.102.23.147 - - [20/May/2025:15:04:52 -0400] "GET /wp-includes/block-supports/variations.php HTTP/1.1" 500 360 "-" "-"
23.102.23.147 - - [20/May/2025:15:04:53 -0400] "GET /wp-includes/rest-api/wp-login.php HTTP/1.1" 500 360 "-" "-"
23.102.23.147 - - [20/May/2025:15:04:53 -0400] "GET /.well-known/index.php HTTP/1.1" 500 360 "-" "-"
23.102.23.147 - - [20/May/2025:15:04:53 -0400] "GET /wp-content/languages/link.php HTTP/1.1" 500 360 "-" "-"
23.102.23.147 - - [20/May/2025:15:04:53 -0400] "GET /wp-includes/sitemaps/about.php HTTP/1.1" 500 360 "-" "-"
23.102.23.147 - - [20/May/2025:15:04:53 -0400] "GET /function.php HTTP/1.1" 500 360 "-" "-"
23.102.23.147 - - [20/May/2025:15:04:53 -0400] "GET /wp-includes/customize/autoload_classmap.php HTTP/1.1" 500 360 "-" "-"
23.102.23.147 - - [20/May/2025:15:04:53 -0400] "GET /wp-includes/fonts/item.php HTTP/1.1" 500 1 "-" "-"
23.102.23.147 - - [20/May/2025:15:04:53 -0400] "GET /wp-content/themes/index.php HTTP/1.1" 200 0 "-" "-"
23.102.23.147 - - [20/May/2025:15:04:53 -0400] "GET /wp-content/themes/classic/inc/json.php HTTP/1.1" 500 360 "-" "-"
23.102.23.147 - - [20/May/2025:15:04:53 -0400] "GET /wp-content/plugins/seoplugins/wso112233.php HTTP/1.1" 500 360 "-" "-"
23.102.23.147 - - [20/May/2025:15:04:54 -0400] "GET /wp-includes/sodium_compat/link.php HTTP/1.1" 500 360 "-" "-"
23.102.23.147 - - [20/May/2025:15:04:54 -0400] "GET /wp-includes/images/wlw/wp-login.php HTTP/1.1" 500 360 "-" "-"
23.102.23.147 - - [20/May/2025:15:04:54 -0400] "GET /byp.php HTTP/1.1" 500 360 "-" "-"
23.102.23.147 - - [20/May/2025:15:04:54 -0400] "GET /wp-content/plugins/WordPressCore/alfa-rex.php HTTP/1.1" 500 360 "-" "-"
23.102.23.147 - - [20/May/2025:15:04:54 -0400] "GET /wp-content/plugins/revslider/includes/external/page/index.php HTTP/1.1" 500 360 "-" "-"
23.102.23.147 - - [20/May/2025:15:04:54 -0400] "GET /wp-includes/style-engine/content.php HTTP/1.1" 500 1 "-" "-"
23.102.23.147 - - [20/May/2025:15:04:54 -0400] "GET /wordpress/wp-admin/includeswp-conflg.php HTTP/1.1" 500 360 "-" "-"
23.102.23.147 - - [20/May/2025:15:04:54 -0400] "GET /wp-admin/mah.php HTTP/1.1" 200 381 "-" "-"
23.102.23.147 - - [20/May/2025:15:04:55 -0400] "GET /wp-admin/js/wp-login.php HTTP/1.1" 500 1 "-" "-"
23.102.23.147 - - [20/May/2025:15:04:55 -0400] "GET /wp-includes/js/codemirror/about.php HTTP/1.1" 500 360 "-" "-"
23.102.23.147 - - [20/May/2025:15:04:55 -0400] "GET /wp-includes/sitemaps/providers/index.php HTTP/1.1" 500 360 "-" "-"
23.102.23.147 - - [20/May/2025:15:04:55 -0400] "GET /wp-mail.php/wp-includes/ID3/Core32.php HTTP/1.1" 500 360 "-" "-"
23.102.23.147 - - [20/May/2025:15:04:55 -0400] "GET /wp-includes/css/wp-login.php HTTP/1.1" 500 360 "-" "-"
23.102.23.147 - - [20/May/2025:15:04:55 -0400] "GET /wp-admin/includes/install.php HTTP/1.1" 500 360 "-" "-"
23.102.23.147 - - [20/May/2025:15:04:55 -0400] "GET /wp-content/themes/about.php HTTP/1.1" 500 360 "-" "-"
23.102.23.147 - - [20/May/2025:15:04:55 -0400] "GET /.well-known/pki-validation/muse.php HTTP/1.1" 404 1251 "-" "-"
