Server IP : 192.158.238.246 / Your IP : 18.226.181.223 Web Server : LiteSpeed System : Linux uniform.iwebfusion.net 4.18.0-553.27.1.lve.1.el8.x86_64 #1 SMP Wed Nov 20 15:58:00 UTC 2024 x86_64 User : jenniferflocom ( 1321) PHP Version : 8.1.32 Disable Function : NONE MySQL : OFF | cURL : ON | WGET : ON | Perl : ON | Python : ON | Sudo : OFF | Pkexec : OFF Directory : /proc/4082427/root/proc/thread-self/root/home/jenniferflocom/access-logs/ |
Upload File : |
8.210.11.248 - - [20/May/2025:09:06:28 -0400] "GET /items/uwaxf39/1648?key=vaccine HTTP/1.1" 500 271 "-" "Mozilla/5.0 (Macintosh; Intel Mac OS X 10_15_7) AppleWebKit/537.36 (KHTML, like Gecko) Chrome/109.0.0.0 Safari/537.36"
212.11.64.144 - - [20/May/2025:09:06:37 -0400] "GET //wp-content/plugins/google-analytics-for-wordpress/includes/gutenberg/headline-tool/phpinsight/lib/PHPInsight/dictionaries/files.php HTTP/1.1" 500 271 "http://jenniferflo.com/" "Mozilla/5.0 (Windows NT 10.0; Win64; x64) AppleWebKit/537.36 (KHTML, like Gecko) Chrome/121.0.0.0 Safari/537.36"
198.204.226.18 - - [20/May/2025:09:07:19 -0400] "GET /wp-content/install.php HTTP/1.1" 200 10 "http://jenniferflo.com/wp-content/install.php" "Mozilla/5.0 (Windows NT 10.0; Win64; x64) AppleWebKit/537.36 (KHTML, like Gecko) Chrome/58.0.3029.110 Safari/537.3"
47.238.13.15 - - [20/May/2025:09:07:19 -0400] "GET /sitemap-subkey-766.xml HTTP/1.1" 200 99513 "-" "Mozilla/5.0 (Macintosh; Intel Mac OS X 10_15_7) AppleWebKit/537.36 (KHTML, like Gecko) Chrome/109.0.0.0 Safari/537.36"
198.204.226.18 - - [20/May/2025:09:07:37 -0400] "GET /wp-content/install.php HTTP/1.1" 200 10 "http://jenniferflo.com/wp-content/install.php" "Mozilla/5.0 (Windows NT 10.0; Win64; x64) AppleWebKit/537.36 (KHTML, like Gecko) Chrome/58.0.3029.110 Safari/537.3"
198.204.226.18 - - [20/May/2025:09:07:34 -0400] "GET /wp-content/install.php HTTP/1.1" 200 0 "http://jenniferflo.com/wp-content/install.php" "Mozilla/5.0 (Windows NT 10.0; Win64; x64) AppleWebKit/537.36 (KHTML, like Gecko) Chrome/58.0.3029.110 Safari/537.3"
198.204.226.18 - - [20/May/2025:09:08:34 -0400] "GET /wp-content/install.php HTTP/1.1" 200 10 "http://jenniferflo.com/wp-content/install.php" "Mozilla/5.0 (Windows NT 10.0; Win64; x64) AppleWebKit/537.36 (KHTML, like Gecko) Chrome/58.0.3029.110 Safari/537.3"
198.204.226.18 - - [20/May/2025:09:09:12 -0400] "GET /wp-content/install.php HTTP/1.1" 200 10 "http://jenniferflo.com/wp-content/install.php" "Mozilla/5.0 (Windows NT 10.0; Win64; x64) AppleWebKit/537.36 (KHTML, like Gecko) Chrome/58.0.3029.110 Safari/537.3"
198.204.226.18 - - [20/May/2025:09:09:09 -0400] "GET /wp-content/install.php HTTP/1.1" 200 0 "http://jenniferflo.com/wp-content/install.php" "Mozilla/5.0 (Windows NT 10.0; Win64; x64) AppleWebKit/537.36 (KHTML, like Gecko) Chrome/58.0.3029.110 Safari/537.3"
47.238.13.17 - - [20/May/2025:09:09:23 -0400] "GET /substantial/c137?pid=37271 HTTP/1.1" 500 271 "-" "Mozilla/5.0 (Macintosh; Intel Mac OS X 10_15_7) AppleWebKit/537.36 (KHTML, like Gecko) Chrome/109.0.0.0 Safari/537.36"
204.12.252.98 - - [20/May/2025:09:09:35 -0400] "GET /wp-includes/install.php HTTP/1.1" 200 10 "http://jenniferflo.com/wp-includes/install.php" "Mozilla/5.0 (Windows NT 10.0; Win64; x64) AppleWebKit/537.36 (KHTML, like Gecko) Chrome/58.0.3029.110 Safari/537.3"
47.242.230.146 - - [20/May/2025:09:10:06 -0400] "GET /reduce/w82?pid=348 HTTP/1.1" 500 271 "-" "Mozilla/5.0 (Macintosh; Intel Mac OS X 10_15_7) AppleWebKit/537.36 (KHTML, like Gecko) Chrome/109.0.0.0 Safari/537.36"
47.238.13.9 - - [20/May/2025:09:10:19 -0400] "GET /pages.php?products/26qp1163 HTTP/1.1" 200 9463 "-" "Mozilla/5.0 (Macintosh; Intel Mac OS X 10_15_7) AppleWebKit/537.36 (KHTML, like Gecko) Chrome/109.0.0.0 Safari/537.36"
212.11.64.144 - - [20/May/2025:09:10:24 -0400] "GET //5IgS70U9sn/byp.php HTTP/1.1" 500 271 "http://jenniferflo.com/" "Mozilla/5.0 (Windows NT 10.0; Win64; x64) AppleWebKit/537.36 (KHTML, like Gecko) Chrome/121.0.0.0 Safari/537.36"
198.204.226.18 - - [20/May/2025:09:11:11 -0400] "GET /wp-content/install.php HTTP/1.1" 200 10 "http://jenniferflo.com/wp-content/install.php" "Mozilla/5.0 (Windows NT 10.0; Win64; x64) AppleWebKit/537.36 (KHTML, like Gecko) Chrome/58.0.3029.110 Safari/537.3"
198.204.226.18 - - [20/May/2025:09:11:08 -0400] "GET /wp-content/install.php HTTP/1.1" 200 0 "http://jenniferflo.com/wp-content/install.php" "Mozilla/5.0 (Windows NT 10.0; Win64; x64) AppleWebKit/537.36 (KHTML, like Gecko) Chrome/58.0.3029.110 Safari/537.3"
198.204.226.18 - - [20/May/2025:09:12:14 -0400] "GET /wp-content/install.php HTTP/1.1" 200 10 "http://jenniferflo.com/wp-content/install.php" "Mozilla/5.0 (Windows NT 10.0; Win64; x64) AppleWebKit/537.36 (KHTML, like Gecko) Chrome/58.0.3029.110 Safari/537.3"
188.121.219.249 - - [20/May/2025:09:12:39 -0400] "GET /wp-login.php HTTP/1.1" 500 198 "http://jenniferflo.com/wp-login.php" "Mozilla/5.0 (Windows NT 10.0; Win64; x64) AppleWebKit/537.36 (KHTML, like Gecko) Chrome/86.0.4240.198 Safari/537.36"
188.121.219.249 - - [20/May/2025:09:12:41 -0400] "GET /administrator/ HTTP/1.1" 500 198 "http://jenniferflo.com/administrator/" "Mozilla/5.0 (Windows NT 10.0; Win64; x64) AppleWebKit/537.36 (KHTML, like Gecko) Chrome/86.0.4240.198 Safari/537.36"
47.238.13.16 - - [20/May/2025:09:12:49 -0400] "GET /sitemap-subkey-1449.xml HTTP/1.1" 200 101814 "-" "Mozilla/5.0 (Macintosh; Intel Mac OS X 10_15_7) AppleWebKit/537.36 (KHTML, like Gecko) Chrome/109.0.0.0 Safari/537.36"
47.238.13.18 - - [20/May/2025:09:12:54 -0400] "GET /items/qhuxr176/13045?key=sometimes HTTP/1.1" 500 270 "-" "Mozilla/5.0 (Macintosh; Intel Mac OS X 10_15_7) AppleWebKit/537.36 (KHTML, like Gecko) Chrome/109.0.0.0 Safari/537.36"
198.204.226.18 - - [20/May/2025:09:13:23 -0400] "GET /wp-content/install.php HTTP/1.1" 200 10 "http://jenniferflo.com/wp-content/install.php" "Mozilla/5.0 (Windows NT 10.0; Win64; x64) AppleWebKit/537.36 (KHTML, like Gecko) Chrome/58.0.3029.110 Safari/537.3"
198.204.226.18 - - [20/May/2025:09:13:17 -0400] "GET /wp-content/install.php HTTP/1.1" 200 0 "http://jenniferflo.com/wp-content/install.php" "Mozilla/5.0 (Windows NT 10.0; Win64; x64) AppleWebKit/537.36 (KHTML, like Gecko) Chrome/58.0.3029.110 Safari/537.3"
198.204.226.18 - - [20/May/2025:09:13:31 -0400] "GET /wp-content/install.php HTTP/1.1" 200 10 "http://jenniferflo.com/wp-content/install.php" "Mozilla/5.0 (Windows NT 10.0; Win64; x64) AppleWebKit/537.36 (KHTML, like Gecko) Chrome/58.0.3029.110 Safari/537.3"
47.238.13.15 - - [20/May/2025:09:13:35 -0400] "GET /focus/z124?pid=23364 HTTP/1.1" 500 271 "-" "Mozilla/5.0 (Macintosh; Intel Mac OS X 10_15_7) AppleWebKit/537.36 (KHTML, like Gecko) Chrome/109.0.0.0 Safari/537.36"
47.238.13.11 - - [20/May/2025:09:13:36 -0400] "GET /sitemap-subkey-466.xml HTTP/1.1" 200 100003 "-" "Mozilla/5.0 (Macintosh; Intel Mac OS X 10_15_7) AppleWebKit/537.36 (KHTML, like Gecko) Chrome/109.0.0.0 Safari/537.36"
212.11.64.144 - - [20/May/2025:09:14:13 -0400] "GET //static/confirm/xmrlpc.php HTTP/1.1" 500 271 "http://jenniferflo.com/" "Mozilla/5.0 (Windows NT 10.0; Win64; x64) AppleWebKit/537.36 (KHTML, like Gecko) Chrome/121.0.0.0 Safari/537.36"
47.238.13.5 - - [20/May/2025:09:14:16 -0400] "GET /favorite/z47?pid=1269 HTTP/1.1" 500 271 "-" "Mozilla/5.0 (Macintosh; Intel Mac OS X 10_15_7) AppleWebKit/537.36 (KHTML, like Gecko) Chrome/109.0.0.0 Safari/537.36"
69.197.182.50 - - [20/May/2025:09:14:33 -0400] "GET /wp-includes/install.php HTTP/1.1" 200 10 "http://jenniferflo.com/wp-includes/install.php" "Mozilla/5.0 (Windows NT 10.0; Win64; x64) AppleWebKit/537.36 (KHTML, like Gecko) Chrome/58.0.3029.110 Safari/537.3"
198.204.226.18 - - [20/May/2025:09:14:49 -0400] "GET /wp-content/install.php HTTP/1.1" 200 10 "http://jenniferflo.com/wp-content/install.php" "Mozilla/5.0 (Windows NT 10.0; Win64; x64) AppleWebKit/537.36 (KHTML, like Gecko) Chrome/58.0.3029.110 Safari/537.3"
198.204.226.18 - - [20/May/2025:09:14:54 -0400] "GET /wp-content/install.php HTTP/1.1" 200 10 "http://jenniferflo.com/wp-content/install.php" "Mozilla/5.0 (Windows NT 10.0; Win64; x64) AppleWebKit/537.36 (KHTML, like Gecko) Chrome/58.0.3029.110 Safari/537.3"
198.204.226.18 - - [20/May/2025:09:14:45 -0400] "GET /wp-content/install.php HTTP/1.1" 200 0 "http://jenniferflo.com/wp-content/install.php" "Mozilla/5.0 (Windows NT 10.0; Win64; x64) AppleWebKit/537.36 (KHTML, like Gecko) Chrome/58.0.3029.110 Safari/537.3"
34.169.31.233 - - [20/May/2025:09:15:03 -0400] "GET /index.php/national-spumoni-day-diy-make-your-own-three-layer-popsicle/ HTTP/1.1" 500 200 "-" "Mozilla/5.0 (Macintosh; Intel Mac OS X 10.15; rv:109.0) Gecko/20100101 Firefox/116.0"
198.204.226.18 - - [20/May/2025:09:15:16 -0400] "GET /wp-content/install.php HTTP/1.1" 200 10 "http://jenniferflo.com/wp-content/install.php" "Mozilla/5.0 (Windows NT 10.0; Win64; x64) AppleWebKit/537.36 (KHTML, like Gecko) Chrome/58.0.3029.110 Safari/537.3"
198.204.226.18 - - [20/May/2025:09:15:13 -0400] "GET /wp-content/install.php HTTP/1.1" 200 0 "http://jenniferflo.com/wp-content/install.php" "Mozilla/5.0 (Windows NT 10.0; Win64; x64) AppleWebKit/537.36 (KHTML, like Gecko) Chrome/58.0.3029.110 Safari/537.3"
198.204.226.18 - - [20/May/2025:09:15:47 -0400] "GET /wp-content/install.php HTTP/1.1" 200 10 "http://jenniferflo.com/wp-content/install.php" "Mozilla/5.0 (Windows NT 10.0; Win64; x64) AppleWebKit/537.36 (KHTML, like Gecko) Chrome/58.0.3029.110 Safari/537.3"
198.204.226.18 - - [20/May/2025:09:16:17 -0400] "GET /wp-content/install.php HTTP/1.1" 200 10 "http://jenniferflo.com/wp-content/install.php" "Mozilla/5.0 (Windows NT 10.0; Win64; x64) AppleWebKit/537.36 (KHTML, like Gecko) Chrome/58.0.3029.110 Safari/537.3"
47.238.13.11 - - [20/May/2025:09:16:44 -0400] "GET /bias/r20?pid=29742 HTTP/1.1" 500 270 "-" "Mozilla/5.0 (Macintosh; Intel Mac OS X 10_15_7) AppleWebKit/537.36 (KHTML, like Gecko) Chrome/109.0.0.0 Safari/537.36"
198.204.226.18 - - [20/May/2025:09:16:49 -0400] "GET /wp-content/install.php HTTP/1.1" 200 10 "http://jenniferflo.com/wp-content/install.php" "Mozilla/5.0 (Windows NT 10.0; Win64; x64) AppleWebKit/537.36 (KHTML, like Gecko) Chrome/58.0.3029.110 Safari/537.3"
198.204.226.18 - - [20/May/2025:09:16:46 -0400] "GET /wp-content/install.php HTTP/1.1" 200 0 "http://jenniferflo.com/wp-content/install.php" "Mozilla/5.0 (Windows NT 10.0; Win64; x64) AppleWebKit/537.36 (KHTML, like Gecko) Chrome/58.0.3029.110 Safari/537.3"
198.204.226.18 - - [20/May/2025:09:17:20 -0400] "GET /wp-content/install.php HTTP/1.1" 200 10 "http://jenniferflo.com/wp-content/install.php" "Mozilla/5.0 (Windows NT 10.0; Win64; x64) AppleWebKit/537.36 (KHTML, like Gecko) Chrome/58.0.3029.110 Safari/537.3"
212.11.64.144 - - [20/May/2025:09:17:59 -0400] "GET //wp-admin/RxRtzplk.php HTTP/1.1" 500 270 "http://jenniferflo.com/" "Mozilla/5.0 (Windows NT 10.0; Win64; x64) AppleWebKit/537.36 (KHTML, like Gecko) Chrome/121.0.0.0 Safari/537.36"
69.197.182.50 - - [20/May/2025:09:18:24 -0400] "GET /wp-includes/install.php HTTP/1.1" 200 10 "http://jenniferflo.com/wp-includes/install.php" "Mozilla/5.0 (Windows NT 10.0; Win64; x64) AppleWebKit/537.36 (KHTML, like Gecko) Chrome/58.0.3029.110 Safari/537.3"
198.204.226.18 - - [20/May/2025:09:18:32 -0400] "GET /wp-content/install.php HTTP/1.1" 200 10 "http://jenniferflo.com/wp-content/install.php" "Mozilla/5.0 (Windows NT 10.0; Win64; x64) AppleWebKit/537.36 (KHTML, like Gecko) Chrome/58.0.3029.110 Safari/537.3"
198.204.226.18 - - [20/May/2025:09:18:29 -0400] "GET /wp-content/install.php HTTP/1.1" 200 0 "http://jenniferflo.com/wp-content/install.php" "Mozilla/5.0 (Windows NT 10.0; Win64; x64) AppleWebKit/537.36 (KHTML, like Gecko) Chrome/58.0.3029.110 Safari/537.3"
198.204.226.18 - - [20/May/2025:09:20:19 -0400] "GET /wp-content/install.php HTTP/1.1" 200 10 "http://jenniferflo.com/wp-content/install.php" "Mozilla/5.0 (Windows NT 10.0; Win64; x64) AppleWebKit/537.36 (KHTML, like Gecko) Chrome/58.0.3029.110 Safari/537.3"
198.204.226.18 - - [20/May/2025:09:20:16 -0400] "GET /wp-content/install.php HTTP/1.1" 200 0 "http://jenniferflo.com/wp-content/install.php" "Mozilla/5.0 (Windows NT 10.0; Win64; x64) AppleWebKit/537.36 (KHTML, like Gecko) Chrome/58.0.3029.110 Safari/537.3"
198.204.226.18 - - [20/May/2025:09:20:33 -0400] "GET /wp-content/install.php HTTP/1.1" 200 10 "http://jenniferflo.com/wp-content/install.php" "Mozilla/5.0 (Windows NT 10.0; Win64; x64) AppleWebKit/537.36 (KHTML, like Gecko) Chrome/58.0.3029.110 Safari/537.3"
8.210.10.143 - - [20/May/2025:09:20:46 -0400] "GET /vendor/y158?pid=19686 HTTP/1.1" 500 270 "-" "Mozilla/5.0 (Macintosh; Intel Mac OS X 10_15_7) AppleWebKit/537.36 (KHTML, like Gecko) Chrome/109.0.0.0 Safari/537.36"
47.238.13.8 - - [20/May/2025:09:21:32 -0400] "GET /also/a121?pid=20135 HTTP/1.1" 500 271 "-" "Mozilla/5.0 (Macintosh; Intel Mac OS X 10_15_7) AppleWebKit/537.36 (KHTML, like Gecko) Chrome/109.0.0.0 Safari/537.36"
198.204.226.18 - - [20/May/2025:09:21:40 -0400] "GET /wp-content/install.php HTTP/1.1" 200 10 "http://jenniferflo.com/wp-content/install.php" "Mozilla/5.0 (Windows NT 10.0; Win64; x64) AppleWebKit/537.36 (KHTML, like Gecko) Chrome/58.0.3029.110 Safari/537.3"
212.11.64.144 - - [20/May/2025:09:21:47 -0400] "GET //cache/install.php HTTP/1.1" 500 270 "http://jenniferflo.com/" "Mozilla/5.0 (Windows NT 10.0; Win64; x64) AppleWebKit/537.36 (KHTML, like Gecko) Chrome/121.0.0.0 Safari/537.36"
198.204.226.18 - - [20/May/2025:09:21:37 -0400] "GET /wp-content/install.php HTTP/1.1" 200 0 "http://jenniferflo.com/wp-content/install.php" "Mozilla/5.0 (Windows NT 10.0; Win64; x64) AppleWebKit/537.36 (KHTML, like Gecko) Chrome/58.0.3029.110 Safari/537.3"
208.110.64.178 - - [20/May/2025:09:22:33 -0400] "GET /wp-includes/install.php HTTP/1.1" 200 10 "http://jenniferflo.com/wp-includes/install.php" "Mozilla/5.0 (Windows NT 10.0; Win64; x64) AppleWebKit/537.36 (KHTML, like Gecko) Chrome/58.0.3029.110 Safari/537.3"
198.204.226.18 - - [20/May/2025:09:22:35 -0400] "GET /wp-content/install.php HTTP/1.1" 200 10 "http://jenniferflo.com/wp-content/install.php" "Mozilla/5.0 (Windows NT 10.0; Win64; x64) AppleWebKit/537.36 (KHTML, like Gecko) Chrome/58.0.3029.110 Safari/537.3"
198.204.226.18 - - [20/May/2025:09:22:32 -0400] "GET /wp-content/install.php HTTP/1.1" 200 0 "http://jenniferflo.com/wp-content/install.php" "Mozilla/5.0 (Windows NT 10.0; Win64; x64) AppleWebKit/537.36 (KHTML, like Gecko) Chrome/58.0.3029.110 Safari/537.3"
198.204.226.18 - - [20/May/2025:09:22:52 -0400] "GET /wp-content/install.php HTTP/1.1" 200 10 "http://jenniferflo.com/wp-content/install.php" "Mozilla/5.0 (Windows NT 10.0; Win64; x64) AppleWebKit/537.36 (KHTML, like Gecko) Chrome/58.0.3029.110 Safari/537.3"
198.204.226.18 - - [20/May/2025:09:22:49 -0400] "GET /wp-content/install.php HTTP/1.1" 200 0 "http://jenniferflo.com/wp-content/install.php" "Mozilla/5.0 (Windows NT 10.0; Win64; x64) AppleWebKit/537.36 (KHTML, like Gecko) Chrome/58.0.3029.110 Safari/537.3"
198.204.226.18 - - [20/May/2025:09:23:29 -0400] "GET /wp-content/install.php HTTP/1.1" 200 10 "http://jenniferflo.com/wp-content/install.php" "Mozilla/5.0 (Windows NT 10.0; Win64; x64) AppleWebKit/537.36 (KHTML, like Gecko) Chrome/58.0.3029.110 Safari/537.3"
198.204.226.18 - - [20/May/2025:09:23:24 -0400] "GET /wp-content/install.php HTTP/1.1" 200 0 "http://jenniferflo.com/wp-content/install.php" "Mozilla/5.0 (Windows NT 10.0; Win64; x64) AppleWebKit/537.36 (KHTML, like Gecko) Chrome/58.0.3029.110 Safari/537.3"
47.238.13.14 - - [20/May/2025:09:23:46 -0400] "GET /sales/a48?pid=9630 HTTP/1.1" 500 270 "-" "Mozilla/5.0 (Macintosh; Intel Mac OS X 10_15_7) AppleWebKit/537.36 (KHTML, like Gecko) Chrome/109.0.0.0 Safari/537.36"
198.204.226.18 - - [20/May/2025:09:24:31 -0400] "GET /wp-content/install.php HTTP/1.1" 200 10 "http://jenniferflo.com/wp-content/install.php" "Mozilla/5.0 (Windows NT 10.0; Win64; x64) AppleWebKit/537.36 (KHTML, like Gecko) Chrome/58.0.3029.110 Safari/537.3"
198.204.226.18 - - [20/May/2025:09:24:28 -0400] "GET /wp-content/install.php HTTP/1.1" 200 0 "http://jenniferflo.com/wp-content/install.php" "Mozilla/5.0 (Windows NT 10.0; Win64; x64) AppleWebKit/537.36 (KHTML, like Gecko) Chrome/58.0.3029.110 Safari/537.3"
208.110.64.178 - - [20/May/2025:09:24:47 -0400] "GET /wp-includes/install.php HTTP/1.1" 200 10 "http://jenniferflo.com/wp-includes/install.php" "Mozilla/5.0 (Windows NT 10.0; Win64; x64) AppleWebKit/537.36 (KHTML, like Gecko) Chrome/58.0.3029.110 Safari/537.3"
198.204.226.18 - - [20/May/2025:09:24:53 -0400] "GET /wp-content/install.php HTTP/1.1" 200 10 "http://jenniferflo.com/wp-content/install.php" "Mozilla/5.0 (Windows NT 10.0; Win64; x64) AppleWebKit/537.36 (KHTML, like Gecko) Chrome/58.0.3029.110 Safari/537.3"
47.238.13.13 - - [20/May/2025:09:24:54 -0400] "GET /shove/e66?pid=1034 HTTP/1.1" 500 270 "-" "Mozilla/5.0 (Macintosh; Intel Mac OS X 10_15_7) AppleWebKit/537.36 (KHTML, like Gecko) Chrome/109.0.0.0 Safari/537.36"
198.204.226.18 - - [20/May/2025:09:24:50 -0400] "GET /wp-content/install.php HTTP/1.1" 200 0 "http://jenniferflo.com/wp-content/install.php" "Mozilla/5.0 (Windows NT 10.0; Win64; x64) AppleWebKit/537.36 (KHTML, like Gecko) Chrome/58.0.3029.110 Safari/537.3"
212.11.64.144 - - [20/May/2025:09:25:35 -0400] "GET //controlfact/reports/index.php?p= HTTP/1.1" 500 271 "http://jenniferflo.com/" "Mozilla/5.0 (Windows NT 10.0; Win64; x64) AppleWebKit/537.36 (KHTML, like Gecko) Chrome/121.0.0.0 Safari/537.36"
198.204.226.18 - - [20/May/2025:09:26:40 -0400] "GET /wp-content/install.php HTTP/1.1" 200 10 "http://jenniferflo.com/wp-content/install.php" "Mozilla/5.0 (Windows NT 10.0; Win64; x64) AppleWebKit/537.36 (KHTML, like Gecko) Chrome/58.0.3029.110 Safari/537.3"
198.204.226.18 - - [20/May/2025:09:26:37 -0400] "GET /wp-content/install.php HTTP/1.1" 200 0 "http://jenniferflo.com/wp-content/install.php" "Mozilla/5.0 (Windows NT 10.0; Win64; x64) AppleWebKit/537.36 (KHTML, like Gecko) Chrome/58.0.3029.110 Safari/537.3"
47.238.13.16 - - [20/May/2025:09:27:00 -0400] "GET /items/fgqtb65/1680?key=reservation HTTP/1.1" 500 271 "-" "Mozilla/5.0 (Macintosh; Intel Mac OS X 10_15_7) AppleWebKit/537.36 (KHTML, like Gecko) Chrome/109.0.0.0 Safari/537.36"
198.204.226.18 - - [20/May/2025:09:27:03 -0400] "GET /wp-content/install.php HTTP/1.1" 200 10 "http://jenniferflo.com/wp-content/install.php" "Mozilla/5.0 (Windows NT 10.0; Win64; x64) AppleWebKit/537.36 (KHTML, like Gecko) Chrome/58.0.3029.110 Safari/537.3"
198.204.226.18 - - [20/May/2025:09:27:00 -0400] "GET /wp-content/install.php HTTP/1.1" 200 0 "http://jenniferflo.com/wp-content/install.php" "Mozilla/5.0 (Windows NT 10.0; Win64; x64) AppleWebKit/537.36 (KHTML, like Gecko) Chrome/58.0.3029.110 Safari/537.3"
47.238.13.11 - - [20/May/2025:09:27:40 -0400] "GET /category/446_2688/1/listing HTTP/1.1" 500 270 "-" "Mozilla/5.0 (Macintosh; Intel Mac OS X 10_15_7) AppleWebKit/537.36 (KHTML, like Gecko) Chrome/109.0.0.0 Safari/537.36"
47.238.13.18 - - [20/May/2025:09:27:58 -0400] "GET /Catholic/s233?pid=18241 HTTP/1.1" 500 270 "-" "Mozilla/5.0 (Macintosh; Intel Mac OS X 10_15_7) AppleWebKit/537.36 (KHTML, like Gecko) Chrome/109.0.0.0 Safari/537.36"
208.110.64.178 - - [20/May/2025:09:29:04 -0400] "GET /wp-includes/install.php HTTP/1.1" 200 10 "http://jenniferflo.com/wp-includes/install.php" "Mozilla/5.0 (Windows NT 10.0; Win64; x64) AppleWebKit/537.36 (KHTML, like Gecko) Chrome/58.0.3029.110 Safari/537.3"
198.204.226.18 - - [20/May/2025:09:29:01 -0400] "GET /wp-content/install.php HTTP/1.1" 200 0 "http://jenniferflo.com/wp-content/install.php" "Mozilla/5.0 (Windows NT 10.0; Win64; x64) AppleWebKit/537.36 (KHTML, like Gecko) Chrome/58.0.3029.110 Safari/537.3"
47.242.230.146 - - [20/May/2025:09:29:16 -0400] "GET /exotic/y86?pid=738 HTTP/1.1" 500 270 "-" "Mozilla/5.0 (Macintosh; Intel Mac OS X 10_15_7) AppleWebKit/537.36 (KHTML, like Gecko) Chrome/109.0.0.0 Safari/537.36"
212.11.64.144 - - [20/May/2025:09:29:24 -0400] "GET //ero/admin.php HTTP/1.1" 500 270 "http://jenniferflo.com/" "Mozilla/5.0 (Windows NT 10.0; Win64; x64) AppleWebKit/537.36 (KHTML, like Gecko) Chrome/121.0.0.0 Safari/537.36"
198.204.226.18 - - [20/May/2025:09:29:25 -0400] "GET /wp-content/install.php HTTP/1.1" 200 10 "http://jenniferflo.com/wp-content/install.php" "Mozilla/5.0 (Windows NT 10.0; Win64; x64) AppleWebKit/537.36 (KHTML, like Gecko) Chrome/58.0.3029.110 Safari/537.3"
198.204.226.18 - - [20/May/2025:09:29:22 -0400] "GET /wp-content/install.php HTTP/1.1" 200 0 "http://jenniferflo.com/wp-content/install.php" "Mozilla/5.0 (Windows NT 10.0; Win64; x64) AppleWebKit/537.36 (KHTML, like Gecko) Chrome/58.0.3029.110 Safari/537.3"
47.238.13.13 - - [20/May/2025:09:30:03 -0400] "GET /pages.php?products/75mg42210] HTTP/1.1" 200 11235 "-" "Mozilla/5.0 (Macintosh; Intel Mac OS X 10_15_7) AppleWebKit/537.36 (KHTML, like Gecko) Chrome/109.0.0.0 Safari/537.36"
198.204.226.18 - - [20/May/2025:09:30:48 -0400] "GET /wp-content/install.php HTTP/1.1" 200 10 "http://jenniferflo.com/wp-content/install.php" "Mozilla/5.0 (Windows NT 10.0; Win64; x64) AppleWebKit/537.36 (KHTML, like Gecko) Chrome/58.0.3029.110 Safari/537.3"
198.204.226.18 - - [20/May/2025:09:30:45 -0400] "GET /wp-content/install.php HTTP/1.1" 200 0 "http://jenniferflo.com/wp-content/install.php" "Mozilla/5.0 (Windows NT 10.0; Win64; x64) AppleWebKit/537.36 (KHTML, like Gecko) Chrome/58.0.3029.110 Safari/537.3"
34.83.238.29 - - [20/May/2025:09:31:08 -0400] "GET / HTTP/1.1" 500 198 "-" "Mozilla/5.0 (Windows NT 10.0; Win64; x64) AppleWebKit/537.36 (KHTML, like Gecko) Chrome/123.0.0.0 Safari/537.36"
198.204.226.18 - - [20/May/2025:09:31:06 -0400] "GET /wp-content/install.php HTTP/1.1" 200 0 "http://jenniferflo.com/wp-content/install.php" "Mozilla/5.0 (Windows NT 10.0; Win64; x64) AppleWebKit/537.36 (KHTML, like Gecko) Chrome/58.0.3029.110 Safari/537.3"
47.238.13.3 - - [20/May/2025:09:31:19 -0400] "GET /items/kcbgu59/4200?key=Canadian HTTP/1.1" 500 270 "-" "Mozilla/5.0 (Macintosh; Intel Mac OS X 10_15_7) AppleWebKit/537.36 (KHTML, like Gecko) Chrome/109.0.0.0 Safari/537.36"
198.204.226.18 - - [20/May/2025:09:31:31 -0400] "GET /wp-content/install.php HTTP/1.1" 200 10 "http://jenniferflo.com/wp-content/install.php" "Mozilla/5.0 (Windows NT 10.0; Win64; x64) AppleWebKit/537.36 (KHTML, like Gecko) Chrome/58.0.3029.110 Safari/537.3"
198.204.226.18 - - [20/May/2025:09:31:28 -0400] "GET /wp-content/install.php HTTP/1.1" 200 0 "http://jenniferflo.com/wp-content/install.php" "Mozilla/5.0 (Windows NT 10.0; Win64; x64) AppleWebKit/537.36 (KHTML, like Gecko) Chrome/58.0.3029.110 Safari/537.3"
47.238.13.10 - - [20/May/2025:09:31:47 -0400] "GET /sitemap-subkey-2926.xml HTTP/1.1" 200 100134 "-" "Mozilla/5.0 (Macintosh; Intel Mac OS X 10_15_7) AppleWebKit/537.36 (KHTML, like Gecko) Chrome/109.0.0.0 Safari/537.36"
47.243.161.234 - - [20/May/2025:09:32:08 -0400] "GET /sitemap-subkey-750.xml HTTP/1.1" 200 100863 "-" "Mozilla/5.0 (Macintosh; Intel Mac OS X 10_15_7) AppleWebKit/537.36 (KHTML, like Gecko) Chrome/109.0.0.0 Safari/537.36"
47.243.56.196 - - [20/May/2025:09:32:26 -0400] "GET /essence/c14?pid=184 HTTP/1.1" 500 270 "-" "Mozilla/5.0 (Macintosh; Intel Mac OS X 10_15_7) AppleWebKit/537.36 (KHTML, like Gecko) Chrome/109.0.0.0 Safari/537.36"
198.204.226.18 - - [20/May/2025:09:32:40 -0400] "GET /wp-content/install.php HTTP/1.1" 200 10 "http://jenniferflo.com/wp-content/install.php" "Mozilla/5.0 (Windows NT 10.0; Win64; x64) AppleWebKit/537.36 (KHTML, like Gecko) Chrome/58.0.3029.110 Safari/537.3"
212.11.64.144 - - [20/May/2025:09:33:14 -0400] "GET //wp-content/plugins/contact-form-7/assets/admin.php HTTP/1.1" 500 270 "http://jenniferflo.com/" "Mozilla/5.0 (Windows NT 10.0; Win64; x64) AppleWebKit/537.36 (KHTML, like Gecko) Chrome/121.0.0.0 Safari/537.36"
69.197.182.50 - - [20/May/2025:09:33:38 -0400] "GET /wp-includes/install.php HTTP/1.1" 200 10 "http://jenniferflo.com/wp-includes/install.php" "Mozilla/5.0 (Windows NT 10.0; Win64; x64) AppleWebKit/537.36 (KHTML, like Gecko) Chrome/58.0.3029.110 Safari/537.3"
198.204.226.18 - - [20/May/2025:09:33:46 -0400] "GET /wp-content/install.php HTTP/1.1" 200 10 "http://jenniferflo.com/wp-content/install.php" "Mozilla/5.0 (Windows NT 10.0; Win64; x64) AppleWebKit/537.36 (KHTML, like Gecko) Chrome/58.0.3029.110 Safari/537.3"
198.204.226.18 - - [20/May/2025:09:35:25 -0400] "GET /wp-content/install.php HTTP/1.1" 200 10 "http://jenniferflo.com/wp-content/install.php" "Mozilla/5.0 (Windows NT 10.0; Win64; x64) AppleWebKit/537.36 (KHTML, like Gecko) Chrome/58.0.3029.110 Safari/537.3"
47.238.13.13 - - [20/May/2025:09:35:44 -0400] "GET /sitemap-subkey-2927.xml HTTP/1.1" 200 99978 "-" "Mozilla/5.0 (Macintosh; Intel Mac OS X 10_15_7) AppleWebKit/537.36 (KHTML, like Gecko) Chrome/109.0.0.0 Safari/537.36"
198.204.226.18 - - [20/May/2025:09:35:49 -0400] "GET /wp-content/install.php HTTP/1.1" 200 10 "http://jenniferflo.com/wp-content/install.php" "Mozilla/5.0 (Windows NT 10.0; Win64; x64) AppleWebKit/537.36 (KHTML, like Gecko) Chrome/58.0.3029.110 Safari/537.3"
198.204.226.18 - - [20/May/2025:09:35:46 -0400] "GET /wp-content/install.php HTTP/1.1" 200 0 "http://jenniferflo.com/wp-content/install.php" "Mozilla/5.0 (Windows NT 10.0; Win64; x64) AppleWebKit/537.36 (KHTML, like Gecko) Chrome/58.0.3029.110 Safari/537.3"
8.210.15.252 - - [20/May/2025:09:36:34 -0400] "GET /sitemap-subkey-2016.xml HTTP/1.1" 200 99344 "-" "Mozilla/5.0 (Macintosh; Intel Mac OS X 10_15_7) AppleWebKit/537.36 (KHTML, like Gecko) Chrome/109.0.0.0 Safari/537.36"
69.197.182.50 - - [20/May/2025:09:36:47 -0400] "GET /wp-includes/install.php HTTP/1.1" 200 10 "http://jenniferflo.com/wp-includes/install.php" "Mozilla/5.0 (Windows NT 10.0; Win64; x64) AppleWebKit/537.36 (KHTML, like Gecko) Chrome/58.0.3029.110 Safari/537.3"
198.204.226.18 - - [20/May/2025:09:36:47 -0400] "GET /wp-content/install.php HTTP/1.1" 200 10 "http://jenniferflo.com/wp-content/install.php" "Mozilla/5.0 (Windows NT 10.0; Win64; x64) AppleWebKit/537.36 (KHTML, like Gecko) Chrome/58.0.3029.110 Safari/537.3"
198.204.226.18 - - [20/May/2025:09:36:44 -0400] "GET /wp-content/install.php HTTP/1.1" 200 0 "http://jenniferflo.com/wp-content/install.php" "Mozilla/5.0 (Windows NT 10.0; Win64; x64) AppleWebKit/537.36 (KHTML, like Gecko) Chrome/58.0.3029.110 Safari/537.3"
212.11.64.144 - - [20/May/2025:09:36:59 -0400] "GET //.well-known/pki-validation/filesystemss/1index.php HTTP/1.1" 500 271 "http://jenniferflo.com/" "Mozilla/5.0 (Windows NT 10.0; Win64; x64) AppleWebKit/537.36 (KHTML, like Gecko) Chrome/121.0.0.0 Safari/537.36"
198.204.226.18 - - [20/May/2025:09:37:09 -0400] "GET /wp-content/install.php HTTP/1.1" 200 10 "http://jenniferflo.com/wp-content/install.php" "Mozilla/5.0 (Windows NT 10.0; Win64; x64) AppleWebKit/537.36 (KHTML, like Gecko) Chrome/58.0.3029.110 Safari/537.3"
198.204.226.18 - - [20/May/2025:09:37:06 -0400] "GET /wp-content/install.php HTTP/1.1" 200 0 "http://jenniferflo.com/wp-content/install.php" "Mozilla/5.0 (Windows NT 10.0; Win64; x64) AppleWebKit/537.36 (KHTML, like Gecko) Chrome/58.0.3029.110 Safari/537.3"
198.204.226.18 - - [20/May/2025:09:37:53 -0400] "GET /wp-content/install.php HTTP/1.1" 200 10 "http://jenniferflo.com/wp-content/install.php" "Mozilla/5.0 (Windows NT 10.0; Win64; x64) AppleWebKit/537.36 (KHTML, like Gecko) Chrome/58.0.3029.110 Safari/537.3"
198.204.226.18 - - [20/May/2025:09:37:50 -0400] "GET /wp-content/install.php HTTP/1.1" 200 0 "http://jenniferflo.com/wp-content/install.php" "Mozilla/5.0 (Windows NT 10.0; Win64; x64) AppleWebKit/537.36 (KHTML, like Gecko) Chrome/58.0.3029.110 Safari/537.3"
47.238.13.10 - - [20/May/2025:09:38:40 -0400] "GET /items/cwckq49/398?key=boot HTTP/1.1" 500 271 "-" "Mozilla/5.0 (Macintosh; Intel Mac OS X 10_15_7) AppleWebKit/537.36 (KHTML, like Gecko) Chrome/109.0.0.0 Safari/537.36"
198.204.226.18 - - [20/May/2025:09:39:00 -0400] "GET /wp-content/install.php HTTP/1.1" 200 10 "http://jenniferflo.com/wp-content/install.php" "Mozilla/5.0 (Windows NT 10.0; Win64; x64) AppleWebKit/537.36 (KHTML, like Gecko) Chrome/58.0.3029.110 Safari/537.3"
198.204.226.18 - - [20/May/2025:09:38:56 -0400] "GET /wp-content/install.php HTTP/1.1" 200 0 "http://jenniferflo.com/wp-content/install.php" "Mozilla/5.0 (Windows NT 10.0; Win64; x64) AppleWebKit/537.36 (KHTML, like Gecko) Chrome/58.0.3029.110 Safari/537.3"
198.204.226.18 - - [20/May/2025:09:33:43 -0400] "GET /wp-content/install.php HTTP/1.1" 200 0 "http://jenniferflo.com/wp-content/install.php" "Mozilla/5.0 (Windows NT 10.0; Win64; x64) AppleWebKit/537.36 (KHTML, like Gecko) Chrome/58.0.3029.110 Safari/537.3"
198.204.226.18 - - [20/May/2025:09:34:08 -0400] "GET /wp-content/install.php HTTP/1.1" 200 10 "http://jenniferflo.com/wp-content/install.php" "Mozilla/5.0 (Windows NT 10.0; Win64; x64) AppleWebKit/537.36 (KHTML, like Gecko) Chrome/58.0.3029.110 Safari/537.3"
198.204.226.18 - - [20/May/2025:09:34:05 -0400] "GET /wp-content/install.php HTTP/1.1" 200 0 "http://jenniferflo.com/wp-content/install.php" "Mozilla/5.0 (Windows NT 10.0; Win64; x64) AppleWebKit/537.36 (KHTML, like Gecko) Chrome/58.0.3029.110 Safari/537.3"
198.204.226.18 - - [20/May/2025:09:34:27 -0400] "GET /wp-content/install.php HTTP/1.1" 200 0 "http://jenniferflo.com/wp-content/install.php" "Mozilla/5.0 (Windows NT 10.0; Win64; x64) AppleWebKit/537.36 (KHTML, like Gecko) Chrome/58.0.3029.110 Safari/537.3"
69.197.184.234 - - [20/May/2025:09:34:48 -0400] "GET /wp-content/install.php HTTP/1.1" 200 0 "http://jenniferflo.com/wp-content/install.php" "Mozilla/5.0 (Windows NT 10.0; Win64; x64) AppleWebKit/537.36 (KHTML, like Gecko) Chrome/58.0.3029.110 Safari/537.3"
198.204.226.18 - - [20/May/2025:09:35:02 -0400] "GET /wp-content/install.php HTTP/1.1" 200 10 "http://jenniferflo.com/wp-content/install.php" "Mozilla/5.0 (Windows NT 10.0; Win64; x64) AppleWebKit/537.36 (KHTML, like Gecko) Chrome/58.0.3029.110 Safari/537.3"
198.204.226.18 - - [20/May/2025:09:34:59 -0400] "GET /wp-content/install.php HTTP/1.1" 200 0 "http://jenniferflo.com/wp-content/install.php" "Mozilla/5.0 (Windows NT 10.0; Win64; x64) AppleWebKit/537.36 (KHTML, like Gecko) Chrome/58.0.3029.110 Safari/537.3"
198.204.226.18 - - [20/May/2025:09:35:21 -0400] "GET /wp-content/install.php HTTP/1.1" 200 0 "http://jenniferflo.com/wp-content/install.php" "Mozilla/5.0 (Windows NT 10.0; Win64; x64) AppleWebKit/537.36 (KHTML, like Gecko) Chrome/58.0.3029.110 Safari/537.3"
198.204.226.18 - - [20/May/2025:09:39:12 -0400] "GET /wp-content/install.php HTTP/1.1" 200 10 "http://jenniferflo.com/wp-content/install.php" "Mozilla/5.0 (Windows NT 10.0; Win64; x64) AppleWebKit/537.36 (KHTML, like Gecko) Chrome/58.0.3029.110 Safari/537.3"
198.204.226.18 - - [20/May/2025:09:39:09 -0400] "GET /wp-content/install.php HTTP/1.1" 200 0 "http://jenniferflo.com/wp-content/install.php" "Mozilla/5.0 (Windows NT 10.0; Win64; x64) AppleWebKit/537.36 (KHTML, like Gecko) Chrome/58.0.3029.110 Safari/537.3"
198.204.226.18 - - [20/May/2025:09:39:25 -0400] "GET /wp-content/install.php HTTP/1.1" 200 10 "http://jenniferflo.com/wp-content/install.php" "Mozilla/5.0 (Windows NT 10.0; Win64; x64) AppleWebKit/537.36 (KHTML, like Gecko) Chrome/58.0.3029.110 Safari/537.3"
198.204.226.18 - - [20/May/2025:09:39:45 -0400] "GET /wp-content/install.php HTTP/1.1" 200 10 "http://jenniferflo.com/wp-content/install.php" "Mozilla/5.0 (Windows NT 10.0; Win64; x64) AppleWebKit/537.36 (KHTML, like Gecko) Chrome/58.0.3029.110 Safari/537.3"
212.11.64.144 - - [20/May/2025:09:40:46 -0400] "GET //wp-content/plugins/all-in-one-wp-migration/lib/vendor/bandar/bandar/lib/Exceptions/english.lng.php HTTP/1.1" 500 270 "http://jenniferflo.com/" "Mozilla/5.0 (Windows NT 10.0; Win64; x64) AppleWebKit/537.36 (KHTML, like Gecko) Chrome/121.0.0.0 Safari/537.36"
34.169.216.138 - - [20/May/2025:09:40:53 -0400] "GET /index.php/about/ HTTP/1.1" 500 198 "-" "Mozilla/5.0 (Macintosh; Intel Mac OS X 10_15_7) AppleWebKit/605.1.15 (KHTML, like Gecko) Version/17.0 Safari/605.1.15"
208.110.64.178 - - [20/May/2025:09:40:57 -0400] "GET /wp-includes/install.php HTTP/1.1" 200 10 "http://jenniferflo.com/wp-includes/install.php" "Mozilla/5.0 (Windows NT 10.0; Win64; x64) AppleWebKit/537.36 (KHTML, like Gecko) Chrome/58.0.3029.110 Safari/537.3"
47.238.13.10 - - [20/May/2025:09:41:37 -0400] "GET /sitemap-subkey-2290.xml HTTP/1.1" 200 99311 "-" "Mozilla/5.0 (Macintosh; Intel Mac OS X 10_15_7) AppleWebKit/537.36 (KHTML, like Gecko) Chrome/109.0.0.0 Safari/537.36"
47.238.13.7 - - [20/May/2025:09:42:31 -0400] "GET /fiscal/w74?pid=19294 HTTP/1.1" 500 271 "-" "Mozilla/5.0 (Macintosh; Intel Mac OS X 10_15_7) AppleWebKit/537.36 (KHTML, like Gecko) Chrome/109.0.0.0 Safari/537.36"
198.204.226.18 - - [20/May/2025:09:43:00 -0400] "GET /wp-content/install.php HTTP/1.1" 200 10 "http://jenniferflo.com/wp-content/install.php" "Mozilla/5.0 (Windows NT 10.0; Win64; x64) AppleWebKit/537.36 (KHTML, like Gecko) Chrome/58.0.3029.110 Safari/537.3"
198.204.226.18 - - [20/May/2025:09:42:56 -0400] "GET /wp-content/install.php HTTP/1.1" 200 0 "http://jenniferflo.com/wp-content/install.php" "Mozilla/5.0 (Windows NT 10.0; Win64; x64) AppleWebKit/537.36 (KHTML, like Gecko) Chrome/58.0.3029.110 Safari/537.3"
198.204.226.18 - - [20/May/2025:09:43:54 -0400] "GET /wp-content/install.php HTTP/1.1" 200 10 "http://jenniferflo.com/wp-content/install.php" "Mozilla/5.0 (Windows NT 10.0; Win64; x64) AppleWebKit/537.36 (KHTML, like Gecko) Chrome/58.0.3029.110 Safari/537.3"
47.238.13.10 - - [20/May/2025:09:44:25 -0400] "GET /items/urwfi286/49987?key=after HTTP/1.1" 500 271 "-" "Mozilla/5.0 (Macintosh; Intel Mac OS X 10_15_7) AppleWebKit/537.36 (KHTML, like Gecko) Chrome/109.0.0.0 Safari/537.36"
212.11.64.144 - - [20/May/2025:09:44:35 -0400] "GET //wp-content/themes/classic/inc/fmanager.php HTTP/1.1" 500 271 "http://jenniferflo.com/" "Mozilla/5.0 (Windows NT 10.0; Win64; x64) AppleWebKit/537.36 (KHTML, like Gecko) Chrome/121.0.0.0 Safari/537.36"
198.204.226.18 - - [20/May/2025:09:45:03 -0400] "GET /wp-content/install.php HTTP/1.1" 200 10 "http://jenniferflo.com/wp-content/install.php" "Mozilla/5.0 (Windows NT 10.0; Win64; x64) AppleWebKit/537.36 (KHTML, like Gecko) Chrome/58.0.3029.110 Safari/537.3"
198.204.226.18 - - [20/May/2025:09:44:59 -0400] "GET /wp-content/install.php HTTP/1.1" 200 0 "http://jenniferflo.com/wp-content/install.php" "Mozilla/5.0 (Windows NT 10.0; Win64; x64) AppleWebKit/537.36 (KHTML, like Gecko) Chrome/58.0.3029.110 Safari/537.3"
47.238.13.17 - - [20/May/2025:09:45:21 -0400] "GET /items/jehen83/11232?key=officially HTTP/1.1" 500 271 "-" "Mozilla/5.0 (Macintosh; Intel Mac OS X 10_15_7) AppleWebKit/537.36 (KHTML, like Gecko) Chrome/109.0.0.0 Safari/537.36"
198.204.226.18 - - [20/May/2025:09:46:05 -0400] "GET /wp-content/install.php HTTP/1.1" 200 10 "http://jenniferflo.com/wp-content/install.php" "Mozilla/5.0 (Windows NT 10.0; Win64; x64) AppleWebKit/537.36 (KHTML, like Gecko) Chrome/58.0.3029.110 Safari/537.3"
47.238.13.9 - - [20/May/2025:09:46:11 -0400] "GET /participation/q53?pid=27219 HTTP/1.1" 500 270 "-" "Mozilla/5.0 (Macintosh; Intel Mac OS X 10_15_7) AppleWebKit/537.36 (KHTML, like Gecko) Chrome/109.0.0.0 Safari/537.36"
47.238.13.16 - - [20/May/2025:09:46:19 -0400] "GET /pages.php?category/55/1/listing HTTP/1.1" 200 10371 "-" "Mozilla/5.0 (Macintosh; Intel Mac OS X 10_15_7) AppleWebKit/537.36 (KHTML, like Gecko) Chrome/109.0.0.0 Safari/537.36"
198.204.226.18 - - [20/May/2025:09:46:35 -0400] "GET /wp-content/install.php HTTP/1.1" 200 10 "http://jenniferflo.com/wp-content/install.php" "Mozilla/5.0 (Windows NT 10.0; Win64; x64) AppleWebKit/537.36 (KHTML, like Gecko) Chrome/58.0.3029.110 Safari/537.3"
208.110.64.178 - - [20/May/2025:09:46:41 -0400] "GET /wp-includes/install.php HTTP/1.1" 200 10 "http://jenniferflo.com/wp-includes/install.php" "Mozilla/5.0 (Windows NT 10.0; Win64; x64) AppleWebKit/537.36 (KHTML, like Gecko) Chrome/58.0.3029.110 Safari/537.3"
198.204.226.18 - - [20/May/2025:09:46:32 -0400] "GET /wp-content/install.php HTTP/1.1" 200 0 "http://jenniferflo.com/wp-content/install.php" "Mozilla/5.0 (Windows NT 10.0; Win64; x64) AppleWebKit/537.36 (KHTML, like Gecko) Chrome/58.0.3029.110 Safari/537.3"
198.204.226.18 - - [20/May/2025:09:47:02 -0400] "GET /wp-content/install.php HTTP/1.1" 200 10 "http://jenniferflo.com/wp-content/install.php" "Mozilla/5.0 (Windows NT 10.0; Win64; x64) AppleWebKit/537.36 (KHTML, like Gecko) Chrome/58.0.3029.110 Safari/537.3"
8.210.152.184 - - [20/May/2025:09:47:05 -0400] "GET /items/zphfq163/39566?key=search HTTP/1.1" 500 271 "-" "Mozilla/5.0 (Macintosh; Intel Mac OS X 10_15_7) AppleWebKit/537.36 (KHTML, like Gecko) Chrome/109.0.0.0 Safari/537.36"
47.243.56.196 - - [20/May/2025:09:47:06 -0400] "GET /sitemap-subkey-1782.xml HTTP/1.1" 200 99324 "-" "Mozilla/5.0 (Macintosh; Intel Mac OS X 10_15_7) AppleWebKit/537.36 (KHTML, like Gecko) Chrome/109.0.0.0 Safari/537.36"
47.238.13.18 - - [20/May/2025:09:47:17 -0400] "GET /least/y16?pid=31104 HTTP/1.1" 500 21 "-" "Mozilla/5.0 (Macintosh; Intel Mac OS X 10_15_7) AppleWebKit/537.36 (KHTML, like Gecko) Chrome/109.0.0.0 Safari/537.36"
47.242.77.69 - - [20/May/2025:09:47:52 -0400] "GET /items/sehfy86/845?key=argue HTTP/1.1" 500 271 "-" "Mozilla/5.0 (Macintosh; Intel Mac OS X 10_15_7) AppleWebKit/537.36 (KHTML, like Gecko) Chrome/109.0.0.0 Safari/537.36"
198.204.226.18 - - [20/May/2025:09:48:17 -0400] "GET /wp-content/install.php HTTP/1.1" 200 10 "http://jenniferflo.com/wp-content/install.php" "Mozilla/5.0 (Windows NT 10.0; Win64; x64) AppleWebKit/537.36 (KHTML, like Gecko) Chrome/58.0.3029.110 Safari/537.3"
212.11.64.144 - - [20/May/2025:09:48:24 -0400] "GET //wp-content/plugins/njaxbio/index.php HTTP/1.1" 500 271 "http://jenniferflo.com/" "Mozilla/5.0 (Windows NT 10.0; Win64; x64) AppleWebKit/537.36 (KHTML, like Gecko) Chrome/121.0.0.0 Safari/537.36"
198.204.226.18 - - [20/May/2025:09:48:14 -0400] "GET /wp-content/install.php HTTP/1.1" 200 0 "http://jenniferflo.com/wp-content/install.php" "Mozilla/5.0 (Windows NT 10.0; Win64; x64) AppleWebKit/537.36 (KHTML, like Gecko) Chrome/58.0.3029.110 Safari/537.3"
47.238.13.3 - - [20/May/2025:09:48:37 -0400] "GET /sitemap-subkey-2782.xml HTTP/1.1" 200 99558 "-" "Mozilla/5.0 (Macintosh; Intel Mac OS X 10_15_7) AppleWebKit/537.36 (KHTML, like Gecko) Chrome/109.0.0.0 Safari/537.36"
47.243.178.179 - - [20/May/2025:09:48:45 -0400] "GET /sitemap-subkey-1493.xml HTTP/1.1" 200 87633 "-" "Mozilla/5.0 (Macintosh; Intel Mac OS X 10_15_7) AppleWebKit/537.36 (KHTML, like Gecko) Chrome/109.0.0.0 Safari/537.36"
198.204.226.18 - - [20/May/2025:09:49:21 -0400] "GET /wp-content/install.php HTTP/1.1" 200 10 "http://jenniferflo.com/wp-content/install.php" "Mozilla/5.0 (Windows NT 10.0; Win64; x64) AppleWebKit/537.36 (KHTML, like Gecko) Chrome/58.0.3029.110 Safari/537.3"
198.204.226.18 - - [20/May/2025:09:49:18 -0400] "GET /wp-content/install.php HTTP/1.1" 200 0 "http://jenniferflo.com/wp-content/install.php" "Mozilla/5.0 (Windows NT 10.0; Win64; x64) AppleWebKit/537.36 (KHTML, like Gecko) Chrome/58.0.3029.110 Safari/537.3"
198.204.226.18 - - [20/May/2025:09:49:39 -0400] "GET /wp-content/install.php HTTP/1.1" 200 10 "http://jenniferflo.com/wp-content/install.php" "Mozilla/5.0 (Windows NT 10.0; Win64; x64) AppleWebKit/537.36 (KHTML, like Gecko) Chrome/58.0.3029.110 Safari/537.3"
198.204.226.18 - - [20/May/2025:09:49:35 -0400] "GET /wp-content/install.php HTTP/1.1" 200 0 "http://jenniferflo.com/wp-content/install.php" "Mozilla/5.0 (Windows NT 10.0; Win64; x64) AppleWebKit/537.36 (KHTML, like Gecko) Chrome/58.0.3029.110 Safari/537.3"
198.204.226.18 - - [20/May/2025:09:50:10 -0400] "GET /wp-content/install.php HTTP/1.1" 200 10 "http://jenniferflo.com/wp-content/install.php" "Mozilla/5.0 (Windows NT 10.0; Win64; x64) AppleWebKit/537.36 (KHTML, like Gecko) Chrome/58.0.3029.110 Safari/537.3"
8.210.10.143 - - [20/May/2025:09:50:21 -0400] "GET /sitemap-subkey-2844.xml HTTP/1.1" 200 99956 "-" "Mozilla/5.0 (Macintosh; Intel Mac OS X 10_15_7) AppleWebKit/537.36 (KHTML, like Gecko) Chrome/109.0.0.0 Safari/537.36"
198.204.226.18 - - [20/May/2025:09:50:23 -0400] "GET /wp-content/install.php HTTP/1.1" 200 10 "http://jenniferflo.com/wp-content/install.php" "Mozilla/5.0 (Windows NT 10.0; Win64; x64) AppleWebKit/537.36 (KHTML, like Gecko) Chrome/58.0.3029.110 Safari/537.3"
198.204.226.18 - - [20/May/2025:09:50:36 -0400] "GET /wp-content/install.php HTTP/1.1" 200 10 "http://jenniferflo.com/wp-content/install.php" "Mozilla/5.0 (Windows NT 10.0; Win64; x64) AppleWebKit/537.36 (KHTML, like Gecko) Chrome/58.0.3029.110 Safari/537.3"
198.204.226.18 - - [20/May/2025:09:50:50 -0400] "GET /wp-content/install.php HTTP/1.1" 200 10 "http://jenniferflo.com/wp-content/install.php" "Mozilla/5.0 (Windows NT 10.0; Win64; x64) AppleWebKit/537.36 (KHTML, like Gecko) Chrome/58.0.3029.110 Safari/537.3"
47.238.13.17 - - [20/May/2025:09:51:23 -0400] "GET /items/wztbv6/131?key=shortage HTTP/1.1" 500 21 "-" "Mozilla/5.0 (Macintosh; Intel Mac OS X 10_15_7) AppleWebKit/537.36 (KHTML, like Gecko) Chrome/109.0.0.0 Safari/537.36"
69.197.135.226 - - [20/May/2025:09:51:23 -0400] "GET /wp-includes/install.php HTTP/1.1" 200 10 "http://jenniferflo.com/wp-includes/install.php" "Mozilla/5.0 (Windows NT 10.0; Win64; x64) AppleWebKit/537.36 (KHTML, like Gecko) Chrome/58.0.3029.110 Safari/537.3"
69.197.182.50 - - [20/May/2025:09:52:04 -0400] "GET /wp-includes/install.php HTTP/1.1" 200 10 "http://jenniferflo.com/wp-includes/install.php" "Mozilla/5.0 (Windows NT 10.0; Win64; x64) AppleWebKit/537.36 (KHTML, like Gecko) Chrome/58.0.3029.110 Safari/537.3"
198.204.226.18 - - [20/May/2025:09:52:07 -0400] "GET /wp-content/install.php HTTP/1.1" 200 10 "http://jenniferflo.com/wp-content/install.php" "Mozilla/5.0 (Windows NT 10.0; Win64; x64) AppleWebKit/537.36 (KHTML, like Gecko) Chrome/58.0.3029.110 Safari/537.3"
212.11.64.144 - - [20/May/2025:09:52:12 -0400] "GET //wp-content/plugins/animated-live-wall/include/polish_mimes.php HTTP/1.1" 500 271 "http://jenniferflo.com/" "Mozilla/5.0 (Windows NT 10.0; Win64; x64) AppleWebKit/537.36 (KHTML, like Gecko) Chrome/121.0.0.0 Safari/537.36"
198.204.226.18 - - [20/May/2025:09:53:06 -0400] "GET /wp-content/install.php HTTP/1.1" 200 10 "http://jenniferflo.com/wp-content/install.php" "Mozilla/5.0 (Windows NT 10.0; Win64; x64) AppleWebKit/537.36 (KHTML, like Gecko) Chrome/58.0.3029.110 Safari/537.3"
198.204.226.18 - - [20/May/2025:09:53:21 -0400] "GET /wp-content/install.php HTTP/1.1" 200 10 "http://jenniferflo.com/wp-content/install.php" "Mozilla/5.0 (Windows NT 10.0; Win64; x64) AppleWebKit/537.36 (KHTML, like Gecko) Chrome/58.0.3029.110 Safari/537.3"
198.204.226.18 - - [20/May/2025:09:54:01 -0400] "GET /wp-content/install.php HTTP/1.1" 200 10 "http://jenniferflo.com/wp-content/install.php" "Mozilla/5.0 (Windows NT 10.0; Win64; x64) AppleWebKit/537.36 (KHTML, like Gecko) Chrome/58.0.3029.110 Safari/537.3"
198.204.226.18 - - [20/May/2025:09:53:57 -0400] "GET /wp-content/install.php HTTP/1.1" 200 0 "http://jenniferflo.com/wp-content/install.php" "Mozilla/5.0 (Windows NT 10.0; Win64; x64) AppleWebKit/537.36 (KHTML, like Gecko) Chrome/58.0.3029.110 Safari/537.3"
198.204.226.18 - - [20/May/2025:09:54:12 -0400] "GET /wp-content/install.php HTTP/1.1" 200 10 "http://jenniferflo.com/wp-content/install.php" "Mozilla/5.0 (Windows NT 10.0; Win64; x64) AppleWebKit/537.36 (KHTML, like Gecko) Chrome/58.0.3029.110 Safari/537.3"
8.210.230.104 - - [20/May/2025:09:54:40 -0400] "GET /crush/p44?pid=580 HTTP/1.1" 500 271 "-" "Mozilla/5.0 (Macintosh; Intel Mac OS X 10_15_7) AppleWebKit/537.36 (KHTML, like Gecko) Chrome/109.0.0.0 Safari/537.36"
198.204.226.18 - - [20/May/2025:09:55:17 -0400] "GET /wp-content/install.php HTTP/1.1" 200 10 "http://jenniferflo.com/wp-content/install.php" "Mozilla/5.0 (Windows NT 10.0; Win64; x64) AppleWebKit/537.36 (KHTML, like Gecko) Chrome/58.0.3029.110 Safari/537.3"
212.11.64.144 - - [20/May/2025:09:56:01 -0400] "GET //wp-content/plugins/instabuilder2/cache/add.php HTTP/1.1" 500 271 "http://jenniferflo.com/" "Mozilla/5.0 (Windows NT 10.0; Win64; x64) AppleWebKit/537.36 (KHTML, like Gecko) Chrome/121.0.0.0 Safari/537.36"
47.238.13.8 - - [20/May/2025:09:56:04 -0400] "GET /items/whovc76/367?key=hate HTTP/1.1" 500 271 "-" "Mozilla/5.0 (Macintosh; Intel Mac OS X 10_15_7) AppleWebKit/537.36 (KHTML, like Gecko) Chrome/109.0.0.0 Safari/537.36"
198.204.226.18 - - [20/May/2025:09:56:16 -0400] "GET /wp-content/install.php HTTP/1.1" 200 10 "http://jenniferflo.com/wp-content/install.php" "Mozilla/5.0 (Windows NT 10.0; Win64; x64) AppleWebKit/537.36 (KHTML, like Gecko) Chrome/58.0.3029.110 Safari/537.3"
47.238.13.10 - - [20/May/2025:09:56:16 -0400] "GET /sitemap-subkey-1074.xml HTTP/1.1" 200 98711 "-" "Mozilla/5.0 (Macintosh; Intel Mac OS X 10_15_7) AppleWebKit/537.36 (KHTML, like Gecko) Chrome/109.0.0.0 Safari/537.36"
198.204.226.18 - - [20/May/2025:09:56:13 -0400] "GET /wp-content/install.php HTTP/1.1" 200 0 "http://jenniferflo.com/wp-content/install.php" "Mozilla/5.0 (Windows NT 10.0; Win64; x64) AppleWebKit/537.36 (KHTML, like Gecko) Chrome/58.0.3029.110 Safari/537.3"
198.204.226.18 - - [20/May/2025:09:56:26 -0400] "GET /wp-content/install.php HTTP/1.1" 200 10 "http://jenniferflo.com/wp-content/install.php" "Mozilla/5.0 (Windows NT 10.0; Win64; x64) AppleWebKit/537.36 (KHTML, like Gecko) Chrome/58.0.3029.110 Safari/537.3"
198.204.226.18 - - [20/May/2025:09:56:55 -0400] "GET /wp-content/install.php HTTP/1.1" 200 10 "http://jenniferflo.com/wp-content/install.php" "Mozilla/5.0 (Windows NT 10.0; Win64; x64) AppleWebKit/537.36 (KHTML, like Gecko) Chrome/58.0.3029.110 Safari/537.3"
198.204.226.18 - - [20/May/2025:09:57:09 -0400] "GET /wp-content/install.php HTTP/1.1" 200 10 "http://jenniferflo.com/wp-content/install.php" "Mozilla/5.0 (Windows NT 10.0; Win64; x64) AppleWebKit/537.36 (KHTML, like Gecko) Chrome/58.0.3029.110 Safari/537.3"
198.204.226.18 - - [20/May/2025:09:57:38 -0400] "GET /wp-content/install.php HTTP/1.1" 200 10 "http://jenniferflo.com/wp-content/install.php" "Mozilla/5.0 (Windows NT 10.0; Win64; x64) AppleWebKit/537.36 (KHTML, like Gecko) Chrome/58.0.3029.110 Safari/537.3"
47.238.13.10 - - [20/May/2025:09:58:09 -0400] "GET /strict/v118?pid=4966 HTTP/1.1" 500 271 "-" "Mozilla/5.0 (Macintosh; Intel Mac OS X 10_15_7) AppleWebKit/537.36 (KHTML, like Gecko) Chrome/109.0.0.0 Safari/537.36"
69.197.135.226 - - [20/May/2025:09:58:53 -0400] "GET /wp-includes/install.php HTTP/1.1" 200 10 "http://jenniferflo.com/wp-includes/install.php" "Mozilla/5.0 (Windows NT 10.0; Win64; x64) AppleWebKit/537.36 (KHTML, like Gecko) Chrome/58.0.3029.110 Safari/537.3"
47.242.77.69 - - [20/May/2025:09:59:11 -0400] "GET /search.php?items/117016082.html?srsltid=AfmBOonnluKDgvUMtMZNvfyKHJfYdzdxu0ViQSAk1mBAUhexygbT HTTP/1.1" 200 12982 "-" "Mozilla/5.0 (Macintosh; Intel Mac OS X 10_15_7) AppleWebKit/537.36 (KHTML, like Gecko) Chrome/109.0.0.0 Safari/537.36"
212.11.64.144 - - [20/May/2025:09:59:48 -0400] "GET //wp-content/gallery/annual-picnic-2020/server.php HTTP/1.1" 500 271 "http://jenniferflo.com/" "Mozilla/5.0 (Windows NT 10.0; Win64; x64) AppleWebKit/537.36 (KHTML, like Gecko) Chrome/121.0.0.0 Safari/537.36"
208.110.64.178 - - [20/May/2025:10:00:10 -0400] "GET /wp-includes/install.php HTTP/1.1" 200 10 "http://jenniferflo.com/wp-includes/install.php" "Mozilla/5.0 (Windows NT 10.0; Win64; x64) AppleWebKit/537.36 (KHTML, like Gecko) Chrome/58.0.3029.110 Safari/537.3"
198.204.226.18 - - [20/May/2025:10:00:10 -0400] "GET /wp-content/install.php HTTP/1.1" 200 10 "http://jenniferflo.com/wp-content/install.php" "Mozilla/5.0 (Windows NT 10.0; Win64; x64) AppleWebKit/537.36 (KHTML, like Gecko) Chrome/58.0.3029.110 Safari/537.3"
47.242.200.220 - - [20/May/2025:10:01:17 -0400] "GET /majority/d218?pid=41076 HTTP/1.1" 500 270 "-" "Mozilla/5.0 (Macintosh; Intel Mac OS X 10_15_7) AppleWebKit/537.36 (KHTML, like Gecko) Chrome/109.0.0.0 Safari/537.36"
47.238.14.12 - - [20/May/2025:10:02:00 -0400] "GET /items/clfth111/32280?key=seemingly HTTP/1.1" 500 271 "-" "Mozilla/5.0 (Macintosh; Intel Mac OS X 10_15_7) AppleWebKit/537.36 (KHTML, like Gecko) Chrome/109.0.0.0 Safari/537.36"
198.204.226.18 - - [20/May/2025:10:02:24 -0400] "GET /wp-content/install.php HTTP/1.1" 200 10 "http://jenniferflo.com/wp-content/install.php" "Mozilla/5.0 (Windows NT 10.0; Win64; x64) AppleWebKit/537.36 (KHTML, like Gecko) Chrome/58.0.3029.110 Safari/537.3"
47.238.13.15 - - [20/May/2025:10:02:30 -0400] "GET /items/kzbfu34/45627?key=objective HTTP/1.1" 500 271 "-" "Mozilla/5.0 (Macintosh; Intel Mac OS X 10_15_7) AppleWebKit/537.36 (KHTML, like Gecko) Chrome/109.0.0.0 Safari/537.36"
47.238.13.7 - - [20/May/2025:10:02:49 -0400] "GET /pages.php?product/B56?c=search&l=20706 HTTP/1.1" 200 8862 "-" "Mozilla/5.0 (Macintosh; Intel Mac OS X 10_15_7) AppleWebKit/537.36 (KHTML, like Gecko) Chrome/109.0.0.0 Safari/537.36"
74.80.208.73 - - [20/May/2025:10:02:51 -0400] "GET /wp-content/uploads/Screen-Shot-2017-03-29-at-9.07.02-PM.png HTTP/1.1" 500 198 "-" "Mozilla/5.0 (compatible; ImagesiftBot; +imagesift.com)"
198.204.226.18 - - [20/May/2025:10:03:23 -0400] "GET /wp-content/install.php HTTP/1.1" 200 10 "http://jenniferflo.com/wp-content/install.php" "Mozilla/5.0 (Windows NT 10.0; Win64; x64) AppleWebKit/537.36 (KHTML, like Gecko) Chrome/58.0.3029.110 Safari/537.3"
212.11.64.144 - - [20/May/2025:10:03:38 -0400] "GET //wp-content/plugins/wyamqyv/index.php HTTP/1.1" 500 271 "http://jenniferflo.com/" "Mozilla/5.0 (Windows NT 10.0; Win64; x64) AppleWebKit/537.36 (KHTML, like Gecko) Chrome/121.0.0.0 Safari/537.36"
198.204.226.18 - - [20/May/2025:10:03:41 -0400] "GET /wp-content/install.php HTTP/1.1" 200 10 "http://jenniferflo.com/wp-content/install.php" "Mozilla/5.0 (Windows NT 10.0; Win64; x64) AppleWebKit/537.36 (KHTML, like Gecko) Chrome/58.0.3029.110 Safari/537.3"
198.204.226.18 - - [20/May/2025:10:03:38 -0400] "GET /wp-content/install.php HTTP/1.1" 200 0 "http://jenniferflo.com/wp-content/install.php" "Mozilla/5.0 (Windows NT 10.0; Win64; x64) AppleWebKit/537.36 (KHTML, like Gecko) Chrome/58.0.3029.110 Safari/537.3"
