198.204.226.18 - - [19/May/2025:17:04:07 -0400] "GET /wp-content/install.php HTTP/1.1" 200 10 "http://jenniferflo.com/wp-content/install.php" "Mozilla/5.0 (Windows NT 10.0; Win64; x64) AppleWebKit/537.36 (KHTML, like Gecko) Chrome/58.0.3029.110 Safari/537.3"
198.204.226.18 - - [19/May/2025:17:04:04 -0400] "GET /wp-content/install.php HTTP/1.1" 200 0 "http://jenniferflo.com/wp-content/install.php" "Mozilla/5.0 (Windows NT 10.0; Win64; x64) AppleWebKit/537.36 (KHTML, like Gecko) Chrome/58.0.3029.110 Safari/537.3"
198.204.226.18 - - [19/May/2025:17:04:19 -0400] "GET /wp-content/install.php HTTP/1.1" 200 0 "http://jenniferflo.com/wp-content/install.php" "Mozilla/5.0 (Windows NT 10.0; Win64; x64) AppleWebKit/537.36 (KHTML, like Gecko) Chrome/58.0.3029.110 Safari/537.3"
66.249.64.162 - - [19/May/2025:17:04:33 -0400] "GET /?_g=27429868 HTTP/1.1" 200 82446 "-" "Mozilla/5.0 (Linux; Android 6.0.1; Nexus 5X Build/MMB29P) AppleWebKit/537.36 (KHTML, like Gecko) Chrome/136.0.7103.92 Mobile Safari/537.36 (compatible; Googlebot/2.1; +http://www.google.com/bot.html)"
208.110.64.178 - - [19/May/2025:17:04:52 -0400] "GET /wp-includes/install.php HTTP/1.1" 200 10 "http://jenniferflo.com/wp-includes/install.php" "Mozilla/5.0 (Windows NT 10.0; Win64; x64) AppleWebKit/537.36 (KHTML, like Gecko) Chrome/58.0.3029.110 Safari/537.3"
198.204.226.18 - - [19/May/2025:17:05:00 -0400] "GET /wp-content/install.php HTTP/1.1" 200 10 "http://jenniferflo.com/wp-content/install.php" "Mozilla/5.0 (Windows NT 10.0; Win64; x64) AppleWebKit/537.36 (KHTML, like Gecko) Chrome/58.0.3029.110 Safari/537.3"
212.11.64.144 - - [19/May/2025:17:05:08 -0400] "GET //wp-content/plugins/hczjcql/as.php HTTP/1.1" 500 271 "http://jenniferflo.com/" "Mozilla/5.0 (Windows NT 10.0; Win64; x64) AppleWebKit/537.36 (KHTML, like Gecko) Chrome/121.0.0.0 Safari/537.36"
47.238.13.14 - - [19/May/2025:17:05:23 -0400] "GET /items/ceabr87/806?key=competition HTTP/1.1" 500 271 "-" "Mozilla/5.0 (Macintosh; Intel Mac OS X 10_15_7) AppleWebKit/537.36 (KHTML, like Gecko) Chrome/109.0.0.0 Safari/537.36"
69.171.230.7 - - [19/May/2025:17:05:59 -0400] "GET /robots.txt HTTP/1.1" 206 371 "-" "facebookexternalhit/1.1 (+http://www.facebook.com/externalhit_uatext.php)"
57.141.6.10 - - [19/May/2025:17:06:00 -0400] "GET /?sitemap496.xml HTTP/1.1" 200 13 "-" "meta-externalagent/1.1 (+https://developers.facebook.com/docs/sharing/webmasters/crawler)"
198.204.226.18 - - [19/May/2025:17:06:04 -0400] "GET /wp-content/install.php HTTP/1.1" 200 10 "http://jenniferflo.com/wp-content/install.php" "Mozilla/5.0 (Windows NT 10.0; Win64; x64) AppleWebKit/537.36 (KHTML, like Gecko) Chrome/58.0.3029.110 Safari/537.3"
198.204.226.18 - - [19/May/2025:17:06:00 -0400] "GET /wp-content/install.php HTTP/1.1" 200 0 "http://jenniferflo.com/wp-content/install.php" "Mozilla/5.0 (Windows NT 10.0; Win64; x64) AppleWebKit/537.36 (KHTML, like Gecko) Chrome/58.0.3029.110 Safari/537.3"
69.197.182.50 - - [19/May/2025:17:06:30 -0400] "GET /wp-includes/install.php HTTP/1.1" 200 10 "http://jenniferflo.com/wp-includes/install.php" "Mozilla/5.0 (Windows NT 10.0; Win64; x64) AppleWebKit/537.36 (KHTML, like Gecko) Chrome/58.0.3029.110 Safari/537.3"
8.210.8.206 - - [19/May/2025:17:06:49 -0400] "GET /pages.php?products/25dw21450 HTTP/1.1" 200 9034 "-" "Mozilla/5.0 (Macintosh; Intel Mac OS X 10_15_7) AppleWebKit/537.36 (KHTML, like Gecko) Chrome/109.0.0.0 Safari/537.36"
47.238.13.9 - - [19/May/2025:17:08:00 -0400] "GET /sitemap-subkey-2101.xml HTTP/1.1" 200 100177 "-" "Mozilla/5.0 (Macintosh; Intel Mac OS X 10_15_7) AppleWebKit/537.36 (KHTML, like Gecko) Chrome/109.0.0.0 Safari/537.36"
198.204.226.18 - - [19/May/2025:17:08:18 -0400] "GET /wp-content/install.php HTTP/1.1" 200 10 "http://jenniferflo.com/wp-content/install.php" "Mozilla/5.0 (Windows NT 10.0; Win64; x64) AppleWebKit/537.36 (KHTML, like Gecko) Chrome/58.0.3029.110 Safari/537.3"
198.204.226.18 - - [19/May/2025:17:08:15 -0400] "GET /wp-content/install.php HTTP/1.1" 200 0 "http://jenniferflo.com/wp-content/install.php" "Mozilla/5.0 (Windows NT 10.0; Win64; x64) AppleWebKit/537.36 (KHTML, like Gecko) Chrome/58.0.3029.110 Safari/537.3"
212.11.64.144 - - [19/May/2025:17:08:51 -0400] "GET //wp-content/plugins/lkdfoxl/as.php HTTP/1.1" 500 271 "http://jenniferflo.com/" "Mozilla/5.0 (Windows NT 10.0; Win64; x64) AppleWebKit/537.36 (KHTML, like Gecko) Chrome/121.0.0.0 Safari/537.36"
47.238.13.3 - - [19/May/2025:17:08:53 -0400] "GET /might/c295?pid=19663 HTTP/1.1" 500 271 "-" "Mozilla/5.0 (Macintosh; Intel Mac OS X 10_15_7) AppleWebKit/537.36 (KHTML, like Gecko) Chrome/109.0.0.0 Safari/537.36"
47.238.13.15 - - [19/May/2025:17:09:11 -0400] "GET /items/serdw109/37776?key=football HTTP/1.1" 500 271 "-" "Mozilla/5.0 (Macintosh; Intel Mac OS X 10_15_7) AppleWebKit/537.36 (KHTML, like Gecko) Chrome/109.0.0.0 Safari/537.36"
198.204.226.18 - - [19/May/2025:17:09:20 -0400] "GET /wp-content/install.php HTTP/1.1" 200 10 "http://jenniferflo.com/wp-content/install.php" "Mozilla/5.0 (Windows NT 10.0; Win64; x64) AppleWebKit/537.36 (KHTML, like Gecko) Chrome/58.0.3029.110 Safari/537.3"
47.238.13.16 - - [19/May/2025:17:09:32 -0400] "GET /items/lnkks71/4208?key=defend HTTP/1.1" 500 271 "-" "Mozilla/5.0 (Macintosh; Intel Mac OS X 10_15_7) AppleWebKit/537.36 (KHTML, like Gecko) Chrome/109.0.0.0 Safari/537.36"
198.204.226.18 - - [19/May/2025:17:10:27 -0400] "GET /wp-content/install.php HTTP/1.1" 200 10 "http://jenniferflo.com/wp-content/install.php" "Mozilla/5.0 (Windows NT 10.0; Win64; x64) AppleWebKit/537.36 (KHTML, like Gecko) Chrome/58.0.3029.110 Safari/537.3"
198.204.226.18 - - [19/May/2025:17:10:23 -0400] "GET /wp-content/install.php HTTP/1.1" 200 0 "http://jenniferflo.com/wp-content/install.php" "Mozilla/5.0 (Windows NT 10.0; Win64; x64) AppleWebKit/537.36 (KHTML, like Gecko) Chrome/58.0.3029.110 Safari/537.3"
8.210.108.0 - - [19/May/2025:17:11:06 -0400] "GET /capability/u70?pid=164 HTTP/1.1" 500 271 "-" "Mozilla/5.0 (Macintosh; Intel Mac OS X 10_15_7) AppleWebKit/537.36 (KHTML, like Gecko) Chrome/109.0.0.0 Safari/537.36"
47.238.13.12 - - [19/May/2025:17:11:51 -0400] "GET /items/kiffo41/66?key=oclock HTTP/1.1" 500 271 "-" "Mozilla/5.0 (Macintosh; Intel Mac OS X 10_15_7) AppleWebKit/537.36 (KHTML, like Gecko) Chrome/109.0.0.0 Safari/537.36"
34.169.31.233 - - [19/May/2025:17:12:32 -0400] "GET / HTTP/1.1" 500 198 "-" "Mozilla/5.0 (Macintosh; Intel Mac OS X 10.15; rv:109.0) Gecko/20100101 Firefox/116.0"
69.197.182.50 - - [19/May/2025:17:12:35 -0400] "GET /wp-includes/install.php HTTP/1.1" 200 10 "http://jenniferflo.com/wp-includes/install.php" "Mozilla/5.0 (Windows NT 10.0; Win64; x64) AppleWebKit/537.36 (KHTML, like Gecko) Chrome/58.0.3029.110 Safari/537.3"
212.11.64.144 - - [19/May/2025:17:12:35 -0400] "GET //wp-content/plugins/petrcbp/as.php HTTP/1.1" 500 271 "http://jenniferflo.com/" "Mozilla/5.0 (Windows NT 10.0; Win64; x64) AppleWebKit/537.36 (KHTML, like Gecko) Chrome/121.0.0.0 Safari/537.36"
47.238.13.3 - - [19/May/2025:17:12:36 -0400] "GET /choose/k14?pid=888 HTTP/1.1" 500 271 "-" "Mozilla/5.0 (Macintosh; Intel Mac OS X 10_15_7) AppleWebKit/537.36 (KHTML, like Gecko) Chrome/109.0.0.0 Safari/537.36"
198.204.226.18 - - [19/May/2025:17:12:42 -0400] "GET /wp-content/install.php HTTP/1.1" 200 10 "http://jenniferflo.com/wp-content/install.php" "Mozilla/5.0 (Windows NT 10.0; Win64; x64) AppleWebKit/537.36 (KHTML, like Gecko) Chrome/58.0.3029.110 Safari/537.3"
198.204.226.18 - - [19/May/2025:17:13:13 -0400] "GET /wp-content/install.php HTTP/1.1" 200 10 "http://jenniferflo.com/wp-content/install.php" "Mozilla/5.0 (Windows NT 10.0; Win64; x64) AppleWebKit/537.36 (KHTML, like Gecko) Chrome/58.0.3029.110 Safari/537.3"
47.238.13.16 - - [19/May/2025:17:13:37 -0400] "GET /items/vsptl12/25289?key=family HTTP/1.1" 500 271 "-" "Mozilla/5.0 (Macintosh; Intel Mac OS X 10_15_7) AppleWebKit/537.36 (KHTML, like Gecko) Chrome/109.0.0.0 Safari/537.36"
47.238.13.14 - - [19/May/2025:17:13:43 -0400] "GET /classical/n24?pid=14666 HTTP/1.1" 500 271 "-" "Mozilla/5.0 (Macintosh; Intel Mac OS X 10_15_7) AppleWebKit/537.36 (KHTML, like Gecko) Chrome/109.0.0.0 Safari/537.36"
198.204.226.18 - - [19/May/2025:17:14:14 -0400] "GET /wp-content/install.php HTTP/1.1" 200 10 "http://jenniferflo.com/wp-content/install.php" "Mozilla/5.0 (Windows NT 10.0; Win64; x64) AppleWebKit/537.36 (KHTML, like Gecko) Chrome/58.0.3029.110 Safari/537.3"
47.238.13.9 - - [19/May/2025:17:14:15 -0400] "GET /sitemap-subkey-536.xml HTTP/1.1" 200 100517 "-" "Mozilla/5.0 (Macintosh; Intel Mac OS X 10_15_7) AppleWebKit/537.36 (KHTML, like Gecko) Chrome/109.0.0.0 Safari/537.36"
198.204.226.18 - - [19/May/2025:17:14:28 -0400] "GET /wp-content/install.php HTTP/1.1" 200 10 "http://jenniferflo.com/wp-content/install.php" "Mozilla/5.0 (Windows NT 10.0; Win64; x64) AppleWebKit/537.36 (KHTML, like Gecko) Chrome/58.0.3029.110 Safari/537.3"
198.204.226.18 - - [19/May/2025:17:14:41 -0400] "GET /wp-content/install.php HTTP/1.1" 200 10 "http://jenniferflo.com/wp-content/install.php" "Mozilla/5.0 (Windows NT 10.0; Win64; x64) AppleWebKit/537.36 (KHTML, like Gecko) Chrome/58.0.3029.110 Safari/537.3"
198.204.226.18 - - [19/May/2025:17:15:00 -0400] "GET /wp-content/install.php HTTP/1.1" 200 10 "http://jenniferflo.com/wp-content/install.php" "Mozilla/5.0 (Windows NT 10.0; Win64; x64) AppleWebKit/537.36 (KHTML, like Gecko) Chrome/58.0.3029.110 Safari/537.3"
194.87.252.147 - - [19/May/2025:17:15:11 -0400] "GET /wp-json/wp/v2/give_forms/ HTTP/1.1" 500 271 "-" "Mozilla/5.0 (X11; Ubuntu; Linux i686 on x86_64; rv:48.0) Gecko/20100101 Firefox/48.0"
194.87.252.147 - - [19/May/2025:17:15:11 -0400] "POST /wp-admin/admin-ajax.php HTTP/1.1" 500 271 "http://jenniferflo.com/wp-json/wp/v2/give_forms/" "Mozilla/5.0 (X11; Ubuntu; Linux i686 on x86_64; rv:48.0) Gecko/20100101 Firefox/48.0"
198.204.226.18 - - [19/May/2025:17:16:06 -0400] "GET /wp-content/install.php HTTP/1.1" 200 0 "http://jenniferflo.com/wp-content/install.php" "Mozilla/5.0 (Windows NT 10.0; Win64; x64) AppleWebKit/537.36 (KHTML, like Gecko) Chrome/58.0.3029.110 Safari/537.3"
212.11.64.144 - - [19/May/2025:17:16:19 -0400] "GET //wp-content/themes/cbhomnv/as.php HTTP/1.1" 500 21 "http://jenniferflo.com/" "Mozilla/5.0 (Windows NT 10.0; Win64; x64) AppleWebKit/537.36 (KHTML, like Gecko) Chrome/121.0.0.0 Safari/537.36"
69.197.135.226 - - [19/May/2025:17:16:52 -0400] "GET /wp-includes/install.php HTTP/1.1" 200 10 "http://jenniferflo.com/wp-includes/install.php" "Mozilla/5.0 (Windows NT 10.0; Win64; x64) AppleWebKit/537.36 (KHTML, like Gecko) Chrome/58.0.3029.110 Safari/537.3"
66.249.64.130 - - [19/May/2025:17:18:05 -0400] "GET /sitemap-hot-2982710.xml HTTP/1.1" 200 83234 "-" "Mozilla/5.0 (compatible; Googlebot/2.1; +http://www.google.com/bot.html)"
69.197.182.50 - - [19/May/2025:17:18:13 -0400] "GET /wp-includes/install.php HTTP/1.1" 200 10 "http://jenniferflo.com/wp-includes/install.php" "Mozilla/5.0 (Windows NT 10.0; Win64; x64) AppleWebKit/537.36 (KHTML, like Gecko) Chrome/58.0.3029.110 Safari/537.3"
198.204.226.18 - - [19/May/2025:17:18:13 -0400] "GET /wp-content/install.php HTTP/1.1" 200 10 "http://jenniferflo.com/wp-content/install.php" "Mozilla/5.0 (Windows NT 10.0; Win64; x64) AppleWebKit/537.36 (KHTML, like Gecko) Chrome/58.0.3029.110 Safari/537.3"
198.204.226.18 - - [19/May/2025:17:18:10 -0400] "GET /wp-content/install.php HTTP/1.1" 200 0 "http://jenniferflo.com/wp-content/install.php" "Mozilla/5.0 (Windows NT 10.0; Win64; x64) AppleWebKit/537.36 (KHTML, like Gecko) Chrome/58.0.3029.110 Safari/537.3"
47.238.13.3 - - [19/May/2025:17:19:39 -0400] "GET /sitemap-subkey-905.xml HTTP/1.1" 200 100830 "-" "Mozilla/5.0 (Macintosh; Intel Mac OS X 10_15_7) AppleWebKit/537.36 (KHTML, like Gecko) Chrome/109.0.0.0 Safari/537.36"
8.210.8.206 - - [19/May/2025:17:19:49 -0400] "GET /items/mdiky22/11985?key=gift HTTP/1.1" 500 271 "-" "Mozilla/5.0 (Macintosh; Intel Mac OS X 10_15_7) AppleWebKit/537.36 (KHTML, like Gecko) Chrome/109.0.0.0 Safari/537.36"
47.238.13.9 - - [19/May/2025:17:19:55 -0400] "GET /sitemap-subkey-2588.xml HTTP/1.1" 200 99966 "-" "Mozilla/5.0 (Macintosh; Intel Mac OS X 10_15_7) AppleWebKit/537.36 (KHTML, like Gecko) Chrome/109.0.0.0 Safari/537.36"
198.204.226.18 - - [19/May/2025:17:19:57 -0400] "GET /wp-content/install.php HTTP/1.1" 200 10 "http://jenniferflo.com/wp-content/install.php" "Mozilla/5.0 (Windows NT 10.0; Win64; x64) AppleWebKit/537.36 (KHTML, like Gecko) Chrome/58.0.3029.110 Safari/537.3"
212.11.64.144 - - [19/May/2025:17:20:02 -0400] "GET //wp-content/plugins/zuxknxo/as.php HTTP/1.1" 500 271 "http://jenniferflo.com/" "Mozilla/5.0 (Windows NT 10.0; Win64; x64) AppleWebKit/537.36 (KHTML, like Gecko) Chrome/121.0.0.0 Safari/537.36"
198.204.226.18 - - [19/May/2025:17:19:53 -0400] "GET /wp-content/install.php HTTP/1.1" 200 0 "http://jenniferflo.com/wp-content/install.php" "Mozilla/5.0 (Windows NT 10.0; Win64; x64) AppleWebKit/537.36 (KHTML, like Gecko) Chrome/58.0.3029.110 Safari/537.3"
198.204.226.18 - - [19/May/2025:17:20:24 -0400] "GET /wp-content/install.php HTTP/1.1" 200 10 "http://jenniferflo.com/wp-content/install.php" "Mozilla/5.0 (Windows NT 10.0; Win64; x64) AppleWebKit/537.36 (KHTML, like Gecko) Chrome/58.0.3029.110 Safari/537.3"
47.238.13.18 - - [19/May/2025:17:21:28 -0400] "GET /pages.php?category/11428/1/listing HTTP/1.1" 200 10370 "-" "Mozilla/5.0 (Macintosh; Intel Mac OS X 10_15_7) AppleWebKit/537.36 (KHTML, like Gecko) Chrome/109.0.0.0 Safari/537.36"
47.238.13.9 - - [19/May/2025:17:21:45 -0400] "GET /pages.php?category/10295_10296/2/listing HTTP/1.1" 200 9616 "-" "Mozilla/5.0 (Macintosh; Intel Mac OS X 10_15_7) AppleWebKit/537.36 (KHTML, like Gecko) Chrome/109.0.0.0 Safari/537.36"
198.204.226.18 - - [19/May/2025:17:21:47 -0400] "GET /wp-content/install.php HTTP/1.1" 200 10 "http://jenniferflo.com/wp-content/install.php" "Mozilla/5.0 (Windows NT 10.0; Win64; x64) AppleWebKit/537.36 (KHTML, like Gecko) Chrome/58.0.3029.110 Safari/537.3"
198.204.226.18 - - [19/May/2025:17:22:06 -0400] "GET /wp-content/install.php HTTP/1.1" 200 10 "http://jenniferflo.com/wp-content/install.php" "Mozilla/5.0 (Windows NT 10.0; Win64; x64) AppleWebKit/537.36 (KHTML, like Gecko) Chrome/58.0.3029.110 Safari/537.3"
47.238.13.6 - - [19/May/2025:17:22:16 -0400] "GET /general/z40?pid=1048 HTTP/1.1" 500 271 "-" "Mozilla/5.0 (Macintosh; Intel Mac OS X 10_15_7) AppleWebKit/537.36 (KHTML, like Gecko) Chrome/109.0.0.0 Safari/537.36"
198.204.226.18 - - [19/May/2025:17:23:09 -0400] "GET /wp-content/install.php HTTP/1.1" 200 10 "http://jenniferflo.com/wp-content/install.php" "Mozilla/5.0 (Windows NT 10.0; Win64; x64) AppleWebKit/537.36 (KHTML, like Gecko) Chrome/58.0.3029.110 Safari/537.3"
47.238.13.2 - - [19/May/2025:17:23:29 -0400] "GET /category/1100_2420_2421/1/listing HTTP/1.1" 500 271 "-" "Mozilla/5.0 (Macintosh; Intel Mac OS X 10_15_7) AppleWebKit/537.36 (KHTML, like Gecko) Chrome/109.0.0.0 Safari/537.36"
198.204.226.18 - - [19/May/2025:17:23:41 -0400] "GET /wp-content/install.php HTTP/1.1" 200 10 "http://jenniferflo.com/wp-content/install.php" "Mozilla/5.0 (Windows NT 10.0; Win64; x64) AppleWebKit/537.36 (KHTML, like Gecko) Chrome/58.0.3029.110 Safari/537.3"
212.11.64.144 - - [19/May/2025:17:23:47 -0400] "GET //wp-content/plugins/xkagcaj/as.php HTTP/1.1" 500 271 "http://jenniferflo.com/" "Mozilla/5.0 (Windows NT 10.0; Win64; x64) AppleWebKit/537.36 (KHTML, like Gecko) Chrome/121.0.0.0 Safari/537.36"
198.204.226.18 - - [19/May/2025:17:23:37 -0400] "GET /wp-content/install.php HTTP/1.1" 200 0 "http://jenniferflo.com/wp-content/install.php" "Mozilla/5.0 (Windows NT 10.0; Win64; x64) AppleWebKit/537.36 (KHTML, like Gecko) Chrome/58.0.3029.110 Safari/537.3"
47.238.13.14 - - [19/May/2025:17:24:38 -0400] "GET /historian/y139?pid=21179 HTTP/1.1" 500 271 "-" "Mozilla/5.0 (Macintosh; Intel Mac OS X 10_15_7) AppleWebKit/537.36 (KHTML, like Gecko) Chrome/109.0.0.0 Safari/537.36"
69.197.182.50 - - [19/May/2025:17:24:48 -0400] "GET /wp-includes/install.php HTTP/1.1" 200 10 "http://jenniferflo.com/wp-includes/install.php" "Mozilla/5.0 (Windows NT 10.0; Win64; x64) AppleWebKit/537.36 (KHTML, like Gecko) Chrome/58.0.3029.110 Safari/537.3"
198.204.226.18 - - [19/May/2025:17:24:58 -0400] "GET /wp-content/install.php HTTP/1.1" 200 10 "http://jenniferflo.com/wp-content/install.php" "Mozilla/5.0 (Windows NT 10.0; Win64; x64) AppleWebKit/537.36 (KHTML, like Gecko) Chrome/58.0.3029.110 Safari/537.3"
198.204.226.18 - - [19/May/2025:17:25:20 -0400] "GET /wp-content/install.php HTTP/1.1" 200 10 "http://jenniferflo.com/wp-content/install.php" "Mozilla/5.0 (Windows NT 10.0; Win64; x64) AppleWebKit/537.36 (KHTML, like Gecko) Chrome/58.0.3029.110 Safari/537.3"
198.204.226.18 - - [19/May/2025:17:25:17 -0400] "GET /wp-content/install.php HTTP/1.1" 200 0 "http://jenniferflo.com/wp-content/install.php" "Mozilla/5.0 (Windows NT 10.0; Win64; x64) AppleWebKit/537.36 (KHTML, like Gecko) Chrome/58.0.3029.110 Safari/537.3"
198.204.226.18 - - [19/May/2025:17:26:06 -0400] "GET /wp-content/install.php HTTP/1.1" 200 10 "http://jenniferflo.com/wp-content/install.php" "Mozilla/5.0 (Windows NT 10.0; Win64; x64) AppleWebKit/537.36 (KHTML, like Gecko) Chrome/58.0.3029.110 Safari/537.3"
198.204.226.18 - - [19/May/2025:17:26:20 -0400] "GET /wp-content/install.php HTTP/1.1" 200 10 "http://jenniferflo.com/wp-content/install.php" "Mozilla/5.0 (Windows NT 10.0; Win64; x64) AppleWebKit/537.36 (KHTML, like Gecko) Chrome/58.0.3029.110 Safari/537.3"
47.238.13.17 - - [19/May/2025:17:26:25 -0400] "GET /items/cvtmv150/27367?key=section HTTP/1.1" 500 271 "-" "Mozilla/5.0 (Macintosh; Intel Mac OS X 10_15_7) AppleWebKit/537.36 (KHTML, like Gecko) Chrome/109.0.0.0 Safari/537.36"
47.238.13.18 - - [19/May/2025:17:27:02 -0400] "GET /sitemap-subkey-2296.xml HTTP/1.1" 200 100242 "-" "Mozilla/5.0 (Macintosh; Intel Mac OS X 10_15_7) AppleWebKit/537.36 (KHTML, like Gecko) Chrome/109.0.0.0 Safari/537.36"
198.204.226.18 - - [19/May/2025:17:27:03 -0400] "GET /wp-content/install.php HTTP/1.1" 200 10 "http://jenniferflo.com/wp-content/install.php" "Mozilla/5.0 (Windows NT 10.0; Win64; x64) AppleWebKit/537.36 (KHTML, like Gecko) Chrome/58.0.3029.110 Safari/537.3"
198.204.226.18 - - [19/May/2025:17:27:00 -0400] "GET /wp-content/install.php HTTP/1.1" 200 0 "http://jenniferflo.com/wp-content/install.php" "Mozilla/5.0 (Windows NT 10.0; Win64; x64) AppleWebKit/537.36 (KHTML, like Gecko) Chrome/58.0.3029.110 Safari/537.3"
198.204.226.18 - - [19/May/2025:17:27:19 -0400] "GET /wp-content/install.php HTTP/1.1" 200 10 "http://jenniferflo.com/wp-content/install.php" "Mozilla/5.0 (Windows NT 10.0; Win64; x64) AppleWebKit/537.36 (KHTML, like Gecko) Chrome/58.0.3029.110 Safari/537.3"
212.11.64.144 - - [19/May/2025:17:27:29 -0400] "GET //ez.php HTTP/1.1" 500 271 "http://jenniferflo.com/" "Mozilla/5.0 (Windows NT 10.0; Win64; x64) AppleWebKit/537.36 (KHTML, like Gecko) Chrome/121.0.0.0 Safari/537.36"
47.238.13.18 - - [19/May/2025:17:27:31 -0400] "GET /sitemap-subkey-1081.xml HTTP/1.1" 200 100449 "-" "Mozilla/5.0 (Macintosh; Intel Mac OS X 10_15_7) AppleWebKit/537.36 (KHTML, like Gecko) Chrome/109.0.0.0 Safari/537.36"
198.204.226.18 - - [19/May/2025:17:27:36 -0400] "GET /wp-content/install.php HTTP/1.1" 200 10 "http://jenniferflo.com/wp-content/install.php" "Mozilla/5.0 (Windows NT 10.0; Win64; x64) AppleWebKit/537.36 (KHTML, like Gecko) Chrome/58.0.3029.110 Safari/537.3"
57.141.6.30 - - [19/May/2025:17:27:38 -0400] "GET /search.php?sitemap261.xml HTTP/1.1" 200 13 "-" "meta-externalagent/1.1 (+https://developers.facebook.com/docs/sharing/webmasters/crawler)"
198.204.226.18 - - [19/May/2025:17:27:50 -0400] "GET /wp-content/install.php HTTP/1.1" 200 10 "http://jenniferflo.com/wp-content/install.php" "Mozilla/5.0 (Windows NT 10.0; Win64; x64) AppleWebKit/537.36 (KHTML, like Gecko) Chrome/58.0.3029.110 Safari/537.3"
47.243.178.179 - - [19/May/2025:17:27:59 -0400] "GET /right/u4?pid=42136 HTTP/1.1" 500 271 "-" "Mozilla/5.0 (Macintosh; Intel Mac OS X 10_15_7) AppleWebKit/537.36 (KHTML, like Gecko) Chrome/109.0.0.0 Safari/537.36"
47.238.13.18 - - [19/May/2025:17:28:15 -0400] "GET /contemporary/t84?pid=1596 HTTP/1.1" 500 271 "-" "Mozilla/5.0 (Macintosh; Intel Mac OS X 10_15_7) AppleWebKit/537.36 (KHTML, like Gecko) Chrome/109.0.0.0 Safari/537.36"
66.249.64.163 - - [19/May/2025:17:28:32 -0400] "GET /?_g=24061413 HTTP/1.1" 200 81341 "-" "Mozilla/5.0 (Linux; Android 6.0.1; Nexus 5X Build/MMB29P) AppleWebKit/537.36 (KHTML, like Gecko) Chrome/136.0.7103.113 Mobile Safari/537.36 (compatible; Googlebot/2.1; +http://www.google.com/bot.html)"
198.204.226.18 - - [19/May/2025:17:28:43 -0400] "GET /wp-content/install.php HTTP/1.1" 200 10 "http://jenniferflo.com/wp-content/install.php" "Mozilla/5.0 (Windows NT 10.0; Win64; x64) AppleWebKit/537.36 (KHTML, like Gecko) Chrome/58.0.3029.110 Safari/537.3"
198.204.226.18 - - [19/May/2025:17:28:40 -0400] "GET /wp-content/install.php HTTP/1.1" 200 0 "http://jenniferflo.com/wp-content/install.php" "Mozilla/5.0 (Windows NT 10.0; Win64; x64) AppleWebKit/537.36 (KHTML, like Gecko) Chrome/58.0.3029.110 Safari/537.3"
198.204.226.18 - - [19/May/2025:17:29:04 -0400] "GET /wp-content/install.php HTTP/1.1" 200 10 "http://jenniferflo.com/wp-content/install.php" "Mozilla/5.0 (Windows NT 10.0; Win64; x64) AppleWebKit/537.36 (KHTML, like Gecko) Chrome/58.0.3029.110 Safari/537.3"
208.110.64.178 - - [19/May/2025:17:30:03 -0400] "GET /wp-includes/install.php HTTP/1.1" 200 10 "http://jenniferflo.com/wp-includes/install.php" "Mozilla/5.0 (Windows NT 10.0; Win64; x64) AppleWebKit/537.36 (KHTML, like Gecko) Chrome/58.0.3029.110 Safari/537.3"
212.11.64.144 - - [19/May/2025:17:31:13 -0400] "GET //images/shell.php HTTP/1.1" 500 271 "http://jenniferflo.com/" "Mozilla/5.0 (Windows NT 10.0; Win64; x64) AppleWebKit/537.36 (KHTML, like Gecko) Chrome/121.0.0.0 Safari/537.36"
204.12.252.98 - - [19/May/2025:17:31:59 -0400] "GET /wp-includes/install.php HTTP/1.1" 200 10 "http://jenniferflo.com/wp-includes/install.php" "Mozilla/5.0 (Windows NT 10.0; Win64; x64) AppleWebKit/537.36 (KHTML, like Gecko) Chrome/58.0.3029.110 Safari/537.3"
198.204.226.18 - - [19/May/2025:17:33:28 -0400] "GET /wp-content/install.php HTTP/1.1" 200 10 "http://jenniferflo.com/wp-content/install.php" "Mozilla/5.0 (Windows NT 10.0; Win64; x64) AppleWebKit/537.36 (KHTML, like Gecko) Chrome/58.0.3029.110 Safari/537.3"
52.164.217.9 - - [19/May/2025:17:34:46 -0400] "GET //wp-content/themes/seotheme/mar.php HTTP/1.1" 500 360 "-" "-"
52.164.217.9 - - [19/May/2025:17:34:46 -0400] "GET /wp-includes/assets/about.php HTTP/1.1" 500 360 "-" "-"
52.164.217.9 - - [19/May/2025:17:34:46 -0400] "GET /avaa.php HTTP/1.1" 500 360 "-" "-"
52.164.217.9 - - [19/May/2025:17:34:46 -0400] "GET //mah/function.php HTTP/1.1" 500 360 "-" "-"
52.164.217.9 - - [19/May/2025:17:34:47 -0400] "GET /wp-admin/css/colors/blue/atomlib.php HTTP/1.1" 500 360 "-" "-"
52.164.217.9 - - [19/May/2025:17:34:47 -0400] "GET /wp-includes/Requests/src/Auth/ HTTP/1.1" 200 1659 "-" "-"
52.164.217.9 - - [19/May/2025:17:34:47 -0400] "GET /wp-includes/blocks/about.php HTTP/1.1" 500 360 "-" "-"
52.164.217.9 - - [19/May/2025:17:34:47 -0400] "GET /wp.php HTTP/1.1" 500 360 "-" "-"
52.164.217.9 - - [19/May/2025:17:34:47 -0400] "GET /wp-includes/about.php HTTP/1.1" 500 360 "-" "-"
52.164.217.9 - - [19/May/2025:17:34:47 -0400] "GET /ee.php HTTP/1.1" 500 360 "-" "-"
52.164.217.9 - - [19/May/2025:17:34:47 -0400] "GET /wp-includes/wp-login.php HTTP/1.1" 500 360 "-" "-"
47.238.13.17 - - [19/May/2025:17:34:47 -0400] "GET /sitemap-subkey-2534.xml HTTP/1.1" 200 100337 "-" "Mozilla/5.0 (Macintosh; Intel Mac OS X 10_15_7) AppleWebKit/537.36 (KHTML, like Gecko) Chrome/109.0.0.0 Safari/537.36"
52.164.217.9 - - [19/May/2025:17:34:48 -0400] "GET /al.php HTTP/1.1" 500 360 "-" "-"
52.164.217.9 - - [19/May/2025:17:34:48 -0400] "GET /depotcv.php HTTP/1.1" 500 360 "-" "-"
52.164.217.9 - - [19/May/2025:17:34:48 -0400] "GET /add_actualites.php HTTP/1.1" 500 360 "-" "-"
52.164.217.9 - - [19/May/2025:17:34:48 -0400] "GET /about.php HTTP/1.1" 500 360 "-" "-"
52.164.217.9 - - [19/May/2025:17:34:48 -0400] "GET /mah.php HTTP/1.1" 200 381 "-" "-"
52.164.217.9 - - [19/May/2025:17:34:48 -0400] "GET /8.php HTTP/1.1" 500 360 "-" "-"
52.164.217.9 - - [19/May/2025:17:34:49 -0400] "GET /wp-admin/js/about.php HTTP/1.1" 500 360 "-" "-"
52.164.217.9 - - [19/May/2025:17:34:49 -0400] "GET /wp-admin/wp-admin.php HTTP/1.1" 500 360 "-" "-"
52.164.217.9 - - [19/May/2025:17:34:49 -0400] "GET /wp-content/gallery/about.php HTTP/1.1" 500 360 "-" "-"
52.164.217.9 - - [19/May/2025:17:34:49 -0400] "GET /mari.php HTTP/1.1" 500 360 "-" "-"
52.164.217.9 - - [19/May/2025:17:34:49 -0400] "GET /wp-includes/css/dist/preferences/index.php HTTP/1.1" 500 360 "-" "-"
52.164.217.9 - - [19/May/2025:17:34:50 -0400] "GET /wp-includes/images/about.php HTTP/1.1" 500 360 "-" "-"
52.164.217.9 - - [19/May/2025:17:34:50 -0400] "GET /wp-content/themes/aahana/json.php HTTP/1.1" 500 360 "-" "-"
52.164.217.9 - - [19/May/2025:17:34:50 -0400] "GET /.well-known/wp-2019.php HTTP/1.1" 500 360 "-" "-"
52.164.217.9 - - [19/May/2025:17:34:50 -0400] "GET /m.php HTTP/1.1" 403 1242 "-" "-"
52.164.217.9 - - [19/May/2025:17:34:50 -0400] "GET /wp-includes/fonts/ HTTP/1.1" 200 4808 "-" "-"
52.164.217.9 - - [19/May/2025:17:34:51 -0400] "GET /NFXxUAA.php HTTP/1.1" 500 360 "-" "-"
52.164.217.9 - - [19/May/2025:17:34:51 -0400] "GET /wp-admin/js/autoload_classmap.php HTTP/1.1" 500 360 "-" "-"
52.164.217.9 - - [19/May/2025:17:34:51 -0400] "GET /wp-includes/fonts/wp-login.php HTTP/1.1" 500 360 "-" "-"
52.164.217.9 - - [19/May/2025:17:34:51 -0400] "GET /wp-content/install.php HTTP/1.1" 200 6 "-" "-"
52.164.217.9 - - [19/May/2025:17:34:51 -0400] "GET /wp-admin/js/chosen.php HTTP/1.1" 500 360 "-" "-"
52.164.217.9 - - [19/May/2025:17:34:51 -0400] "GET /wp-includes/autoload_classmap.php HTTP/1.1" 500 360 "-" "-"
52.164.217.9 - - [19/May/2025:17:34:51 -0400] "GET /wp-content/dropdown.php HTTP/1.1" 500 360 "-" "-"
52.164.217.9 - - [19/May/2025:17:34:52 -0400] "GET /post.php HTTP/1.1" 500 360 "-" "-"
52.164.217.9 - - [19/May/2025:17:34:52 -0400] "GET /wp-includes/sitemaps/ HTTP/1.1" 200 4133 "-" "-"
52.164.217.9 - - [19/May/2025:17:34:52 -0400] "GET /.well-known/classwithtostring.php HTTP/1.1" 500 360 "-" "-"
52.164.217.9 - - [19/May/2025:17:34:52 -0400] "GET /wp-admin/maint/index.php HTTP/1.1" 500 360 "-" "-"
52.164.217.9 - - [19/May/2025:17:34:52 -0400] "GET /hello.php HTTP/1.1" 500 360 "-" "-"
52.164.217.9 - - [19/May/2025:17:34:52 -0400] "GET /favicon.php HTTP/1.1" 500 360 "-" "-"
52.164.217.9 - - [19/May/2025:17:34:53 -0400] "GET /.alf.php HTTP/1.1" 500 360 "-" "-"
52.164.217.9 - - [19/May/2025:17:34:53 -0400] "GET /wp-admin/css/autoload_classmap.php HTTP/1.1" 500 360 "-" "-"
52.164.217.9 - - [19/May/2025:17:34:53 -0400] "GET /wp-includes/css/ HTTP/1.1" 200 13938 "-" "-"
8.210.8.206 - - [19/May/2025:17:34:53 -0400] "GET /journalist/d46?pid=540 HTTP/1.1" 500 271 "-" "Mozilla/5.0 (Macintosh; Intel Mac OS X 10_15_7) AppleWebKit/537.36 (KHTML, like Gecko) Chrome/109.0.0.0 Safari/537.36"
52.164.217.9 - - [19/May/2025:17:34:53 -0400] "GET /wp-includes/function.php HTTP/1.1" 500 360 "-" "-"
52.164.217.9 - - [19/May/2025:17:34:53 -0400] "GET /ty.php?p= HTTP/1.1" 500 360 "-" "-"
52.164.217.9 - - [19/May/2025:17:34:53 -0400] "GET /xml.php HTTP/1.1" 500 360 "-" "-"
52.164.217.9 - - [19/May/2025:17:34:54 -0400] "GET /ecoraiderusa.com/cong.php HTTP/1.1" 500 360 "-" "-"
52.164.217.9 - - [19/May/2025:17:34:54 -0400] "GET /wp-content/uploads/de_fb_uploads/b.php HTTP/1.1" 500 360 "-" "-"
52.164.217.9 - - [19/May/2025:17:34:54 -0400] "GET /wp-admin/css/colors/coffee/xmrlpc.php?p= HTTP/1.1" 500 360 "-" "-"
52.164.217.9 - - [19/May/2025:17:34:54 -0400] "GET /wp-includes/SimplePie/index.php?p= HTTP/1.1" 500 360 "-" "-"
52.164.217.9 - - [19/May/2025:17:34:54 -0400] "GET /wp-admin/network/cloud.php HTTP/1.1" 500 360 "-" "-"
52.164.217.9 - - [19/May/2025:17:34:55 -0400] "GET /shell.php HTTP/1.1" 500 360 "-" "-"
52.164.217.9 - - [19/May/2025:17:34:55 -0400] "GET /wp-includes/customize/about.php HTTP/1.1" 500 360 "-" "-"
52.164.217.9 - - [19/May/2025:17:34:55 -0400] "GET /wp-admin/includes/ HTTP/1.1" 200 33447 "-" "-"
52.164.217.9 - - [19/May/2025:17:34:55 -0400] "GET /wp-includes/admin.php HTTP/1.1" 500 360 "-" "-"
52.164.217.9 - - [19/May/2025:17:34:55 -0400] "GET /cgi-bin/file.php HTTP/1.1" 500 360 "-" "-"
52.164.217.9 - - [19/May/2025:17:34:56 -0400] "GET /01.php HTTP/1.1" 500 360 "-" "-"
52.164.217.9 - - [19/May/2025:17:34:56 -0400] "GET //simple.php HTTP/1.1" 500 360 "-" "-"
212.11.64.144 - - [19/May/2025:17:34:56 -0400] "GET //ALFA_DATA/alfacgiapi/as.php HTTP/1.1" 500 271 "http://jenniferflo.com/" "Mozilla/5.0 (Windows NT 10.0; Win64; x64) AppleWebKit/537.36 (KHTML, like Gecko) Chrome/121.0.0.0 Safari/537.36"
52.164.217.9 - - [19/May/2025:17:34:56 -0400] "GET /assets/css/ HTTP/1.1" 500 360 "-" "-"
52.164.217.9 - - [19/May/2025:17:34:56 -0400] "GET /gecko-new.php HTTP/1.1" 500 360 "-" "-"
52.164.217.9 - - [19/May/2025:17:34:56 -0400] "GET /Assets/ HTTP/1.1" 500 360 "-" "-"
52.164.217.9 - - [19/May/2025:17:34:56 -0400] "GET /go.php HTTP/1.1" 500 360 "-" "-"
52.164.217.9 - - [19/May/2025:17:34:57 -0400] "GET /goat1.php HTTP/1.1" 500 360 "-" "-"
52.164.217.9 - - [19/May/2025:17:34:57 -0400] "GET //wp-includes/theme-compat/chosen.php HTTP/1.1" 500 360 "-" "-"
52.164.217.9 - - [19/May/2025:17:34:57 -0400] "GET /cgi-bin/radio.php HTTP/1.1" 500 360 "-" "-"
52.164.217.9 - - [19/May/2025:17:34:58 -0400] "GET /inputs.php?p=https://dunamisconcept.com.ng/item.php HTTP/1.1" 403 1242 "-" "-"
52.164.217.9 - - [19/May/2025:17:34:58 -0400] "GET /img/about.php HTTP/1.1" 500 360 "-" "-"
52.164.217.9 - - [19/May/2025:17:34:58 -0400] "GET /radio.php HTTP/1.1" 500 360 "-" "-"
52.164.217.9 - - [19/May/2025:17:34:58 -0400] "GET /wp-includes/SimplePie/wp-login.php HTTP/1.1" 500 360 "-" "-"
52.164.217.9 - - [19/May/2025:17:34:59 -0400] "GET /images/about.php HTTP/1.1" 500 360 "-" "-"
52.164.217.9 - - [19/May/2025:17:34:59 -0400] "GET /bihnmimh.php HTTP/1.1" 500 360 "-" "-"
52.164.217.9 - - [19/May/2025:17:34:59 -0400] "GET /wp-includes/SimplePie/index.php HTTP/1.1" 500 360 "-" "-"
52.164.217.9 - - [19/May/2025:17:34:59 -0400] "GET /xxx.php HTTP/1.1" 500 360 "-" "-"
52.164.217.9 - - [19/May/2025:17:34:59 -0400] "GET //radio.php HTTP/1.1" 500 360 "-" "-"
52.164.217.9 - - [19/May/2025:17:35:00 -0400] "GET /default.php HTTP/1.1" 500 360 "-" "-"
52.164.217.9 - - [19/May/2025:17:35:00 -0400] "GET /wp-admin/images/autoload_classmap.php HTTP/1.1" 500 360 "-" "-"
52.164.217.9 - - [19/May/2025:17:35:00 -0400] "GET /0x.php HTTP/1.1" 500 360 "-" "-"
52.164.217.9 - - [19/May/2025:17:35:00 -0400] "GET /wp-content/plugins/hello.php HTTP/1.1" 403 1242 "-" "-"
52.164.217.9 - - [19/May/2025:17:35:01 -0400] "GET /feed-rss2-queue.php HTTP/1.1" 500 360 "-" "-"
52.164.217.9 - - [19/May/2025:17:35:01 -0400] "GET /wp-content/upgrade/ HTTP/1.1" 200 1361 "-" "-"
52.164.217.9 - - [19/May/2025:17:35:01 -0400] "GET //wp-admin/css/wp-conflg.php HTTP/1.1" 500 360 "-" "-"
52.164.217.9 - - [19/May/2025:17:35:01 -0400] "GET /wp-includes/block-supports/about.php HTTP/1.1" 500 360 "-" "-"
52.164.217.9 - - [19/May/2025:17:35:02 -0400] "GET /.well-known/acme-challenge/radio.php HTTP/1.1" 500 360 "-" "-"
52.164.217.9 - - [19/May/2025:17:35:02 -0400] "GET /wp-includes/PHPMailer/admin.php HTTP/1.1" 500 360 "-" "-"
52.164.217.9 - - [19/May/2025:17:35:02 -0400] "GET /wp-consar.php HTTP/1.1" 500 360 "-" "-"
52.164.217.9 - - [19/May/2025:17:35:02 -0400] "GET /22.php HTTP/1.1" 500 360 "-" "-"
52.164.217.9 - - [19/May/2025:17:35:02 -0400] "GET /alf.php HTTP/1.1" 500 360 "-" "-"
52.164.217.9 - - [19/May/2025:17:35:03 -0400] "GET /img/cloud.php HTTP/1.1" 500 360 "-" "-"
47.238.13.11 - - [19/May/2025:17:35:03 -0400] "GET /honestly/c53?pid=24169 HTTP/1.1" 500 271 "-" "Mozilla/5.0 (Macintosh; Intel Mac OS X 10_15_7) AppleWebKit/537.36 (KHTML, like Gecko) Chrome/109.0.0.0 Safari/537.36"
52.164.217.9 - - [19/May/2025:17:35:03 -0400] "GET /wp-admin/images/file.php HTTP/1.1" 500 360 "-" "-"
52.164.217.9 - - [19/May/2025:17:35:03 -0400] "GET /contentloader1.php HTTP/1.1" 500 360 "-" "-"
52.164.217.9 - - [19/May/2025:17:35:03 -0400] "GET /wp-admin/css/colors/midnight/ HTTP/1.1" 200 2758 "-" "-"
52.164.217.9 - - [19/May/2025:17:35:04 -0400] "GET /wp-includes/style-engine/autoload_classmap.php HTTP/1.1" 500 360 "-" "-"
52.164.217.9 - - [19/May/2025:17:35:04 -0400] "GET /wp-content/plugins/seoo/wsoyanz1.php HTTP/1.1" 500 360 "-" "-"
52.164.217.9 - - [19/May/2025:17:35:04 -0400] "GET /777.php HTTP/1.1" 500 360 "-" "-"
52.164.217.9 - - [19/May/2025:17:35:04 -0400] "GET /images/ HTTP/1.1" 200 2128 "-" "-"
52.164.217.9 - - [19/May/2025:17:35:04 -0400] "GET /wikindex.php HTTP/1.1" 500 360 "-" "-"
52.164.217.9 - - [19/May/2025:17:35:05 -0400] "GET /wp-crom.php HTTP/1.1" 500 360 "-" "-"
52.164.217.9 - - [19/May/2025:17:35:05 -0400] "GET /wp-includes/wp-includes_function.php HTTP/1.1" 500 360 "-" "-"
52.164.217.9 - - [19/May/2025:17:35:05 -0400] "GET /0.php HTTP/1.1" 500 360 "-" "-"
52.164.217.9 - - [19/May/2025:17:35:06 -0400] "GET /wp-admin/user/xmrlpc.php?p= HTTP/1.1" 500 360 "-" "-"
52.164.217.9 - - [19/May/2025:17:35:06 -0400] "GET /config.php HTTP/1.1" 500 360 "-" "-"
52.164.217.9 - - [19/May/2025:17:35:06 -0400] "GET /wp-links-opml.php HTTP/1.1" 500 360 "-" "-"
52.164.217.9 - - [19/May/2025:17:35:06 -0400] "GET /wp-includes/Requests/Exception/HTTP/ HTTP/1.1" 500 360 "-" "-"
52.164.217.9 - - [19/May/2025:17:35:07 -0400] "GET /ds.php HTTP/1.1" 500 360 "-" "-"
52.164.217.9 - - [19/May/2025:17:35:07 -0400] "GET //ee.php HTTP/1.1" 500 360 "-" "-"
52.164.217.9 - - [19/May/2025:17:35:07 -0400] "GET /readme.php HTTP/1.1" 500 360 "-" "-"
52.164.217.9 - - [19/May/2025:17:35:07 -0400] "GET /cgi-bin/xmrlpc.php HTTP/1.1" 500 360 "-" "-"
52.164.217.9 - - [19/May/2025:17:35:07 -0400] "GET /ok.php HTTP/1.1" 500 360 "-" "-"
52.164.217.9 - - [19/May/2025:17:35:08 -0400] "GET /admin/upload/css.php HTTP/1.1" 500 360 "-" "-"
52.164.217.9 - - [19/May/2025:17:35:08 -0400] "GET /aa.php HTTP/1.1" 500 360 "-" "-"
52.164.217.9 - - [19/May/2025:17:35:08 -0400] "GET /wp-content/uploads/cong.php HTTP/1.1" 500 360 "-" "-"
52.164.217.9 - - [19/May/2025:17:35:08 -0400] "GET /wp-includes/bak.php HTTP/1.1" 500 360 "-" "-"
52.164.217.9 - - [19/May/2025:17:35:09 -0400] "GET /wp-includes/rest-api/alfa-rex.php7 HTTP/1.1" 500 360 "-" "-"
52.164.217.9 - - [19/May/2025:17:35:09 -0400] "GET /autoload_classmap/function.php HTTP/1.1" 500 360 "-" "-"
52.164.217.9 - - [19/May/2025:17:35:09 -0400] "GET /.well-known/acme-challenge/about.php HTTP/1.1" 500 360 "-" "-"
52.164.217.9 - - [19/May/2025:17:35:09 -0400] "GET /wp-content/plugins/about.php HTTP/1.1" 500 360 "-" "-"
52.164.217.9 - - [19/May/2025:17:35:10 -0400] "GET /wp-content/index.php?p= HTTP/1.1" 500 360 "-" "-"
52.164.217.9 - - [19/May/2025:17:35:10 -0400] "GET /ajax-actions.php HTTP/1.1" 500 360 "-" "-"
52.164.217.9 - - [19/May/2025:17:35:10 -0400] "GET /p.php HTTP/1.1" 500 360 "-" "-"
52.164.217.9 - - [19/May/2025:17:35:10 -0400] "GET /wp-content/themes/wp-pridmag/init.php HTTP/1.1" 500 360 "-" "-"
52.164.217.9 - - [19/May/2025:17:35:10 -0400] "GET /libraries/legacy/updates.php HTTP/1.1" 500 360 "-" "-"
52.164.217.9 - - [19/May/2025:17:35:10 -0400] "GET //about.php HTTP/1.1" 500 360 "-" "-"
52.164.217.9 - - [19/May/2025:17:35:10 -0400] "GET /wp-content/plugins/erinyani/asasx.php HTTP/1.1" 500 360 "-" "-"
52.164.217.9 - - [19/May/2025:17:35:11 -0400] "GET /wp-includes/index.php HTTP/1.1" 500 360 "-" "-"
52.164.217.9 - - [19/May/2025:17:35:11 -0400] "GET /wp-includes/Requests/library/ HTTP/1.1" 200 1662 "-" "-"
52.164.217.9 - - [19/May/2025:17:35:11 -0400] "GET /.well-known/pki-validation/xmrlpc.php?p= HTTP/1.1" 404 1251 "-" "-"
52.164.217.9 - - [19/May/2025:17:35:11 -0400] "GET /content.php HTTP/1.1" 500 360 "-" "-"
52.164.217.9 - - [19/May/2025:17:35:11 -0400] "GET /wso112233.php HTTP/1.1" 500 360 "-" "-"
52.164.217.9 - - [19/May/2025:17:35:12 -0400] "GET /wp-admin/admin.php HTTP/1.1" 500 1 "-" "-"
52.164.217.9 - - [19/May/2025:17:35:12 -0400] "GET //wp-content/themes/about.php HTTP/1.1" 500 1 "-" "-"
52.164.217.9 - - [19/May/2025:17:35:12 -0400] "GET /gebase.php HTTP/1.1" 500 360 "-" "-"
52.164.217.9 - - [19/May/2025:17:35:12 -0400] "GET /wp-content/plugins/wp-conflg.php HTTP/1.1" 500 360 "-" "-"
52.164.217.9 - - [19/May/2025:17:35:12 -0400] "GET /browse.php HTTP/1.1" 500 360 "-" "-"
52.164.217.9 - - [19/May/2025:17:35:13 -0400] "GET /wp-includes/Requests/library/index.php HTTP/1.1" 500 360 "-" "-"
52.164.217.9 - - [19/May/2025:17:35:13 -0400] "GET /wp-includes/blocks/latest-comments/ HTTP/1.1" 200 2781 "-" "-"
52.164.217.9 - - [19/May/2025:17:35:13 -0400] "GET /wp-content/upgrade/index.php HTTP/1.1" 500 360 "-" "-"
52.164.217.9 - - [19/May/2025:17:35:13 -0400] "GET /wp-content/mu-plugins-old/ HTTP/1.1" 500 360 "-" "-"
52.164.217.9 - - [19/May/2025:17:35:13 -0400] "GET /1.php HTTP/1.1" 500 360 "-" "-"
52.164.217.9 - - [19/May/2025:17:35:13 -0400] "GET /2index.php HTTP/1.1" 500 360 "-" "-"
52.164.217.9 - - [19/May/2025:17:35:14 -0400] "GET /.well-known/content.php HTTP/1.1" 500 1 "-" "-"
52.164.217.9 - - [19/May/2025:17:35:14 -0400] "GET /wp-includes/blocks/shortcode/index.php HTTP/1.1" 500 360 "-" "-"
52.164.217.9 - - [19/May/2025:17:35:14 -0400] "GET /5173e.php HTTP/1.1" 500 360 "-" "-"
52.164.217.9 - - [19/May/2025:17:35:14 -0400] "GET /jquery.php HTTP/1.1" 500 360 "-" "-"
52.164.217.9 - - [19/May/2025:17:35:14 -0400] "GET /wp-content/languages/index.php HTTP/1.1" 500 1 "-" "-"
52.164.217.9 - - [19/May/2025:17:35:14 -0400] "GET //wp-admin/about.php HTTP/1.1" 500 1 "-" "-"
52.164.217.9 - - [19/May/2025:17:35:15 -0400] "GET /cc.php HTTP/1.1" 500 360 "-" "-"
52.164.217.9 - - [19/May/2025:17:35:15 -0400] "GET /wp-admin/includes/about.php HTTP/1.1" 500 360 "-" "-"
52.164.217.9 - - [19/May/2025:17:35:15 -0400] "GET /wp-includes/blocks/block/ HTTP/1.1" 200 1634 "-" "-"
52.164.217.9 - - [19/May/2025:17:35:15 -0400] "GET /wp-includes/rest-api/search/ HTTP/1.1" 200 2775 "-" "-"
52.164.217.9 - - [19/May/2025:17:35:16 -0400] "GET /wp-links.php HTTP/1.1" 500 360 "-" "-"
52.164.217.9 - - [19/May/2025:17:35:16 -0400] "GET /wp-includes/theme-compat/about.php HTTP/1.1" 500 360 "-" "-"
52.164.217.9 - - [19/May/2025:17:35:16 -0400] "GET /atomlib.php HTTP/1.1" 500 360 "-" "-"
52.164.217.9 - - [19/May/2025:17:35:16 -0400] "GET /lv.php HTTP/1.1" 500 360 "-" "-"
52.164.217.9 - - [19/May/2025:17:35:17 -0400] "GET /templates/protostar/index.php HTTP/1.1" 500 360 "-" "-"
52.164.217.9 - - [19/May/2025:17:35:17 -0400] "GET /wp-includes/blocks/term-description/ HTTP/1.1" 200 2784 "-" "-"
52.164.217.9 - - [19/May/2025:17:35:17 -0400] "GET /wp-includes/Requests/Cookie/ HTTP/1.1" 500 360 "-" "-"
52.164.217.9 - - [19/May/2025:17:35:17 -0400] "GET /wp-includes/class-controller-theme-comment.php HTTP/1.1" 500 360 "-" "-"
52.164.217.9 - - [19/May/2025:17:35:17 -0400] "GET /wp-includes/sodium_compat/src/ HTTP/1.1" 200 4144 "-" "-"
52.164.217.9 - - [19/May/2025:17:35:17 -0400] "GET /wp-content/themes/oceanwp/functions.php HTTP/1.1" 500 360 "-" "-"
52.164.217.9 - - [19/May/2025:17:35:18 -0400] "GET /wp-includes/images/wlw/ HTTP/1.1" 500 360 "-" "-"
52.164.217.9 - - [19/May/2025:17:35:18 -0400] "GET /cgi-bin/themes.php HTTP/1.1" 500 360 "-" "-"
52.164.217.9 - - [19/May/2025:17:35:18 -0400] "GET /sb.php HTTP/1.1" 500 360 "-" "-"
52.164.217.9 - - [19/May/2025:17:35:18 -0400] "GET /wp-admin/css//forbidden.php HTTP/1.1" 500 360 "-" "-"
52.164.217.9 - - [19/May/2025:17:35:18 -0400] "GET /wp-admin/maint/admin.php HTTP/1.1" 500 360 "-" "-"
52.164.217.9 - - [19/May/2025:17:35:18 -0400] "GET /wp-includes/bk/index.php HTTP/1.1" 500 360 "-" "-"
52.164.217.9 - - [19/May/2025:17:35:19 -0400] "GET /wp-admin/css/colors/cloud.php HTTP/1.1" 500 360 "-" "-"
52.164.217.9 - - [19/May/2025:17:35:19 -0400] "GET /csv.php HTTP/1.1" 500 360 "-" "-"
52.164.217.9 - - [19/May/2025:17:35:19 -0400] "GET /b.php HTTP/1.1" 500 360 "-" "-"
52.164.217.9 - - [19/May/2025:17:35:19 -0400] "GET /include/ HTTP/1.1" 500 360 "-" "-"
52.164.217.9 - - [19/May/2025:17:35:19 -0400] "GET /wp-load.php HTTP/1.1" 403 1242 "-" "-"
52.164.217.9 - - [19/May/2025:17:35:20 -0400] "GET /24.php HTTP/1.1" 500 360 "-" "-"
52.164.217.9 - - [19/May/2025:17:35:20 -0400] "GET /13.php HTTP/1.1" 500 360 "-" "-"
52.164.217.9 - - [19/May/2025:17:35:20 -0400] "GET /css/index.php HTTP/1.1" 500 360 "-" "-"
52.164.217.9 - - [19/May/2025:17:35:20 -0400] "GET /class-IXR-encryption.php HTTP/1.1" 500 1 "-" "-"
52.164.217.9 - - [19/May/2025:17:35:20 -0400] "GET /tinyfilemanager/tinyfilemanager.php HTTP/1.1" 500 1 "-" "-"
52.164.217.9 - - [19/May/2025:17:35:20 -0400] "GET /Public/ HTTP/1.1" 500 1 "-" "-"
52.164.217.9 - - [19/May/2025:17:35:20 -0400] "GET //1.php HTTP/1.1" 500 1 "-" "-"
52.164.217.9 - - [19/May/2025:17:35:21 -0400] "GET /.well-known/pki-validation/about.php HTTP/1.1" 404 1251 "-" "-"
52.164.217.9 - - [19/May/2025:17:35:21 -0400] "GET /wp-admin.phphttps://diegun.com/autoload_classmap.php HTTP/1.1" 500 360 "-" "-"
52.164.217.9 - - [19/May/2025:17:35:21 -0400] "GET /wp-admin/images/about.php HTTP/1.1" 500 1 "-" "-"
52.164.217.9 - - [19/May/2025:17:35:21 -0400] "GET /wp-admin/index.php HTTP/1.1" 500 1 "-" "-"
52.164.217.9 - - [19/May/2025:17:35:21 -0400] "GET /x.php HTTP/1.1" 500 1 "-" "-"
52.164.217.9 - - [19/May/2025:17:35:21 -0400] "GET /wp-content/autoload_classmap.php HTTP/1.1" 500 360 "-" "-"
52.164.217.9 - - [19/May/2025:17:35:22 -0400] "GET /.well-known/wp-login.php HTTP/1.1" 500 360 "-" "-"
52.164.217.9 - - [19/May/2025:17:35:22 -0400] "GET /wp-includes/ID3/about.php HTTP/1.1" 500 360 "-" "-"
52.164.217.9 - - [19/May/2025:17:35:22 -0400] "GET /fied.php HTTP/1.1" 500 360 "-" "-"
52.164.217.9 - - [19/May/2025:17:35:22 -0400] "GET /files/ HTTP/1.1" 500 360 "-" "-"
52.164.217.9 - - [19/May/2025:17:35:22 -0400] "GET /.well-known/acme-challenge/plugins.php HTTP/1.1" 500 1 "-" "-"
52.164.217.9 - - [19/May/2025:17:35:23 -0400] "GET /Njima.php HTTP/1.1" 500 360 "-" "-"
52.164.217.9 - - [19/May/2025:17:35:23 -0400] "GET /beence.php HTTP/1.1" 500 360 "-" "-"
52.164.217.9 - - [19/May/2025:17:35:23 -0400] "GET //a.php HTTP/1.1" 500 360 "-" "-"
52.164.217.9 - - [19/May/2025:17:35:23 -0400] "GET /wp-includes/images/smilies/ HTTP/1.1" 200 9309 "-" "-"
52.164.217.9 - - [19/May/2025:17:35:23 -0400] "GET //wp-content/themes/index.php?pass=admin HTTP/1.1" 200 0 "-" "-"
52.164.217.9 - - [19/May/2025:17:35:23 -0400] "GET /wp-includes/sodium_compat/src/index.php HTTP/1.1" 500 1 "-" "-"
52.164.217.9 - - [19/May/2025:17:35:24 -0400] "GET /byp.php HTTP/1.1" 500 1 "-" "-"
52.164.217.9 - - [19/May/2025:17:35:24 -0400] "GET /wp-includes/assets/ HTTP/1.1" 200 5120 "-" "-"
52.164.217.9 - - [19/May/2025:17:35:24 -0400] "GET /wp-admin/css/colors/xmrlpc.php?p= HTTP/1.1" 500 360 "-" "-"
52.164.217.9 - - [19/May/2025:17:35:24 -0400] "GET /wp-content/plugins/index.php HTTP/1.1" 200 359 "-" "-"
52.164.217.9 - - [19/May/2025:17:35:25 -0400] "GET /f35.php HTTP/1.1" 500 360 "-" "-"
52.164.217.9 - - [19/May/2025:17:35:25 -0400] "GET /cgi-bin/wp-login.php HTTP/1.1" 500 360 "-" "-"
52.164.217.9 - - [19/May/2025:17:35:25 -0400] "GET /item.php HTTP/1.1" 200 381 "-" "-"
52.164.217.9 - - [19/May/2025:17:35:25 -0400] "GET /wp-content/themes/astra/inc/ki1k.php HTTP/1.1" 500 360 "-" "-"
52.164.217.9 - - [19/May/2025:17:35:25 -0400] "GET /libraries/phpmailer/updates.php HTTP/1.1" 500 360 "-" "-"
52.164.217.9 - - [19/May/2025:17:35:26 -0400] "GET /wp-includes/wp-load.php HTTP/1.1" 500 1 "-" "-"
52.164.217.9 - - [19/May/2025:17:35:26 -0400] "GET /wp-includes/IXR/ HTTP/1.1" 200 4880 "-" "-"
52.164.217.9 - - [19/May/2025:17:35:26 -0400] "GET /uploads/ HTTP/1.1" 500 360 "-" "-"
52.164.217.9 - - [19/May/2025:17:35:26 -0400] "GET /mah.php?p= HTTP/1.1" 200 381 "-" "-"
52.164.217.9 - - [19/May/2025:17:35:26 -0400] "GET /ALFA_DATA/ HTTP/1.1" 500 360 "-" "-"
52.164.217.9 - - [19/May/2025:17:35:26 -0400] "GET /chosen.php HTTP/1.1" 500 360 "-" "-"
52.164.217.9 - - [19/May/2025:17:35:27 -0400] "GET /wp-includes/system_log.php?p= HTTP/1.1" 500 360 "-" "-"
52.164.217.9 - - [19/May/2025:17:35:27 -0400] "GET /xmrlpc.php HTTP/1.1" 500 360 "-" "-"
52.164.217.9 - - [19/May/2025:17:35:27 -0400] "GET /css/cloud.php HTTP/1.1" 500 360 "-" "-"
52.164.217.9 - - [19/May/2025:17:35:27 -0400] "GET /wp-admin/user/index.php HTTP/1.1" 500 359 "-" "-"
52.164.217.9 - - [19/May/2025:17:35:27 -0400] "GET /wp-content/uploads/file.php HTTP/1.1" 500 360 "-" "-"
52.164.217.9 - - [19/May/2025:17:35:28 -0400] "GET /wp-admin/ajax-actions.php HTTP/1.1" 500 360 "-" "-"
52.164.217.9 - - [19/May/2025:17:35:28 -0400] "GET /lufix.php HTTP/1.1" 500 360 "-" "-"
52.164.217.9 - - [19/May/2025:17:35:28 -0400] "GET /wp-includes/rest-api/fields/ HTTP/1.1" 200 360 "-" "-"
52.164.217.9 - - [19/May/2025:17:35:28 -0400] "GET /classwithtostring.php HTTP/1.1" 500 360 "-" "-"
52.164.217.9 - - [19/May/2025:17:35:29 -0400] "GET /o.php HTTP/1.1" 500 360 "-" "-"
52.164.217.9 - - [19/May/2025:17:35:29 -0400] "GET /autoload_classmap.php?p= HTTP/1.1" 500 360 "-" "-"
52.164.217.9 - - [19/May/2025:17:35:29 -0400] "GET /wp-content/admin.php HTTP/1.1" 500 360 "-" "-"
52.164.217.9 - - [19/May/2025:17:35:29 -0400] "GET /wp-class.php HTTP/1.1" 500 360 "-" "-"
52.164.217.9 - - [19/May/2025:17:35:29 -0400] "GET /wp-content/plugins/wp-sec/ab.php HTTP/1.1" 500 360 "-" "-"
52.164.217.9 - - [19/May/2025:17:35:30 -0400] "GET /y.php HTTP/1.1" 500 360 "-" "-"
52.164.217.9 - - [19/May/2025:17:35:30 -0400] "GET /wp-includes/customize/ HTTP/1.1" 200 360 "-" "-"
52.164.217.9 - - [19/May/2025:17:35:30 -0400] "GET /wp-admin/js/widgets/xmrlpc.php?p= HTTP/1.1" 500 360 "-" "-"
52.164.217.9 - - [19/May/2025:17:35:30 -0400] "GET /wp-includes/rest-api/endpoints/ HTTP/1.1" 200 16711 "-" "-"
52.164.217.9 - - [19/May/2025:17:35:30 -0400] "GET /repeater.php HTTP/1.1" 500 360 "-" "-"
52.164.217.9 - - [19/May/2025:17:35:31 -0400] "GET /iR7SzrsOUEP.php HTTP/1.1" 500 360 "-" "-"
52.164.217.9 - - [19/May/2025:17:35:31 -0400] "GET /wp-content/plugins/seoo/alfa-rex1.php HTTP/1.1" 500 360 "-" "-"
52.164.217.9 - - [19/May/2025:17:35:31 -0400] "GET /ads.txt HTTP/1.1" 500 360 "-" "-"
52.164.217.9 - - [19/May/2025:17:35:31 -0400] "GET /wp-includes/certificates/index.php HTTP/1.1" 500 360 "-" "-"
52.164.217.9 - - [19/May/2025:17:35:31 -0400] "GET /wp-admin/css/about.php HTTP/1.1" 500 360 "-" "-"
52.164.217.9 - - [19/May/2025:17:35:32 -0400] "GET /wp-includes/js/crop/ HTTP/1.1" 200 2414 "-" "-"
52.164.217.9 - - [19/May/2025:17:35:32 -0400] "GET /abouts.php HTTP/1.1" 500 1 "-" "-"
52.164.217.9 - - [19/May/2025:17:35:32 -0400] "GET //wp-includes/js/tinymce/skins/lightgray/img/index.php HTTP/1.1" 500 360 "-" "-"
52.164.217.9 - - [19/May/2025:17:35:32 -0400] "GET /wp-content/file.php HTTP/1.1" 500 1 "-" "-"
52.164.217.9 - - [19/May/2025:17:35:32 -0400] "GET /wp-content/uploads/2023/03/ HTTP/1.1" 200 8415 "-" "-"
52.164.217.9 - - [19/May/2025:17:35:32 -0400] "GET /wp-includes/blocks/button/index.php HTTP/1.1" 500 360 "-" "-"
52.164.217.9 - - [19/May/2025:17:35:32 -0400] "GET /yanz.php HTTP/1.1" 500 360 "-" "-"
52.164.217.9 - - [19/May/2025:17:35:33 -0400] "GET /cong.php?p= HTTP/1.1" 500 360 "-" "-"
52.164.217.9 - - [19/May/2025:17:35:33 -0400] "GET /BIBIL_0DAY.php HTTP/1.1" 500 360 "-" "-"
52.164.217.9 - - [19/May/2025:17:35:33 -0400] "GET /flower.php HTTP/1.1" 500 360 "-" "-"
52.164.217.9 - - [19/May/2025:17:35:33 -0400] "GET /.well-known/index.php HTTP/1.1" 500 360 "-" "-"
52.164.217.9 - - [19/May/2025:17:35:33 -0400] "GET /admin/controller/extension/extension/ultra.php HTTP/1.1" 500 360 "-" "-"
52.164.217.9 - - [19/May/2025:17:35:33 -0400] "GET /wp-includes/Requests/Proxy/ HTTP/1.1" 500 1 "-" "-"
52.164.217.9 - - [19/May/2025:17:35:34 -0400] "GET /wp-includes/js/codemirror/about.php HTTP/1.1" 500 360 "-" "-"
198.204.226.18 - - [19/May/2025:17:35:33 -0400] "GET /wp-content/install.php HTTP/1.1" 200 10 "http://jenniferflo.com/wp-content/install.php" "Mozilla/5.0 (Windows NT 10.0; Win64; x64) AppleWebKit/537.36 (KHTML, like Gecko) Chrome/58.0.3029.110 Safari/537.3"
52.164.217.9 - - [19/May/2025:17:35:34 -0400] "GET /wp-content/upgrade/function.php HTTP/1.1" 500 360 "-" "-"
52.164.217.9 - - [19/May/2025:17:35:34 -0400] "GET /wp-admin/js/widgets/cloud.php HTTP/1.1" 500 360 "-" "-"
52.164.217.9 - - [19/May/2025:17:35:34 -0400] "GET /wp-includes/Text/Diff/Engine/ HTTP/1.1" 200 2446 "-" "-"
52.164.217.9 - - [19/May/2025:17:35:34 -0400] "GET /shx.php HTTP/1.1" 500 360 "-" "-"
52.164.217.9 - - [19/May/2025:17:35:34 -0400] "GET /wp-content/uploads/admin.php HTTP/1.1" 500 360 "-" "-"
52.164.217.9 - - [19/May/2025:17:35:35 -0400] "GET /.well-known/wp-load.php HTTP/1.1" 500 1 "-" "-"
52.164.217.9 - - [19/May/2025:17:35:35 -0400] "GET /wp-content/radio.php HTTP/1.1" 500 360 "-" "-"
52.164.217.9 - - [19/May/2025:17:35:35 -0400] "GET /access.php HTTP/1.1" 500 360 "-" "-"
52.164.217.9 - - [19/May/2025:17:35:35 -0400] "GET /past.php HTTP/1.1" 500 360 "-" "-"
52.164.217.9 - - [19/May/2025:17:35:35 -0400] "GET /wp-content/uploads/chosen.php HTTP/1.1" 500 360 "-" "-"
52.164.217.9 - - [19/May/2025:17:35:35 -0400] "GET /wp-content/themes/twenty/twenty.php HTTP/1.1" 500 360 "-" "-"
52.164.217.9 - - [19/May/2025:17:35:36 -0400] "GET /wp-admin/css/index.php HTTP/1.1" 500 360 "-" "-"
52.164.217.9 - - [19/May/2025:17:35:36 -0400] "GET /c99.php HTTP/1.1" 500 360 "-" "-"
52.164.217.9 - - [19/May/2025:17:35:36 -0400] "GET /wp-admin/css/colors/blue/admin.php HTTP/1.1" 500 360 "-" "-"
52.164.217.9 - - [19/May/2025:17:35:36 -0400] "GET /media.php HTTP/1.1" 500 360 "-" "-"
52.164.217.9 - - [19/May/2025:17:35:36 -0400] "GET /wp-includes/Requests/Auth/ HTTP/1.1" 500 360 "-" "-"
52.164.217.9 - - [19/May/2025:17:35:36 -0400] "GET /good.php HTTP/1.1" 500 360 "-" "-"
52.164.217.9 - - [19/May/2025:17:35:36 -0400] "GET /wp-includes/certificates/wp-login.php HTTP/1.1" 500 360 "-" "-"
52.164.217.9 - - [19/May/2025:17:35:37 -0400] "GET /wp-admin/images/xmrlpc.php?p= HTTP/1.1" 500 360 "-" "-"
