66.249.64.131 - - [19/May/2025:13:16:16 -0400] "GET /items/zbalk104/2819?key=sheet HTTP/1.1" 200 82217 "-" "Mozilla/5.0 (Linux; Android 6.0.1; Nexus 5X Build/MMB29P) AppleWebKit/537.36 (KHTML, like Gecko) Chrome/136.0.7103.92 Mobile Safari/537.36 (compatible; GoogleOther)"
66.249.64.129 - - [19/May/2025:13:16:19 -0400] "GET /items/xpdfn195/42318?key=precisely HTTP/1.1" 200 81733 "-" "Mozilla/5.0 (Linux; Android 6.0.1; Nexus 5X Build/MMB29P) AppleWebKit/537.36 (KHTML, like Gecko) Chrome/136.0.7103.92 Mobile Safari/537.36 (compatible; GoogleOther)"
198.204.226.18 - - [19/May/2025:13:16:12 -0400] "GET /wp-content/install.php HTTP/1.1" 200 0 "http://jenniferflo.com/wp-content/install.php" "Mozilla/5.0 (Windows NT 10.0; Win64; x64) AppleWebKit/537.36 (KHTML, like Gecko) Chrome/58.0.3029.110 Safari/537.3"
198.204.226.18 - - [19/May/2025:13:16:46 -0400] "GET /wp-content/install.php HTTP/1.1" 200 10 "http://jenniferflo.com/wp-content/install.php" "Mozilla/5.0 (Windows NT 10.0; Win64; x64) AppleWebKit/537.36 (KHTML, like Gecko) Chrome/58.0.3029.110 Safari/537.3"
198.204.226.18 - - [19/May/2025:13:17:10 -0400] "GET /wp-content/install.php HTTP/1.1" 200 10 "http://jenniferflo.com/wp-content/install.php" "Mozilla/5.0 (Windows NT 10.0; Win64; x64) AppleWebKit/537.36 (KHTML, like Gecko) Chrome/58.0.3029.110 Safari/537.3"
198.204.226.18 - - [19/May/2025:13:17:26 -0400] "GET /wp-content/install.php HTTP/1.1" 200 10 "http://jenniferflo.com/wp-content/install.php" "Mozilla/5.0 (Windows NT 10.0; Win64; x64) AppleWebKit/537.36 (KHTML, like Gecko) Chrome/58.0.3029.110 Safari/537.3"
212.11.64.144 - - [19/May/2025:13:17:44 -0400] "GET //wp-content/plugins/under-construction-page/themes/closed/about.php HTTP/1.1" 500 271 "http://jenniferflo.com/" "Mozilla/5.0 (Windows NT 10.0; Win64; x64) AppleWebKit/537.36 (KHTML, like Gecko) Chrome/121.0.0.0 Safari/537.36"
198.204.226.18 - - [19/May/2025:13:17:52 -0400] "GET /wp-content/install.php HTTP/1.1" 200 10 "http://jenniferflo.com/wp-content/install.php" "Mozilla/5.0 (Windows NT 10.0; Win64; x64) AppleWebKit/537.36 (KHTML, like Gecko) Chrome/58.0.3029.110 Safari/537.3"
198.204.226.18 - - [19/May/2025:13:17:49 -0400] "GET /wp-content/install.php HTTP/1.1" 200 0 "http://jenniferflo.com/wp-content/install.php" "Mozilla/5.0 (Windows NT 10.0; Win64; x64) AppleWebKit/537.36 (KHTML, like Gecko) Chrome/58.0.3029.110 Safari/537.3"
198.204.226.18 - - [19/May/2025:13:18:24 -0400] "GET /wp-content/install.php HTTP/1.1" 200 10 "http://jenniferflo.com/wp-content/install.php" "Mozilla/5.0 (Windows NT 10.0; Win64; x64) AppleWebKit/537.36 (KHTML, like Gecko) Chrome/58.0.3029.110 Safari/537.3"
198.204.226.18 - - [19/May/2025:13:18:49 -0400] "GET /wp-content/install.php HTTP/1.1" 200 10 "http://jenniferflo.com/wp-content/install.php" "Mozilla/5.0 (Windows NT 10.0; Win64; x64) AppleWebKit/537.36 (KHTML, like Gecko) Chrome/58.0.3029.110 Safari/537.3"
198.204.226.18 - - [19/May/2025:13:19:10 -0400] "GET /wp-content/install.php HTTP/1.1" 200 10 "http://jenniferflo.com/wp-content/install.php" "Mozilla/5.0 (Windows NT 10.0; Win64; x64) AppleWebKit/537.36 (KHTML, like Gecko) Chrome/58.0.3029.110 Safari/537.3"
198.204.226.18 - - [19/May/2025:13:19:15 -0400] "GET /wp-content/install.php HTTP/1.1" 200 10 "http://jenniferflo.com/wp-content/install.php" "Mozilla/5.0 (Windows NT 10.0; Win64; x64) AppleWebKit/537.36 (KHTML, like Gecko) Chrome/58.0.3029.110 Safari/537.3"
51.89.231.10 - - [19/May/2025:13:20:00 -0400] "GET /wp-content/plugins/hellopress/wp_filemanager.php HTTP/1.1" 403 1242 "-" "-"
51.89.231.10 - - [19/May/2025:13:20:00 -0400] "GET /var/www/html/uploads/ HTTP/1.1" 500 360 "-" "-"
51.89.231.10 - - [19/May/2025:13:20:00 -0400] "GET /var/www/html/files/ HTTP/1.1" 500 360 "-" "-"
51.89.231.10 - - [19/May/2025:13:20:01 -0400] "GET /var/www/html/images/ HTTP/1.1" 500 360 "-" "-"
51.89.231.10 - - [19/May/2025:13:20:01 -0400] "GET /usr/share/nginx/html/ HTTP/1.1" 500 1 "-" "-"
51.89.231.10 - - [19/May/2025:13:20:01 -0400] "GET /opt/lampp/htdocs/ HTTP/1.1" 500 1 "-" "-"
51.89.231.10 - - [19/May/2025:13:20:01 -0400] "GET /joomla/images/ HTTP/1.1" 500 1 "-" "-"
51.89.231.10 - - [19/May/2025:13:20:01 -0400] "GET /joomla/tmp/ HTTP/1.1" 500 1 "-" "-"
51.89.231.10 - - [19/May/2025:13:20:01 -0400] "GET /drupal/sites/default/files/ HTTP/1.1" 500 1 "-" "-"
51.89.231.10 - - [19/May/2025:13:20:02 -0400] "GET /drupal/modules/ HTTP/1.1" 500 1 "-" "-"
51.89.231.10 - - [19/May/2025:13:20:02 -0400] "GET /drupal/themes/ HTTP/1.1" 500 1 "-" "-"
51.89.231.10 - - [19/May/2025:13:20:02 -0400] "GET /.well-known/ HTTP/1.1" 200 1850 "-" "-"
51.89.231.10 - - [19/May/2025:13:20:04 -0400] "GET /.well-known/index.php HTTP/1.1" 500 1 "-" "-"
51.89.231.10 - - [19/May/2025:13:20:04 -0400] "GET /admin.php HTTP/1.1" 500 1 "-" "-"
51.89.231.10 - - [19/May/2025:13:20:04 -0400] "GET /1.php HTTP/1.1" 500 1 "-" "-"
51.89.231.10 - - [19/May/2025:13:20:04 -0400] "GET /Assets/item.php HTTP/1.1" 500 1 "-" "-"
51.89.231.10 - - [19/May/2025:13:20:04 -0400] "GET /JustBrain.php HTTP/1.1" 500 1 "-" "-"
51.89.231.10 - - [19/May/2025:13:20:05 -0400] "GET /about/function.php HTTP/1.1" 500 1 "-" "-"
51.89.231.10 - - [19/May/2025:13:20:05 -0400] "GET /admin.php?debug=on&cmd=upload HTTP/1.1" 500 1 "-" "-"
47.243.178.179 - - [19/May/2025:13:20:05 -0400] "GET /stage/f138?pid=7380 HTTP/1.1" 500 21 "-" "Mozilla/5.0 (Macintosh; Intel Mac OS X 10_15_7) AppleWebKit/537.36 (KHTML, like Gecko) Chrome/109.0.0.0 Safari/537.36"
51.89.231.10 - - [19/May/2025:13:20:05 -0400] "GET /admin/function.php HTTP/1.1" 500 1 "-" "-"
51.89.231.10 - - [19/May/2025:13:20:05 -0400] "GET /adminer.php?db=stealth HTTP/1.1" 500 1 "-" "-"
51.89.231.10 - - [19/May/2025:13:20:05 -0400] "GET /alfa.php HTTP/1.1" 500 1 "-" "-"
51.89.231.10 - - [19/May/2025:13:20:05 -0400] "GET /backup/.config.php HTTP/1.1" 500 1 "-" "-"
51.89.231.10 - - [19/May/2025:13:20:06 -0400] "GET /bs1.php HTTP/1.1" 500 1 "-" "-"
51.89.231.10 - - [19/May/2025:13:20:06 -0400] "GET /classwithtostring.php HTTP/1.1" 500 1 "-" "-"
51.89.231.10 - - [19/May/2025:13:20:06 -0400] "GET /default.php HTTP/1.1" 500 1 "-" "-"
51.89.231.10 - - [19/May/2025:13:20:06 -0400] "GET /file.php HTTP/1.1" 500 1 "-" "-"
51.89.231.10 - - [19/May/2025:13:20:07 -0400] "GET /filemanager.php HTTP/1.1" 500 1 "-" "-"
51.89.231.10 - - [19/May/2025:13:20:07 -0400] "GET /index/function.php HTTP/1.1" 500 1 "-" "-"
51.89.231.10 - - [19/May/2025:13:20:07 -0400] "GET /templates/beez3/shell.php HTTP/1.1" 500 1 "-" "-"
51.89.231.10 - - [19/May/2025:13:20:07 -0400] "GET /uploads/shell.php5 HTTP/1.1" 500 1 "-" "-"
51.89.231.10 - - [19/May/2025:13:20:08 -0400] "GET /wp-admin/images/ HTTP/1.1" 200 1 "-" "-"
51.89.231.10 - - [19/May/2025:13:20:08 -0400] "GET /wp-admin/js/farbtastic.php HTTP/1.1" 500 1 "-" "-"
51.89.231.10 - - [19/May/2025:13:20:08 -0400] "GET /wp-admin/js/index.php HTTP/1.1" 500 1 "-" "-"
51.89.231.10 - - [19/May/2025:13:20:08 -0400] "GET /wp-admin/js/wp-login.php HTTP/1.1" 500 1 "-" "-"
51.89.231.10 - - [19/May/2025:13:20:08 -0400] "GET /wp-admin/maint/ HTTP/1.1" 200 1835 "-" "-"
51.89.231.10 - - [19/May/2025:13:20:08 -0400] "GET /wp-admin/network/about.php HTTP/1.1" 500 359 "-" "-"
51.89.231.10 - - [19/May/2025:13:20:09 -0400] "GET /wp-admin/network/chosen.php HTTP/1.1" 500 360 "-" "-"
51.89.231.10 - - [19/May/2025:13:20:09 -0400] "GET /wp-admin/network/index.php HTTP/1.1" 500 359 "-" "-"
51.89.231.10 - - [19/May/2025:13:20:09 -0400] "GET /wp-admin/plugin.php HTTP/1.1" 500 360 "-" "-"
51.89.231.10 - - [19/May/2025:13:20:09 -0400] "GET /wp-admin/user/bak.php HTTP/1.1" 500 360 "-" "-"
51.89.231.10 - - [19/May/2025:13:20:09 -0400] "GET /wp-admin/user/index.php HTTP/1.1" 500 359 "-" "-"
51.89.231.10 - - [19/May/2025:13:20:09 -0400] "GET /wp-content/ HTTP/1.1" 200 18856 "-" "-"
51.89.231.10 - - [19/May/2025:13:20:11 -0400] "GET /wp-content/admin.php HTTP/1.1" 500 360 "-" "-"
51.89.231.10 - - [19/May/2025:13:20:11 -0400] "GET /wp-content/mu-plugins-old/ HTTP/1.1" 500 360 "-" "-"
51.89.231.10 - - [19/May/2025:13:20:11 -0400] "GET /wp-content/packed.php HTTP/1.1" 500 360 "-" "-"
51.89.231.10 - - [19/May/2025:13:20:11 -0400] "GET /wp-content/plugins/ HTTP/1.1" 200 359 "-" "-"
51.89.231.10 - - [19/May/2025:13:20:12 -0400] "GET /wp-content/plugins/dummyyummy/wp-signup.php HTTP/1.1" 500 360 "-" "-"
51.89.231.10 - - [19/May/2025:13:20:12 -0400] "GET /wp-content/plugins/shell.php HTTP/1.1" 500 360 "-" "-"
51.89.231.10 - - [19/May/2025:13:20:12 -0400] "GET /wp-content/plugins/wp-file-manager/lib/files/shell.php HTTP/1.1" 500 360 "-" "-"
51.89.231.10 - - [19/May/2025:13:20:12 -0400] "GET /wp-content/themes/twenty/twenty.php HTTP/1.1" 500 360 "-" "-"
51.89.231.10 - - [19/May/2025:13:20:12 -0400] "GET /wp-content/themes/wp-pridmag/admin.php HTTP/1.1" 500 360 "-" "-"
51.89.231.10 - - [19/May/2025:13:20:12 -0400] "GET /wp-content/upgrade-temp-backup/wp-login.php HTTP/1.1" 500 360 "-" "-"
51.89.231.10 - - [19/May/2025:13:20:12 -0400] "GET /wp-content/uploads/ HTTP/1.1" 200 3727 "-" "-"
51.89.231.10 - - [19/May/2025:13:20:13 -0400] "GET /wp-includes/ID3/ HTTP/1.1" 200 360 "-" "-"
51.89.231.10 - - [19/May/2025:13:20:13 -0400] "GET /wp-includes/ID3/about.php HTTP/1.1" 500 360 "-" "-"
51.89.231.10 - - [19/May/2025:13:20:13 -0400] "GET /wp-includes/ID3/autoload_classmap.php HTTP/1.1" 500 360 "-" "-"
51.89.231.10 - - [19/May/2025:13:20:13 -0400] "GET /wp-includes/ID3/index.php HTTP/1.1" 200 360 "-" "-"
51.89.231.10 - - [19/May/2025:13:20:14 -0400] "GET /wp-includes/SimplePie/ HTTP/1.1" 200 2117 "-" "-"
51.89.231.10 - - [19/May/2025:13:20:14 -0400] "GET /wp-includes/SimplePie/Content/Type/ HTTP/1.1" 500 360 "-" "-"
51.89.231.10 - - [19/May/2025:13:20:14 -0400] "GET /wp-includes/Text/Diff/ HTTP/1.1" 200 2129 "-" "-"
51.89.231.10 - - [19/May/2025:13:20:14 -0400] "GET /wp-includes/Text/Diff/Engine/ HTTP/1.1" 200 2446 "-" "-"
51.89.231.10 - - [19/May/2025:13:20:14 -0400] "GET /wp-includes/Text/Diff/Engine/about.php HTTP/1.1" 500 360 "-" "-"
51.89.231.10 - - [19/May/2025:13:20:15 -0400] "GET /wp-includes/Text/Diff/Engine/index.php HTTP/1.1" 500 360 "-" "-"
51.89.231.10 - - [19/May/2025:13:20:15 -0400] "GET /wp-includes/Text/Diff/Renderer/ HTTP/1.1" 200 1663 "-" "-"
51.89.231.10 - - [19/May/2025:13:20:15 -0400] "GET /wp-includes/assets/index.php HTTP/1.1" 500 1 "-" "-"
51.89.231.10 - - [19/May/2025:13:20:15 -0400] "GET /wp-includes/block-patterns/ HTTP/1.1" 200 4181 "-" "-"
51.89.231.10 - - [19/May/2025:13:20:15 -0400] "GET /wp-includes/block-patterns/index.php HTTP/1.1" 500 1 "-" "-"
51.89.231.10 - - [19/May/2025:13:20:15 -0400] "GET /wp-includes/block-supports/about.php HTTP/1.1" 500 1 "-" "-"
51.89.231.10 - - [19/May/2025:13:20:16 -0400] "GET /wp-includes/blocks/ HTTP/1.1" 200 2 "-" "-"
51.89.231.10 - - [19/May/2025:13:20:16 -0400] "GET /wp-includes/certificates/ HTTP/1.1" 200 1903 "-" "-"
51.89.231.10 - - [19/May/2025:13:20:16 -0400] "GET /wp-includes/certificates/about.php HTTP/1.1" 500 1 "-" "-"
51.89.231.10 - - [19/May/2025:13:20:16 -0400] "GET /wp-includes/css/ HTTP/1.1" 200 13938 "-" "-"
51.89.231.10 - - [19/May/2025:13:20:17 -0400] "GET /wp-includes/css/index.php HTTP/1.1" 500 360 "-" "-"
51.89.231.10 - - [19/May/2025:13:20:17 -0400] "GET /wp-includes/customize/ HTTP/1.1" 200 360 "-" "-"
51.89.231.10 - - [19/May/2025:13:20:18 -0400] "GET /wp-includes/customize/wp-login.php HTTP/1.1" 500 360 "-" "-"
51.89.231.10 - - [19/May/2025:13:20:18 -0400] "GET /wp-includes/fonts/ HTTP/1.1" 200 4808 "-" "-"
51.89.231.10 - - [19/May/2025:13:20:18 -0400] "GET /wp-includes/html-api/ HTTP/1.1" 200 6748 "-" "-"
51.89.231.10 - - [19/May/2025:13:20:19 -0400] "GET /wp-includes/images/smilies/ HTTP/1.1" 200 9309 "-" "-"
51.89.231.10 - - [19/May/2025:13:20:20 -0400] "GET /wp-includes/network.php HTTP/1.1" 500 360 "-" "-"
51.89.231.10 - - [19/May/2025:13:20:20 -0400] "GET /wp-includes/random_compat/ HTTP/1.1" 500 360 "-" "-"
51.89.231.10 - - [19/May/2025:13:20:20 -0400] "GET /wp-includes/rest-api/autoload_classmap.php HTTP/1.1" 500 360 "-" "-"
51.89.231.10 - - [19/May/2025:13:20:20 -0400] "GET /wp-includes/rest-api/endpoints/index.php HTTP/1.1" 500 360 "-" "-"
51.89.231.10 - - [19/May/2025:13:20:21 -0400] "GET /wp-includes/rest-api/fields/ HTTP/1.1" 200 360 "-" "-"
51.89.231.10 - - [19/May/2025:13:20:21 -0400] "GET /wp-includes/rest-api/search/ HTTP/1.1" 200 2775 "-" "-"
51.89.231.10 - - [19/May/2025:13:20:21 -0400] "GET /wp-includes/sitemaps/ HTTP/1.1" 200 4133 "-" "-"
51.89.231.10 - - [19/May/2025:13:20:21 -0400] "GET /wp-includes/sodium_compat/src/index.php HTTP/1.1" 500 360 "-" "-"
51.89.231.10 - - [19/May/2025:13:20:22 -0400] "GET /x.php HTTP/1.1" 500 360 "-" "-"
51.89.231.10 - - [19/May/2025:13:20:22 -0400] "GET /xmlrpc.php?cmd=eval HTTP/1.1" 500 360 "-" "-"
47.238.13.17 - - [19/May/2025:13:20:59 -0400] "GET /include/f45?pid=309 HTTP/1.1" 500 271 "-" "Mozilla/5.0 (Macintosh; Intel Mac OS X 10_15_7) AppleWebKit/537.36 (KHTML, like Gecko) Chrome/109.0.0.0 Safari/537.36"
47.242.200.220 - - [19/May/2025:13:21:25 -0400] "GET /items/cvsey11/784?key=subtle HTTP/1.1" 500 271 "-" "Mozilla/5.0 (Macintosh; Intel Mac OS X 10_15_7) AppleWebKit/537.36 (KHTML, like Gecko) Chrome/109.0.0.0 Safari/537.36"
212.11.64.144 - - [19/May/2025:13:21:27 -0400] "GET //wp-includes/html-api/about.php HTTP/1.1" 500 271 "http://jenniferflo.com/" "Mozilla/5.0 (Windows NT 10.0; Win64; x64) AppleWebKit/537.36 (KHTML, like Gecko) Chrome/121.0.0.0 Safari/537.36"
47.238.13.10 - - [19/May/2025:13:21:41 -0400] "GET /sitemap-subkey-2380.xml HTTP/1.1" 200 99594 "-" "Mozilla/5.0 (Macintosh; Intel Mac OS X 10_15_7) AppleWebKit/537.36 (KHTML, like Gecko) Chrome/109.0.0.0 Safari/537.36"
47.238.13.14 - - [19/May/2025:13:21:58 -0400] "GET /pages.php?products/88bg4433 HTTP/1.1" 200 9621 "-" "Mozilla/5.0 (Macintosh; Intel Mac OS X 10_15_7) AppleWebKit/537.36 (KHTML, like Gecko) Chrome/109.0.0.0 Safari/537.36"
47.238.13.15 - - [19/May/2025:13:22:43 -0400] "GET /items/pzezb71/25978?key=defensive HTTP/1.1" 500 271 "-" "Mozilla/5.0 (Macintosh; Intel Mac OS X 10_15_7) AppleWebKit/537.36 (KHTML, like Gecko) Chrome/109.0.0.0 Safari/537.36"
8.210.8.206 - - [19/May/2025:13:23:06 -0400] "GET /importantly/h214?pid=9734 HTTP/1.1" 500 271 "-" "Mozilla/5.0 (Macintosh; Intel Mac OS X 10_15_7) AppleWebKit/537.36 (KHTML, like Gecko) Chrome/109.0.0.0 Safari/537.36"
198.204.226.18 - - [19/May/2025:13:23:29 -0400] "GET /wp-content/install.php HTTP/1.1" 200 10 "http://jenniferflo.com/wp-content/install.php" "Mozilla/5.0 (Windows NT 10.0; Win64; x64) AppleWebKit/537.36 (KHTML, like Gecko) Chrome/58.0.3029.110 Safari/537.3"
198.204.226.18 - - [19/May/2025:13:23:26 -0400] "GET /wp-content/install.php HTTP/1.1" 200 0 "http://jenniferflo.com/wp-content/install.php" "Mozilla/5.0 (Windows NT 10.0; Win64; x64) AppleWebKit/537.36 (KHTML, like Gecko) Chrome/58.0.3029.110 Safari/537.3"
69.197.182.50 - - [19/May/2025:13:23:58 -0400] "GET /wp-includes/install.php HTTP/1.1" 200 10 "http://jenniferflo.com/wp-includes/install.php" "Mozilla/5.0 (Windows NT 10.0; Win64; x64) AppleWebKit/537.36 (KHTML, like Gecko) Chrome/58.0.3029.110 Safari/537.3"
198.204.226.18 - - [19/May/2025:13:24:27 -0400] "GET /wp-content/install.php HTTP/1.1" 200 10 "http://jenniferflo.com/wp-content/install.php" "Mozilla/5.0 (Windows NT 10.0; Win64; x64) AppleWebKit/537.36 (KHTML, like Gecko) Chrome/58.0.3029.110 Safari/537.3"
8.210.15.252 - - [19/May/2025:13:24:31 -0400] "GET /daughter/q31?pid=10333 HTTP/1.1" 500 271 "-" "Mozilla/5.0 (Macintosh; Intel Mac OS X 10_15_7) AppleWebKit/537.36 (KHTML, like Gecko) Chrome/109.0.0.0 Safari/537.36"
198.204.226.18 - - [19/May/2025:13:24:24 -0400] "GET /wp-content/install.php HTTP/1.1" 200 0 "http://jenniferflo.com/wp-content/install.php" "Mozilla/5.0 (Windows NT 10.0; Win64; x64) AppleWebKit/537.36 (KHTML, like Gecko) Chrome/58.0.3029.110 Safari/537.3"
8.210.10.143 - - [19/May/2025:13:24:35 -0400] "GET /items/omksh87/620?key=blue HTTP/1.1" 500 271 "-" "Mozilla/5.0 (Macintosh; Intel Mac OS X 10_15_7) AppleWebKit/537.36 (KHTML, like Gecko) Chrome/109.0.0.0 Safari/537.36"
198.204.226.18 - - [19/May/2025:13:24:52 -0400] "GET /wp-content/install.php HTTP/1.1" 200 10 "http://jenniferflo.com/wp-content/install.php" "Mozilla/5.0 (Windows NT 10.0; Win64; x64) AppleWebKit/537.36 (KHTML, like Gecko) Chrome/58.0.3029.110 Safari/537.3"
47.242.77.69 - - [19/May/2025:13:25:10 -0400] "GET /items/dlmyr34/4669?key=comprehensive HTTP/1.1" 500 271 "-" "Mozilla/5.0 (Macintosh; Intel Mac OS X 10_15_7) AppleWebKit/537.36 (KHTML, like Gecko) Chrome/109.0.0.0 Safari/537.36"
212.11.64.144 - - [19/May/2025:13:25:10 -0400] "GET //wp-includes/css/alfanew.php HTTP/1.1" 500 271 "http://jenniferflo.com/" "Mozilla/5.0 (Windows NT 10.0; Win64; x64) AppleWebKit/537.36 (KHTML, like Gecko) Chrome/121.0.0.0 Safari/537.36"
47.238.13.12 - - [19/May/2025:13:25:21 -0400] "GET /sitemap-subkey-2262.xml HTTP/1.1" 200 60409 "-" "Mozilla/5.0 (Macintosh; Intel Mac OS X 10_15_7) AppleWebKit/537.36 (KHTML, like Gecko) Chrome/109.0.0.0 Safari/537.36"
47.238.13.0 - - [19/May/2025:13:25:33 -0400] "GET /sitemap-subkey-1458.xml HTTP/1.1" 200 99602 "-" "Mozilla/5.0 (Macintosh; Intel Mac OS X 10_15_7) AppleWebKit/537.36 (KHTML, like Gecko) Chrome/109.0.0.0 Safari/537.36"
47.238.13.0 - - [19/May/2025:13:25:45 -0400] "GET /mobile/c66?pid=912 HTTP/1.1" 500 271 "-" "Mozilla/5.0 (Macintosh; Intel Mac OS X 10_15_7) AppleWebKit/537.36 (KHTML, like Gecko) Chrome/109.0.0.0 Safari/537.36"
198.204.226.18 - - [19/May/2025:13:26:02 -0400] "GET /wp-content/install.php HTTP/1.1" 200 10 "http://jenniferflo.com/wp-content/install.php" "Mozilla/5.0 (Windows NT 10.0; Win64; x64) AppleWebKit/537.36 (KHTML, like Gecko) Chrome/58.0.3029.110 Safari/537.3"
47.238.13.0 - - [19/May/2025:13:26:04 -0400] "GET /arrangement/y120?pid=22052 HTTP/1.1" 500 271 "-" "Mozilla/5.0 (Macintosh; Intel Mac OS X 10_15_7) AppleWebKit/537.36 (KHTML, like Gecko) Chrome/109.0.0.0 Safari/537.36"
198.204.226.18 - - [19/May/2025:13:26:07 -0400] "GET /wp-content/install.php HTTP/1.1" 200 10 "http://jenniferflo.com/wp-content/install.php" "Mozilla/5.0 (Windows NT 10.0; Win64; x64) AppleWebKit/537.36 (KHTML, like Gecko) Chrome/58.0.3029.110 Safari/537.3"
198.204.226.18 - - [19/May/2025:13:25:58 -0400] "GET /wp-content/install.php HTTP/1.1" 200 0 "http://jenniferflo.com/wp-content/install.php" "Mozilla/5.0 (Windows NT 10.0; Win64; x64) AppleWebKit/537.36 (KHTML, like Gecko) Chrome/58.0.3029.110 Safari/537.3"
198.204.226.18 - - [19/May/2025:13:26:18 -0400] "GET /wp-content/install.php HTTP/1.1" 200 10 "http://jenniferflo.com/wp-content/install.php" "Mozilla/5.0 (Windows NT 10.0; Win64; x64) AppleWebKit/537.36 (KHTML, like Gecko) Chrome/58.0.3029.110 Safari/537.3"
198.204.226.18 - - [19/May/2025:13:26:57 -0400] "GET /wp-content/install.php HTTP/1.1" 200 10 "http://jenniferflo.com/wp-content/install.php" "Mozilla/5.0 (Windows NT 10.0; Win64; x64) AppleWebKit/537.36 (KHTML, like Gecko) Chrome/58.0.3029.110 Safari/537.3"
198.204.226.18 - - [19/May/2025:13:27:36 -0400] "GET /wp-content/install.php HTTP/1.1" 200 10 "http://jenniferflo.com/wp-content/install.php" "Mozilla/5.0 (Windows NT 10.0; Win64; x64) AppleWebKit/537.36 (KHTML, like Gecko) Chrome/58.0.3029.110 Safari/537.3"
8.210.8.206 - - [19/May/2025:13:27:48 -0400] "GET /oxygen/y232?pid=12578 HTTP/1.1" 500 271 "-" "Mozilla/5.0 (Macintosh; Intel Mac OS X 10_15_7) AppleWebKit/537.36 (KHTML, like Gecko) Chrome/109.0.0.0 Safari/537.36"
198.204.226.18 - - [19/May/2025:13:28:15 -0400] "GET /wp-content/install.php HTTP/1.1" 200 10 "http://jenniferflo.com/wp-content/install.php" "Mozilla/5.0 (Windows NT 10.0; Win64; x64) AppleWebKit/537.36 (KHTML, like Gecko) Chrome/58.0.3029.110 Safari/537.3"
198.204.226.18 - - [19/May/2025:13:28:12 -0400] "GET /wp-content/install.php HTTP/1.1" 200 0 "http://jenniferflo.com/wp-content/install.php" "Mozilla/5.0 (Windows NT 10.0; Win64; x64) AppleWebKit/537.36 (KHTML, like Gecko) Chrome/58.0.3029.110 Safari/537.3"
198.204.226.18 - - [19/May/2025:13:28:34 -0400] "GET /wp-content/install.php HTTP/1.1" 200 10 "http://jenniferflo.com/wp-content/install.php" "Mozilla/5.0 (Windows NT 10.0; Win64; x64) AppleWebKit/537.36 (KHTML, like Gecko) Chrome/58.0.3029.110 Safari/537.3"
8.210.10.143 - - [19/May/2025:13:28:38 -0400] "GET /sitemap-subkey-2733.xml HTTP/1.1" 200 100151 "-" "Mozilla/5.0 (Macintosh; Intel Mac OS X 10_15_7) AppleWebKit/537.36 (KHTML, like Gecko) Chrome/109.0.0.0 Safari/537.36"
198.204.226.18 - - [19/May/2025:13:28:30 -0400] "GET /wp-content/install.php HTTP/1.1" 200 0 "http://jenniferflo.com/wp-content/install.php" "Mozilla/5.0 (Windows NT 10.0; Win64; x64) AppleWebKit/537.36 (KHTML, like Gecko) Chrome/58.0.3029.110 Safari/537.3"
212.11.64.144 - - [19/May/2025:13:28:53 -0400] "GET //wp-content/themes/vantage/slider/alfanew.php HTTP/1.1" 500 271 "http://jenniferflo.com/" "Mozilla/5.0 (Windows NT 10.0; Win64; x64) AppleWebKit/537.36 (KHTML, like Gecko) Chrome/121.0.0.0 Safari/537.36"
8.210.8.206 - - [19/May/2025:13:28:58 -0400] "GET /items/dpmao249/6998?key=formula HTTP/1.1" 500 271 "-" "Mozilla/5.0 (Macintosh; Intel Mac OS X 10_15_7) AppleWebKit/537.36 (KHTML, like Gecko) Chrome/109.0.0.0 Safari/537.36"
198.204.226.18 - - [19/May/2025:13:28:52 -0400] "GET /wp-content/install.php HTTP/1.1" 200 0 "http://jenniferflo.com/wp-content/install.php" "Mozilla/5.0 (Windows NT 10.0; Win64; x64) AppleWebKit/537.36 (KHTML, like Gecko) Chrome/58.0.3029.110 Safari/537.3"
47.238.13.17 - - [19/May/2025:13:29:10 -0400] "GET /wherever/e77?pid=25937 HTTP/1.1" 500 271 "-" "Mozilla/5.0 (Macintosh; Intel Mac OS X 10_15_7) AppleWebKit/537.36 (KHTML, like Gecko) Chrome/109.0.0.0 Safari/537.36"
198.204.226.18 - - [19/May/2025:13:29:32 -0400] "GET /wp-content/install.php HTTP/1.1" 200 10 "http://jenniferflo.com/wp-content/install.php" "Mozilla/5.0 (Windows NT 10.0; Win64; x64) AppleWebKit/537.36 (KHTML, like Gecko) Chrome/58.0.3029.110 Safari/537.3"
198.204.226.18 - - [19/May/2025:13:29:28 -0400] "GET /wp-content/install.php HTTP/1.1" 200 0 "http://jenniferflo.com/wp-content/install.php" "Mozilla/5.0 (Windows NT 10.0; Win64; x64) AppleWebKit/537.36 (KHTML, like Gecko) Chrome/58.0.3029.110 Safari/537.3"
47.238.13.9 - - [19/May/2025:13:29:53 -0400] "GET /items/zgzor22/10295?key=soil HTTP/1.1" 500 271 "-" "Mozilla/5.0 (Macintosh; Intel Mac OS X 10_15_7) AppleWebKit/537.36 (KHTML, like Gecko) Chrome/109.0.0.0 Safari/537.36"
204.12.252.98 - - [19/May/2025:13:30:08 -0400] "GET /wp-includes/install.php HTTP/1.1" 200 10 "http://jenniferflo.com/wp-includes/install.php" "Mozilla/5.0 (Windows NT 10.0; Win64; x64) AppleWebKit/537.36 (KHTML, like Gecko) Chrome/58.0.3029.110 Safari/537.3"
198.204.226.18 - - [19/May/2025:13:30:33 -0400] "GET /wp-content/install.php HTTP/1.1" 200 10 "http://jenniferflo.com/wp-content/install.php" "Mozilla/5.0 (Windows NT 10.0; Win64; x64) AppleWebKit/537.36 (KHTML, like Gecko) Chrome/58.0.3029.110 Safari/537.3"
198.204.226.18 - - [19/May/2025:13:30:30 -0400] "GET /wp-content/install.php HTTP/1.1" 200 0 "http://jenniferflo.com/wp-content/install.php" "Mozilla/5.0 (Windows NT 10.0; Win64; x64) AppleWebKit/537.36 (KHTML, like Gecko) Chrome/58.0.3029.110 Safari/537.3"
198.204.226.18 - - [19/May/2025:13:31:33 -0400] "GET /wp-content/install.php HTTP/1.1" 200 10 "http://jenniferflo.com/wp-content/install.php" "Mozilla/5.0 (Windows NT 10.0; Win64; x64) AppleWebKit/537.36 (KHTML, like Gecko) Chrome/58.0.3029.110 Safari/537.3"
47.238.13.14 - - [19/May/2025:13:31:35 -0400] "GET /pages.php?products/13tc44664 HTTP/1.1" 200 9407 "-" "Mozilla/5.0 (Macintosh; Intel Mac OS X 10_15_7) AppleWebKit/537.36 (KHTML, like Gecko) Chrome/109.0.0.0 Safari/537.36"
47.242.77.69 - - [19/May/2025:13:32:04 -0400] "GET /pages.php?product/D197?z=search&l=259 HTTP/1.1" 200 10542 "-" "Mozilla/5.0 (Macintosh; Intel Mac OS X 10_15_7) AppleWebKit/537.36 (KHTML, like Gecko) Chrome/109.0.0.0 Safari/537.36"
47.238.14.12 - - [19/May/2025:13:32:05 -0400] "GET /items/oxdya45/474?key=sense HTTP/1.1" 500 271 "-" "Mozilla/5.0 (Macintosh; Intel Mac OS X 10_15_7) AppleWebKit/537.36 (KHTML, like Gecko) Chrome/109.0.0.0 Safari/537.36"
198.204.226.18 - - [19/May/2025:13:32:12 -0400] "GET /wp-content/install.php HTTP/1.1" 200 0 "http://jenniferflo.com/wp-content/install.php" "Mozilla/5.0 (Windows NT 10.0; Win64; x64) AppleWebKit/537.36 (KHTML, like Gecko) Chrome/58.0.3029.110 Safari/537.3"
212.11.64.144 - - [19/May/2025:13:32:37 -0400] "GET //themes/fluo/assets/node_modules/meow/alfanew.php HTTP/1.1" 500 271 "http://jenniferflo.com/" "Mozilla/5.0 (Windows NT 10.0; Win64; x64) AppleWebKit/537.36 (KHTML, like Gecko) Chrome/121.0.0.0 Safari/537.36"
198.204.226.18 - - [19/May/2025:13:32:38 -0400] "GET /wp-content/install.php HTTP/1.1" 200 10 "http://jenniferflo.com/wp-content/install.php" "Mozilla/5.0 (Windows NT 10.0; Win64; x64) AppleWebKit/537.36 (KHTML, like Gecko) Chrome/58.0.3029.110 Safari/537.3"
198.204.226.18 - - [19/May/2025:13:32:33 -0400] "GET /wp-content/install.php HTTP/1.1" 200 0 "http://jenniferflo.com/wp-content/install.php" "Mozilla/5.0 (Windows NT 10.0; Win64; x64) AppleWebKit/537.36 (KHTML, like Gecko) Chrome/58.0.3029.110 Safari/537.3"
198.204.226.18 - - [19/May/2025:13:32:50 -0400] "GET /wp-content/install.php HTTP/1.1" 200 10 "http://jenniferflo.com/wp-content/install.php" "Mozilla/5.0 (Windows NT 10.0; Win64; x64) AppleWebKit/537.36 (KHTML, like Gecko) Chrome/58.0.3029.110 Safari/537.3"
198.204.226.18 - - [19/May/2025:13:32:47 -0400] "GET /wp-content/install.php HTTP/1.1" 200 0 "http://jenniferflo.com/wp-content/install.php" "Mozilla/5.0 (Windows NT 10.0; Win64; x64) AppleWebKit/537.36 (KHTML, like Gecko) Chrome/58.0.3029.110 Safari/537.3"
198.204.226.18 - - [19/May/2025:13:33:41 -0400] "GET /wp-content/install.php HTTP/1.1" 200 10 "http://jenniferflo.com/wp-content/install.php" "Mozilla/5.0 (Windows NT 10.0; Win64; x64) AppleWebKit/537.36 (KHTML, like Gecko) Chrome/58.0.3029.110 Safari/537.3"
47.238.13.17 - - [19/May/2025:13:34:30 -0400] "GET /hand/c75?pid=42749 HTTP/1.1" 500 270 "-" "Mozilla/5.0 (Macintosh; Intel Mac OS X 10_15_7) AppleWebKit/537.36 (KHTML, like Gecko) Chrome/109.0.0.0 Safari/537.36"
198.204.226.18 - - [19/May/2025:13:34:22 -0400] "GET /wp-content/install.php HTTP/1.1" 200 0 "http://jenniferflo.com/wp-content/install.php" "Mozilla/5.0 (Windows NT 10.0; Win64; x64) AppleWebKit/537.36 (KHTML, like Gecko) Chrome/58.0.3029.110 Safari/537.3"
194.87.252.147 - - [19/May/2025:13:34:39 -0400] "GET /wp-content/plugins/give/readme.txt HTTP/1.1" 403 1242 "-" "Mozilla/5.0 (Macintosh; Intel Mac OS X 10.12; rv:47.0) Gecko/20100101 Firefox/47.0"
194.87.252.147 - - [19/May/2025:13:34:40 -0400] "GET /wp-json/wp/v2/give_forms/ HTTP/1.1" 500 271 "http://jenniferflo.com/wp-content/plugins/give/readme.txt" "Mozilla/5.0 (Macintosh; Intel Mac OS X 10.12; rv:47.0) Gecko/20100101 Firefox/47.0"
194.87.252.147 - - [19/May/2025:13:34:48 -0400] "POST /wp-admin/admin-ajax.php HTTP/1.1" 500 271 "http://jenniferflo.com/wp-json/wp/v2/give_forms/" "Mozilla/5.0 (Macintosh; Intel Mac OS X 10.12; rv:47.0) Gecko/20100101 Firefox/47.0"
8.210.8.206 - - [19/May/2025:13:34:57 -0400] "GET /cognitive/i108?pid=26404 HTTP/1.1" 500 271 "-" "Mozilla/5.0 (Macintosh; Intel Mac OS X 10_15_7) AppleWebKit/537.36 (KHTML, like Gecko) Chrome/109.0.0.0 Safari/537.36"
41.251.167.172 - - [19/May/2025:13:35:17 -0400] "GET /.well-known/pki-validation/cloud.php HTTP/1.1" 404 1251 "www.google.com" "Mozlila/5.0 (Linux; Android 7.0; SM-G892A Build/NRD90M; wv) AppleWebKit/537.36 (KHTML, like Gecko) Version/4.0 Chrome/60.0.3112.107 Mobile Safari/537.36"
41.251.167.172 - - [19/May/2025:13:35:17 -0400] "GET /.well-known/acme-challenge/cloud.php HTTP/1.1" 200 204 "www.google.com" "Mozlila/5.0 (Linux; Android 7.0; SM-G892A Build/NRD90M; wv) AppleWebKit/537.36 (KHTML, like Gecko) Version/4.0 Chrome/60.0.3112.107 Mobile Safari/537.36"
41.251.167.172 - - [19/May/2025:13:35:18 -0400] "GET /wp-admin/network/cloud.php HTTP/1.1" 200 205 "www.google.com" "Mozlila/5.0 (Linux; Android 7.0; SM-G892A Build/NRD90M; wv) AppleWebKit/537.36 (KHTML, like Gecko) Version/4.0 Chrome/60.0.3112.107 Mobile Safari/537.36"
41.251.167.172 - - [19/May/2025:13:35:19 -0400] "GET /cloud.php HTTP/1.1" 200 206 "www.google.com" "Mozlila/5.0 (Linux; Android 7.0; SM-G892A Build/NRD90M; wv) AppleWebKit/537.36 (KHTML, like Gecko) Version/4.0 Chrome/60.0.3112.107 Mobile Safari/537.36"
41.251.167.172 - - [19/May/2025:13:35:19 -0400] "GET /cgi-bin/cloud.php HTTP/1.1" 200 206 "www.google.com" "Mozlila/5.0 (Linux; Android 7.0; SM-G892A Build/NRD90M; wv) AppleWebKit/537.36 (KHTML, like Gecko) Version/4.0 Chrome/60.0.3112.107 Mobile Safari/537.36"
41.251.167.172 - - [19/May/2025:13:35:20 -0400] "GET /css/cloud.php HTTP/1.1" 200 206 "www.google.com" "Mozlila/5.0 (Linux; Android 7.0; SM-G892A Build/NRD90M; wv) AppleWebKit/537.36 (KHTML, like Gecko) Version/4.0 Chrome/60.0.3112.107 Mobile Safari/537.36"
41.251.167.172 - - [19/May/2025:13:35:20 -0400] "GET /wp-admin/user/cloud.php HTTP/1.1" 200 206 "www.google.com" "Mozlila/5.0 (Linux; Android 7.0; SM-G892A Build/NRD90M; wv) AppleWebKit/537.36 (KHTML, like Gecko) Version/4.0 Chrome/60.0.3112.107 Mobile Safari/537.36"
41.251.167.172 - - [19/May/2025:13:35:21 -0400] "GET /img/cloud.php HTTP/1.1" 200 205 "www.google.com" "Mozlila/5.0 (Linux; Android 7.0; SM-G892A Build/NRD90M; wv) AppleWebKit/537.36 (KHTML, like Gecko) Version/4.0 Chrome/60.0.3112.107 Mobile Safari/537.36"
41.251.167.172 - - [19/May/2025:13:35:22 -0400] "GET /wp-admin/css/colors/coffee/cloud.php HTTP/1.1" 200 208 "www.google.com" "Mozlila/5.0 (Linux; Android 7.0; SM-G892A Build/NRD90M; wv) AppleWebKit/537.36 (KHTML, like Gecko) Version/4.0 Chrome/60.0.3112.107 Mobile Safari/537.36"
41.251.167.172 - - [19/May/2025:13:35:23 -0400] "GET /wp-admin/images/cloud.php HTTP/1.1" 200 206 "www.google.com" "Mozlila/5.0 (Linux; Android 7.0; SM-G892A Build/NRD90M; wv) AppleWebKit/537.36 (KHTML, like Gecko) Version/4.0 Chrome/60.0.3112.107 Mobile Safari/537.36"
41.251.167.172 - - [19/May/2025:13:35:23 -0400] "GET /images/cloud.php HTTP/1.1" 200 206 "www.google.com" "Mozlila/5.0 (Linux; Android 7.0; SM-G892A Build/NRD90M; wv) AppleWebKit/537.36 (KHTML, like Gecko) Version/4.0 Chrome/60.0.3112.107 Mobile Safari/537.36"
41.251.167.172 - - [19/May/2025:13:35:24 -0400] "GET /wp-admin/js/widgets/cloud.php HTTP/1.1" 200 205 "www.google.com" "Mozlila/5.0 (Linux; Android 7.0; SM-G892A Build/NRD90M; wv) AppleWebKit/537.36 (KHTML, like Gecko) Version/4.0 Chrome/60.0.3112.107 Mobile Safari/537.36"
41.251.167.172 - - [19/May/2025:13:35:24 -0400] "GET /wp-admin/css/colors/cloud.php HTTP/1.1" 200 206 "www.google.com" "Mozlila/5.0 (Linux; Android 7.0; SM-G892A Build/NRD90M; wv) AppleWebKit/537.36 (KHTML, like Gecko) Version/4.0 Chrome/60.0.3112.107 Mobile Safari/537.36"
41.251.167.172 - - [19/May/2025:13:35:28 -0400] "GET /wp-admin/includes/cloud.php HTTP/1.1" 200 205 "www.google.com" "Mozlila/5.0 (Linux; Android 7.0; SM-G892A Build/NRD90M; wv) AppleWebKit/537.36 (KHTML, like Gecko) Version/4.0 Chrome/60.0.3112.107 Mobile Safari/537.36"
41.251.167.172 - - [19/May/2025:13:35:28 -0400] "GET /wp-admin/css/colors/blue/cloud.php HTTP/1.1" 200 205 "www.google.com" "Mozlila/5.0 (Linux; Android 7.0; SM-G892A Build/NRD90M; wv) AppleWebKit/537.36 (KHTML, like Gecko) Version/4.0 Chrome/60.0.3112.107 Mobile Safari/537.36"
41.251.167.172 - - [19/May/2025:13:35:29 -0400] "GET /wp-admin/cloud.php HTTP/1.1" 200 206 "www.google.com" "Mozlila/5.0 (Linux; Android 7.0; SM-G892A Build/NRD90M; wv) AppleWebKit/537.36 (KHTML, like Gecko) Version/4.0 Chrome/60.0.3112.107 Mobile Safari/537.36"
41.251.167.172 - - [19/May/2025:13:35:29 -0400] "GET /wp-login.php HTTP/1.1" 200 205 "www.google.com" "Mozlila/5.0 (Linux; Android 7.0; SM-G892A Build/NRD90M; wv) AppleWebKit/537.36 (KHTML, like Gecko) Version/4.0 Chrome/60.0.3112.107 Mobile Safari/537.36"
41.251.167.172 - - [19/May/2025:13:35:30 -0400] "GET /wp-cron.php HTTP/1.1" 200 207 "www.google.com" "Mozlila/5.0 (Linux; Android 7.0; SM-G892A Build/NRD90M; wv) AppleWebKit/537.36 (KHTML, like Gecko) Version/4.0 Chrome/60.0.3112.107 Mobile Safari/537.36"
41.251.167.172 - - [19/May/2025:13:35:31 -0400] "GET /wp-admin/about.php HTTP/1.1" 200 206 "www.google.com" "Mozlila/5.0 (Linux; Android 7.0; SM-G892A Build/NRD90M; wv) AppleWebKit/537.36 (KHTML, like Gecko) Version/4.0 Chrome/60.0.3112.107 Mobile Safari/537.36"
41.251.167.172 - - [19/May/2025:13:35:31 -0400] "GET /revision.php HTTP/1.1" 200 205 "www.google.com" "Mozlila/5.0 (Linux; Android 7.0; SM-G892A Build/NRD90M; wv) AppleWebKit/537.36 (KHTML, like Gecko) Version/4.0 Chrome/60.0.3112.107 Mobile Safari/537.36"
41.251.167.172 - - [19/May/2025:13:35:32 -0400] "GET /max.php HTTP/1.1" 200 206 "www.google.com" "Mozlila/5.0 (Linux; Android 7.0; SM-G892A Build/NRD90M; wv) AppleWebKit/537.36 (KHTML, like Gecko) Version/4.0 Chrome/60.0.3112.107 Mobile Safari/537.36"
41.251.167.172 - - [19/May/2025:13:35:32 -0400] "GET /wso-x569.php HTTP/1.1" 200 206 "www.google.com" "Mozlila/5.0 (Linux; Android 7.0; SM-G892A Build/NRD90M; wv) AppleWebKit/537.36 (KHTML, like Gecko) Version/4.0 Chrome/60.0.3112.107 Mobile Safari/537.36"
41.251.167.172 - - [19/May/2025:13:35:33 -0400] "GET /fm1.php HTTP/1.1" 200 206 "www.google.com" "Mozlila/5.0 (Linux; Android 7.0; SM-G892A Build/NRD90M; wv) AppleWebKit/537.36 (KHTML, like Gecko) Version/4.0 Chrome/60.0.3112.107 Mobile Safari/537.36"
41.251.167.172 - - [19/May/2025:13:35:33 -0400] "GET /4price3.php HTTP/1.1" 200 206 "www.google.com" "Mozlila/5.0 (Linux; Android 7.0; SM-G892A Build/NRD90M; wv) AppleWebKit/537.36 (KHTML, like Gecko) Version/4.0 Chrome/60.0.3112.107 Mobile Safari/537.36"
41.251.167.172 - - [19/May/2025:13:35:34 -0400] "GET /ioxi-rex.php HTTP/1.1" 200 205 "www.google.com" "Mozlila/5.0 (Linux; Android 7.0; SM-G892A Build/NRD90M; wv) AppleWebKit/537.36 (KHTML, like Gecko) Version/4.0 Chrome/60.0.3112.107 Mobile Safari/537.36"
41.251.167.172 - - [19/May/2025:13:35:34 -0400] "GET /wp-admin/css/colors/blue/ioxi1.php HTTP/1.1" 200 205 "www.google.com" "Mozlila/5.0 (Linux; Android 7.0; SM-G892A Build/NRD90M; wv) AppleWebKit/537.36 (KHTML, like Gecko) Version/4.0 Chrome/60.0.3112.107 Mobile Safari/537.36"
41.251.167.172 - - [19/May/2025:13:35:35 -0400] "GET /ioxi2.php HTTP/1.1" 200 205 "www.google.com" "Mozlila/5.0 (Linux; Android 7.0; SM-G892A Build/NRD90M; wv) AppleWebKit/537.36 (KHTML, like Gecko) Version/4.0 Chrome/60.0.3112.107 Mobile Safari/537.36"
41.251.167.172 - - [19/May/2025:13:35:35 -0400] "GET /wp-includes/js/js.php HTTP/1.1" 200 207 "www.google.com" "Mozlila/5.0 (Linux; Android 7.0; SM-G892A Build/NRD90M; wv) AppleWebKit/537.36 (KHTML, like Gecko) Version/4.0 Chrome/60.0.3112.107 Mobile Safari/537.36"
41.251.167.172 - - [19/May/2025:13:35:36 -0400] "GET /wp-content/style-css.php HTTP/1.1" 200 207 "www.google.com" "Mozlila/5.0 (Linux; Android 7.0; SM-G892A Build/NRD90M; wv) AppleWebKit/537.36 (KHTML, like Gecko) Version/4.0 Chrome/60.0.3112.107 Mobile Safari/537.36"
41.251.167.172 - - [19/May/2025:13:35:37 -0400] "GET /million.php HTTP/1.1" 200 206 "www.google.com" "Mozlila/5.0 (Linux; Android 7.0; SM-G892A Build/NRD90M; wv) AppleWebKit/537.36 (KHTML, like Gecko) Version/4.0 Chrome/60.0.3112.107 Mobile Safari/537.36"
41.251.167.172 - - [19/May/2025:13:35:38 -0400] "GET /4pric.php HTTP/1.1" 200 205 "www.google.com" "Mozlila/5.0 (Linux; Android 7.0; SM-G892A Build/NRD90M; wv) AppleWebKit/537.36 (KHTML, like Gecko) Version/4.0 Chrome/60.0.3112.107 Mobile Safari/537.36"
41.251.167.172 - - [19/May/2025:13:35:38 -0400] "GET /404.php HTTP/1.1" 200 205 "www.google.com" "Mozlila/5.0 (Linux; Android 7.0; SM-G892A Build/NRD90M; wv) AppleWebKit/537.36 (KHTML, like Gecko) Version/4.0 Chrome/60.0.3112.107 Mobile Safari/537.36"
41.251.167.172 - - [19/May/2025:13:35:39 -0400] "GET /wp-content/themes/twenty/twenty.php HTTP/1.1" 200 206 "www.google.com" "Mozlila/5.0 (Linux; Android 7.0; SM-G892A Build/NRD90M; wv) AppleWebKit/537.36 (KHTML, like Gecko) Version/4.0 Chrome/60.0.3112.107 Mobile Safari/537.36"
41.251.167.172 - - [19/May/2025:13:35:40 -0400] "GET /.well-knownold/bala.php HTTP/1.1" 200 207 "www.google.com" "Mozlila/5.0 (Linux; Android 7.0; SM-G892A Build/NRD90M; wv) AppleWebKit/537.36 (KHTML, like Gecko) Version/4.0 Chrome/60.0.3112.107 Mobile Safari/537.36"
41.251.167.172 - - [19/May/2025:13:35:40 -0400] "GET /.well-known/acme-challenge/bala.php HTTP/1.1" 200 206 "www.google.com" "Mozlila/5.0 (Linux; Android 7.0; SM-G892A Build/NRD90M; wv) AppleWebKit/537.36 (KHTML, like Gecko) Version/4.0 Chrome/60.0.3112.107 Mobile Safari/537.36"
41.251.167.172 - - [19/May/2025:13:35:41 -0400] "GET /.well-known/pkivalidation/bala.php HTTP/1.1" 200 205 "www.google.com" "Mozlila/5.0 (Linux; Android 7.0; SM-G892A Build/NRD90M; wv) AppleWebKit/537.36 (KHTML, like Gecko) Version/4.0 Chrome/60.0.3112.107 Mobile Safari/537.36"
41.251.167.172 - - [19/May/2025:13:35:41 -0400] "GET /wp-content/plugins/bala.php HTTP/1.1" 200 206 "www.google.com" "Mozlila/5.0 (Linux; Android 7.0; SM-G892A Build/NRD90M; wv) AppleWebKit/537.36 (KHTML, like Gecko) Version/4.0 Chrome/60.0.3112.107 Mobile Safari/537.36"
41.251.167.172 - - [19/May/2025:13:35:42 -0400] "GET /wp-content/uploads/bala.php HTTP/1.1" 200 204 "www.google.com" "Mozlila/5.0 (Linux; Android 7.0; SM-G892A Build/NRD90M; wv) AppleWebKit/537.36 (KHTML, like Gecko) Version/4.0 Chrome/60.0.3112.107 Mobile Safari/537.36"
41.251.167.172 - - [19/May/2025:13:35:42 -0400] "GET /wp-content/bala.php HTTP/1.1" 200 205 "www.google.com" "Mozlila/5.0 (Linux; Android 7.0; SM-G892A Build/NRD90M; wv) AppleWebKit/537.36 (KHTML, like Gecko) Version/4.0 Chrome/60.0.3112.107 Mobile Safari/537.36"
41.251.167.172 - - [19/May/2025:13:35:44 -0400] "GET /wp-includes/bala.php HTTP/1.1" 200 204 "www.google.com" "Mozlila/5.0 (Linux; Android 7.0; SM-G892A Build/NRD90M; wv) AppleWebKit/537.36 (KHTML, like Gecko) Version/4.0 Chrome/60.0.3112.107 Mobile Safari/537.36"
41.251.167.172 - - [19/May/2025:13:35:44 -0400] "GET /wp-admin/bala.php HTTP/1.1" 200 205 "www.google.com" "Mozlila/5.0 (Linux; Android 7.0; SM-G892A Build/NRD90M; wv) AppleWebKit/537.36 (KHTML, like Gecko) Version/4.0 Chrome/60.0.3112.107 Mobile Safari/537.36"
41.251.167.172 - - [19/May/2025:13:35:45 -0400] "GET /wp-content/themes/bala.php HTTP/1.1" 200 205 "www.google.com" "Mozlila/5.0 (Linux; Android 7.0; SM-G892A Build/NRD90M; wv) AppleWebKit/537.36 (KHTML, like Gecko) Version/4.0 Chrome/60.0.3112.107 Mobile Safari/537.36"
41.251.167.172 - - [19/May/2025:13:35:46 -0400] "GET /.well-known/bala.php HTTP/1.1" 200 205 "www.google.com" "Mozlila/5.0 (Linux; Android 7.0; SM-G892A Build/NRD90M; wv) AppleWebKit/537.36 (KHTML, like Gecko) Version/4.0 Chrome/60.0.3112.107 Mobile Safari/537.36"
41.251.167.172 - - [19/May/2025:13:35:47 -0400] "GET /wp-content/themes/shell20211028.php HTTP/1.1" 200 205 "www.google.com" "Mozlila/5.0 (Linux; Android 7.0; SM-G892A Build/NRD90M; wv) AppleWebKit/537.36 (KHTML, like Gecko) Version/4.0 Chrome/60.0.3112.107 Mobile Safari/537.36"
41.251.167.172 - - [19/May/2025:13:35:48 -0400] "GET /wp-admin/shell20211028.php HTTP/1.1" 200 204 "www.google.com" "Mozlila/5.0 (Linux; Android 7.0; SM-G892A Build/NRD90M; wv) AppleWebKit/537.36 (KHTML, like Gecko) Version/4.0 Chrome/60.0.3112.107 Mobile Safari/537.36"
41.251.167.172 - - [19/May/2025:13:35:49 -0400] "GET /wp-includes/shell20211028.php HTTP/1.1" 200 206 "www.google.com" "Mozlila/5.0 (Linux; Android 7.0; SM-G892A Build/NRD90M; wv) AppleWebKit/537.36 (KHTML, like Gecko) Version/4.0 Chrome/60.0.3112.107 Mobile Safari/537.36"
41.251.167.172 - - [19/May/2025:13:35:49 -0400] "GET /wp-content/shell20211028.php HTTP/1.1" 200 207 "www.google.com" "Mozlila/5.0 (Linux; Android 7.0; SM-G892A Build/NRD90M; wv) AppleWebKit/537.36 (KHTML, like Gecko) Version/4.0 Chrome/60.0.3112.107 Mobile Safari/537.36"
41.251.167.172 - - [19/May/2025:13:35:51 -0400] "GET /wp-content/uploads/shell20211028.php HTTP/1.1" 200 206 "www.google.com" "Mozlila/5.0 (Linux; Android 7.0; SM-G892A Build/NRD90M; wv) AppleWebKit/537.36 (KHTML, like Gecko) Version/4.0 Chrome/60.0.3112.107 Mobile Safari/537.36"
41.251.167.172 - - [19/May/2025:13:35:51 -0400] "GET /wp-content/plugins/shell20211028.php HTTP/1.1" 200 206 "www.google.com" "Mozlila/5.0 (Linux; Android 7.0; SM-G892A Build/NRD90M; wv) AppleWebKit/537.36 (KHTML, like Gecko) Version/4.0 Chrome/60.0.3112.107 Mobile Safari/537.36"
41.251.167.172 - - [19/May/2025:13:35:52 -0400] "GET /.well-known/pkivalidation/shell20211028.php HTTP/1.1" 200 205 "www.google.com" "Mozlila/5.0 (Linux; Android 7.0; SM-G892A Build/NRD90M; wv) AppleWebKit/537.36 (KHTML, like Gecko) Version/4.0 Chrome/60.0.3112.107 Mobile Safari/537.36"
41.251.167.172 - - [19/May/2025:13:35:53 -0400] "GET /.well-known/acme-challenge/shell20211028.php HTTP/1.1" 200 206 "www.google.com" "Mozlila/5.0 (Linux; Android 7.0; SM-G892A Build/NRD90M; wv) AppleWebKit/537.36 (KHTML, like Gecko) Version/4.0 Chrome/60.0.3112.107 Mobile Safari/537.36"
41.251.167.172 - - [19/May/2025:13:35:54 -0400] "GET /.well-knownold/shell20211028.php HTTP/1.1" 200 205 "www.google.com" "Mozlila/5.0 (Linux; Android 7.0; SM-G892A Build/NRD90M; wv) AppleWebKit/537.36 (KHTML, like Gecko) Version/4.0 Chrome/60.0.3112.107 Mobile Safari/537.36"
41.251.167.172 - - [19/May/2025:13:35:57 -0400] "GET /.well-known/shell20211028.php HTTP/1.1" 200 205 "www.google.com" "Mozlila/5.0 (Linux; Android 7.0; SM-G892A Build/NRD90M; wv) AppleWebKit/537.36 (KHTML, like Gecko) Version/4.0 Chrome/60.0.3112.107 Mobile Safari/537.36"
41.251.167.172 - - [19/May/2025:13:35:59 -0400] "GET /wp-content/themes/wso112233.php HTTP/1.1" 200 205 "www.google.com" "Mozlila/5.0 (Linux; Android 7.0; SM-G892A Build/NRD90M; wv) AppleWebKit/537.36 (KHTML, like Gecko) Version/4.0 Chrome/60.0.3112.107 Mobile Safari/537.36"
41.251.167.172 - - [19/May/2025:13:36:00 -0400] "GET /wp-admin/wso112233.php HTTP/1.1" 200 205 "www.google.com" "Mozlila/5.0 (Linux; Android 7.0; SM-G892A Build/NRD90M; wv) AppleWebKit/537.36 (KHTML, like Gecko) Version/4.0 Chrome/60.0.3112.107 Mobile Safari/537.36"
41.251.167.172 - - [19/May/2025:13:36:02 -0400] "GET /wp-includes/wso112233.php HTTP/1.1" 200 206 "www.google.com" "Mozlila/5.0 (Linux; Android 7.0; SM-G892A Build/NRD90M; wv) AppleWebKit/537.36 (KHTML, like Gecko) Version/4.0 Chrome/60.0.3112.107 Mobile Safari/537.36"
47.238.13.12 - - [19/May/2025:13:36:02 -0400] "GET /direct/s67?pid=1383 HTTP/1.1" 500 271 "-" "Mozilla/5.0 (Macintosh; Intel Mac OS X 10_15_7) AppleWebKit/537.36 (KHTML, like Gecko) Chrome/109.0.0.0 Safari/537.36"
41.251.167.172 - - [19/May/2025:13:36:02 -0400] "GET /wp-content/wso112233.php HTTP/1.1" 200 206 "www.google.com" "Mozlila/5.0 (Linux; Android 7.0; SM-G892A Build/NRD90M; wv) AppleWebKit/537.36 (KHTML, like Gecko) Version/4.0 Chrome/60.0.3112.107 Mobile Safari/537.36"
41.251.167.172 - - [19/May/2025:13:36:03 -0400] "GET /wp-content/uploads/wso112233.php HTTP/1.1" 200 205 "www.google.com" "Mozlila/5.0 (Linux; Android 7.0; SM-G892A Build/NRD90M; wv) AppleWebKit/537.36 (KHTML, like Gecko) Version/4.0 Chrome/60.0.3112.107 Mobile Safari/537.36"
41.251.167.172 - - [19/May/2025:13:36:03 -0400] "GET /wp-content/plugins/wso112233.php HTTP/1.1" 200 205 "www.google.com" "Mozlila/5.0 (Linux; Android 7.0; SM-G892A Build/NRD90M; wv) AppleWebKit/537.36 (KHTML, like Gecko) Version/4.0 Chrome/60.0.3112.107 Mobile Safari/537.36"
41.251.167.172 - - [19/May/2025:13:36:04 -0400] "GET /.well-known/pkivalidation/wso112233.php HTTP/1.1" 200 205 "www.google.com" "Mozlila/5.0 (Linux; Android 7.0; SM-G892A Build/NRD90M; wv) AppleWebKit/537.36 (KHTML, like Gecko) Version/4.0 Chrome/60.0.3112.107 Mobile Safari/537.36"
41.251.167.172 - - [19/May/2025:13:36:04 -0400] "GET /.well-known/acme-challenge/wso112233.php HTTP/1.1" 200 206 "www.google.com" "Mozlila/5.0 (Linux; Android 7.0; SM-G892A Build/NRD90M; wv) AppleWebKit/537.36 (KHTML, like Gecko) Version/4.0 Chrome/60.0.3112.107 Mobile Safari/537.36"
41.251.167.172 - - [19/May/2025:13:36:05 -0400] "GET /.well-knownold/wso112233.php HTTP/1.1" 200 205 "www.google.com" "Mozlila/5.0 (Linux; Android 7.0; SM-G892A Build/NRD90M; wv) AppleWebKit/537.36 (KHTML, like Gecko) Version/4.0 Chrome/60.0.3112.107 Mobile Safari/537.36"
41.251.167.172 - - [19/May/2025:13:36:05 -0400] "GET /wso112233.php HTTP/1.1" 200 205 "www.google.com" "Mozlila/5.0 (Linux; Android 7.0; SM-G892A Build/NRD90M; wv) AppleWebKit/537.36 (KHTML, like Gecko) Version/4.0 Chrome/60.0.3112.107 Mobile Safari/537.36"
41.251.167.172 - - [19/May/2025:13:36:06 -0400] "GET /.well-known/wso112233.php HTTP/1.1" 200 205 "www.google.com" "Mozlila/5.0 (Linux; Android 7.0; SM-G892A Build/NRD90M; wv) AppleWebKit/537.36 (KHTML, like Gecko) Version/4.0 Chrome/60.0.3112.107 Mobile Safari/537.36"
41.251.167.172 - - [19/May/2025:13:36:06 -0400] "GET /about.php HTTP/1.1" 200 206 "www.google.com" "Mozlila/5.0 (Linux; Android 7.0; SM-G892A Build/NRD90M; wv) AppleWebKit/537.36 (KHTML, like Gecko) Version/4.0 Chrome/60.0.3112.107 Mobile Safari/537.36"
41.251.167.172 - - [19/May/2025:13:36:07 -0400] "GET /index.php?3x=3x HTTP/1.1" 200 207 "www.google.com" "Mozlila/5.0 (Linux; Android 7.0; SM-G892A Build/NRD90M; wv) AppleWebKit/537.36 (KHTML, like Gecko) Version/4.0 Chrome/60.0.3112.107 Mobile Safari/537.36"
41.251.167.172 - - [19/May/2025:13:36:07 -0400] "GET /wp-content/plugins/wordpress-three/miin.php HTTP/1.1" 200 205 "www.google.com" "Mozlila/5.0 (Linux; Android 7.0; SM-G892A Build/NRD90M; wv) AppleWebKit/537.36 (KHTML, like Gecko) Version/4.0 Chrome/60.0.3112.107 Mobile Safari/537.36"
41.251.167.172 - - [19/May/2025:13:36:07 -0400] "GET /wp-load.php HTTP/1.1" 403 1242 "www.google.com" "Mozlila/5.0 (Linux; Android 7.0; SM-G892A Build/NRD90M; wv) AppleWebKit/537.36 (KHTML, like Gecko) Version/4.0 Chrome/60.0.3112.107 Mobile Safari/537.36"
47.238.13.9 - - [19/May/2025:13:36:07 -0400] "GET /items/dkgdw98/22421?key=domain HTTP/1.1" 500 270 "-" "Mozilla/5.0 (Macintosh; Intel Mac OS X 10_15_7) AppleWebKit/537.36 (KHTML, like Gecko) Chrome/109.0.0.0 Safari/537.36"
41.251.167.172 - - [19/May/2025:13:36:08 -0400] "GET /wp-content/plugins/wp-daft/miin.php HTTP/1.1" 200 206 "www.google.com" "Mozlila/5.0 (Linux; Android 7.0; SM-G892A Build/NRD90M; wv) AppleWebKit/537.36 (KHTML, like Gecko) Version/4.0 Chrome/60.0.3112.107 Mobile Safari/537.36"
41.251.167.172 - - [19/May/2025:13:36:09 -0400] "GET /css.php HTTP/1.1" 200 205 "www.google.com" "Mozlila/5.0 (Linux; Android 7.0; SM-G892A Build/NRD90M; wv) AppleWebKit/537.36 (KHTML, like Gecko) Version/4.0 Chrome/60.0.3112.107 Mobile Safari/537.36"
41.251.167.172 - - [19/May/2025:13:36:10 -0400] "GET /wp-content/plugins/column/miin.php HTTP/1.1" 200 207 "www.google.com" "Mozlila/5.0 (Linux; Android 7.0; SM-G892A Build/NRD90M; wv) AppleWebKit/537.36 (KHTML, like Gecko) Version/4.0 Chrome/60.0.3112.107 Mobile Safari/537.36"
41.251.167.172 - - [19/May/2025:13:36:10 -0400] "GET /wp-content/themes/hello-element/footer.php HTTP/1.1" 200 205 "www.google.com" "Mozlila/5.0 (Linux; Android 7.0; SM-G892A Build/NRD90M; wv) AppleWebKit/537.36 (KHTML, like Gecko) Version/4.0 Chrome/60.0.3112.107 Mobile Safari/537.36"
41.251.167.172 - - [19/May/2025:13:36:11 -0400] "GET /edit-form.php HTTP/1.1" 200 206 "www.google.com" "Mozlila/5.0 (Linux; Android 7.0; SM-G892A Build/NRD90M; wv) AppleWebKit/537.36 (KHTML, like Gecko) Version/4.0 Chrome/60.0.3112.107 Mobile Safari/537.36"
41.251.167.172 - - [19/May/2025:13:36:11 -0400] "GET /wp-includes/class-wp-recovery-mode-cookiie-service.php HTTP/1.1" 200 206 "www.google.com" "Mozlila/5.0 (Linux; Android 7.0; SM-G892A Build/NRD90M; wv) AppleWebKit/537.36 (KHTML, like Gecko) Version/4.0 Chrome/60.0.3112.107 Mobile Safari/537.36"
41.251.167.172 - - [19/May/2025:13:36:18 -0400] "GET /wp-includes/class-wp-upgrade.php HTTP/1.1" 200 206 "www.google.com" "Mozlila/5.0 (Linux; Android 7.0; SM-G892A Build/NRD90M; wv) AppleWebKit/537.36 (KHTML, like Gecko) Version/4.0 Chrome/60.0.3112.107 Mobile Safari/537.36"
41.251.167.172 - - [19/May/2025:13:36:19 -0400] "GET /images/horuxshell2.php HTTP/1.1" 200 205 "www.google.com" "Mozlila/5.0 (Linux; Android 7.0; SM-G892A Build/NRD90M; wv) AppleWebKit/537.36 (KHTML, like Gecko) Version/4.0 Chrome/60.0.3112.107 Mobile Safari/537.36"
41.251.167.172 - - [19/May/2025:13:36:19 -0400] "GET /images/jinx.php HTTP/1.1" 200 205 "www.google.com" "Mozlila/5.0 (Linux; Android 7.0; SM-G892A Build/NRD90M; wv) AppleWebKit/537.36 (KHTML, like Gecko) Version/4.0 Chrome/60.0.3112.107 Mobile Safari/537.36"
41.251.167.172 - - [19/May/2025:13:36:20 -0400] "GET /images/batm.php HTTP/1.1" 200 204 "www.google.com" "Mozlila/5.0 (Linux; Android 7.0; SM-G892A Build/NRD90M; wv) AppleWebKit/537.36 (KHTML, like Gecko) Version/4.0 Chrome/60.0.3112.107 Mobile Safari/537.36"
41.251.167.172 - - [19/May/2025:13:36:20 -0400] "GET /wp-class.php HTTP/1.1" 200 207 "www.google.com" "Mozlila/5.0 (Linux; Android 7.0; SM-G892A Build/NRD90M; wv) AppleWebKit/537.36 (KHTML, like Gecko) Version/4.0 Chrome/60.0.3112.107 Mobile Safari/537.36"
41.251.167.172 - - [19/May/2025:13:36:21 -0400] "GET /wp-content/plugins/sid/sidwso.php HTTP/1.1" 200 205 "www.google.com" "Mozlila/5.0 (Linux; Android 7.0; SM-G892A Build/NRD90M; wv) AppleWebKit/537.36 (KHTML, like Gecko) Version/4.0 Chrome/60.0.3112.107 Mobile Safari/537.36"
212.11.64.144 - - [19/May/2025:13:36:21 -0400] "GET //wp-content/plugins/bdthemes-element-pack/modules/crypto-currency-card/widgets/about.php HTTP/1.1" 500 271 "http://jenniferflo.com/" "Mozilla/5.0 (Windows NT 10.0; Win64; x64) AppleWebKit/537.36 (KHTML, like Gecko) Chrome/121.0.0.0 Safari/537.36"
41.251.167.172 - - [19/May/2025:13:36:21 -0400] "GET /libraries/phpmailer/updates.php HTTP/1.1" 200 207 "www.google.com" "Mozlila/5.0 (Linux; Android 7.0; SM-G892A Build/NRD90M; wv) AppleWebKit/537.36 (KHTML, like Gecko) Version/4.0 Chrome/60.0.3112.107 Mobile Safari/537.36"
