198.204.226.18 - - [19/May/2025:18:46:14 -0400] "GET /wp-content/install.php HTTP/1.1" 200 10 "http://jenniferflo.com/wp-content/install.php" "Mozilla/5.0 (Windows NT 10.0; Win64; x64) AppleWebKit/537.36 (KHTML, like Gecko) Chrome/58.0.3029.110 Safari/537.3"
198.204.226.18 - - [19/May/2025:18:46:11 -0400] "GET /wp-content/install.php HTTP/1.1" 200 0 "http://jenniferflo.com/wp-content/install.php" "Mozilla/5.0 (Windows NT 10.0; Win64; x64) AppleWebKit/537.36 (KHTML, like Gecko) Chrome/58.0.3029.110 Safari/537.3"
47.238.13.16 - - [19/May/2025:18:47:17 -0400] "GET /sitemap-subkey-1562.xml HTTP/1.1" 200 100525 "-" "Mozilla/5.0 (Macintosh; Intel Mac OS X 10_15_7) AppleWebKit/537.36 (KHTML, like Gecko) Chrome/109.0.0.0 Safari/537.36"
198.204.226.18 - - [19/May/2025:18:47:36 -0400] "GET /wp-content/install.php HTTP/1.1" 200 10 "http://jenniferflo.com/wp-content/install.php" "Mozilla/5.0 (Windows NT 10.0; Win64; x64) AppleWebKit/537.36 (KHTML, like Gecko) Chrome/58.0.3029.110 Safari/537.3"
198.204.226.18 - - [19/May/2025:18:47:32 -0400] "GET /wp-content/install.php HTTP/1.1" 200 0 "http://jenniferflo.com/wp-content/install.php" "Mozilla/5.0 (Windows NT 10.0; Win64; x64) AppleWebKit/537.36 (KHTML, like Gecko) Chrome/58.0.3029.110 Safari/537.3"
198.204.226.18 - - [19/May/2025:18:48:13 -0400] "GET /wp-content/install.php HTTP/1.1" 200 10 "http://jenniferflo.com/wp-content/install.php" "Mozilla/5.0 (Windows NT 10.0; Win64; x64) AppleWebKit/537.36 (KHTML, like Gecko) Chrome/58.0.3029.110 Safari/537.3"
198.204.226.18 - - [19/May/2025:18:48:09 -0400] "GET /wp-content/install.php HTTP/1.1" 200 0 "http://jenniferflo.com/wp-content/install.php" "Mozilla/5.0 (Windows NT 10.0; Win64; x64) AppleWebKit/537.36 (KHTML, like Gecko) Chrome/58.0.3029.110 Safari/537.3"
198.204.226.18 - - [19/May/2025:18:48:43 -0400] "GET /wp-content/install.php HTTP/1.1" 200 10 "http://jenniferflo.com/wp-content/install.php" "Mozilla/5.0 (Windows NT 10.0; Win64; x64) AppleWebKit/537.36 (KHTML, like Gecko) Chrome/58.0.3029.110 Safari/537.3"
198.204.226.18 - - [19/May/2025:18:48:40 -0400] "GET /wp-content/install.php HTTP/1.1" 200 0 "http://jenniferflo.com/wp-content/install.php" "Mozilla/5.0 (Windows NT 10.0; Win64; x64) AppleWebKit/537.36 (KHTML, like Gecko) Chrome/58.0.3029.110 Safari/537.3"
198.204.226.18 - - [19/May/2025:18:48:59 -0400] "GET /wp-content/install.php HTTP/1.1" 200 10 "http://jenniferflo.com/wp-content/install.php" "Mozilla/5.0 (Windows NT 10.0; Win64; x64) AppleWebKit/537.36 (KHTML, like Gecko) Chrome/58.0.3029.110 Safari/537.3"
198.204.226.18 - - [19/May/2025:18:48:55 -0400] "GET /wp-content/install.php HTTP/1.1" 200 0 "http://jenniferflo.com/wp-content/install.php" "Mozilla/5.0 (Windows NT 10.0; Win64; x64) AppleWebKit/537.36 (KHTML, like Gecko) Chrome/58.0.3029.110 Safari/537.3"
47.238.13.15 - - [19/May/2025:18:49:10 -0400] "GET /items/hogqo86/113?key=manage HTTP/1.1" 500 271 "-" "Mozilla/5.0 (Macintosh; Intel Mac OS X 10_15_7) AppleWebKit/537.36 (KHTML, like Gecko) Chrome/109.0.0.0 Safari/537.36"
212.11.64.144 - - [19/May/2025:18:49:33 -0400] "GET //wp-includes/blocks/subhead/about.php HTTP/1.1" 500 271 "http://jenniferflo.com/" "Mozilla/5.0 (Windows NT 10.0; Win64; x64) AppleWebKit/537.36 (KHTML, like Gecko) Chrome/121.0.0.0 Safari/537.36"
198.204.226.18 - - [19/May/2025:18:50:02 -0400] "GET /wp-content/install.php HTTP/1.1" 200 10 "http://jenniferflo.com/wp-content/install.php" "Mozilla/5.0 (Windows NT 10.0; Win64; x64) AppleWebKit/537.36 (KHTML, like Gecko) Chrome/58.0.3029.110 Safari/537.3"
47.238.13.7 - - [19/May/2025:18:50:56 -0400] "GET /sitemap-subkey-1443.xml HTTP/1.1" 200 101568 "-" "Mozilla/5.0 (Macintosh; Intel Mac OS X 10_15_7) AppleWebKit/537.36 (KHTML, like Gecko) Chrome/109.0.0.0 Safari/537.36"
47.242.230.146 - - [19/May/2025:18:51:09 -0400] "GET /architecture/d55?pid=223 HTTP/1.1" 500 271 "-" "Mozilla/5.0 (Macintosh; Intel Mac OS X 10_15_7) AppleWebKit/537.36 (KHTML, like Gecko) Chrome/109.0.0.0 Safari/537.36"
47.238.13.13 - - [19/May/2025:18:52:27 -0400] "GET /items/osyqy69/5884?key=skirt HTTP/1.1" 500 271 "-" "Mozilla/5.0 (Macintosh; Intel Mac OS X 10_15_7) AppleWebKit/537.36 (KHTML, like Gecko) Chrome/109.0.0.0 Safari/537.36"
105.154.94.55 - - [19/May/2025:18:52:43 -0400] "GET /wp-content/uploads/ HTTP/1.1" 200 1193 "www.google.com" "Mozlila/5.0 (Linux; Android 7.0; SM-G892A Bulid/NRD90M; wv) AppleWebKit/537.36 (KHTML, like Gecko) Version/4.0 Chrome/60.0.3112.107 Moblie Safari/537.36"
105.154.94.55 - - [19/May/2025:18:52:43 -0400] "GET /wp-includes/ HTTP/1.1" 200 2705 "www.google.com" "Mozlila/5.0 (Linux; Android 7.0; SM-G892A Bulid/NRD90M; wv) AppleWebKit/537.36 (KHTML, like Gecko) Version/4.0 Chrome/60.0.3112.107 Moblie Safari/537.36"
105.154.94.55 - - [19/May/2025:18:52:43 -0400] "GET /wp-includes/css/ HTTP/1.1" 200 2383 "www.google.com" "Mozlila/5.0 (Linux; Android 7.0; SM-G892A Bulid/NRD90M; wv) AppleWebKit/537.36 (KHTML, like Gecko) Version/4.0 Chrome/60.0.3112.107 Moblie Safari/537.36"
105.154.94.55 - - [19/May/2025:18:52:43 -0400] "GET /wp-includes/ID3/ HTTP/1.1" 200 271 "www.google.com" "Mozlila/5.0 (Linux; Android 7.0; SM-G892A Bulid/NRD90M; wv) AppleWebKit/537.36 (KHTML, like Gecko) Version/4.0 Chrome/60.0.3112.107 Moblie Safari/537.36"
105.154.94.55 - - [19/May/2025:18:52:45 -0400] "GET /wp-includes/IXR/ HTTP/1.1" 200 1429 "www.google.com" "Mozlila/5.0 (Linux; Android 7.0; SM-G892A Bulid/NRD90M; wv) AppleWebKit/537.36 (KHTML, like Gecko) Version/4.0 Chrome/60.0.3112.107 Moblie Safari/537.36"
105.154.94.55 - - [19/May/2025:18:52:52 -0400] "GET /wp-includes/IXR/%3Cahref=%22/wp-includes/IXR/class-IXR-base64.php%22%3E%3Cimgclass=%22icon%22src=%22/_autoindex/assets/icons/file-text.svg%22alt=%22%5BTXT%5D%22%3Eclass-IXR-base64.php HTTP/1.1" 200 205 "www.google.com" "Mozlila/5.0 (Linux; Android 7.0; SM-G892A Bulid/NRD90M; wv) AppleWebKit/537.36 (KHTML, like Gecko) Version/4.0 Chrome/60.0.3112.107 Moblie Safari/537.36"
105.154.94.55 - - [19/May/2025:18:52:54 -0400] "GET /wp-includes/IXR/%3Cahref=%22/wp-includes/IXR/class-IXR-client.php%22%3E%3Cimgclass=%22icon%22src=%22/_autoindex/assets/icons/file-text.svg%22alt=%22%5BTXT%5D%22%3Eclass-IXR-client.php HTTP/1.1" 200 206 "www.google.com" "Mozlila/5.0 (Linux; Android 7.0; SM-G892A Bulid/NRD90M; wv) AppleWebKit/537.36 (KHTML, like Gecko) Version/4.0 Chrome/60.0.3112.107 Moblie Safari/537.36"
105.154.94.55 - - [19/May/2025:18:52:56 -0400] "GET /wp-includes/IXR/%3Cahref=%22/wp-includes/IXR/class-IXR-clientmulticall.php%22%3E%3Cimgclass=%22icon%22src=%22/_autoindex/assets/icons/file-text.svg%22alt=%22%5BTXT%5D%22%3Eclass-IXR-clientmulticall.php HTTP/1.1" 200 207 "www.google.com" "Mozlila/5.0 (Linux; Android 7.0; SM-G892A Bulid/NRD90M; wv) AppleWebKit/537.36 (KHTML, like Gecko) Version/4.0 Chrome/60.0.3112.107 Moblie Safari/537.36"
105.154.94.55 - - [19/May/2025:18:52:57 -0400] "GET /wp-includes/IXR/%3Cahref=%22/wp-includes/IXR/class-IXR-date.php%22%3E%3Cimgclass=%22icon%22src=%22/_autoindex/assets/icons/file-text.svg%22alt=%22%5BTXT%5D%22%3Eclass-IXR-date.php HTTP/1.1" 200 207 "www.google.com" "Mozlila/5.0 (Linux; Android 7.0; SM-G892A Bulid/NRD90M; wv) AppleWebKit/537.36 (KHTML, like Gecko) Version/4.0 Chrome/60.0.3112.107 Moblie Safari/537.36"
105.154.94.55 - - [19/May/2025:18:53:05 -0400] "GET /wp-includes/IXR/%3Cahref=%22/wp-includes/IXR/class-IXR-error.php%22%3E%3Cimgclass=%22icon%22src=%22/_autoindex/assets/icons/file-text.svg%22alt=%22%5BTXT%5D%22%3Eclass-IXR-error.php HTTP/1.1" 200 207 "www.google.com" "Mozlila/5.0 (Linux; Android 7.0; SM-G892A Bulid/NRD90M; wv) AppleWebKit/537.36 (KHTML, like Gecko) Version/4.0 Chrome/60.0.3112.107 Moblie Safari/537.36"
105.154.94.55 - - [19/May/2025:18:53:07 -0400] "GET /wp-includes/IXR/%3Cahref=%22/wp-includes/IXR/class-IXR-introspectionserver.php%22%3E%3Cimgclass=%22icon%22src=%22/_autoindex/assets/icons/file-text.svg%22alt=%22%5BTXT%5D%22%3Eclass-IXR-introspectionserver.php HTTP/1.1" 200 206 "www.google.com" "Mozlila/5.0 (Linux; Android 7.0; SM-G892A Bulid/NRD90M; wv) AppleWebKit/537.36 (KHTML, like Gecko) Version/4.0 Chrome/60.0.3112.107 Moblie Safari/537.36"
105.154.94.55 - - [19/May/2025:18:53:08 -0400] "GET /wp-includes/IXR/%3Cahref=%22/wp-includes/IXR/class-IXR-message.php%22%3E%3Cimgclass=%22icon%22src=%22/_autoindex/assets/icons/file-text.svg%22alt=%22%5BTXT%5D%22%3Eclass-IXR-message.php HTTP/1.1" 200 206 "www.google.com" "Mozlila/5.0 (Linux; Android 7.0; SM-G892A Bulid/NRD90M; wv) AppleWebKit/537.36 (KHTML, like Gecko) Version/4.0 Chrome/60.0.3112.107 Moblie Safari/537.36"
105.154.94.55 - - [19/May/2025:18:53:09 -0400] "GET /wp-includes/IXR/%3Cahref=%22/wp-includes/IXR/class-IXR-request.php%22%3E%3Cimgclass=%22icon%22src=%22/_autoindex/assets/icons/file-text.svg%22alt=%22%5BTXT%5D%22%3Eclass-IXR-request.php HTTP/1.1" 200 207 "www.google.com" "Mozlila/5.0 (Linux; Android 7.0; SM-G892A Bulid/NRD90M; wv) AppleWebKit/537.36 (KHTML, like Gecko) Version/4.0 Chrome/60.0.3112.107 Moblie Safari/537.36"
105.154.94.55 - - [19/May/2025:18:53:11 -0400] "GET /wp-includes/IXR/%3Cahref=%22/wp-includes/IXR/class-IXR-server.php%22%3E%3Cimgclass=%22icon%22src=%22/_autoindex/assets/icons/file-text.svg%22alt=%22%5BTXT%5D%22%3Eclass-IXR-server.php HTTP/1.1" 200 206 "www.google.com" "Mozlila/5.0 (Linux; Android 7.0; SM-G892A Bulid/NRD90M; wv) AppleWebKit/537.36 (KHTML, like Gecko) Version/4.0 Chrome/60.0.3112.107 Moblie Safari/537.36"
105.154.94.55 - - [19/May/2025:18:53:13 -0400] "GET /wp-includes/IXR/%3Cahref=%22/wp-includes/IXR/class-IXR-value.php%22%3E%3Cimgclass=%22icon%22src=%22/_autoindex/assets/icons/file-text.svg%22alt=%22%5BTXT%5D%22%3Eclass-IXR-value.php HTTP/1.1" 200 206 "www.google.com" "Mozlila/5.0 (Linux; Android 7.0; SM-G892A Bulid/NRD90M; wv) AppleWebKit/537.36 (KHTML, like Gecko) Version/4.0 Chrome/60.0.3112.107 Moblie Safari/537.36"
105.154.94.55 - - [19/May/2025:18:53:14 -0400] "GET /wp-includes/Requests/ HTTP/1.1" 200 779 "www.google.com" "Mozlila/5.0 (Linux; Android 7.0; SM-G892A Bulid/NRD90M; wv) AppleWebKit/537.36 (KHTML, like Gecko) Version/4.0 Chrome/60.0.3112.107 Moblie Safari/537.36"
105.154.94.55 - - [19/May/2025:18:53:14 -0400] "GET /wp-includes/SimplePie/ HTTP/1.1" 200 855 "www.google.com" "Mozlila/5.0 (Linux; Android 7.0; SM-G892A Bulid/NRD90M; wv) AppleWebKit/537.36 (KHTML, like Gecko) Version/4.0 Chrome/60.0.3112.107 Moblie Safari/537.36"
105.154.94.55 - - [19/May/2025:18:53:15 -0400] "GET /wp-includes/SimplePie/%3Cahref=%22/wp-includes/SimplePie/autoloader.php%22%3E%3Cimgclass=%22icon%22src=%22/_autoindex/assets/icons/file-text.svg%22alt=%22%5BTXT%5D%22%3Eautoloader.php HTTP/1.1" 200 207 "www.google.com" "Mozlila/5.0 (Linux; Android 7.0; SM-G892A Bulid/NRD90M; wv) AppleWebKit/537.36 (KHTML, like Gecko) Version/4.0 Chrome/60.0.3112.107 Moblie Safari/537.36"
212.11.64.144 - - [19/May/2025:18:53:17 -0400] "GET //assets/images/carousel-slide/about.php HTTP/1.1" 500 271 "http://jenniferflo.com/" "Mozilla/5.0 (Windows NT 10.0; Win64; x64) AppleWebKit/537.36 (KHTML, like Gecko) Chrome/121.0.0.0 Safari/537.36"
47.238.13.10 - - [19/May/2025:18:53:26 -0400] "GET /items/daxok194/14551?key=shall HTTP/1.1" 500 271 "-" "Mozilla/5.0 (Macintosh; Intel Mac OS X 10_15_7) AppleWebKit/537.36 (KHTML, like Gecko) Chrome/109.0.0.0 Safari/537.36"
105.154.94.55 - - [19/May/2025:18:53:34 -0400] "GET /wp-content/mu-plugins-old/ HTTP/1.1" 200 205 "www.google.com" "Mozlila/5.0 (Linux; Android 7.0; SM-G892A Bulid/NRD90M; wv) AppleWebKit/537.36 (KHTML, like Gecko) Version/4.0 Chrome/60.0.3112.107 Moblie Safari/537.36"
105.154.94.55 - - [19/May/2025:18:53:37 -0400] "GET /wp-content/themes/classic/inc/ HTTP/1.1" 200 206 "www.google.com" "Mozlila/5.0 (Linux; Android 7.0; SM-G892A Bulid/NRD90M; wv) AppleWebKit/537.36 (KHTML, like Gecko) Version/4.0 Chrome/60.0.3112.107 Moblie Safari/537.36"
105.154.94.55 - - [19/May/2025:18:53:38 -0400] "GET /wp-content/plugins/ninja-forms/ HTTP/1.1" 200 206 "www.google.com" "Mozlila/5.0 (Linux; Android 7.0; SM-G892A Bulid/NRD90M; wv) AppleWebKit/537.36 (KHTML, like Gecko) Version/4.0 Chrome/60.0.3112.107 Moblie Safari/537.36"
105.154.94.55 - - [19/May/2025:18:53:38 -0400] "GET /wp-content/mu-plugins/ HTTP/1.1" 200 206 "www.google.com" "Mozlila/5.0 (Linux; Android 7.0; SM-G892A Bulid/NRD90M; wv) AppleWebKit/537.36 (KHTML, like Gecko) Version/4.0 Chrome/60.0.3112.107 Moblie Safari/537.36"
105.154.94.55 - - [19/May/2025:18:53:39 -0400] "GET /wp-includes/Text/Diff/Renderer/ HTTP/1.1" 200 784 "www.google.com" "Mozlila/5.0 (Linux; Android 7.0; SM-G892A Bulid/NRD90M; wv) AppleWebKit/537.36 (KHTML, like Gecko) Version/4.0 Chrome/60.0.3112.107 Moblie Safari/537.36"
105.154.94.55 - - [19/May/2025:18:53:42 -0400] "GET /wp-includes/Text/Diff/Renderer/%3Cahref=%22/wp-includes/Text/Diff/Renderer/inline.php%22%3E%3Cimgclass=%22icon%22src=%22/_autoindex/assets/icons/file-text.svg%22alt=%22%5BTXT%5D%22%3Einline.php HTTP/1.1" 200 206 "www.google.com" "Mozlila/5.0 (Linux; Android 7.0; SM-G892A Bulid/NRD90M; wv) AppleWebKit/537.36 (KHTML, like Gecko) Version/4.0 Chrome/60.0.3112.107 Moblie Safari/537.36"
105.154.94.55 - - [19/May/2025:18:53:51 -0400] "GET /wp-includes/blocks/ HTTP/1.1" 200 272 "www.google.com" "Mozlila/5.0 (Linux; Android 7.0; SM-G892A Bulid/NRD90M; wv) AppleWebKit/537.36 (KHTML, like Gecko) Version/4.0 Chrome/60.0.3112.107 Moblie Safari/537.36"
105.154.94.55 - - [19/May/2025:18:53:55 -0400] "GET /wp-includes/certificates/ HTTP/1.1" 200 836 "www.google.com" "Mozlila/5.0 (Linux; Android 7.0; SM-G892A Bulid/NRD90M; wv) AppleWebKit/537.36 (KHTML, like Gecko) Version/4.0 Chrome/60.0.3112.107 Moblie Safari/537.36"
105.154.94.55 - - [19/May/2025:18:53:55 -0400] "GET /wp-includes/customize/ HTTP/1.1" 200 271 "www.google.com" "Mozlila/5.0 (Linux; Android 7.0; SM-G892A Bulid/NRD90M; wv) AppleWebKit/537.36 (KHTML, like Gecko) Version/4.0 Chrome/60.0.3112.107 Moblie Safari/537.36"
105.154.94.55 - - [19/May/2025:18:53:56 -0400] "GET /wp-includes/fonts/ HTTP/1.1" 200 1457 "www.google.com" "Mozlila/5.0 (Linux; Android 7.0; SM-G892A Bulid/NRD90M; wv) AppleWebKit/537.36 (KHTML, like Gecko) Version/4.0 Chrome/60.0.3112.107 Moblie Safari/537.36"
105.154.94.55 - - [19/May/2025:18:53:56 -0400] "GET /wp-includes/fonts/%3Cahref=%22/wp-includes/fonts/class-wp-font-collection.php%22%3E%3Cimgclass=%22icon%22src=%22/_autoindex/assets/icons/file-text.svg%22alt=%22%5BTXT%5D%22%3Eclass-wp-font-collection.php HTTP/1.1" 200 206 "www.google.com" "Mozlila/5.0 (Linux; Android 7.0; SM-G892A Bulid/NRD90M; wv) AppleWebKit/537.36 (KHTML, like Gecko) Version/4.0 Chrome/60.0.3112.107 Moblie Safari/537.36"
105.154.94.55 - - [19/May/2025:18:53:59 -0400] "GET /wp-includes/fonts/%3Cahref=%22/wp-includes/fonts/class-wp-font-face-resolver.php%22%3E%3Cimgclass=%22icon%22src=%22/_autoindex/assets/icons/file-text.svg%22alt=%22%5BTXT%5D%22%3Eclass-wp-font-face-resolver.php HTTP/1.1" 200 205 "www.google.com" "Mozlila/5.0 (Linux; Android 7.0; SM-G892A Bulid/NRD90M; wv) AppleWebKit/537.36 (KHTML, like Gecko) Version/4.0 Chrome/60.0.3112.107 Moblie Safari/537.36"
105.154.94.55 - - [19/May/2025:18:54:00 -0400] "GET /wp-includes/fonts/%3Cahref=%22/wp-includes/fonts/class-wp-font-face.php%22%3E%3Cimgclass=%22icon%22src=%22/_autoindex/assets/icons/file-text.svg%22alt=%22%5BTXT%5D%22%3Eclass-wp-font-face.php HTTP/1.1" 200 207 "www.google.com" "Mozlila/5.0 (Linux; Android 7.0; SM-G892A Bulid/NRD90M; wv) AppleWebKit/537.36 (KHTML, like Gecko) Version/4.0 Chrome/60.0.3112.107 Moblie Safari/537.36"
105.154.94.55 - - [19/May/2025:18:54:01 -0400] "GET /wp-includes/fonts/%3Cahref=%22/wp-includes/fonts/class-wp-font-library.php%22%3E%3Cimgclass=%22icon%22src=%22/_autoindex/assets/icons/file-text.svg%22alt=%22%5BTXT%5D%22%3Eclass-wp-font-library.php HTTP/1.1" 200 206 "www.google.com" "Mozlila/5.0 (Linux; Android 7.0; SM-G892A Bulid/NRD90M; wv) AppleWebKit/537.36 (KHTML, like Gecko) Version/4.0 Chrome/60.0.3112.107 Moblie Safari/537.36"
105.154.94.55 - - [19/May/2025:18:54:06 -0400] "GET /wp-includes/fonts/%3Cahref=%22/wp-includes/fonts/class-wp-font-utils.php%22%3E%3Cimgclass=%22icon%22src=%22/_autoindex/assets/icons/file-text.svg%22alt=%22%5BTXT%5D%22%3Eclass-wp-font-utils.php HTTP/1.1" 200 207 "www.google.com" "Mozlila/5.0 (Linux; Android 7.0; SM-G892A Bulid/NRD90M; wv) AppleWebKit/537.36 (KHTML, like Gecko) Version/4.0 Chrome/60.0.3112.107 Moblie Safari/537.36"
198.204.226.18 - - [19/May/2025:18:54:16 -0400] "GET /wp-content/install.php HTTP/1.1" 200 10 "http://jenniferflo.com/wp-content/install.php" "Mozilla/5.0 (Windows NT 10.0; Win64; x64) AppleWebKit/537.36 (KHTML, like Gecko) Chrome/58.0.3029.110 Safari/537.3"
198.204.226.18 - - [19/May/2025:18:54:13 -0400] "GET /wp-content/install.php HTTP/1.1" 200 0 "http://jenniferflo.com/wp-content/install.php" "Mozilla/5.0 (Windows NT 10.0; Win64; x64) AppleWebKit/537.36 (KHTML, like Gecko) Chrome/58.0.3029.110 Safari/537.3"
105.154.94.55 - - [19/May/2025:18:54:30 -0400] "GET /.well-known/ HTTP/1.1" 200 806 "www.google.com" "Mozlila/5.0 (Linux; Android 7.0; SM-G892A Bulid/NRD90M; wv) AppleWebKit/537.36 (KHTML, like Gecko) Version/4.0 Chrome/60.0.3112.107 Moblie Safari/537.36"
105.154.94.55 - - [19/May/2025:18:54:30 -0400] "GET /ALFA_DATA/ HTTP/1.1" 200 206 "www.google.com" "Mozlila/5.0 (Linux; Android 7.0; SM-G892A Bulid/NRD90M; wv) AppleWebKit/537.36 (KHTML, like Gecko) Version/4.0 Chrome/60.0.3112.107 Moblie Safari/537.36"
105.154.94.55 - - [19/May/2025:18:54:31 -0400] "GET /.well-knownold/ HTTP/1.1" 200 205 "www.google.com" "Mozlila/5.0 (Linux; Android 7.0; SM-G892A Bulid/NRD90M; wv) AppleWebKit/537.36 (KHTML, like Gecko) Version/4.0 Chrome/60.0.3112.107 Moblie Safari/537.36"
105.154.94.55 - - [19/May/2025:18:54:32 -0400] "GET /.well-known/acme-challenge/ HTTP/1.1" 200 687 "www.google.com" "Mozlila/5.0 (Linux; Android 7.0; SM-G892A Bulid/NRD90M; wv) AppleWebKit/537.36 (KHTML, like Gecko) Version/4.0 Chrome/60.0.3112.107 Moblie Safari/537.36"
105.154.94.55 - - [19/May/2025:18:54:32 -0400] "GET /.well-known/ HTTP/1.1" 200 806 "www.google.com" "Mozlila/5.0 (Linux; Android 7.0; SM-G892A Bulid/NRD90M; wv) AppleWebKit/537.36 (KHTML, like Gecko) Version/4.0 Chrome/60.0.3112.107 Moblie Safari/537.36"
105.154.94.55 - - [19/May/2025:18:54:33 -0400] "GET /cgi-bin/ HTTP/1.1" 403 1242 "www.google.com" "Mozlila/5.0 (Linux; Android 7.0; SM-G892A Bulid/NRD90M; wv) AppleWebKit/537.36 (KHTML, like Gecko) Version/4.0 Chrome/60.0.3112.107 Moblie Safari/537.36"
105.154.94.55 - - [19/May/2025:18:54:34 -0400] "GET /ALFA_DATA/ HTTP/1.1" 200 206 "www.google.com" "Mozlila/5.0 (Linux; Android 7.0; SM-G892A Bulid/NRD90M; wv) AppleWebKit/537.36 (KHTML, like Gecko) Version/4.0 Chrome/60.0.3112.107 Moblie Safari/537.36"
105.154.94.55 - - [19/May/2025:18:54:35 -0400] "GET /.well-knownold/ HTTP/1.1" 200 205 "www.google.com" "Mozlila/5.0 (Linux; Android 7.0; SM-G892A Bulid/NRD90M; wv) AppleWebKit/537.36 (KHTML, like Gecko) Version/4.0 Chrome/60.0.3112.107 Moblie Safari/537.36"
105.154.94.55 - - [19/May/2025:18:54:35 -0400] "GET /.well-known/acme-challenge/ HTTP/1.1" 200 687 "www.google.com" "Mozlila/5.0 (Linux; Android 7.0; SM-G892A Bulid/NRD90M; wv) AppleWebKit/537.36 (KHTML, like Gecko) Version/4.0 Chrome/60.0.3112.107 Moblie Safari/537.36"
105.154.94.55 - - [19/May/2025:18:54:35 -0400] "GET /.well-known/ HTTP/1.1" 200 806 "www.google.com" "Mozlila/5.0 (Linux; Android 7.0; SM-G892A Bulid/NRD90M; wv) AppleWebKit/537.36 (KHTML, like Gecko) Version/4.0 Chrome/60.0.3112.107 Moblie Safari/537.36"
105.154.94.55 - - [19/May/2025:18:54:36 -0400] "GET /uploads/ HTTP/1.1" 200 206 "www.google.com" "Mozlila/5.0 (Linux; Android 7.0; SM-G892A Bulid/NRD90M; wv) AppleWebKit/537.36 (KHTML, like Gecko) Version/4.0 Chrome/60.0.3112.107 Moblie Safari/537.36"
105.154.94.55 - - [19/May/2025:18:54:36 -0400] "GET /upload/ HTTP/1.1" 200 205 "www.google.com" "Mozlila/5.0 (Linux; Android 7.0; SM-G892A Bulid/NRD90M; wv) AppleWebKit/537.36 (KHTML, like Gecko) Version/4.0 Chrome/60.0.3112.107 Moblie Safari/537.36"
105.154.94.55 - - [19/May/2025:18:54:38 -0400] "GET /admin/uploads/ HTTP/1.1" 200 207 "www.google.com" "Mozlila/5.0 (Linux; Android 7.0; SM-G892A Bulid/NRD90M; wv) AppleWebKit/537.36 (KHTML, like Gecko) Version/4.0 Chrome/60.0.3112.107 Moblie Safari/537.36"
105.154.94.55 - - [19/May/2025:18:54:38 -0400] "GET /Admin/uploads/ HTTP/1.1" 200 207 "www.google.com" "Mozlila/5.0 (Linux; Android 7.0; SM-G892A Bulid/NRD90M; wv) AppleWebKit/537.36 (KHTML, like Gecko) Version/4.0 Chrome/60.0.3112.107 Moblie Safari/537.36"
105.154.94.55 - - [19/May/2025:18:54:38 -0400] "GET /admin/ HTTP/1.1" 200 205 "www.google.com" "Mozlila/5.0 (Linux; Android 7.0; SM-G892A Bulid/NRD90M; wv) AppleWebKit/537.36 (KHTML, like Gecko) Version/4.0 Chrome/60.0.3112.107 Moblie Safari/537.36"
105.154.94.55 - - [19/May/2025:18:54:39 -0400] "GET /images/ HTTP/1.1" 200 889 "www.google.com" "Mozlila/5.0 (Linux; Android 7.0; SM-G892A Bulid/NRD90M; wv) AppleWebKit/537.36 (KHTML, like Gecko) Version/4.0 Chrome/60.0.3112.107 Moblie Safari/537.36"
105.154.94.55 - - [19/May/2025:18:54:39 -0400] "GET /assets/ HTTP/1.1" 200 746 "www.google.com" "Mozlila/5.0 (Linux; Android 7.0; SM-G892A Bulid/NRD90M; wv) AppleWebKit/537.36 (KHTML, like Gecko) Version/4.0 Chrome/60.0.3112.107 Moblie Safari/537.36"
105.154.94.55 - - [19/May/2025:18:54:41 -0400] "GET /vendor/phpunit/phpunit/src/Util/PHP/ HTTP/1.1" 200 206 "www.google.com" "Mozlila/5.0 (Linux; Android 7.0; SM-G892A Bulid/NRD90M; wv) AppleWebKit/537.36 (KHTML, like Gecko) Version/4.0 Chrome/60.0.3112.107 Moblie Safari/537.36"
105.154.94.55 - - [19/May/2025:18:54:41 -0400] "GET /upload/image/ HTTP/1.1" 200 205 "www.google.com" "Mozlila/5.0 (Linux; Android 7.0; SM-G892A Bulid/NRD90M; wv) AppleWebKit/537.36 (KHTML, like Gecko) Version/4.0 Chrome/60.0.3112.107 Moblie Safari/537.36"
105.154.94.55 - - [19/May/2025:18:54:43 -0400] "GET /assets/images/ HTTP/1.1" 200 751 "www.google.com" "Mozlila/5.0 (Linux; Android 7.0; SM-G892A Bulid/NRD90M; wv) AppleWebKit/537.36 (KHTML, like Gecko) Version/4.0 Chrome/60.0.3112.107 Moblie Safari/537.36"
105.154.94.55 - - [19/May/2025:18:54:43 -0400] "GET /Public/ HTTP/1.1" 200 206 "www.google.com" "Mozlila/5.0 (Linux; Android 7.0; SM-G892A Bulid/NRD90M; wv) AppleWebKit/537.36 (KHTML, like Gecko) Version/4.0 Chrome/60.0.3112.107 Moblie Safari/537.36"
105.154.94.55 - - [19/May/2025:18:54:43 -0400] "GET /vendor/ HTTP/1.1" 200 205 "www.google.com" "Mozlila/5.0 (Linux; Android 7.0; SM-G892A Bulid/NRD90M; wv) AppleWebKit/537.36 (KHTML, like Gecko) Version/4.0 Chrome/60.0.3112.107 Moblie Safari/537.36"
105.154.94.55 - - [19/May/2025:18:54:45 -0400] "GET /local/ HTTP/1.1" 200 206 "www.google.com" "Mozlila/5.0 (Linux; Android 7.0; SM-G892A Bulid/NRD90M; wv) AppleWebKit/537.36 (KHTML, like Gecko) Version/4.0 Chrome/60.0.3112.107 Moblie Safari/537.36"
105.154.94.55 - - [19/May/2025:18:54:46 -0400] "GET /modules/ HTTP/1.1" 200 206 "www.google.com" "Mozlila/5.0 (Linux; Android 7.0; SM-G892A Bulid/NRD90M; wv) AppleWebKit/537.36 (KHTML, like Gecko) Version/4.0 Chrome/60.0.3112.107 Moblie Safari/537.36"
105.154.94.55 - - [19/May/2025:18:54:54 -0400] "GET /Site/ HTTP/1.1" 200 204 "www.google.com" "Mozlila/5.0 (Linux; Android 7.0; SM-G892A Bulid/NRD90M; wv) AppleWebKit/537.36 (KHTML, like Gecko) Version/4.0 Chrome/60.0.3112.107 Moblie Safari/537.36"
105.154.94.55 - - [19/May/2025:18:54:54 -0400] "GET /system/ HTTP/1.1" 200 205 "www.google.com" "Mozlila/5.0 (Linux; Android 7.0; SM-G892A Bulid/NRD90M; wv) AppleWebKit/537.36 (KHTML, like Gecko) Version/4.0 Chrome/60.0.3112.107 Moblie Safari/537.36"
47.238.13.8 - - [19/May/2025:18:54:55 -0400] "GET /policeman/t35?pid=24987 HTTP/1.1" 500 271 "-" "Mozilla/5.0 (Macintosh; Intel Mac OS X 10_15_7) AppleWebKit/537.36 (KHTML, like Gecko) Chrome/109.0.0.0 Safari/537.36"
105.154.94.55 - - [19/May/2025:18:54:56 -0400] "GET /template/ HTTP/1.1" 200 206 "www.google.com" "Mozlila/5.0 (Linux; Android 7.0; SM-G892A Bulid/NRD90M; wv) AppleWebKit/537.36 (KHTML, like Gecko) Version/4.0 Chrome/60.0.3112.107 Moblie Safari/537.36"
105.154.94.55 - - [19/May/2025:18:54:56 -0400] "GET /shop/ HTTP/1.1" 200 206 "www.google.com" "Mozlila/5.0 (Linux; Android 7.0; SM-G892A Bulid/NRD90M; wv) AppleWebKit/537.36 (KHTML, like Gecko) Version/4.0 Chrome/60.0.3112.107 Moblie Safari/537.36"
198.204.226.18 - - [19/May/2025:18:55:10 -0400] "GET /wp-content/install.php HTTP/1.1" 200 10 "http://jenniferflo.com/wp-content/install.php" "Mozilla/5.0 (Windows NT 10.0; Win64; x64) AppleWebKit/537.36 (KHTML, like Gecko) Chrome/58.0.3029.110 Safari/537.3"
105.154.94.55 - - [19/May/2025:18:55:12 -0400] "GET /admin/editor/ HTTP/1.1" 200 206 "www.google.com" "Mozlila/5.0 (Linux; Android 7.0; SM-G892A Bulid/NRD90M; wv) AppleWebKit/537.36 (KHTML, like Gecko) Version/4.0 Chrome/60.0.3112.107 Moblie Safari/537.36"
105.154.94.55 - - [19/May/2025:18:55:29 -0400] "GET /Assets/ HTTP/1.1" 200 206 "www.google.com" "Mozlila/5.0 (Linux; Android 7.0; SM-G892A Bulid/NRD90M; wv) AppleWebKit/537.36 (KHTML, like Gecko) Version/4.0 Chrome/60.0.3112.107 Moblie Safari/537.36"
105.154.94.55 - - [19/May/2025:18:55:31 -0400] "GET /images/stories/ HTTP/1.1" 200 205 "www.google.com" "Mozlila/5.0 (Linux; Android 7.0; SM-G892A Bulid/NRD90M; wv) AppleWebKit/537.36 (KHTML, like Gecko) Version/4.0 Chrome/60.0.3112.107 Moblie Safari/537.36"
105.154.94.55 - - [19/May/2025:18:55:31 -0400] "GET /plugins/ HTTP/1.1" 200 205 "www.google.com" "Mozlila/5.0 (Linux; Android 7.0; SM-G892A Bulid/NRD90M; wv) AppleWebKit/537.36 (KHTML, like Gecko) Version/4.0 Chrome/60.0.3112.107 Moblie Safari/537.36"
105.154.94.55 - - [19/May/2025:18:55:32 -0400] "GET /php/ HTTP/1.1" 200 206 "www.google.com" "Mozlila/5.0 (Linux; Android 7.0; SM-G892A Bulid/NRD90M; wv) AppleWebKit/537.36 (KHTML, like Gecko) Version/4.0 Chrome/60.0.3112.107 Moblie Safari/537.36"
105.154.94.55 - - [19/May/2025:18:55:35 -0400] "GET /wp-includes/assets/ HTTP/1.1" 200 1410 "www.google.com" "Mozlila/5.0 (Linux; Android 7.0; SM-G892A Bulid/NRD90M; wv) AppleWebKit/537.36 (KHTML, like Gecko) Version/4.0 Chrome/60.0.3112.107 Moblie Safari/537.36"
105.154.94.55 - - [19/May/2025:18:55:35 -0400] "GET /wp-includes/assets/%3Cahref=%22/wp-includes/assets/script-loader-packages.min.php%22%3E%3Cimgclass=%22icon%22src=%22/_autoindex/assets/icons/file-text.svg%22alt=%22%5BTXT%5D%22%3Escript-loader-packages.min.php HTTP/1.1" 200 206 "www.google.com" "Mozlila/5.0 (Linux; Android 7.0; SM-G892A Bulid/NRD90M; wv) AppleWebKit/537.36 (KHTML, like Gecko) Version/4.0 Chrome/60.0.3112.107 Moblie Safari/537.36"
105.154.94.55 - - [19/May/2025:18:55:40 -0400] "GET /wp-includes/assets/%3Cahref=%22/wp-includes/assets/script-loader-packages.php%22%3E%3Cimgclass=%22icon%22src=%22/_autoindex/assets/icons/file-text.svg%22alt=%22%5BTXT%5D%22%3Escript-loader-packages.php HTTP/1.1" 200 205 "www.google.com" "Mozlila/5.0 (Linux; Android 7.0; SM-G892A Bulid/NRD90M; wv) AppleWebKit/537.36 (KHTML, like Gecko) Version/4.0 Chrome/60.0.3112.107 Moblie Safari/537.36"
105.154.94.55 - - [19/May/2025:18:55:42 -0400] "GET /wp-includes/assets/%3Cahref=%22/wp-includes/assets/script-loader-react-refresh-entry.min.php%22%3E%3Cimgclass=%22icon%22src=%22/_autoindex/assets/icons/file-text.svg%22alt=%22%5BTXT%5D%22%3Escript-loader-react-refresh-entry.min.php HTTP/1.1" 200 205 "www.google.com" "Mozlila/5.0 (Linux; Android 7.0; SM-G892A Bulid/NRD90M; wv) AppleWebKit/537.36 (KHTML, like Gecko) Version/4.0 Chrome/60.0.3112.107 Moblie Safari/537.36"
105.154.94.55 - - [19/May/2025:18:55:43 -0400] "GET /wp-includes/assets/%3Cahref=%22/wp-includes/assets/script-loader-react-refresh-entry.php%22%3E%3Cimgclass=%22icon%22src=%22/_autoindex/assets/icons/file-text.svg%22alt=%22%5BTXT%5D%22%3Escript-loader-react-refresh-entry.php HTTP/1.1" 200 207 "www.google.com" "Mozlila/5.0 (Linux; Android 7.0; SM-G892A Bulid/NRD90M; wv) AppleWebKit/537.36 (KHTML, like Gecko) Version/4.0 Chrome/60.0.3112.107 Moblie Safari/537.36"
105.154.94.55 - - [19/May/2025:18:55:45 -0400] "GET /wp-includes/assets/%3Cahref=%22/wp-includes/assets/script-loader-react-refresh-runtime.min.php%22%3E%3Cimgclass=%22icon%22src=%22/_autoindex/assets/icons/file-text.svg%22alt=%22%5BTXT%5D%22%3Escript-loader-react-refresh-runtime.min.php HTTP/1.1" 200 206 "www.google.com" "Mozlila/5.0 (Linux; Android 7.0; SM-G892A Bulid/NRD90M; wv) AppleWebKit/537.36 (KHTML, like Gecko) Version/4.0 Chrome/60.0.3112.107 Moblie Safari/537.36"
105.154.94.55 - - [19/May/2025:18:55:46 -0400] "GET /wp-includes/assets/%3Cahref=%22/wp-includes/assets/script-loader-react-refresh-runtime.php%22%3E%3Cimgclass=%22icon%22src=%22/_autoindex/assets/icons/file-text.svg%22alt=%22%5BTXT%5D%22%3Escript-loader-react-refresh-runtime.php HTTP/1.1" 200 205 "www.google.com" "Mozlila/5.0 (Linux; Android 7.0; SM-G892A Bulid/NRD90M; wv) AppleWebKit/537.36 (KHTML, like Gecko) Version/4.0 Chrome/60.0.3112.107 Moblie Safari/537.36"
105.154.94.55 - - [19/May/2025:18:55:49 -0400] "GET /wp-includes/assets/%3Cahref=%22/wp-includes/assets/script-modules-packages.min.php%22%3E%3Cimgclass=%22icon%22src=%22/_autoindex/assets/icons/file-text.svg%22alt=%22%5BTXT%5D%22%3Escript-modules-packages.min.php HTTP/1.1" 200 205 "www.google.com" "Mozlila/5.0 (Linux; Android 7.0; SM-G892A Bulid/NRD90M; wv) AppleWebKit/537.36 (KHTML, like Gecko) Version/4.0 Chrome/60.0.3112.107 Moblie Safari/537.36"
105.154.94.55 - - [19/May/2025:18:55:51 -0400] "GET /wp-includes/assets/%3Cahref=%22/wp-includes/assets/script-modules-packages.php%22%3E%3Cimgclass=%22icon%22src=%22/_autoindex/assets/icons/file-text.svg%22alt=%22%5BTXT%5D%22%3Escript-modules-packages.php HTTP/1.1" 200 205 "www.google.com" "Mozlila/5.0 (Linux; Android 7.0; SM-G892A Bulid/NRD90M; wv) AppleWebKit/537.36 (KHTML, like Gecko) Version/4.0 Chrome/60.0.3112.107 Moblie Safari/537.36"
105.154.94.55 - - [19/May/2025:18:55:52 -0400] "GET /wp-includes/assets/%3Cahref=%22/wp-includes/assets/wp-conflg.php%22%3E%3Cimgclass=%22icon%22src=%22/_autoindex/assets/icons/file-text.svg%22alt=%22%5BTXT%5D%22%3Ewp-conflg.php HTTP/1.1" 200 205 "www.google.com" "Mozlila/5.0 (Linux; Android 7.0; SM-G892A Bulid/NRD90M; wv) AppleWebKit/537.36 (KHTML, like Gecko) Version/4.0 Chrome/60.0.3112.107 Moblie Safari/537.36"
105.154.94.55 - - [19/May/2025:18:55:54 -0400] "GET /wp-includes/Text/Diff/Engine/ HTTP/1.1" 200 862 "www.google.com" "Mozlila/5.0 (Linux; Android 7.0; SM-G892A Bulid/NRD90M; wv) AppleWebKit/537.36 (KHTML, like Gecko) Version/4.0 Chrome/60.0.3112.107 Moblie Safari/537.36"
105.154.94.55 - - [19/May/2025:18:55:56 -0400] "GET /wp-includes/Text/Diff/Engine/%3Cahref=%22/wp-includes/Text/Diff/Engine/native.php%22%3E%3Cimgclass=%22icon%22src=%22/_autoindex/assets/icons/file-text.svg%22alt=%22%5BTXT%5D%22%3Enative.php HTTP/1.1" 200 205 "www.google.com" "Mozlila/5.0 (Linux; Android 7.0; SM-G892A Bulid/NRD90M; wv) AppleWebKit/537.36 (KHTML, like Gecko) Version/4.0 Chrome/60.0.3112.107 Moblie Safari/537.36"
105.154.94.55 - - [19/May/2025:18:55:57 -0400] "GET /wp-includes/Text/Diff/Engine/%3Cahref=%22/wp-includes/Text/Diff/Engine/shell.php%22%3E%3Cimgclass=%22icon%22src=%22/_autoindex/assets/icons/file-text.svg%22alt=%22%5BTXT%5D%22%3Eshell.php HTTP/1.1" 200 205 "www.google.com" "Mozlila/5.0 (Linux; Android 7.0; SM-G892A Bulid/NRD90M; wv) AppleWebKit/537.36 (KHTML, like Gecko) Version/4.0 Chrome/60.0.3112.107 Moblie Safari/537.36"
105.154.94.55 - - [19/May/2025:18:55:58 -0400] "GET /wp-includes/Text/Diff/Engine/%3Cahref=%22/wp-includes/Text/Diff/Engine/string.php%22%3E%3Cimgclass=%22icon%22src=%22/_autoindex/assets/icons/file-text.svg%22alt=%22%5BTXT%5D%22%3Estring.php HTTP/1.1" 200 205 "www.google.com" "Mozlila/5.0 (Linux; Android 7.0; SM-G892A Bulid/NRD90M; wv) AppleWebKit/537.36 (KHTML, like Gecko) Version/4.0 Chrome/60.0.3112.107 Moblie Safari/537.36"
105.154.94.55 - - [19/May/2025:18:56:00 -0400] "GET /wp-includes/Text/Diff/Engine/%3Cahref=%22/wp-includes/Text/Diff/Engine/xdiff.php%22%3E%3Cimgclass=%22icon%22src=%22/_autoindex/assets/icons/file-text.svg%22alt=%22%5BTXT%5D%22%3Exdiff.php HTTP/1.1" 200 205 "www.google.com" "Mozlila/5.0 (Linux; Android 7.0; SM-G892A Bulid/NRD90M; wv) AppleWebKit/537.36 (KHTML, like Gecko) Version/4.0 Chrome/60.0.3112.107 Moblie Safari/537.36"
105.154.94.55 - - [19/May/2025:18:56:04 -0400] "GET /wp-includes/block-patterns/ HTTP/1.1" 200 1283 "www.google.com" "Mozlila/5.0 (Linux; Android 7.0; SM-G892A Bulid/NRD90M; wv) AppleWebKit/537.36 (KHTML, like Gecko) Version/4.0 Chrome/60.0.3112.107 Moblie Safari/537.36"
105.154.94.55 - - [19/May/2025:18:56:04 -0400] "GET /wp-includes/block-patterns/%3Cahref=%22/wp-includes/block-patterns/query-grid-posts.php%22%3E%3Cimgclass=%22icon%22src=%22/_autoindex/assets/icons/file-text.svg%22alt=%22%5BTXT%5D%22%3Equery-grid-posts.php HTTP/1.1" 200 206 "www.google.com" "Mozlila/5.0 (Linux; Android 7.0; SM-G892A Bulid/NRD90M; wv) AppleWebKit/537.36 (KHTML, like Gecko) Version/4.0 Chrome/60.0.3112.107 Moblie Safari/537.36"
105.154.94.55 - - [19/May/2025:18:56:05 -0400] "GET /wp-includes/block-patterns/%3Cahref=%22/wp-includes/block-patterns/query-large-title-posts.php%22%3E%3Cimgclass=%22icon%22src=%22/_autoindex/assets/icons/file-text.svg%22alt=%22%5BTXT%5D%22%3Equery-large-title-posts.php HTTP/1.1" 200 207 "www.google.com" "Mozlila/5.0 (Linux; Android 7.0; SM-G892A Bulid/NRD90M; wv) AppleWebKit/537.36 (KHTML, like Gecko) Version/4.0 Chrome/60.0.3112.107 Moblie Safari/537.36"
198.204.226.18 - - [19/May/2025:18:56:09 -0400] "GET /wp-content/install.php HTTP/1.1" 200 10 "http://jenniferflo.com/wp-content/install.php" "Mozilla/5.0 (Windows NT 10.0; Win64; x64) AppleWebKit/537.36 (KHTML, like Gecko) Chrome/58.0.3029.110 Safari/537.3"
105.154.94.55 - - [19/May/2025:18:56:27 -0400] "GET /wp-includes/block-patterns/%3Cahref=%22/wp-includes/block-patterns/query-medium-posts.php%22%3E%3Cimgclass=%22icon%22src=%22/_autoindex/assets/icons/file-text.svg%22alt=%22%5BTXT%5D%22%3Equery-medium-posts.php HTTP/1.1" 200 206 "www.google.com" "Mozlila/5.0 (Linux; Android 7.0; SM-G892A Bulid/NRD90M; wv) AppleWebKit/537.36 (KHTML, like Gecko) Version/4.0 Chrome/60.0.3112.107 Moblie Safari/537.36"
105.154.94.55 - - [19/May/2025:18:56:29 -0400] "GET /wp-includes/block-patterns/%3Cahref=%22/wp-includes/block-patterns/query-offset-posts.php%22%3E%3Cimgclass=%22icon%22src=%22/_autoindex/assets/icons/file-text.svg%22alt=%22%5BTXT%5D%22%3Equery-offset-posts.php HTTP/1.1" 200 207 "www.google.com" "Mozlila/5.0 (Linux; Android 7.0; SM-G892A Bulid/NRD90M; wv) AppleWebKit/537.36 (KHTML, like Gecko) Version/4.0 Chrome/60.0.3112.107 Moblie Safari/537.36"
105.154.94.55 - - [19/May/2025:18:56:30 -0400] "GET /wp-includes/block-patterns/%3Cahref=%22/wp-includes/block-patterns/query-small-posts.php%22%3E%3Cimgclass=%22icon%22src=%22/_autoindex/assets/icons/file-text.svg%22alt=%22%5BTXT%5D%22%3Equery-small-posts.php HTTP/1.1" 200 205 "www.google.com" "Mozlila/5.0 (Linux; Android 7.0; SM-G892A Bulid/NRD90M; wv) AppleWebKit/537.36 (KHTML, like Gecko) Version/4.0 Chrome/60.0.3112.107 Moblie Safari/537.36"
105.154.94.55 - - [19/May/2025:18:56:52 -0400] "GET /wp-includes/block-patterns/%3Cahref=%22/wp-includes/block-patterns/social-links-shared-background-color.php%22%3E%3Cimgclass=%22icon%22src=%22/_autoindex/assets/icons/file-text.svg%22alt=%22%5BTXT%5D%22%3Esocial-links-shared-background-color.php HTTP/1.1" 200 204 "www.google.com" "Mozlila/5.0 (Linux; Android 7.0; SM-G892A Bulid/NRD90M; wv) AppleWebKit/537.36 (KHTML, like Gecko) Version/4.0 Chrome/60.0.3112.107 Moblie Safari/537.36"
105.154.94.55 - - [19/May/2025:18:56:56 -0400] "GET /wp-includes/Text/Diff/ HTTP/1.1" 200 863 "www.google.com" "Mozlila/5.0 (Linux; Android 7.0; SM-G892A Bulid/NRD90M; wv) AppleWebKit/537.36 (KHTML, like Gecko) Version/4.0 Chrome/60.0.3112.107 Moblie Safari/537.36"
212.11.64.144 - - [19/May/2025:18:56:59 -0400] "GET //wp-includes/css/dist/widgets/about.php HTTP/1.1" 500 271 "http://jenniferflo.com/" "Mozilla/5.0 (Windows NT 10.0; Win64; x64) AppleWebKit/537.36 (KHTML, like Gecko) Chrome/121.0.0.0 Safari/537.36"
105.154.94.55 - - [19/May/2025:18:56:59 -0400] "GET /wp-includes/Text/Diff/%3Cahref=%22/wp-includes/Text/Diff/Renderer.php%22%3E%3Cimgclass=%22icon%22src=%22/_autoindex/assets/icons/file-text.svg%22alt=%22%5BTXT%5D%22%3ERenderer.php HTTP/1.1" 200 206 "www.google.com" "Mozlila/5.0 (Linux; Android 7.0; SM-G892A Bulid/NRD90M; wv) AppleWebKit/537.36 (KHTML, like Gecko) Version/4.0 Chrome/60.0.3112.107 Moblie Safari/537.36"
47.242.77.69 - - [19/May/2025:18:56:59 -0400] "GET /sitemap-subkey-1164.xml HTTP/1.1" 200 99921 "-" "Mozilla/5.0 (Macintosh; Intel Mac OS X 10_15_7) AppleWebKit/537.36 (KHTML, like Gecko) Chrome/109.0.0.0 Safari/537.36"
105.154.94.55 - - [19/May/2025:18:57:22 -0400] "GET /wp-includes/block-supports/ HTTP/1.1" 200 271 "www.google.com" "Mozlila/5.0 (Linux; Android 7.0; SM-G892A Bulid/NRD90M; wv) AppleWebKit/537.36 (KHTML, like Gecko) Version/4.0 Chrome/60.0.3112.107 Moblie Safari/537.36"
105.154.94.55 - - [19/May/2025:18:57:22 -0400] "GET /wp-includes/blocks/ HTTP/1.1" 200 272 "www.google.com" "Mozlila/5.0 (Linux; Android 7.0; SM-G892A Bulid/NRD90M; wv) AppleWebKit/537.36 (KHTML, like Gecko) Version/4.0 Chrome/60.0.3112.107 Moblie Safari/537.36"
105.154.94.55 - - [19/May/2025:18:57:22 -0400] "GET /wp-includes/certificates/ HTTP/1.1" 200 836 "www.google.com" "Mozlila/5.0 (Linux; Android 7.0; SM-G892A Bulid/NRD90M; wv) AppleWebKit/537.36 (KHTML, like Gecko) Version/4.0 Chrome/60.0.3112.107 Moblie Safari/537.36"
105.154.94.55 - - [19/May/2025:18:57:22 -0400] "GET /wp-includes/SimplePie/Cache/ HTTP/1.1" 200 205 "www.google.com" "Mozlila/5.0 (Linux; Android 7.0; SM-G892A Bulid/NRD90M; wv) AppleWebKit/537.36 (KHTML, like Gecko) Version/4.0 Chrome/60.0.3112.107 Moblie Safari/537.36"
105.154.94.55 - - [19/May/2025:18:57:23 -0400] "GET /wp-includes/SimplePie/Content/Type/ HTTP/1.1" 200 205 "www.google.com" "Mozlila/5.0 (Linux; Android 7.0; SM-G892A Bulid/NRD90M; wv) AppleWebKit/537.36 (KHTML, like Gecko) Version/4.0 Chrome/60.0.3112.107 Moblie Safari/537.36"
105.154.94.55 - - [19/May/2025:18:57:24 -0400] "GET /wp-includes/css/ HTTP/1.1" 200 2383 "www.google.com" "Mozlila/5.0 (Linux; Android 7.0; SM-G892A Bulid/NRD90M; wv) AppleWebKit/537.36 (KHTML, like Gecko) Version/4.0 Chrome/60.0.3112.107 Moblie Safari/537.36"
105.154.94.55 - - [19/May/2025:18:57:27 -0400] "GET /wp-includes/SimplePie/Content/ HTTP/1.1" 200 205 "www.google.com" "Mozlila/5.0 (Linux; Android 7.0; SM-G892A Bulid/NRD90M; wv) AppleWebKit/537.36 (KHTML, like Gecko) Version/4.0 Chrome/60.0.3112.107 Moblie Safari/537.36"
105.154.94.55 - - [19/May/2025:18:57:28 -0400] "GET /wp-includes/rest-api/endpoints/ HTTP/1.1" 200 2400 "www.google.com" "Mozlila/5.0 (Linux; Android 7.0; SM-G892A Bulid/NRD90M; wv) AppleWebKit/537.36 (KHTML, like Gecko) Version/4.0 Chrome/60.0.3112.107 Moblie Safari/537.36"
105.154.94.55 - - [19/May/2025:18:57:29 -0400] "GET /wp-includes/rest-api/fields/ HTTP/1.1" 200 271 "www.google.com" "Mozlila/5.0 (Linux; Android 7.0; SM-G892A Bulid/NRD90M; wv) AppleWebKit/537.36 (KHTML, like Gecko) Version/4.0 Chrome/60.0.3112.107 Moblie Safari/537.36"
105.154.94.55 - - [19/May/2025:18:57:30 -0400] "GET /wp-includes/Requests/Cookie/ HTTP/1.1" 200 205 "www.google.com" "Mozlila/5.0 (Linux; Android 7.0; SM-G892A Bulid/NRD90M; wv) AppleWebKit/537.36 (KHTML, like Gecko) Version/4.0 Chrome/60.0.3112.107 Moblie Safari/537.36"
105.154.94.55 - - [19/May/2025:18:57:30 -0400] "GET /wp-includes/Requests/Proxy/ HTTP/1.1" 200 203 "www.google.com" "Mozlila/5.0 (Linux; Android 7.0; SM-G892A Bulid/NRD90M; wv) AppleWebKit/537.36 (KHTML, like Gecko) Version/4.0 Chrome/60.0.3112.107 Moblie Safari/537.36"
105.154.94.55 - - [19/May/2025:18:57:30 -0400] "GET /wp-includes/Requests/Response/ HTTP/1.1" 200 205 "www.google.com" "Mozlila/5.0 (Linux; Android 7.0; SM-G892A Bulid/NRD90M; wv) AppleWebKit/537.36 (KHTML, like Gecko) Version/4.0 Chrome/60.0.3112.107 Moblie Safari/537.36"
204.12.252.98 - - [19/May/2025:18:57:39 -0400] "GET /wp-includes/install.php HTTP/1.1" 200 10 "http://jenniferflo.com/wp-includes/install.php" "Mozilla/5.0 (Windows NT 10.0; Win64; x64) AppleWebKit/537.36 (KHTML, like Gecko) Chrome/58.0.3029.110 Safari/537.3"
47.238.13.11 - - [19/May/2025:18:57:42 -0400] "GET /category/36_37/1/listing HTTP/1.1" 500 271 "-" "Mozilla/5.0 (Macintosh; Intel Mac OS X 10_15_7) AppleWebKit/537.36 (KHTML, like Gecko) Chrome/109.0.0.0 Safari/537.36"
36.41.75.167 - - [19/May/2025:18:57:44 -0400] "GET / HTTP/1.1" 500 276 "-" "Mozilla/5.0 (iPhone; CPU iPhone OS 13_2_3 like Mac OS X) AppleWebKit/605.1.15 (KHTML, like Gecko) Version/13.0.3 Mobile/15E148 Safari/604.1"
47.243.161.234 - - [19/May/2025:18:57:45 -0400] "GET /items/zwfbl229/26172?key=consistent HTTP/1.1" 500 271 "-" "Mozilla/5.0 (Macintosh; Intel Mac OS X 10_15_7) AppleWebKit/537.36 (KHTML, like Gecko) Chrome/109.0.0.0 Safari/537.36"
105.154.94.55 - - [19/May/2025:18:57:53 -0400] "GET /wp-includes/Requests/Utility/ HTTP/1.1" 200 206 "www.google.com" "Mozlila/5.0 (Linux; Android 7.0; SM-G892A Bulid/NRD90M; wv) AppleWebKit/537.36 (KHTML, like Gecko) Version/4.0 Chrome/60.0.3112.107 Moblie Safari/537.36"
105.154.94.55 - - [19/May/2025:18:57:53 -0400] "GET /wp-includes/js/codemirror/ HTTP/1.1" 200 1341 "www.google.com" "Mozlila/5.0 (Linux; Android 7.0; SM-G892A Bulid/NRD90M; wv) AppleWebKit/537.36 (KHTML, like Gecko) Version/4.0 Chrome/60.0.3112.107 Moblie Safari/537.36"
105.154.94.55 - - [19/May/2025:18:57:54 -0400] "GET /wp-includes/Requests/Exception/HTTP/ HTTP/1.1" 200 207 "www.google.com" "Mozlila/5.0 (Linux; Android 7.0; SM-G892A Bulid/NRD90M; wv) AppleWebKit/537.36 (KHTML, like Gecko) Version/4.0 Chrome/60.0.3112.107 Moblie Safari/537.36"
105.154.94.55 - - [19/May/2025:18:57:54 -0400] "GET /wp-includes/js/crop/ HTTP/1.1" 200 921 "www.google.com" "Mozlila/5.0 (Linux; Android 7.0; SM-G892A Bulid/NRD90M; wv) AppleWebKit/537.36 (KHTML, like Gecko) Version/4.0 Chrome/60.0.3112.107 Moblie Safari/537.36"
105.154.94.55 - - [19/May/2025:18:57:55 -0400] "GET /wp-includes/images/crystal/ HTTP/1.1" 200 1405 "www.google.com" "Mozlila/5.0 (Linux; Android 7.0; SM-G892A Bulid/NRD90M; wv) AppleWebKit/537.36 (KHTML, like Gecko) Version/4.0 Chrome/60.0.3112.107 Moblie Safari/537.36"
105.154.94.55 - - [19/May/2025:18:57:55 -0400] "GET /wp-includes/images/media/ HTTP/1.1" 200 1515 "www.google.com" "Mozlila/5.0 (Linux; Android 7.0; SM-G892A Bulid/NRD90M; wv) AppleWebKit/537.36 (KHTML, like Gecko) Version/4.0 Chrome/60.0.3112.107 Moblie Safari/537.36"
105.154.94.55 - - [19/May/2025:18:57:55 -0400] "GET /wp-includes/images/smilies/ HTTP/1.1" 200 1715 "www.google.com" "Mozlila/5.0 (Linux; Android 7.0; SM-G892A Bulid/NRD90M; wv) AppleWebKit/537.36 (KHTML, like Gecko) Version/4.0 Chrome/60.0.3112.107 Moblie Safari/537.36"
105.154.94.55 - - [19/May/2025:18:57:55 -0400] "GET /wp-includes/images/wlw/ HTTP/1.1" 200 207 "www.google.com" "Mozlila/5.0 (Linux; Android 7.0; SM-G892A Bulid/NRD90M; wv) AppleWebKit/537.36 (KHTML, like Gecko) Version/4.0 Chrome/60.0.3112.107 Moblie Safari/537.36"
105.154.94.55 - - [19/May/2025:18:57:56 -0400] "GET /wp-includes/rest-api/search/ HTTP/1.1" 200 924 "www.google.com" "Mozlila/5.0 (Linux; Android 7.0; SM-G892A Bulid/NRD90M; wv) AppleWebKit/537.36 (KHTML, like Gecko) Version/4.0 Chrome/60.0.3112.107 Moblie Safari/537.36"
105.154.94.55 - - [19/May/2025:18:57:56 -0400] "GET /wp-includes/rest-api/search/%3Cahref=%22/wp-includes/rest-api/search/class-wp-rest-post-format-search-handler.php%22%3E%3Cimgclass=%22icon%22src=%22/_autoindex/assets/icons/file-text.svg%22alt=%22%5BTXT%5D%22%3Eclass-wp-rest-post-format-search-handler.php HTTP/1.1" 200 205 "www.google.com" "Mozlila/5.0 (Linux; Android 7.0; SM-G892A Bulid/NRD90M; wv) AppleWebKit/537.36 (KHTML, like Gecko) Version/4.0 Chrome/60.0.3112.107 Moblie Safari/537.36"
105.154.94.55 - - [19/May/2025:18:57:57 -0400] "GET /wp-includes/rest-api/search/%3Cahref=%22/wp-includes/rest-api/search/class-wp-rest-post-search-handler.php%22%3E%3Cimgclass=%22icon%22src=%22/_autoindex/assets/icons/file-text.svg%22alt=%22%5BTXT%5D%22%3Eclass-wp-rest-post-search-handler.php HTTP/1.1" 200 207 "www.google.com" "Mozlila/5.0 (Linux; Android 7.0; SM-G892A Bulid/NRD90M; wv) AppleWebKit/537.36 (KHTML, like Gecko) Version/4.0 Chrome/60.0.3112.107 Moblie Safari/537.36"
105.154.94.55 - - [19/May/2025:18:57:58 -0400] "GET /wp-includes/rest-api/search/%3Cahref=%22/wp-includes/rest-api/search/class-wp-rest-search-handler.php%22%3E%3Cimgclass=%22icon%22src=%22/_autoindex/assets/icons/file-text.svg%22alt=%22%5BTXT%5D%22%3Eclass-wp-rest-search-handler.php HTTP/1.1" 200 206 "www.google.com" "Mozlila/5.0 (Linux; Android 7.0; SM-G892A Bulid/NRD90M; wv) AppleWebKit/537.36 (KHTML, like Gecko) Version/4.0 Chrome/60.0.3112.107 Moblie Safari/537.36"
105.154.94.55 - - [19/May/2025:18:58:01 -0400] "GET /wp-includes/rest-api/search/%3Cahref=%22/wp-includes/rest-api/search/class-wp-rest-term-search-handler.php%22%3E%3Cimgclass=%22icon%22src=%22/_autoindex/assets/icons/file-text.svg%22alt=%22%5BTXT%5D%22%3Eclass-wp-rest-term-search-handler.php HTTP/1.1" 200 206 "www.google.com" "Mozlila/5.0 (Linux; Android 7.0; SM-G892A Bulid/NRD90M; wv) AppleWebKit/537.36 (KHTML, like Gecko) Version/4.0 Chrome/60.0.3112.107 Moblie Safari/537.36"
105.154.94.55 - - [19/May/2025:18:58:02 -0400] "GET /wp-includes/Requests/Exception/ HTTP/1.1" 200 205 "www.google.com" "Mozlila/5.0 (Linux; Android 7.0; SM-G892A Bulid/NRD90M; wv) AppleWebKit/537.36 (KHTML, like Gecko) Version/4.0 Chrome/60.0.3112.107 Moblie Safari/537.36"
105.154.94.55 - - [19/May/2025:18:58:03 -0400] "GET /wp-includes/Requests/Auth/ HTTP/1.1" 200 207 "www.google.com" "Mozlila/5.0 (Linux; Android 7.0; SM-G892A Bulid/NRD90M; wv) AppleWebKit/537.36 (KHTML, like Gecko) Version/4.0 Chrome/60.0.3112.107 Moblie Safari/537.36"
105.154.94.55 - - [19/May/2025:18:58:03 -0400] "GET /wp-includes/sodium_compat/src/ HTTP/1.1" 200 1348 "www.google.com" "Mozlila/5.0 (Linux; Android 7.0; SM-G892A Bulid/NRD90M; wv) AppleWebKit/537.36 (KHTML, like Gecko) Version/4.0 Chrome/60.0.3112.107 Moblie Safari/537.36"
105.154.94.55 - - [19/May/2025:18:58:04 -0400] "GET /wp-includes/sodium_compat/src/%3Cahref=%22/wp-includes/sodium_compat/src/Compat.php%22%3E%3Cimgclass=%22icon%22src=%22/_autoindex/assets/icons/file-text.svg%22alt=%22%5BTXT%5D%22%3ECompat.php HTTP/1.1" 200 207 "www.google.com" "Mozlila/5.0 (Linux; Android 7.0; SM-G892A Bulid/NRD90M; wv) AppleWebKit/537.36 (KHTML, like Gecko) Version/4.0 Chrome/60.0.3112.107 Moblie Safari/537.36"
105.154.94.55 - - [19/May/2025:18:58:06 -0400] "GET /wp-includes/sodium_compat/src/%3Cahref=%22/wp-includes/sodium_compat/src/Crypto.php%22%3E%3Cimgclass=%22icon%22src=%22/_autoindex/assets/icons/file-text.svg%22alt=%22%5BTXT%5D%22%3ECrypto.php HTTP/1.1" 200 206 "www.google.com" "Mozlila/5.0 (Linux; Android 7.0; SM-G892A Bulid/NRD90M; wv) AppleWebKit/537.36 (KHTML, like Gecko) Version/4.0 Chrome/60.0.3112.107 Moblie Safari/537.36"
8.210.218.201 - - [19/May/2025:18:58:06 -0400] "GET /items/mfsux7/1000?key=price HTTP/1.1" 500 271 "-" "Mozilla/5.0 (Macintosh; Intel Mac OS X 10_15_7) AppleWebKit/537.36 (KHTML, like Gecko) Chrome/109.0.0.0 Safari/537.36"
105.154.94.55 - - [19/May/2025:18:58:07 -0400] "GET /wp-includes/sodium_compat/src/%3Cahref=%22/wp-includes/sodium_compat/src/Crypto32.php%22%3E%3Cimgclass=%22icon%22src=%22/_autoindex/assets/icons/file-text.svg%22alt=%22%5BTXT%5D%22%3ECrypto32.php HTTP/1.1" 200 205 "www.google.com" "Mozlila/5.0 (Linux; Android 7.0; SM-G892A Bulid/NRD90M; wv) AppleWebKit/537.36 (KHTML, like Gecko) Version/4.0 Chrome/60.0.3112.107 Moblie Safari/537.36"
105.154.94.55 - - [19/May/2025:18:58:11 -0400] "GET /wp-includes/sodium_compat/src/%3Cahref=%22/wp-includes/sodium_compat/src/File.php%22%3E%3Cimgclass=%22icon%22src=%22/_autoindex/assets/icons/file-text.svg%22alt=%22%5BTXT%5D%22%3EFile.php HTTP/1.1" 200 206 "www.google.com" "Mozlila/5.0 (Linux; Android 7.0; SM-G892A Bulid/NRD90M; wv) AppleWebKit/537.36 (KHTML, like Gecko) Version/4.0 Chrome/60.0.3112.107 Moblie Safari/537.36"
105.154.94.55 - - [19/May/2025:18:58:12 -0400] "GET /wp-includes/sodium_compat/src/%3Cahref=%22/wp-includes/sodium_compat/src/SodiumException.php%22%3E%3Cimgclass=%22icon%22src=%22/_autoindex/assets/icons/file-text.svg%22alt=%22%5BTXT%5D%22%3ESodiumException.php HTTP/1.1" 200 206 "www.google.com" "Mozlila/5.0 (Linux; Android 7.0; SM-G892A Bulid/NRD90M; wv) AppleWebKit/537.36 (KHTML, like Gecko) Version/4.0 Chrome/60.0.3112.107 Moblie Safari/537.36"
198.204.226.18 - - [19/May/2025:18:58:19 -0400] "GET /wp-content/install.php HTTP/1.1" 200 10 "http://jenniferflo.com/wp-content/install.php" "Mozilla/5.0 (Windows NT 10.0; Win64; x64) AppleWebKit/537.36 (KHTML, like Gecko) Chrome/58.0.3029.110 Safari/537.3"
198.204.226.18 - - [19/May/2025:18:58:16 -0400] "GET /wp-content/install.php HTTP/1.1" 200 0 "http://jenniferflo.com/wp-content/install.php" "Mozilla/5.0 (Windows NT 10.0; Win64; x64) AppleWebKit/537.36 (KHTML, like Gecko) Chrome/58.0.3029.110 Safari/537.3"
105.154.94.55 - - [19/May/2025:18:58:33 -0400] "GET /wp-includes/sitemaps/providers/ HTTP/1.1" 200 872 "www.google.com" "Mozlila/5.0 (Linux; Android 7.0; SM-G892A Bulid/NRD90M; wv) AppleWebKit/537.36 (KHTML, like Gecko) Version/4.0 Chrome/60.0.3112.107 Moblie Safari/537.36"
105.154.94.55 - - [19/May/2025:18:58:40 -0400] "GET /wp-includes/sitemaps/providers/%3Cahref=%22/wp-includes/sitemaps/providers/class-wp-sitemaps-posts.php%22%3E%3Cimgclass=%22icon%22src=%22/_autoindex/assets/icons/file-text.svg%22alt=%22%5BTXT%5D%22%3Eclass-wp-sitemaps-posts.php HTTP/1.1" 200 205 "www.google.com" "Mozlila/5.0 (Linux; Android 7.0; SM-G892A Bulid/NRD90M; wv) AppleWebKit/537.36 (KHTML, like Gecko) Version/4.0 Chrome/60.0.3112.107 Moblie Safari/537.36"
