198.204.226.18 - - [15/May/2025:01:32:27 -0400] "GET /wp-content/install.php HTTP/1.1" 200 10 "http://jenniferflo.com/wp-content/install.php" "Mozilla/5.0 (Windows NT 10.0; Win64; x64) AppleWebKit/537.36 (KHTML, like Gecko) Chrome/58.0.3029.110 Safari/537.3"
198.204.226.18 - - [15/May/2025:01:32:24 -0400] "GET /wp-content/install.php HTTP/1.1" 200 0 "http://jenniferflo.com/wp-content/install.php" "Mozilla/5.0 (Windows NT 10.0; Win64; x64) AppleWebKit/537.36 (KHTML, like Gecko) Chrome/58.0.3029.110 Safari/537.3"
8.210.146.98 - - [15/May/2025:01:32:40 -0400] "GET /boy/y23?pid=337 HTTP/1.1" 500 271 "-" "Mozilla/5.0 (Macintosh; Intel Mac OS X 10_15_7) AppleWebKit/537.36 (KHTML, like Gecko) Chrome/109.0.0.0 Safari/537.36"
198.204.226.18 - - [15/May/2025:01:33:35 -0400] "GET /wp-content/install.php HTTP/1.1" 200 10 "http://jenniferflo.com/wp-content/install.php" "Mozilla/5.0 (Windows NT 10.0; Win64; x64) AppleWebKit/537.36 (KHTML, like Gecko) Chrome/58.0.3029.110 Safari/537.3"
198.204.226.18 - - [15/May/2025:01:34:09 -0400] "GET /wp-content/install.php HTTP/1.1" 200 10 "http://jenniferflo.com/wp-content/install.php" "Mozilla/5.0 (Windows NT 10.0; Win64; x64) AppleWebKit/537.36 (KHTML, like Gecko) Chrome/58.0.3029.110 Safari/537.3"
198.204.226.18 - - [15/May/2025:01:34:05 -0400] "GET /wp-content/install.php HTTP/1.1" 200 0 "http://jenniferflo.com/wp-content/install.php" "Mozilla/5.0 (Windows NT 10.0; Win64; x64) AppleWebKit/537.36 (KHTML, like Gecko) Chrome/58.0.3029.110 Safari/537.3"
45.135.232.10 - - [15/May/2025:01:34:20 -0400] "GET /wp-login.php?wp_lang=en_US HTTP/1.1" 500 271 "http://jenniferflo.com/wp-login.php" "Mozilla/5.0 (Windows NT 10.0; Win64; x64) AppleWebKit/537.36 (KHTML, like Gecko) Chrome/135.0.0.0 Safari/537.36"
198.204.226.18 - - [15/May/2025:01:34:50 -0400] "GET /wp-content/install.php HTTP/1.1" 200 10 "http://jenniferflo.com/wp-content/install.php" "Mozilla/5.0 (Windows NT 10.0; Win64; x64) AppleWebKit/537.36 (KHTML, like Gecko) Chrome/58.0.3029.110 Safari/537.3"
8.210.8.206 - - [15/May/2025:01:35:04 -0400] "GET /attract/j188?pid=21250 HTTP/1.1" 500 271 "-" "Mozilla/5.0 (Macintosh; Intel Mac OS X 10_15_7) AppleWebKit/537.36 (KHTML, like Gecko) Chrome/109.0.0.0 Safari/537.36"
8.210.108.0 - - [15/May/2025:01:35:09 -0400] "GET /items/ianbn78/29205?key=reveal HTTP/1.1" 500 271 "-" "Mozilla/5.0 (Macintosh; Intel Mac OS X 10_15_7) AppleWebKit/537.36 (KHTML, like Gecko) Chrome/109.0.0.0 Safari/537.36"
198.204.226.18 - - [15/May/2025:01:35:23 -0400] "GET /wp-content/install.php HTTP/1.1" 200 10 "http://jenniferflo.com/wp-content/install.php" "Mozilla/5.0 (Windows NT 10.0; Win64; x64) AppleWebKit/537.36 (KHTML, like Gecko) Chrome/58.0.3029.110 Safari/537.3"
47.238.13.16 - - [15/May/2025:01:35:27 -0400] "GET /sitemap-subkey-2888.xml HTTP/1.1" 200 101594 "-" "Mozilla/5.0 (Macintosh; Intel Mac OS X 10_15_7) AppleWebKit/537.36 (KHTML, like Gecko) Chrome/109.0.0.0 Safari/537.36"
47.238.13.12 - - [15/May/2025:01:35:29 -0400] "GET /items/spbmq100/20147?key=formula HTTP/1.1" 500 271 "-" "Mozilla/5.0 (Macintosh; Intel Mac OS X 10_15_7) AppleWebKit/537.36 (KHTML, like Gecko) Chrome/109.0.0.0 Safari/537.36"
47.238.13.18 - - [15/May/2025:01:35:49 -0400] "GET /items/sctkg220/22261?key=candy HTTP/1.1" 500 271 "-" "Mozilla/5.0 (Macintosh; Intel Mac OS X 10_15_7) AppleWebKit/537.36 (KHTML, like Gecko) Chrome/109.0.0.0 Safari/537.36"
212.11.64.144 - - [15/May/2025:01:36:02 -0400] "GET //wp-admin/sx.php HTTP/1.1" 500 271 "http://jenniferflo.com/" "Mozilla/5.0 (Windows NT 10.0; Win64; x64) AppleWebKit/537.36 (KHTML, like Gecko) Chrome/121.0.0.0 Safari/537.36"
198.204.226.18 - - [15/May/2025:01:36:41 -0400] "GET /wp-content/install.php HTTP/1.1" 200 10 "http://jenniferflo.com/wp-content/install.php" "Mozilla/5.0 (Windows NT 10.0; Win64; x64) AppleWebKit/537.36 (KHTML, like Gecko) Chrome/58.0.3029.110 Safari/537.3"
47.238.13.12 - - [15/May/2025:01:36:42 -0400] "GET /rapidly/m62?pid=534 HTTP/1.1" 500 271 "-" "Mozilla/5.0 (Macintosh; Intel Mac OS X 10_15_7) AppleWebKit/537.36 (KHTML, like Gecko) Chrome/109.0.0.0 Safari/537.36"
198.204.226.18 - - [15/May/2025:01:37:26 -0400] "GET /wp-content/install.php HTTP/1.1" 200 10 "http://jenniferflo.com/wp-content/install.php" "Mozilla/5.0 (Windows NT 10.0; Win64; x64) AppleWebKit/537.36 (KHTML, like Gecko) Chrome/58.0.3029.110 Safari/537.3"
47.238.13.12 - - [15/May/2025:01:37:32 -0400] "GET /items/tezpv164/23679?key=judgment HTTP/1.1" 500 271 "-" "Mozilla/5.0 (Macintosh; Intel Mac OS X 10_15_7) AppleWebKit/537.36 (KHTML, like Gecko) Chrome/109.0.0.0 Safari/537.36"
8.210.15.252 - - [15/May/2025:01:38:04 -0400] "GET /deposit/n21?pid=231 HTTP/1.1" 500 271 "-" "Mozilla/5.0 (Macintosh; Intel Mac OS X 10_15_7) AppleWebKit/537.36 (KHTML, like Gecko) Chrome/109.0.0.0 Safari/537.36"
198.204.226.18 - - [15/May/2025:01:39:49 -0400] "GET /wp-content/install.php HTTP/1.1" 200 10 "http://jenniferflo.com/wp-content/install.php" "Mozilla/5.0 (Windows NT 10.0; Win64; x64) AppleWebKit/537.36 (KHTML, like Gecko) Chrome/58.0.3029.110 Safari/537.3"
212.11.64.144 - - [15/May/2025:01:39:51 -0400] "GET //wp-content/plugins/dummyyummy/sx.php HTTP/1.1" 500 271 "http://jenniferflo.com/" "Mozilla/5.0 (Windows NT 10.0; Win64; x64) AppleWebKit/537.36 (KHTML, like Gecko) Chrome/121.0.0.0 Safari/537.36"
198.204.226.18 - - [15/May/2025:01:39:45 -0400] "GET /wp-content/install.php HTTP/1.1" 200 0 "http://jenniferflo.com/wp-content/install.php" "Mozilla/5.0 (Windows NT 10.0; Win64; x64) AppleWebKit/537.36 (KHTML, like Gecko) Chrome/58.0.3029.110 Safari/537.3"
198.204.226.18 - - [15/May/2025:01:40:15 -0400] "GET /wp-content/install.php HTTP/1.1" 200 10 "http://jenniferflo.com/wp-content/install.php" "Mozilla/5.0 (Windows NT 10.0; Win64; x64) AppleWebKit/537.36 (KHTML, like Gecko) Chrome/58.0.3029.110 Safari/537.3"
47.238.13.13 - - [15/May/2025:01:40:23 -0400] "GET /departure/m237?pid=18219 HTTP/1.1" 500 271 "-" "Mozilla/5.0 (Macintosh; Intel Mac OS X 10_15_7) AppleWebKit/537.36 (KHTML, like Gecko) Chrome/109.0.0.0 Safari/537.36"
198.204.226.18 - - [15/May/2025:01:41:29 -0400] "GET /wp-content/install.php HTTP/1.1" 200 10 "http://jenniferflo.com/wp-content/install.php" "Mozilla/5.0 (Windows NT 10.0; Win64; x64) AppleWebKit/537.36 (KHTML, like Gecko) Chrome/58.0.3029.110 Safari/537.3"
198.204.226.18 - - [15/May/2025:01:41:26 -0400] "GET /wp-content/install.php HTTP/1.1" 200 0 "http://jenniferflo.com/wp-content/install.php" "Mozilla/5.0 (Windows NT 10.0; Win64; x64) AppleWebKit/537.36 (KHTML, like Gecko) Chrome/58.0.3029.110 Safari/537.3"
198.204.226.18 - - [15/May/2025:01:42:04 -0400] "GET /wp-content/install.php HTTP/1.1" 200 10 "http://jenniferflo.com/wp-content/install.php" "Mozilla/5.0 (Windows NT 10.0; Win64; x64) AppleWebKit/537.36 (KHTML, like Gecko) Chrome/58.0.3029.110 Safari/537.3"
180.248.27.241 - - [15/May/2025:01:42:31 -0400] "GET /.env HTTP/1.1" 500 271 "-" "Mozilla/5.0 (X11; Linux x86_64) AppleWebKit/537.36 (KHTML, like Gecko) Chrome/81.0.4044.129 Safari/537.36"
180.248.27.241 - - [15/May/2025:01:42:50 -0400] "POST / HTTP/1.1" 500 270 "-" "Mozilla/5.0 (X11; Linux x86_64) AppleWebKit/537.36 (KHTML, like Gecko) Chrome/81.0.4044.129 Safari/537.36"
198.204.226.18 - - [15/May/2025:01:43:09 -0400] "GET /wp-content/install.php HTTP/1.1" 200 10 "http://jenniferflo.com/wp-content/install.php" "Mozilla/5.0 (Windows NT 10.0; Win64; x64) AppleWebKit/537.36 (KHTML, like Gecko) Chrome/58.0.3029.110 Safari/537.3"
198.204.226.18 - - [15/May/2025:01:43:06 -0400] "GET /wp-content/install.php HTTP/1.1" 200 0 "http://jenniferflo.com/wp-content/install.php" "Mozilla/5.0 (Windows NT 10.0; Win64; x64) AppleWebKit/537.36 (KHTML, like Gecko) Chrome/58.0.3029.110 Safari/537.3"
212.11.64.144 - - [15/May/2025:01:43:41 -0400] "GET //wp-content/plugins/ubh/sx.php HTTP/1.1" 500 271 "http://jenniferflo.com/" "Mozilla/5.0 (Windows NT 10.0; Win64; x64) AppleWebKit/537.36 (KHTML, like Gecko) Chrome/121.0.0.0 Safari/537.36"
198.204.226.18 - - [15/May/2025:01:44:05 -0400] "GET /wp-content/install.php HTTP/1.1" 200 10 "http://jenniferflo.com/wp-content/install.php" "Mozilla/5.0 (Windows NT 10.0; Win64; x64) AppleWebKit/537.36 (KHTML, like Gecko) Chrome/58.0.3029.110 Safari/537.3"
124.236.100.56 - - [15/May/2025:01:44:15 -0400] "GET / HTTP/1.1" 500 271 "-" "Mozilla/5.0 (X11; CrOS x86_64 13982.82.0) AppleWebKit/537.36 (KHTML, like Gecko) Chrome/92.0.4515.157 Safari/537.36"
8.210.146.98 - - [15/May/2025:01:44:20 -0400] "GET /items/ecdhs75/668?key=constant HTTP/1.1" 500 271 "-" "Mozilla/5.0 (Macintosh; Intel Mac OS X 10_15_7) AppleWebKit/537.36 (KHTML, like Gecko) Chrome/109.0.0.0 Safari/537.36"
198.204.226.18 - - [15/May/2025:01:45:16 -0400] "GET /wp-content/install.php HTTP/1.1" 200 10 "http://jenniferflo.com/wp-content/install.php" "Mozilla/5.0 (Windows NT 10.0; Win64; x64) AppleWebKit/537.36 (KHTML, like Gecko) Chrome/58.0.3029.110 Safari/537.3"
198.204.226.18 - - [15/May/2025:01:45:12 -0400] "GET /wp-content/install.php HTTP/1.1" 200 0 "http://jenniferflo.com/wp-content/install.php" "Mozilla/5.0 (Windows NT 10.0; Win64; x64) AppleWebKit/537.36 (KHTML, like Gecko) Chrome/58.0.3029.110 Safari/537.3"
198.204.226.18 - - [15/May/2025:01:45:31 -0400] "GET /wp-content/install.php HTTP/1.1" 200 10 "http://jenniferflo.com/wp-content/install.php" "Mozilla/5.0 (Windows NT 10.0; Win64; x64) AppleWebKit/537.36 (KHTML, like Gecko) Chrome/58.0.3029.110 Safari/537.3"
198.204.226.18 - - [15/May/2025:01:45:28 -0400] "GET /wp-content/install.php HTTP/1.1" 200 0 "http://jenniferflo.com/wp-content/install.php" "Mozilla/5.0 (Windows NT 10.0; Win64; x64) AppleWebKit/537.36 (KHTML, like Gecko) Chrome/58.0.3029.110 Safari/537.3"
212.11.64.144 - - [15/May/2025:01:47:31 -0400] "GET //wp/wp-admin/includes/sx.php HTTP/1.1" 500 271 "http://jenniferflo.com/" "Mozilla/5.0 (Windows NT 10.0; Win64; x64) AppleWebKit/537.36 (KHTML, like Gecko) Chrome/121.0.0.0 Safari/537.36"
47.238.13.3 - - [15/May/2025:01:48:31 -0400] "GET /wait/d21?pid=16227 HTTP/1.1" 500 271 "-" "Mozilla/5.0 (Macintosh; Intel Mac OS X 10_15_7) AppleWebKit/537.36 (KHTML, like Gecko) Chrome/109.0.0.0 Safari/537.36"
198.204.226.18 - - [15/May/2025:01:48:35 -0400] "GET /wp-content/install.php HTTP/1.1" 200 10 "http://jenniferflo.com/wp-content/install.php" "Mozilla/5.0 (Windows NT 10.0; Win64; x64) AppleWebKit/537.36 (KHTML, like Gecko) Chrome/58.0.3029.110 Safari/537.3"
198.204.226.18 - - [15/May/2025:01:48:32 -0400] "GET /wp-content/install.php HTTP/1.1" 200 0 "http://jenniferflo.com/wp-content/install.php" "Mozilla/5.0 (Windows NT 10.0; Win64; x64) AppleWebKit/537.36 (KHTML, like Gecko) Chrome/58.0.3029.110 Safari/537.3"
198.204.226.18 - - [15/May/2025:01:48:45 -0400] "GET /wp-content/install.php HTTP/1.1" 200 10 "http://jenniferflo.com/wp-content/install.php" "Mozilla/5.0 (Windows NT 10.0; Win64; x64) AppleWebKit/537.36 (KHTML, like Gecko) Chrome/58.0.3029.110 Safari/537.3"
198.204.226.18 - - [15/May/2025:01:49:03 -0400] "GET /wp-content/install.php HTTP/1.1" 200 10 "http://jenniferflo.com/wp-content/install.php" "Mozilla/5.0 (Windows NT 10.0; Win64; x64) AppleWebKit/537.36 (KHTML, like Gecko) Chrome/58.0.3029.110 Safari/537.3"
198.204.226.18 - - [15/May/2025:01:50:19 -0400] "GET /wp-content/install.php HTTP/1.1" 200 10 "http://jenniferflo.com/wp-content/install.php" "Mozilla/5.0 (Windows NT 10.0; Win64; x64) AppleWebKit/537.36 (KHTML, like Gecko) Chrome/58.0.3029.110 Safari/537.3"
198.204.226.18 - - [15/May/2025:01:50:15 -0400] "GET /wp-content/install.php HTTP/1.1" 200 0 "http://jenniferflo.com/wp-content/install.php" "Mozilla/5.0 (Windows NT 10.0; Win64; x64) AppleWebKit/537.36 (KHTML, like Gecko) Chrome/58.0.3029.110 Safari/537.3"
47.238.14.0 - - [15/May/2025:01:51:04 -0400] "GET /category/2752/1/listing HTTP/1.1" 500 271 "-" "Mozilla/5.0 (Macintosh; Intel Mac OS X 10_15_7) AppleWebKit/537.36 (KHTML, like Gecko) Chrome/109.0.0.0 Safari/537.36"
212.11.64.144 - - [15/May/2025:01:51:19 -0400] "GET //wp-admin/includes/sx.php HTTP/1.1" 500 271 "http://jenniferflo.com/" "Mozilla/5.0 (Windows NT 10.0; Win64; x64) AppleWebKit/537.36 (KHTML, like Gecko) Chrome/121.0.0.0 Safari/537.36"
198.204.226.18 - - [15/May/2025:01:51:19 -0400] "GET /wp-content/install.php HTTP/1.1" 200 10 "http://jenniferflo.com/wp-content/install.php" "Mozilla/5.0 (Windows NT 10.0; Win64; x64) AppleWebKit/537.36 (KHTML, like Gecko) Chrome/58.0.3029.110 Safari/537.3"
198.204.226.18 - - [15/May/2025:01:51:14 -0400] "GET /wp-content/install.php HTTP/1.1" 200 0 "http://jenniferflo.com/wp-content/install.php" "Mozilla/5.0 (Windows NT 10.0; Win64; x64) AppleWebKit/537.36 (KHTML, like Gecko) Chrome/58.0.3029.110 Safari/537.3"
198.204.226.18 - - [15/May/2025:01:51:32 -0400] "GET /wp-content/install.php HTTP/1.1" 200 10 "http://jenniferflo.com/wp-content/install.php" "Mozilla/5.0 (Windows NT 10.0; Win64; x64) AppleWebKit/537.36 (KHTML, like Gecko) Chrome/58.0.3029.110 Safari/537.3"
47.238.13.17 - - [15/May/2025:01:52:08 -0400] "GET /coverage/h98?pid=4716 HTTP/1.1" 500 271 "-" "Mozilla/5.0 (Macintosh; Intel Mac OS X 10_15_7) AppleWebKit/537.36 (KHTML, like Gecko) Chrome/109.0.0.0 Safari/537.36"
47.238.13.3 - - [15/May/2025:01:52:18 -0400] "GET /golf/a44?pid=354 HTTP/1.1" 500 271 "-" "Mozilla/5.0 (Macintosh; Intel Mac OS X 10_15_7) AppleWebKit/537.36 (KHTML, like Gecko) Chrome/109.0.0.0 Safari/537.36"
180.248.27.241 - - [15/May/2025:01:52:37 -0400] "GET /wp-includes/widgets/ HTTP/1.1" 200 42924 "-" "-"
180.248.27.241 - - [15/May/2025:01:52:38 -0400] "POST /wp-includes/widgets/ HTTP/1.1" 200 42924 "-" "-"
8.210.10.143 - - [15/May/2025:01:52:38 -0400] "GET /items/txzoh195/2176?key=fur HTTP/1.1" 500 271 "-" "Mozilla/5.0 (Macintosh; Intel Mac OS X 10_15_7) AppleWebKit/537.36 (KHTML, like Gecko) Chrome/109.0.0.0 Safari/537.36"
198.204.226.18 - - [15/May/2025:01:53:08 -0400] "GET /wp-content/install.php HTTP/1.1" 200 10 "http://jenniferflo.com/wp-content/install.php" "Mozilla/5.0 (Windows NT 10.0; Win64; x64) AppleWebKit/537.36 (KHTML, like Gecko) Chrome/58.0.3029.110 Safari/537.3"
198.204.226.18 - - [15/May/2025:01:53:05 -0400] "GET /wp-content/install.php HTTP/1.1" 200 0 "http://jenniferflo.com/wp-content/install.php" "Mozilla/5.0 (Windows NT 10.0; Win64; x64) AppleWebKit/537.36 (KHTML, like Gecko) Chrome/58.0.3029.110 Safari/537.3"
198.204.226.18 - - [15/May/2025:01:53:26 -0400] "GET /wp-content/install.php HTTP/1.1" 200 10 "http://jenniferflo.com/wp-content/install.php" "Mozilla/5.0 (Windows NT 10.0; Win64; x64) AppleWebKit/537.36 (KHTML, like Gecko) Chrome/58.0.3029.110 Safari/537.3"
47.238.13.15 - - [15/May/2025:01:53:40 -0400] "GET /items/tnrcd262/29013?key=similar HTTP/1.1" 500 271 "-" "Mozilla/5.0 (Macintosh; Intel Mac OS X 10_15_7) AppleWebKit/537.36 (KHTML, like Gecko) Chrome/109.0.0.0 Safari/537.36"
198.204.226.18 - - [15/May/2025:01:53:42 -0400] "GET /wp-content/install.php HTTP/1.1" 200 10 "http://jenniferflo.com/wp-content/install.php" "Mozilla/5.0 (Windows NT 10.0; Win64; x64) AppleWebKit/537.36 (KHTML, like Gecko) Chrome/58.0.3029.110 Safari/537.3"
198.204.226.18 - - [15/May/2025:01:54:27 -0400] "GET /wp-content/install.php HTTP/1.1" 200 10 "http://jenniferflo.com/wp-content/install.php" "Mozilla/5.0 (Windows NT 10.0; Win64; x64) AppleWebKit/537.36 (KHTML, like Gecko) Chrome/58.0.3029.110 Safari/537.3"
196.251.83.213 - - [15/May/2025:01:54:29 -0400] "GET / HTTP/1.1" 500 360 "-" "Mozlila/5.0 (Linux; Android 7.0; SM-G892A Bulid/NRD90M; wv) AppleWebKit/537.36 (KHTML, like Gecko) Version/4.0 Chrome/60.0.3112.107 Moblie Safari/537.36"
196.251.83.213 - - [15/May/2025:01:54:29 -0400] "GET /wp-content/themes/seotheme/db.php?u HTTP/1.1" 200 301 "www.google.com" "Mozlila/5.0 (Linux; Android 7.0; SM-G892A Bulid/NRD90M; wv) AppleWebKit/537.36 (KHTML, like Gecko) Version/4.0 Chrome/60.0.3112.107 Moblie Safari/537.36"
196.251.83.213 - - [15/May/2025:01:54:29 -0400] "POST /wp-plain.php HTTP/1.1" 200 301 "www.google.com" "Mozilla/5.0 (Linux; Android 7.0; SM-G892A Bulid/NRD90M; wv) AppleWebKit/537.36 (KHTML, like Gecko) Version/4.0 Chrome/60.0.3112.107 Moblie Safari/537.36"
196.251.83.213 - - [15/May/2025:01:54:29 -0400] "POST /ALFA_DATA/alfacgiapi/perl.alfa HTTP/1.1" 200 303 "www.google.com" "Mozlila/5.0 (Linux; Android 7.0; SM-G892A Bulid/NRD90M; wv) AppleWebKit/537.36 (KHTML, like Gecko) Version/4.0 Chrome/60.0.3112.107 Moblie Safari/537.36"
196.251.83.213 - - [15/May/2025:01:54:30 -0400] "GET /rycfgyum.php?Fox=d3wL7 HTTP/1.1" 200 303 "www.google.com" "Mozilla/5.0 (Linux; Android 7.0; SM-G892A Bulid/NRD90M; wv) AppleWebKit/537.36 (KHTML, like Gecko) Version/4.0 Chrome/60.0.3112.107 Moblie Safari/537.36"
196.251.83.213 - - [15/May/2025:01:54:30 -0400] "POST /alfacgiapi/perl.alfa HTTP/1.1" 200 301 "www.google.com" "Mozlila/5.0 (Linux; Android 7.0; SM-G892A Bulid/NRD90M; wv) AppleWebKit/537.36 (KHTML, like Gecko) Version/4.0 Chrome/60.0.3112.107 Moblie Safari/537.36"
198.204.226.18 - - [15/May/2025:01:54:49 -0400] "GET /wp-content/install.php HTTP/1.1" 200 0 "http://jenniferflo.com/wp-content/install.php" "Mozilla/5.0 (Windows NT 10.0; Win64; x64) AppleWebKit/537.36 (KHTML, like Gecko) Chrome/58.0.3029.110 Safari/537.3"
212.11.64.144 - - [15/May/2025:01:55:09 -0400] "GET //js/sx.php HTTP/1.1" 500 21 "http://jenniferflo.com/" "Mozilla/5.0 (Windows NT 10.0; Win64; x64) AppleWebKit/537.36 (KHTML, like Gecko) Chrome/121.0.0.0 Safari/537.36"
47.238.13.10 - - [15/May/2025:01:56:08 -0400] "GET /angle/g78?pid=13886 HTTP/1.1" 500 21 "-" "Mozilla/5.0 (Macintosh; Intel Mac OS X 10_15_7) AppleWebKit/537.36 (KHTML, like Gecko) Chrome/109.0.0.0 Safari/537.36"
198.204.226.18 - - [15/May/2025:01:56:30 -0400] "GET /wp-content/install.php HTTP/1.1" 200 10 "http://jenniferflo.com/wp-content/install.php" "Mozilla/5.0 (Windows NT 10.0; Win64; x64) AppleWebKit/537.36 (KHTML, like Gecko) Chrome/58.0.3029.110 Safari/537.3"
198.204.226.18 - - [15/May/2025:01:56:28 -0400] "GET /wp-content/install.php HTTP/1.1" 200 0 "http://jenniferflo.com/wp-content/install.php" "Mozilla/5.0 (Windows NT 10.0; Win64; x64) AppleWebKit/537.36 (KHTML, like Gecko) Chrome/58.0.3029.110 Safari/537.3"
198.204.226.18 - - [15/May/2025:01:57:25 -0400] "GET /wp-content/install.php HTTP/1.1" 200 10 "http://jenniferflo.com/wp-content/install.php" "Mozilla/5.0 (Windows NT 10.0; Win64; x64) AppleWebKit/537.36 (KHTML, like Gecko) Chrome/58.0.3029.110 Safari/537.3"
208.110.64.178 - - [15/May/2025:01:57:50 -0400] "GET /wp-includes/install.php HTTP/1.1" 200 10 "http://jenniferflo.com/wp-includes/install.php" "Mozilla/5.0 (Windows NT 10.0; Win64; x64) AppleWebKit/537.36 (KHTML, like Gecko) Chrome/58.0.3029.110 Safari/537.3"
198.204.226.18 - - [15/May/2025:01:58:09 -0400] "GET /wp-content/install.php HTTP/1.1" 200 10 "http://jenniferflo.com/wp-content/install.php" "Mozilla/5.0 (Windows NT 10.0; Win64; x64) AppleWebKit/537.36 (KHTML, like Gecko) Chrome/58.0.3029.110 Safari/537.3"
198.204.226.18 - - [15/May/2025:01:58:04 -0400] "GET /wp-content/install.php HTTP/1.1" 200 0 "http://jenniferflo.com/wp-content/install.php" "Mozilla/5.0 (Windows NT 10.0; Win64; x64) AppleWebKit/537.36 (KHTML, like Gecko) Chrome/58.0.3029.110 Safari/537.3"
198.204.226.18 - - [15/May/2025:01:58:27 -0400] "GET /wp-content/install.php HTTP/1.1" 200 10 "http://jenniferflo.com/wp-content/install.php" "Mozilla/5.0 (Windows NT 10.0; Win64; x64) AppleWebKit/537.36 (KHTML, like Gecko) Chrome/58.0.3029.110 Safari/537.3"
212.11.64.144 - - [15/May/2025:01:58:57 -0400] "GET //wp-admin/js/sx.php HTTP/1.1" 500 21 "http://jenniferflo.com/" "Mozilla/5.0 (Windows NT 10.0; Win64; x64) AppleWebKit/537.36 (KHTML, like Gecko) Chrome/121.0.0.0 Safari/537.36"
198.204.226.18 - - [15/May/2025:01:59:19 -0400] "GET /wp-content/install.php HTTP/1.1" 200 10 "http://jenniferflo.com/wp-content/install.php" "Mozilla/5.0 (Windows NT 10.0; Win64; x64) AppleWebKit/537.36 (KHTML, like Gecko) Chrome/58.0.3029.110 Safari/537.3"
198.204.226.18 - - [15/May/2025:01:59:43 -0400] "GET /wp-content/install.php HTTP/1.1" 200 10 "http://jenniferflo.com/wp-content/install.php" "Mozilla/5.0 (Windows NT 10.0; Win64; x64) AppleWebKit/537.36 (KHTML, like Gecko) Chrome/58.0.3029.110 Safari/537.3"
198.204.226.18 - - [15/May/2025:01:59:40 -0400] "GET /wp-content/install.php HTTP/1.1" 200 0 "http://jenniferflo.com/wp-content/install.php" "Mozilla/5.0 (Windows NT 10.0; Win64; x64) AppleWebKit/537.36 (KHTML, like Gecko) Chrome/58.0.3029.110 Safari/537.3"
198.204.226.18 - - [15/May/2025:02:00:26 -0400] "GET /wp-content/install.php HTTP/1.1" 200 10 "http://jenniferflo.com/wp-content/install.php" "Mozilla/5.0 (Windows NT 10.0; Win64; x64) AppleWebKit/537.36 (KHTML, like Gecko) Chrome/58.0.3029.110 Safari/537.3"
198.204.226.18 - - [15/May/2025:02:01:16 -0400] "GET /wp-content/install.php HTTP/1.1" 200 10 "http://jenniferflo.com/wp-content/install.php" "Mozilla/5.0 (Windows NT 10.0; Win64; x64) AppleWebKit/537.36 (KHTML, like Gecko) Chrome/58.0.3029.110 Safari/537.3"
8.210.230.104 - - [15/May/2025:02:01:40 -0400] "GET /sitemap-subkey-1977.xml HTTP/1.1" 200 100720 "-" "Mozilla/5.0 (Macintosh; Intel Mac OS X 10_15_7) AppleWebKit/537.36 (KHTML, like Gecko) Chrome/109.0.0.0 Safari/537.36"
198.204.226.18 - - [15/May/2025:02:02:34 -0400] "GET /wp-content/install.php HTTP/1.1" 200 10 "http://jenniferflo.com/wp-content/install.php" "Mozilla/5.0 (Windows NT 10.0; Win64; x64) AppleWebKit/537.36 (KHTML, like Gecko) Chrome/58.0.3029.110 Safari/537.3"
212.11.64.144 - - [15/May/2025:02:02:45 -0400] "GET //wp-includes/SimplePie/sx.php HTTP/1.1" 500 271 "http://jenniferflo.com/" "Mozilla/5.0 (Windows NT 10.0; Win64; x64) AppleWebKit/537.36 (KHTML, like Gecko) Chrome/121.0.0.0 Safari/537.36"
198.204.226.18 - - [15/May/2025:02:03:08 -0400] "GET /wp-content/install.php HTTP/1.1" 200 10 "http://jenniferflo.com/wp-content/install.php" "Mozilla/5.0 (Windows NT 10.0; Win64; x64) AppleWebKit/537.36 (KHTML, like Gecko) Chrome/58.0.3029.110 Safari/537.3"
198.204.226.18 - - [15/May/2025:02:03:05 -0400] "GET /wp-content/install.php HTTP/1.1" 200 0 "http://jenniferflo.com/wp-content/install.php" "Mozilla/5.0 (Windows NT 10.0; Win64; x64) AppleWebKit/537.36 (KHTML, like Gecko) Chrome/58.0.3029.110 Safari/537.3"
47.238.13.13 - - [15/May/2025:02:03:57 -0400] "GET /items/umabh2/3781?key=wealthy HTTP/1.1" 500 271 "-" "Mozilla/5.0 (Macintosh; Intel Mac OS X 10_15_7) AppleWebKit/537.36 (KHTML, like Gecko) Chrome/109.0.0.0 Safari/537.36"
47.238.13.14 - - [15/May/2025:02:04:03 -0400] "GET /189546956 HTTP/1.1" 500 271 "-" "Mozilla/5.0 (Macintosh; Intel Mac OS X 10_15_7) AppleWebKit/537.36 (KHTML, like Gecko) Chrome/109.0.0.0 Safari/537.36"
198.204.226.18 - - [15/May/2025:02:04:05 -0400] "GET /wp-content/install.php HTTP/1.1" 200 10 "http://jenniferflo.com/wp-content/install.php" "Mozilla/5.0 (Windows NT 10.0; Win64; x64) AppleWebKit/537.36 (KHTML, like Gecko) Chrome/58.0.3029.110 Safari/537.3"
47.238.14.12 - - [15/May/2025:02:04:30 -0400] "GET /items/namqr76/203?key=economic HTTP/1.1" 500 271 "-" "Mozilla/5.0 (Macintosh; Intel Mac OS X 10_15_7) AppleWebKit/537.36 (KHTML, like Gecko) Chrome/109.0.0.0 Safari/537.36"
198.204.226.18 - - [15/May/2025:02:04:55 -0400] "GET /wp-content/install.php HTTP/1.1" 200 10 "http://jenniferflo.com/wp-content/install.php" "Mozilla/5.0 (Windows NT 10.0; Win64; x64) AppleWebKit/537.36 (KHTML, like Gecko) Chrome/58.0.3029.110 Safari/537.3"
198.204.226.18 - - [15/May/2025:02:04:52 -0400] "GET /wp-content/install.php HTTP/1.1" 200 0 "http://jenniferflo.com/wp-content/install.php" "Mozilla/5.0 (Windows NT 10.0; Win64; x64) AppleWebKit/537.36 (KHTML, like Gecko) Chrome/58.0.3029.110 Safari/537.3"
198.204.226.18 - - [15/May/2025:02:05:16 -0400] "GET /wp-content/install.php HTTP/1.1" 200 10 "http://jenniferflo.com/wp-content/install.php" "Mozilla/5.0 (Windows NT 10.0; Win64; x64) AppleWebKit/537.36 (KHTML, like Gecko) Chrome/58.0.3029.110 Safari/537.3"
47.238.14.0 - - [15/May/2025:02:05:19 -0400] "GET /sitemap-subkey-583.xml HTTP/1.1" 200 99050 "-" "Mozilla/5.0 (Macintosh; Intel Mac OS X 10_15_7) AppleWebKit/537.36 (KHTML, like Gecko) Chrome/109.0.0.0 Safari/537.36"
198.204.226.18 - - [15/May/2025:02:05:22 -0400] "GET /wp-content/install.php HTTP/1.1" 200 10 "http://jenniferflo.com/wp-content/install.php" "Mozilla/5.0 (Windows NT 10.0; Win64; x64) AppleWebKit/537.36 (KHTML, like Gecko) Chrome/58.0.3029.110 Safari/537.3"
198.204.226.18 - - [15/May/2025:02:05:12 -0400] "GET /wp-content/install.php HTTP/1.1" 200 0 "http://jenniferflo.com/wp-content/install.php" "Mozilla/5.0 (Windows NT 10.0; Win64; x64) AppleWebKit/537.36 (KHTML, like Gecko) Chrome/58.0.3029.110 Safari/537.3"
47.238.13.3 - - [15/May/2025:02:05:28 -0400] "GET /items/juyda142/47545?key=landmark HTTP/1.1" 500 271 "-" "Mozilla/5.0 (Macintosh; Intel Mac OS X 10_15_7) AppleWebKit/537.36 (KHTML, like Gecko) Chrome/109.0.0.0 Safari/537.36"
47.238.13.11 - - [15/May/2025:02:05:30 -0400] "GET /threaten/c88?pid=13298 HTTP/1.1" 500 21 "-" "Mozilla/5.0 (Macintosh; Intel Mac OS X 10_15_7) AppleWebKit/537.36 (KHTML, like Gecko) Chrome/109.0.0.0 Safari/537.36"
47.238.13.2 - - [15/May/2025:02:06:06 -0400] "GET /quarterback/q59?pid=10601 HTTP/1.1" 500 271 "-" "Mozilla/5.0 (Macintosh; Intel Mac OS X 10_15_7) AppleWebKit/537.36 (KHTML, like Gecko) Chrome/109.0.0.0 Safari/537.36"
47.242.200.220 - - [15/May/2025:02:06:15 -0400] "GET /sitemap-subkey-3093.xml HTTP/1.1" 200 100329 "-" "Mozilla/5.0 (Macintosh; Intel Mac OS X 10_15_7) AppleWebKit/537.36 (KHTML, like Gecko) Chrome/109.0.0.0 Safari/537.36"
212.11.64.144 - - [15/May/2025:02:06:33 -0400] "GET //wp-includes/js/crop/cropper.php HTTP/1.1" 500 271 "http://jenniferflo.com/" "Mozilla/5.0 (Windows NT 10.0; Win64; x64) AppleWebKit/537.36 (KHTML, like Gecko) Chrome/121.0.0.0 Safari/537.36"
47.238.13.8 - - [15/May/2025:02:06:52 -0400] "GET /items/cmfol86/31631?key=pound HTTP/1.1" 500 271 "-" "Mozilla/5.0 (Macintosh; Intel Mac OS X 10_15_7) AppleWebKit/537.36 (KHTML, like Gecko) Chrome/109.0.0.0 Safari/537.36"
47.238.13.3 - - [15/May/2025:02:07:18 -0400] "GET /lunch/f14?pid=836 HTTP/1.1" 500 271 "-" "Mozilla/5.0 (Macintosh; Intel Mac OS X 10_15_7) AppleWebKit/537.36 (KHTML, like Gecko) Chrome/109.0.0.0 Safari/537.36"
52.169.85.61 - - [15/May/2025:02:07:20 -0400] "GET /wp-signin.php HTTP/1.1" 500 360 "-" "-"
52.169.85.61 - - [15/May/2025:02:07:21 -0400] "GET /wp-includes/Text/Diff/about.php HTTP/1.1" 500 360 "-" "-"
52.169.85.61 - - [15/May/2025:02:07:21 -0400] "GET /wp-includes/Text/wp-conflg.php?p= HTTP/1.1" 500 360 "-" "-"
47.243.178.179 - - [15/May/2025:02:07:21 -0400] "GET /fan/d4?pid=27536 HTTP/1.1" 500 271 "-" "Mozilla/5.0 (Macintosh; Intel Mac OS X 10_15_7) AppleWebKit/537.36 (KHTML, like Gecko) Chrome/109.0.0.0 Safari/537.36"
52.169.85.61 - - [15/May/2025:02:07:21 -0400] "GET /wp-content/plugins/ioxi/ioxi HTTP/1.1" 500 360 "-" "-"
8.210.8.206 - - [15/May/2025:02:07:20 -0400] "GET /sitemap-subkey-1414.xml HTTP/1.1" 200 99180 "-" "Mozilla/5.0 (Macintosh; Intel Mac OS X 10_15_7) AppleWebKit/537.36 (KHTML, like Gecko) Chrome/109.0.0.0 Safari/537.36"
52.169.85.61 - - [15/May/2025:02:07:21 -0400] "GET /wp-admin.php HTTP/1.1" 500 360 "-" "-"
52.169.85.61 - - [15/May/2025:02:07:21 -0400] "GET /wp-includes/C7aqylzu2vp.php HTTP/1.1" 500 1 "-" "-"
52.169.85.61 - - [15/May/2025:02:07:22 -0400] "GET /wp-includes/js/tinymce/plugins/compat3x/css HTTP/1.1" 301 795 "-" "-"
52.169.85.61 - - [15/May/2025:02:07:22 -0400] "GET /wp-includes/js/tinymce/plugins/compat3x/css/ HTTP/1.1" 200 1719 "-" "-"
52.169.85.61 - - [15/May/2025:02:07:22 -0400] "GET /wp-admin/js HTTP/1.1" 301 795 "-" "-"
52.169.85.61 - - [15/May/2025:02:07:22 -0400] "GET /wp-admin/js/ HTTP/1.1" 200 28208 "-" "-"
52.169.85.61 - - [15/May/2025:02:07:22 -0400] "GET /wsa.php HTTP/1.1" 500 360 "-" "-"
52.169.85.61 - - [15/May/2025:02:07:23 -0400] "GET /wp-admin/shapes.php HTTP/1.1" 500 1 "-" "-"
52.169.85.61 - - [15/May/2025:02:07:23 -0400] "GET /wp-content/mu-plugins/item.php HTTP/1.1" 500 360 "-" "-"
52.169.85.61 - - [15/May/2025:02:07:23 -0400] "GET /wp-content/plugins/elementor/wp-error_log.php HTTP/1.1" 500 360 "-" "-"
52.169.85.61 - - [15/May/2025:02:07:23 -0400] "GET /wp-includes/customize HTTP/1.1" 301 795 "-" "-"
52.169.85.61 - - [15/May/2025:02:07:24 -0400] "GET /wp-includes/customize/ HTTP/1.1" 200 360 "-" "-"
52.169.85.61 - - [15/May/2025:02:07:24 -0400] "GET /settings.php HTTP/1.1" 500 360 "-" "-"
52.169.85.61 - - [15/May/2025:02:07:24 -0400] "GET /class-wp-lock.php HTTP/1.1" 500 360 "-" "-"
52.169.85.61 - - [15/May/2025:02:07:24 -0400] "GET /123.php HTTP/1.1" 500 360 "-" "-"
52.169.85.61 - - [15/May/2025:02:07:24 -0400] "GET /wp-includes/BibpeUT6Srj.php HTTP/1.1" 500 360 "-" "-"
52.169.85.61 - - [15/May/2025:02:07:24 -0400] "GET /wp-includes/block-patterns HTTP/1.1" 301 795 "-" "-"
52.169.85.61 - - [15/May/2025:02:07:24 -0400] "GET /wp-includes/block-patterns/ HTTP/1.1" 200 4181 "-" "-"
52.169.85.61 - - [15/May/2025:02:07:24 -0400] "GET /wp-includes/SimplePie/Cache/cloud.php HTTP/1.1" 500 360 "-" "-"
52.169.85.61 - - [15/May/2025:02:07:25 -0400] "GET /WSO.php HTTP/1.1" 500 360 "-" "-"
52.169.85.61 - - [15/May/2025:02:07:25 -0400] "GET /wp-includes/7LGSNpCH2Ai.php HTTP/1.1" 500 360 "-" "-"
52.169.85.61 - - [15/May/2025:02:07:25 -0400] "GET /wp-admin/js/admin.php HTTP/1.1" 500 360 "-" "-"
52.169.85.61 - - [15/May/2025:02:07:25 -0400] "GET /wp-includes/9KoYaRW2ViG.php HTTP/1.1" 500 360 "-" "-"
52.169.85.61 - - [15/May/2025:02:07:25 -0400] "GET /wp-includes/95GjR2oLVAq.php HTTP/1.1" 500 360 "-" "-"
52.169.85.61 - - [15/May/2025:02:07:26 -0400] "GET /wp-admin/js/wp-conflg.php?p= HTTP/1.1" 500 360 "-" "-"
52.169.85.61 - - [15/May/2025:02:07:26 -0400] "GET /wp-content/plugins/core/include.php HTTP/1.1" 500 360 "-" "-"
52.169.85.61 - - [15/May/2025:02:07:26 -0400] "GET /wp-admin/maint/wp-login.php HTTP/1.1" 500 360 "-" "-"
52.169.85.61 - - [15/May/2025:02:07:26 -0400] "GET /wp-admin/css/colors/about.php HTTP/1.1" 500 360 "-" "-"
52.169.85.61 - - [15/May/2025:02:07:26 -0400] "GET /shell.php?p= HTTP/1.1" 500 360 "-" "-"
52.169.85.61 - - [15/May/2025:02:07:26 -0400] "GET /public/index.php/en HTTP/1.1" 500 360 "-" "-"
52.169.85.61 - - [15/May/2025:02:07:27 -0400] "GET /wp-includes/5nUKyurCbLe.php HTTP/1.1" 500 360 "-" "-"
52.169.85.61 - - [15/May/2025:02:07:27 -0400] "GET /rO1GEuJydNZ.php HTTP/1.1" 500 360 "-" "-"
52.169.85.61 - - [15/May/2025:02:07:27 -0400] "GET /v.php HTTP/1.1" 500 360 "-" "-"
52.169.85.61 - - [15/May/2025:02:07:27 -0400] "GET /cgi-bin/cgi-bin/about.php HTTP/1.1" 500 360 "-" "-"
52.169.85.61 - - [15/May/2025:02:07:27 -0400] "GET /goods.php HTTP/1.1" 500 360 "-" "-"
52.169.85.61 - - [15/May/2025:02:07:27 -0400] "GET /s.php HTTP/1.1" 500 360 "-" "-"
52.169.85.61 - - [15/May/2025:02:07:28 -0400] "GET /wp-includes/packed.php HTTP/1.1" 500 360 "-" "-"
52.169.85.61 - - [15/May/2025:02:07:28 -0400] "GET /.well-known/acme-challenge/my1.php HTTP/1.1" 500 360 "-" "-"
52.169.85.61 - - [15/May/2025:02:07:28 -0400] "GET /wp-blog-header.php?p= HTTP/1.1" 403 1242 "-" "-"
52.169.85.61 - - [15/May/2025:02:07:28 -0400] "GET /wp-content/themes/about.php HTTP/1.1" 500 360 "-" "-"
52.169.85.61 - - [15/May/2025:02:07:28 -0400] "GET /wp-includes/images/media/about.php HTTP/1.1" 500 360 "-" "-"
52.169.85.61 - - [15/May/2025:02:07:29 -0400] "GET /.well-known/pki-validation/index.php?p= HTTP/1.1" 200 360 "-" "-"
52.169.85.61 - - [15/May/2025:02:07:29 -0400] "GET /wp-includes/8a1GFlXOC3W.php HTTP/1.1" 500 1 "-" "-"
52.169.85.61 - - [15/May/2025:02:07:29 -0400] "GET /mail.php HTTP/1.1" 500 360 "-" "-"
52.169.85.61 - - [15/May/2025:02:07:29 -0400] "GET /wp-includes/pomo/chosen.php HTTP/1.1" 500 360 "-" "-"
52.169.85.61 - - [15/May/2025:02:07:29 -0400] "GET /wp-includes/Requests/hellodoyyl.php HTTP/1.1" 500 360 "-" "-"
52.169.85.61 - - [15/May/2025:02:07:30 -0400] "GET /wp-content/upgrade/admiin.php HTTP/1.1" 500 360 "-" "-"
52.169.85.61 - - [15/May/2025:02:07:30 -0400] "GET /wp-content/uploads/wp-login.php.suspected HTTP/1.1" 500 360 "-" "-"
52.169.85.61 - - [15/May/2025:02:07:30 -0400] "GET /go.php HTTP/1.1" 500 360 "-" "-"
52.169.85.61 - - [15/May/2025:02:07:30 -0400] "GET /wp-includes/2JeUH5dNZ7X.php HTTP/1.1" 500 360 "-" "-"
52.169.85.61 - - [15/May/2025:02:07:30 -0400] "GET /files.php HTTP/1.1" 500 360 "-" "-"
52.169.85.61 - - [15/May/2025:02:07:30 -0400] "GET /wp-includes/js/tinymce/skins/lightgray/img/index.php?p= HTTP/1.1" 500 360 "-" "-"
52.169.85.61 - - [15/May/2025:02:07:31 -0400] "GET /wp-admin/js/about.php HTTP/1.1" 500 360 "-" "-"
52.169.85.61 - - [15/May/2025:02:07:31 -0400] "GET /.well-known/link.php HTTP/1.1" 500 360 "-" "-"
52.169.85.61 - - [15/May/2025:02:07:31 -0400] "GET /wp-admin/plugin.php HTTP/1.1" 500 360 "-" "-"
52.169.85.61 - - [15/May/2025:02:07:31 -0400] "GET /wp-admin/maint/index.php?pass=lin598853003 HTTP/1.1" 500 360 "-" "-"
52.169.85.61 - - [15/May/2025:02:07:32 -0400] "GET /wp-content/blogs.dir/about.php HTTP/1.1" 500 360 "-" "-"
52.169.85.61 - - [15/May/2025:02:07:32 -0400] "GET /.well-known/pki-validation/about.php HTTP/1.1" 404 1251 "-" "-"
52.169.85.61 - - [15/May/2025:02:07:32 -0400] "GET /wp-includes/CWOqpEgKZFG.php HTTP/1.1" 500 360 "-" "-"
52.169.85.61 - - [15/May/2025:02:07:32 -0400] "GET /wp-includes/wp-load.php HTTP/1.1" 500 360 "-" "-"
52.169.85.61 - - [15/May/2025:02:07:32 -0400] "GET /wp-content/themes/wp-pridmag/up.php HTTP/1.1" 500 360 "-" "-"
52.169.85.61 - - [15/May/2025:02:07:32 -0400] "GET /wp-content/themes/twentytwentythree/patterns/index.php HTTP/1.1" 200 0 "-" "-"
52.169.85.61 - - [15/May/2025:02:07:33 -0400] "GET /nz7AOl3hjic.php HTTP/1.1" 500 360 "-" "-"
52.169.85.61 - - [15/May/2025:02:07:33 -0400] "GET /license.php HTTP/1.1" 500 360 "-" "-"
52.169.85.61 - - [15/May/2025:02:07:33 -0400] "GET /wp-content/uploads/admin.php HTTP/1.1" 500 360 "-" "-"
52.169.85.61 - - [15/May/2025:02:07:33 -0400] "GET /cgi-bin/bak.php?p= HTTP/1.1" 500 360 "-" "-"
52.169.85.61 - - [15/May/2025:02:07:33 -0400] "GET /.well-known HTTP/1.1" 301 795 "-" "-"
52.169.85.61 - - [15/May/2025:02:07:33 -0400] "GET /.well-known/ HTTP/1.1" 200 1850 "-" "-"
52.169.85.61 - - [15/May/2025:02:07:34 -0400] "GET /wp-admin/css/autoload_classmap.php HTTP/1.1" 500 360 "-" "-"
52.169.85.61 - - [15/May/2025:02:07:34 -0400] "GET /randkeyword.php HTTP/1.1" 500 360 "-" "-"
52.169.85.61 - - [15/May/2025:02:07:34 -0400] "GET /wp-content/themes/astra/inc/fm.php HTTP/1.1" 500 360 "-" "-"
52.169.85.61 - - [15/May/2025:02:07:34 -0400] "GET /wp-includes/ID3/wp-error_log.php?dir=. HTTP/1.1" 500 360 "-" "-"
52.169.85.61 - - [15/May/2025:02:07:34 -0400] "GET /wp-includes/ImZgvy9khUu.php HTTP/1.1" 500 360 "-" "-"
52.169.85.61 - - [15/May/2025:02:07:34 -0400] "GET /g.php HTTP/1.1" 500 360 "-" "-"
52.169.85.61 - - [15/May/2025:02:07:34 -0400] "GET /wp-admin/css/colors/blue/moon.php HTTP/1.1" 500 360 "-" "-"
52.169.85.61 - - [15/May/2025:02:07:35 -0400] "GET /ty.php HTTP/1.1" 500 360 "-" "-"
52.169.85.61 - - [15/May/2025:02:07:35 -0400] "GET /wp-mail.php HTTP/1.1" 500 360 "-" "-"
198.204.226.18 - - [15/May/2025:02:07:35 -0400] "GET /wp-content/install.php HTTP/1.1" 200 10 "http://jenniferflo.com/wp-content/install.php" "Mozilla/5.0 (Windows NT 10.0; Win64; x64) AppleWebKit/537.36 (KHTML, like Gecko) Chrome/58.0.3029.110 Safari/537.3"
52.169.85.61 - - [15/May/2025:02:07:35 -0400] "GET /leafmailer.php HTTP/1.1" 500 360 "-" "-"
52.169.85.61 - - [15/May/2025:02:07:36 -0400] "GET /100.php HTTP/1.1" 500 360 "-" "-"
52.169.85.61 - - [15/May/2025:02:07:36 -0400] "GET /wp-content/uploads/de_fb_uploads/b.php HTTP/1.1" 500 360 "-" "-"
52.169.85.61 - - [15/May/2025:02:07:36 -0400] "GET /up.php HTTP/1.1" 500 360 "-" "-"
52.169.85.61 - - [15/May/2025:02:07:36 -0400] "GET /wp-admin/css/colors/ectoplasm/wp-login.php HTTP/1.1" 500 360 "-" "-"
52.169.85.61 - - [15/May/2025:02:07:36 -0400] "GET /wp-content/plugins/alfa-rex.php HTTP/1.1" 500 360 "-" "-"
52.169.85.61 - - [15/May/2025:02:07:36 -0400] "GET /wp-admin/js/themes.php HTTP/1.1" 500 360 "-" "-"
52.169.85.61 - - [15/May/2025:02:07:36 -0400] "GET /updates.php HTTP/1.1" 500 360 "-" "-"
52.169.85.61 - - [15/May/2025:02:07:37 -0400] "GET /wp-content/languages/chosen.php HTTP/1.1" 500 360 "-" "-"
52.169.85.61 - - [15/May/2025:02:07:37 -0400] "GET /wp-admin/css/index.php HTTP/1.1" 500 360 "-" "-"
52.169.85.61 - - [15/May/2025:02:07:37 -0400] "GET /wp-includes/Text/index.php?p= HTTP/1.1" 500 360 "-" "-"
52.169.85.61 - - [15/May/2025:02:07:37 -0400] "GET /wp-content/uploads/2023/05/autoload_classmap.php HTTP/1.1" 500 360 "-" "-"
52.169.85.61 - - [15/May/2025:02:07:37 -0400] "GET /administrator/templates/isis/error.php HTTP/1.1" 500 360 "-" "-"
52.169.85.61 - - [15/May/2025:02:07:37 -0400] "GET /wp-content/themes/admin.php HTTP/1.1" 500 360 "-" "-"
52.169.85.61 - - [15/May/2025:02:07:38 -0400] "GET /luxx.php HTTP/1.1" 500 360 "-" "-"
52.169.85.61 - - [15/May/2025:02:07:38 -0400] "GET /wp-content/plugins/hello.php HTTP/1.1" 403 1242 "-" "-"
52.169.85.61 - - [15/May/2025:02:07:38 -0400] "GET /xl.php HTTP/1.1" 500 360 "-" "-"
52.169.85.61 - - [15/May/2025:02:07:38 -0400] "GET /css/nop.php HTTP/1.1" 500 360 "-" "-"
52.169.85.61 - - [15/May/2025:02:07:38 -0400] "GET /wp-includes/F8Jx6Xd2jpQ.php HTTP/1.1" 500 360 "-" "-"
52.169.85.61 - - [15/May/2025:02:07:38 -0400] "GET /wp-includes/SimplePie/wp-login.php HTTP/1.1" 500 360 "-" "-"
52.169.85.61 - - [15/May/2025:02:07:38 -0400] "GET /wp-content/plugins/classic-editor/classic-editor.php HTTP/1.1" 403 1242 "-" "-"
52.169.85.61 - - [15/May/2025:02:07:39 -0400] "GET /wp-includes/Requests/cong.php HTTP/1.1" 500 360 "-" "-"
52.169.85.61 - - [15/May/2025:02:07:39 -0400] "GET /wp-includes/Requests/admin.php HTTP/1.1" 500 360 "-" "-"
52.169.85.61 - - [15/May/2025:02:07:39 -0400] "GET /tinyfilemanager/tinyfilemanager.php HTTP/1.1" 500 360 "-" "-"
52.169.85.61 - - [15/May/2025:02:07:39 -0400] "GET /wp-includes/js/codemirror/index.php HTTP/1.1" 500 360 "-" "-"
52.169.85.61 - - [15/May/2025:02:07:39 -0400] "GET /wp-includes/autoload_classmap.php HTTP/1.1" 500 360 "-" "-"
52.169.85.61 - - [15/May/2025:02:07:39 -0400] "GET /wp-content/plugins/index.php HTTP/1.1" 200 359 "-" "-"
52.169.85.61 - - [15/May/2025:02:07:40 -0400] "GET /rahma.php HTTP/1.1" 500 360 "-" "-"
52.169.85.61 - - [15/May/2025:02:07:40 -0400] "GET /images/stories HTTP/1.1" 500 360 "-" "-"
52.169.85.61 - - [15/May/2025:02:07:40 -0400] "GET /wp-includes/js/tinymce/skins/wordpress/images/about.php HTTP/1.1" 500 360 "-" "-"
52.169.85.61 - - [15/May/2025:02:07:40 -0400] "GET /wp-includes/Text/autoload_classmap.php HTTP/1.1" 500 360 "-" "-"
52.169.85.61 - - [15/May/2025:02:07:40 -0400] "GET /wp-includes/4NDvJxdAckU.php HTTP/1.1" 500 360 "-" "-"
52.169.85.61 - - [15/May/2025:02:07:40 -0400] "GET /wp-includes/rest-api/endpoints HTTP/1.1" 301 795 "-" "-"
52.169.85.61 - - [15/May/2025:02:07:40 -0400] "GET /wp-includes/rest-api/endpoints/ HTTP/1.1" 200 16711 "-" "-"
52.169.85.61 - - [15/May/2025:02:07:41 -0400] "GET /gins/wp-help HTTP/1.1" 500 360 "-" "-"
52.169.85.61 - - [15/May/2025:02:07:41 -0400] "GET /p.php HTTP/1.1" 500 360 "-" "-"
52.169.85.61 - - [15/May/2025:02:07:41 -0400] "GET /wp-includes/IXR/about.php HTTP/1.1" 500 360 "-" "-"
52.169.85.61 - - [15/May/2025:02:07:41 -0400] "GET /function.php HTTP/1.1" 500 360 "-" "-"
52.169.85.61 - - [15/May/2025:02:07:42 -0400] "GET /wp-content/themes/seotheme/db.php?u HTTP/1.1" 500 360 "-" "-"
52.169.85.61 - - [15/May/2025:02:07:42 -0400] "GET /1xm.php HTTP/1.1" 500 360 "-" "-"
52.169.85.61 - - [15/May/2025:02:07:42 -0400] "GET /wp-admin/plugins/setup HTTP/1.1" 500 360 "-" "-"
52.169.85.61 - - [15/May/2025:02:07:42 -0400] "GET /wp-content/plugin.php HTTP/1.1" 500 360 "-" "-"
52.169.85.61 - - [15/May/2025:02:07:42 -0400] "GET /wp-includes/SimplePie/Parse HTTP/1.1" 500 360 "-" "-"
52.169.85.61 - - [15/May/2025:02:07:42 -0400] "GET /kk.php HTTP/1.1" 500 360 "-" "-"
52.169.85.61 - - [15/May/2025:02:07:43 -0400] "GET /wp-admin/images/mlm.php HTTP/1.1" 500 360 "-" "-"
52.169.85.61 - - [15/May/2025:02:07:43 -0400] "GET /gawean.PhP7 HTTP/1.1" 500 360 "-" "-"
52.169.85.61 - - [15/May/2025:02:07:43 -0400] "GET /wp-wso.php HTTP/1.1" 500 360 "-" "-"
52.169.85.61 - - [15/May/2025:02:07:43 -0400] "GET /flower.php HTTP/1.1" 500 360 "-" "-"
52.169.85.61 - - [15/May/2025:02:07:43 -0400] "GET /wp-includes/function.php HTTP/1.1" 500 360 "-" "-"
52.169.85.61 - - [15/May/2025:02:07:43 -0400] "GET /m8DYVISz5fB.php HTTP/1.1" 500 360 "-" "-"
52.169.85.61 - - [15/May/2025:02:07:44 -0400] "GET /wp-includes/4REzCXlesoN.php HTTP/1.1" 500 360 "-" "-"
52.169.85.61 - - [15/May/2025:02:07:44 -0400] "GET /wp-content/uploads/gravity_forms/a/b/b/g/uglomvzctsn.php HTTP/1.1" 500 360 "-" "-"
52.169.85.61 - - [15/May/2025:02:07:44 -0400] "GET /wp-includes/sitemaps/autoload_classmap.php HTTP/1.1" 500 360 "-" "-"
52.169.85.61 - - [15/May/2025:02:07:44 -0400] "GET /gecko-new.php HTTP/1.1" 500 360 "-" "-"
52.169.85.61 - - [15/May/2025:02:07:44 -0400] "GET /templates/natural.php HTTP/1.1" 500 360 "-" "-"
52.169.85.61 - - [15/May/2025:02:07:44 -0400] "GET /wp-includes/Text HTTP/1.1" 301 795 "-" "-"
52.169.85.61 - - [15/May/2025:02:07:45 -0400] "GET /wp-includes/Text/ HTTP/1.1" 200 2099 "-" "-"
52.169.85.61 - - [15/May/2025:02:07:45 -0400] "GET /nf_tracking.php HTTP/1.1" 500 360 "-" "-"
52.169.85.61 - - [15/May/2025:02:07:45 -0400] "GET /wp-admin/network/cloud.php HTTP/1.1" 500 360 "-" "-"
52.169.85.61 - - [15/May/2025:02:07:45 -0400] "GET /wp-content/uploads/gravity_forms/b/h/f/a/jnxegkidpwo.php HTTP/1.1" 500 360 "-" "-"
52.169.85.61 - - [15/May/2025:02:07:45 -0400] "GET /wp-admin/8h4AoSFJCLO.php HTTP/1.1" 500 360 "-" "-"
52.169.85.61 - - [15/May/2025:02:07:45 -0400] "GET /wp-includes/block-supports/about.php HTTP/1.1" 500 360 "-" "-"
52.169.85.61 - - [15/May/2025:02:07:46 -0400] "GET /filemanager.php HTTP/1.1" 500 360 "-" "-"
52.169.85.61 - - [15/May/2025:02:07:46 -0400] "GET /wp-content/uploads/wpr-addons/forms/wp-error_log.php HTTP/1.1" 500 360 "-" "-"
52.169.85.61 - - [15/May/2025:02:07:46 -0400] "GET /wp-admin/wso.php HTTP/1.1" 500 360 "-" "-"
52.169.85.61 - - [15/May/2025:02:07:46 -0400] "GET /wp-content/themes/xmrlpc.php HTTP/1.1" 500 360 "-" "-"
52.169.85.61 - - [15/May/2025:02:07:46 -0400] "GET /wp-content/uploads/gravity_forms/f/g/h/b/zjensalmdpb.php HTTP/1.1" 500 360 "-" "-"
52.169.85.61 - - [15/May/2025:02:07:46 -0400] "GET /wp-content/themes/pridmag/db.php?u HTTP/1.1" 500 360 "-" "-"
52.169.85.61 - - [15/May/2025:02:07:46 -0400] "GET /wp-includes/FRmiwXUtO2K.php HTTP/1.1" 500 360 "-" "-"
52.169.85.61 - - [15/May/2025:02:07:47 -0400] "GET /wp-admin/css/colors/cloud.php HTTP/1.1" 500 360 "-" "-"
52.169.85.61 - - [15/May/2025:02:07:47 -0400] "GET /wp-admin/LaAkNhWMyOQ.php HTTP/1.1" 500 360 "-" "-"
52.169.85.61 - - [15/May/2025:02:07:47 -0400] "GET /wp-content/plugins/wordpresss3cll/includes.php HTTP/1.1" 500 360 "-" "-"
52.169.85.61 - - [15/May/2025:02:07:47 -0400] "GET /wp-content/uploads/tmp/.session.php HTTP/1.1" 500 360 "-" "-"
52.169.85.61 - - [15/May/2025:02:07:47 -0400] "GET /wp-includes/Requests/Text/admin.php HTTP/1.1" 500 360 "-" "-"
52.169.85.61 - - [15/May/2025:02:07:47 -0400] "GET /wp-includes/mah.php?pass=888xyz999 HTTP/1.1" 200 381 "-" "-"
52.169.85.61 - - [15/May/2025:02:07:48 -0400] "GET /adminfuns.php HTTP/1.1" 500 360 "-" "-"
52.169.85.61 - - [15/May/2025:02:07:48 -0400] "GET /wp-includes/E7caMueJAdD.php HTTP/1.1" 500 360 "-" "-"
52.169.85.61 - - [15/May/2025:02:07:48 -0400] "GET /wp-includes/images HTTP/1.1" 301 795 "-" "-"
52.169.85.61 - - [15/May/2025:02:07:48 -0400] "GET /wp-includes/images/ HTTP/1.1" 200 9916 "-" "-"
52.169.85.61 - - [15/May/2025:02:07:48 -0400] "GET /wp-content/plugins/elementor/elementor-object.php HTTP/1.1" 500 360 "-" "-"
52.169.85.61 - - [15/May/2025:02:07:48 -0400] "GET /.well-known/pki-validation/muse.php HTTP/1.1" 404 1251 "-" "-"
52.169.85.61 - - [15/May/2025:02:07:48 -0400] "GET /wp-admin/css/colors/ocean HTTP/1.1" 301 795 "-" "-"
52.169.85.61 - - [15/May/2025:02:07:49 -0400] "GET /wp-admin/css/colors/ocean/ HTTP/1.1" 200 2737 "-" "-"
52.169.85.61 - - [15/May/2025:02:07:49 -0400] "GET /wp-content/themes/autoload_classmap.php HTTP/1.1" 500 360 "-" "-"
52.169.85.61 - - [15/May/2025:02:07:49 -0400] "GET /css.php/cloud.php HTTP/1.1" 500 360 "-" "-"
52.169.85.61 - - [15/May/2025:02:07:49 -0400] "GET /oUQD9iRdOhH.php HTTP/1.1" 500 360 "-" "-"
52.169.85.61 - - [15/May/2025:02:07:49 -0400] "GET /wp-info.php HTTP/1.1" 500 360 "-" "-"
52.169.85.61 - - [15/May/2025:02:07:49 -0400] "GET /kNRianIr2EH.php HTTP/1.1" 500 360 "-" "-"
52.169.85.61 - - [15/May/2025:02:07:49 -0400] "GET /nakrip.php HTTP/1.1" 500 360 "-" "-"
52.169.85.61 - - [15/May/2025:02:07:50 -0400] "GET /wp-admin/5gTfXRhIqkW.php HTTP/1.1" 500 360 "-" "-"
52.169.85.61 - - [15/May/2025:02:07:50 -0400] "GET /wp-content/install.php HTTP/1.1" 200 6 "-" "-"
52.169.85.61 - - [15/May/2025:02:07:50 -0400] "GET /wp-includes/style-engine/content.php HTTP/1.1" 500 360 "-" "-"
52.169.85.61 - - [15/May/2025:02:07:50 -0400] "GET /zz.php/wp-includes/wp-includes_function.php HTTP/1.1" 500 360 "-" "-"
52.169.85.61 - - [15/May/2025:02:07:50 -0400] "GET /css/.tmp HTTP/1.1" 500 360 "-" "-"
52.169.85.61 - - [15/May/2025:02:07:50 -0400] "GET /wp-includes/sodium_compat/admiin.php HTTP/1.1" 500 360 "-" "-"
52.169.85.61 - - [15/May/2025:02:07:50 -0400] "GET /ini.php HTTP/1.1" 500 360 "-" "-"
52.169.85.61 - - [15/May/2025:02:07:51 -0400] "GET /images/server.php HTTP/1.1" 500 360 "-" "-"
52.169.85.61 - - [15/May/2025:02:07:51 -0400] "GET /wp-content/plugins/revslider/includes/external/page HTTP/1.1" 500 360 "-" "-"
52.169.85.61 - - [15/May/2025:02:07:51 -0400] "GET /wp-includes/images/wlw HTTP/1.1" 500 360 "-" "-"
52.169.85.61 - - [15/May/2025:02:07:51 -0400] "GET /wp-content/uploads/classwithtostring.php HTTP/1.1" 500 360 "-" "-"
52.169.85.61 - - [15/May/2025:02:07:51 -0400] "GET /admin.php HTTP/1.1" 500 360 "-" "-"
52.169.85.61 - - [15/May/2025:02:07:51 -0400] "GET /wcqLft7.php HTTP/1.1" 500 360 "-" "-"
52.169.85.61 - - [15/May/2025:02:07:51 -0400] "GET /plugins HTTP/1.1" 500 360 "-" "-"
52.169.85.61 - - [15/May/2025:02:07:52 -0400] "GET /1.php7 HTTP/1.1" 500 360 "-" "-"
52.169.85.61 - - [15/May/2025:02:07:52 -0400] "GET /wp-content/themes/sketch/404.php HTTP/1.1" 500 360 "-" "-"
52.169.85.61 - - [15/May/2025:02:07:52 -0400] "GET /wp-content/uploads/2019/mini.php HTTP/1.1" 500 360 "-" "-"
52.169.85.61 - - [15/May/2025:02:07:52 -0400] "GET /wp-includes/rest-api HTTP/1.1" 301 795 "-" "-"
52.169.85.61 - - [15/May/2025:02:07:52 -0400] "GET /wp-includes/rest-api/ HTTP/1.1" 200 3651 "-" "-"
52.169.85.61 - - [15/May/2025:02:07:52 -0400] "GET /gel4y.php HTTP/1.1" 500 360 "-" "-"
52.169.85.61 - - [15/May/2025:02:07:52 -0400] "GET /.well-known/lofmebwd.php HTTP/1.1" 500 360 "-" "-"
52.169.85.61 - - [15/May/2025:02:07:52 -0400] "GET /randkeyword.PhP7 HTTP/1.1" 500 360 "-" "-"
52.169.85.61 - - [15/May/2025:02:07:53 -0400] "GET /layout.php HTTP/1.1" 500 360 "-" "-"
52.169.85.61 - - [15/May/2025:02:07:53 -0400] "GET /wp-admin/RqdXEex3Jfb.php HTTP/1.1" 500 360 "-" "-"
52.169.85.61 - - [15/May/2025:02:07:53 -0400] "GET /info.php HTTP/1.1" 500 360 "-" "-"
52.169.85.61 - - [15/May/2025:02:07:53 -0400] "GET /wp-includes/wp-login.php HTTP/1.1" 500 360 "-" "-"
52.169.85.61 - - [15/May/2025:02:07:53 -0400] "GET /wp-includes/SimplePie/plugins.php HTTP/1.1" 500 360 "-" "-"
52.169.85.61 - - [15/May/2025:02:07:53 -0400] "GET /wp-includes/html-api/index.php HTTP/1.1" 500 360 "-" "-"
52.169.85.61 - - [15/May/2025:02:07:54 -0400] "GET /wp-content/plugins/apikey/natural.php HTTP/1.1" 500 360 "-" "-"
52.169.85.61 - - [15/May/2025:02:07:54 -0400] "GET /wp-includes/js/codemirror/about.php HTTP/1.1" 500 360 "-" "-"
52.169.85.61 - - [15/May/2025:02:07:54 -0400] "GET /wp-includes/css/wp-conflg.php?p= HTTP/1.1" 500 360 "-" "-"
52.169.85.61 - - [15/May/2025:02:07:54 -0400] "GET /mah/function.php HTTP/1.1" 500 360 "-" "-"
52.169.85.61 - - [15/May/2025:02:07:54 -0400] "GET /m.php HTTP/1.1" 403 1242 "-" "-"
52.169.85.61 - - [15/May/2025:02:07:54 -0400] "GET /wp-content/uploads/gravity_forms/d/f/c/d/ojqmdbxhate.php HTTP/1.1" 500 360 "-" "-"
52.169.85.61 - - [15/May/2025:02:07:54 -0400] "GET /wp-content/themes/about.php?p= HTTP/1.1" 500 360 "-" "-"
52.169.85.61 - - [15/May/2025:02:07:54 -0400] "GET /jp.php HTTP/1.1" 500 360 "-" "-"
52.169.85.61 - - [15/May/2025:02:07:55 -0400] "GET /admin/function.php?p= HTTP/1.1" 500 360 "-" "-"
52.169.85.61 - - [15/May/2025:02:07:55 -0400] "GET /wp-admin/maint/users.php HTTP/1.1" 500 360 "-" "-"
52.169.85.61 - - [15/May/2025:02:07:55 -0400] "GET /t4MyJ.php HTTP/1.1" 500 360 "-" "-"
52.169.85.61 - - [15/May/2025:02:07:55 -0400] "GET /wp-content/uploads/gravity_forms/a/a/g/g/sbkntyhpcmw.php HTTP/1.1" 500 360 "-" "-"
52.169.85.61 - - [15/May/2025:02:07:55 -0400] "GET /d8Q4AflCtoJ.php HTTP/1.1" 500 360 "-" "-"
52.169.85.61 - - [15/May/2025:02:07:55 -0400] "GET /wp-includes/SimplePie/Content HTTP/1.1" 500 360 "-" "-"
52.169.85.61 - - [15/May/2025:02:07:56 -0400] "GET /function.php HTTP/1.1" 500 360 "-" "-"
52.169.85.61 - - [15/May/2025:02:07:56 -0400] "GET /wp-includes/css/dist HTTP/1.1" 301 795 "-" "-"
52.169.85.61 - - [15/May/2025:02:07:56 -0400] "GET /wp-includes/css/dist/ HTTP/1.1" 200 6389 "-" "-"
52.169.85.61 - - [15/May/2025:02:07:56 -0400] "GET /wp-includes/Requests/Transport HTTP/1.1" 500 360 "-" "-"
52.169.85.61 - - [15/May/2025:02:07:56 -0400] "GET /wp-includes/sitemaps HTTP/1.1" 301 795 "-" "-"
52.169.85.61 - - [15/May/2025:02:07:56 -0400] "GET /wp-includes/sitemaps/ HTTP/1.1" 200 4133 "-" "-"
52.169.85.61 - - [15/May/2025:02:07:56 -0400] "GET /send.php HTTP/1.1" 500 360 "-" "-"
52.169.85.61 - - [15/May/2025:02:07:57 -0400] "GET /admin/fckeditor/editor/filemanager HTTP/1.1" 500 360 "-" "-"
52.169.85.61 - - [15/May/2025:02:07:57 -0400] "GET /wp-admin/js/widgets HTTP/1.1" 301 795 "-" "-"
52.169.85.61 - - [15/May/2025:02:07:57 -0400] "GET /wp-admin/js/widgets/ HTTP/1.1" 200 6325 "-" "-"
52.169.85.61 - - [15/May/2025:02:07:57 -0400] "GET /wp-includes/theme-compat/autoload_classmap.php HTTP/1.1" 500 360 "-" "-"
52.169.85.61 - - [15/May/2025:02:07:57 -0400] "GET /about.php HTTP/1.1" 500 360 "-" "-"
