172.200.228.115 - - [15/May/2025:11:29:43 -0400] "GET /wp-2019.php HTTP/1.1" 500 360 "-" "-"
172.200.228.115 - - [15/May/2025:11:29:43 -0400] "GET /atomlib.php HTTP/1.1" 500 360 "-" "-"
172.200.228.115 - - [15/May/2025:11:29:43 -0400] "GET /css.php HTTP/1.1" 500 360 "-" "-"
172.200.228.115 - - [15/May/2025:11:29:43 -0400] "GET /simple.php HTTP/1.1" 500 360 "-" "-"
172.200.228.115 - - [15/May/2025:11:29:43 -0400] "GET /log.php HTTP/1.1" 500 360 "-" "-"
172.200.228.115 - - [15/May/2025:11:29:43 -0400] "GET /index.php HTTP/1.1" 500 360 "-" "-"
172.200.228.115 - - [15/May/2025:11:29:43 -0400] "GET /mail.php HTTP/1.1" 500 360 "-" "-"
172.200.228.115 - - [15/May/2025:11:29:43 -0400] "GET /lufix.php HTTP/1.1" 500 360 "-" "-"
172.200.228.115 - - [15/May/2025:11:29:43 -0400] "GET /doc.php HTTP/1.1" 500 360 "-" "-"
172.200.228.115 - - [15/May/2025:11:29:43 -0400] "GET /bak.php HTTP/1.1" 500 360 "-" "-"
172.200.228.115 - - [15/May/2025:11:29:43 -0400] "GET /content.php HTTP/1.1" 500 360 "-" "-"
172.200.228.115 - - [15/May/2025:11:29:43 -0400] "GET /upfile.php HTTP/1.1" 500 360 "-" "-"
172.200.228.115 - - [15/May/2025:11:29:43 -0400] "GET /wp.php HTTP/1.1" 500 360 "-" "-"
172.200.228.115 - - [15/May/2025:11:29:43 -0400] "GET /wp-conflg.php HTTP/1.1" 500 360 "-" "-"
172.200.228.115 - - [15/May/2025:11:29:43 -0400] "GET /bypass.php HTTP/1.1" 500 360 "-" "-"
172.200.228.115 - - [15/May/2025:11:29:43 -0400] "GET /404.php HTTP/1.1" 500 360 "-" "-"
172.200.228.115 - - [15/May/2025:11:29:43 -0400] "GET /updates.php HTTP/1.1" 500 360 "-" "-"
172.200.228.115 - - [15/May/2025:11:29:43 -0400] "GET /radio.php HTTP/1.1" 500 360 "-" "-"
172.200.228.115 - - [15/May/2025:11:29:43 -0400] "GET /xmrlpc.php HTTP/1.1" 500 360 "-" "-"
172.200.228.115 - - [15/May/2025:11:29:43 -0400] "GET /ae.php HTTP/1.1" 500 360 "-" "-"
172.200.228.115 - - [15/May/2025:11:29:43 -0400] "GET /moon.php HTTP/1.1" 500 360 "-" "-"
172.200.228.115 - - [15/May/2025:11:29:43 -0400] "GET /blog.php HTTP/1.1" 500 360 "-" "-"
172.200.228.115 - - [15/May/2025:11:29:43 -0400] "GET /themes.php HTTP/1.1" 500 360 "-" "-"
172.200.228.115 - - [15/May/2025:11:29:43 -0400] "GET /ini.php HTTP/1.1" 500 360 "-" "-"
172.200.228.115 - - [15/May/2025:11:29:44 -0400] "GET /as.php HTTP/1.1" 500 360 "-" "-"
172.200.228.115 - - [15/May/2025:11:29:44 -0400] "GET /shell.php HTTP/1.1" 500 360 "-" "-"
172.200.228.115 - - [15/May/2025:11:29:44 -0400] "GET /ws.php HTTP/1.1" 500 360 "-" "-"
172.200.228.115 - - [15/May/2025:11:29:44 -0400] "GET /dropdown.php HTTP/1.1" 500 360 "-" "-"
172.200.228.115 - - [15/May/2025:11:29:44 -0400] "GET /makeasmtp.php HTTP/1.1" 500 360 "-" "-"
172.200.228.115 - - [15/May/2025:11:29:44 -0400] "GET /wp-sigunq.php HTTP/1.1" 500 360 "-" "-"
172.200.228.115 - - [15/May/2025:11:29:44 -0400] "GET /wso112233.php HTTP/1.1" 500 360 "-" "-"
172.200.228.115 - - [15/May/2025:11:29:44 -0400] "GET /alfanew.php HTTP/1.1" 500 360 "-" "-"
172.200.228.115 - - [15/May/2025:11:29:44 -0400] "GET /fw.php HTTP/1.1" 500 360 "-" "-"
172.200.228.115 - - [15/May/2025:11:29:44 -0400] "GET /install.php HTTP/1.1" 500 360 "-" "-"
172.200.228.115 - - [15/May/2025:11:29:44 -0400] "GET /wp-login.php HTTP/1.1" 500 360 "-" "-"
172.200.228.115 - - [15/May/2025:11:29:44 -0400] "GET /wp-content/plugins/google-seo-rank/module.php HTTP/1.1" 500 360 "-" "-"
172.200.228.115 - - [15/May/2025:11:29:44 -0400] "GET /chosen.php HTTP/1.1" 500 360 "-" "-"
172.200.228.115 - - [15/May/2025:11:29:44 -0400] "GET /simple.php HTTP/1.1" 500 360 "-" "-"
198.204.226.18 - - [15/May/2025:11:29:39 -0400] "GET /wp-content/install.php HTTP/1.1" 200 0 "http://jenniferflo.com/wp-content/install.php" "Mozilla/5.0 (Windows NT 10.0; Win64; x64) AppleWebKit/537.36 (KHTML, like Gecko) Chrome/58.0.3029.110 Safari/537.3"
47.238.13.18 - - [15/May/2025:11:29:59 -0400] "GET /sitemap-subkey-1061.xml HTTP/1.1" 200 99400 "-" "Mozilla/5.0 (Macintosh; Intel Mac OS X 10_15_7) AppleWebKit/537.36 (KHTML, like Gecko) Chrome/109.0.0.0 Safari/537.36"
74.176.206.254 - - [15/May/2025:11:30:12 -0400] "GET /wp-content/plugins/hellopress/wp_filemanager.php HTTP/1.1" 403 1242 "-" "-"
8.210.8.206 - - [15/May/2025:11:30:13 -0400] "GET /items/vsqob43/626?key=forest HTTP/1.1" 500 271 "-" "Mozilla/5.0 (Macintosh; Intel Mac OS X 10_15_7) AppleWebKit/537.36 (KHTML, like Gecko) Chrome/109.0.0.0 Safari/537.36"
74.176.206.254 - - [15/May/2025:11:30:13 -0400] "GET /wp-includes/Text/network.php HTTP/1.1" 500 360 "-" "-"
74.176.206.254 - - [15/May/2025:11:30:14 -0400] "GET /wp-content/upgrade-temp-backup/wp-login.php HTTP/1.1" 500 360 "-" "-"
74.176.206.254 - - [15/May/2025:11:30:16 -0400] "GET /js/fm.php HTTP/1.1" 500 360 "-" "-"
74.176.206.254 - - [15/May/2025:11:30:16 -0400] "GET /wp-content/themes/astra/inc/ki1k.php HTTP/1.1" 500 360 "-" "-"
74.176.206.254 - - [15/May/2025:11:30:17 -0400] "GET /WordPress/wp-admin/includes/zmFM.php HTTP/1.1" 500 360 "-" "-"
74.176.206.254 - - [15/May/2025:11:30:18 -0400] "GET /default.php HTTP/1.1" 500 360 "-" "-"
74.176.206.254 - - [15/May/2025:11:30:18 -0400] "GET /ty.php HTTP/1.1" 500 360 "-" "-"
74.176.206.254 - - [15/May/2025:11:30:19 -0400] "GET /wp-content/themes/cay-van-phong/filemanager.php HTTP/1.1" 500 360 "-" "-"
74.176.206.254 - - [15/May/2025:11:30:21 -0400] "GET /fm.php HTTP/1.1" 500 360 "-" "-"
74.176.206.254 - - [15/May/2025:11:30:21 -0400] "GET /wp-content/plugins/seoplugins/index.php HTTP/1.1" 500 360 "-" "-"
74.176.206.254 - - [15/May/2025:11:30:24 -0400] "GET /ini.php HTTP/1.1" 500 360 "-" "-"
74.176.206.254 - - [15/May/2025:11:30:28 -0400] "GET /libraries/legacy/info.php HTTP/1.1" 500 360 "-" "-"
74.176.206.254 - - [15/May/2025:11:30:29 -0400] "GET /wp-content/themes/include.php HTTP/1.1" 500 360 "-" "-"
74.176.206.254 - - [15/May/2025:11:30:29 -0400] "GET /wp-admin/network/about.php HTTP/1.1" 500 359 "-" "-"
74.176.206.254 - - [15/May/2025:11:30:30 -0400] "GET /alfa.php HTTP/1.1" 500 360 "-" "-"
74.176.206.254 - - [15/May/2025:11:30:30 -0400] "GET /wp-mail.php/wp-includes/ID3/rk2.php HTTP/1.1" 500 360 "-" "-"
74.176.206.254 - - [15/May/2025:11:30:32 -0400] "GET /assets/images/28c5400b0b.php HTTP/1.1" 500 360 "-" "-"
74.176.206.254 - - [15/May/2025:11:30:33 -0400] "GET /wordpress/wp-includes/wp-config-sample.php HTTP/1.1" 500 360 "-" "-"
74.176.206.254 - - [15/May/2025:11:30:33 -0400] "GET /wp-mail.php/wp-includes/ID3/.info.php HTTP/1.1" 500 360 "-" "-"
74.176.206.254 - - [15/May/2025:11:30:33 -0400] "GET /wp-includes/Text/Diff/Engine/about.php HTTP/1.1" 500 360 "-" "-"
74.176.206.254 - - [15/May/2025:11:30:34 -0400] "GET /wp-includes/js/tinymce/skins/lightgray/img/about.php HTTP/1.1" 500 360 "-" "-"
74.176.206.254 - - [15/May/2025:11:30:34 -0400] "GET /wp-includes/block-supports/autoload_classmap.php HTTP/1.1" 500 360 "-" "-"
74.176.206.254 - - [15/May/2025:11:30:35 -0400] "GET /wp-content/uploads/classwithtostring.php HTTP/1.1" 500 360 "-" "-"
74.176.206.254 - - [15/May/2025:11:30:35 -0400] "GET /wp-admin/images/install.php HTTP/1.1" 500 360 "-" "-"
74.176.206.254 - - [15/May/2025:11:30:37 -0400] "GET /.well-known/link.php HTTP/1.1" 500 360 "-" "-"
74.176.206.254 - - [15/May/2025:11:30:37 -0400] "GET /wp-admin/chosen.php HTTP/1.1" 500 360 "-" "-"
74.176.206.254 - - [15/May/2025:11:30:37 -0400] "GET /info.php HTTP/1.1" 500 360 "-" "-"
74.176.206.254 - - [15/May/2025:11:30:38 -0400] "GET /wp-includes/assets/about.php HTTP/1.1" 500 360 "-" "-"
74.176.206.254 - - [15/May/2025:11:30:38 -0400] "GET /test.php HTTP/1.1" 500 360 "-" "-"
74.176.206.254 - - [15/May/2025:11:30:38 -0400] "GET /wp-admin/css/colors/ectoplasm/wp-login.php HTTP/1.1" 500 360 "-" "-"
74.176.206.254 - - [15/May/2025:11:30:41 -0400] "GET /Assets/item.php HTTP/1.1" 500 360 "-" "-"
74.176.206.254 - - [15/May/2025:11:30:41 -0400] "GET /shop/lock.php HTTP/1.1" 500 360 "-" "-"
74.176.206.254 - - [15/May/2025:11:30:42 -0400] "GET /th/plugins/phpThumb/404.php HTTP/1.1" 500 360 "-" "-"
74.176.206.254 - - [15/May/2025:11:30:42 -0400] "GET /wp-includes/css/dist/preferences/index.php HTTP/1.1" 500 360 "-" "-"
74.176.206.254 - - [15/May/2025:11:30:42 -0400] "GET /files/log.php HTTP/1.1" 500 360 "-" "-"
74.176.206.254 - - [15/May/2025:11:30:43 -0400] "GET /wp-includes/html-api/index.php HTTP/1.1" 500 360 "-" "-"
74.176.206.254 - - [15/May/2025:11:30:44 -0400] "GET /x.php HTTP/1.1" 500 360 "-" "-"
74.176.206.254 - - [15/May/2025:11:30:44 -0400] "GET /wp-includes/assets/index.php HTTP/1.1" 500 360 "-" "-"
74.176.206.254 - - [15/May/2025:11:30:44 -0400] "GET /wp-includes/block-patterns/vuln.php HTTP/1.1" 500 360 "-" "-"
74.176.206.254 - - [15/May/2025:11:30:46 -0400] "GET /wp-includes/rest-api/fields/index.php HTTP/1.1" 200 360 "-" "-"
74.176.206.254 - - [15/May/2025:11:30:51 -0400] "GET /wp-includes/images/media/wp-login.php HTTP/1.1" 500 360 "-" "-"
74.176.206.254 - - [15/May/2025:11:30:51 -0400] "GET /wp-content/uploads/autoload_classmap.php HTTP/1.1" 500 360 "-" "-"
74.176.206.254 - - [15/May/2025:11:30:52 -0400] "GET /images/404.php HTTP/1.1" 500 360 "-" "-"
74.176.206.254 - - [15/May/2025:11:30:57 -0400] "GET /wp-content/languages/asus.php HTTP/1.1" 500 360 "-" "-"
74.176.206.254 - - [15/May/2025:11:30:57 -0400] "GET /admin.php HTTP/1.1" 500 360 "-" "-"
198.204.226.18 - - [15/May/2025:11:30:57 -0400] "GET /wp-content/install.php HTTP/1.1" 200 10 "http://jenniferflo.com/wp-content/install.php" "Mozilla/5.0 (Windows NT 10.0; Win64; x64) AppleWebKit/537.36 (KHTML, like Gecko) Chrome/58.0.3029.110 Safari/537.3"
74.176.206.254 - - [15/May/2025:11:30:58 -0400] "GET /.well-known/pki-validation/parx.php HTTP/1.1" 404 1251 "-" "-"
74.176.206.254 - - [15/May/2025:11:30:58 -0400] "GET /wp-content/plugins/wp-login.php HTTP/1.1" 500 360 "-" "-"
74.176.206.254 - - [15/May/2025:11:30:59 -0400] "GET /12wudscz.php HTTP/1.1" 500 360 "-" "-"
74.176.206.254 - - [15/May/2025:11:30:59 -0400] "GET /wp-content/themes/wp-pridmag/admin.php HTTP/1.1" 500 360 "-" "-"
74.176.206.254 - - [15/May/2025:11:30:59 -0400] "GET /wp-includes/Text/wp-conflg.php HTTP/1.1" 500 360 "-" "-"
74.176.206.254 - - [15/May/2025:11:31:00 -0400] "GET /wp-content/plugins/background-image-cropper/plugins.php HTTP/1.1" 500 360 "-" "-"
74.176.206.254 - - [15/May/2025:11:31:00 -0400] "GET /classwithtostring.php HTTP/1.1" 500 360 "-" "-"
74.176.206.254 - - [15/May/2025:11:31:01 -0400] "GET /wp-includes/Text/Diff/Renderer/wp-login.php HTTP/1.1" 500 360 "-" "-"
74.176.206.254 - - [15/May/2025:11:31:01 -0400] "GET /wp-admin/images/users.php HTTP/1.1" 500 360 "-" "-"
74.176.206.254 - - [15/May/2025:11:31:02 -0400] "GET /wp-includes/rest-api/endpoints/index.php HTTP/1.1" 500 360 "-" "-"
74.176.206.254 - - [15/May/2025:11:31:02 -0400] "GET /wp-includes/random_compat/about.php HTTP/1.1" 500 360 "-" "-"
74.176.206.254 - - [15/May/2025:11:31:03 -0400] "GET /index/about.php HTTP/1.1" 500 360 "-" "-"
74.176.206.254 - - [15/May/2025:11:31:03 -0400] "GET /manager.php HTTP/1.1" 500 360 "-" "-"
74.176.206.254 - - [15/May/2025:11:31:04 -0400] "GET /.well-known/pki-validation/about.php HTTP/1.1" 404 1251 "-" "-"
212.11.64.144 - - [15/May/2025:11:31:04 -0400] "GET //wp-admin/zfcrjyawu.php HTTP/1.1" 500 271 "http://jenniferflo.com/" "Mozilla/5.0 (Windows NT 10.0; Win64; x64) AppleWebKit/537.36 (KHTML, like Gecko) Chrome/121.0.0.0 Safari/537.36"
74.176.206.254 - - [15/May/2025:11:31:04 -0400] "GET /wp-admin/user/content.php HTTP/1.1" 500 360 "-" "-"
74.176.206.254 - - [15/May/2025:11:31:04 -0400] "GET /modules/mod_simplefileuploadv1.3/elements/filemanager.php HTTP/1.1" 500 360 "-" "-"
74.176.206.254 - - [15/May/2025:11:31:08 -0400] "GET /about/function.php HTTP/1.1" 500 360 "-" "-"
74.176.206.254 - - [15/May/2025:11:31:09 -0400] "GET /wp-content/plugins/wp.php HTTP/1.1" 500 360 "-" "-"
74.176.206.254 - - [15/May/2025:11:31:16 -0400] "GET /wp-admin/includes/index.php HTTP/1.1" 500 360 "-" "-"
74.176.206.254 - - [15/May/2025:11:31:17 -0400] "GET /wp-includes/SimplePie/Cache/content.php HTTP/1.1" 500 360 "-" "-"
74.176.206.254 - - [15/May/2025:11:31:18 -0400] "GET /wp-content/themes/xmrlpc.php HTTP/1.1" 500 360 "-" "-"
74.176.206.254 - - [15/May/2025:11:31:18 -0400] "GET /wp-includes/js/wp-login.php HTTP/1.1" 500 360 "-" "-"
74.176.206.254 - - [15/May/2025:11:31:18 -0400] "GET /wp-mail.php/wp-includes/ID3/taptap-null.php HTTP/1.1" 500 360 "-" "-"
74.176.206.254 - - [15/May/2025:11:31:19 -0400] "GET /.well-known/as.php HTTP/1.1" 500 360 "-" "-"
74.176.206.254 - - [15/May/2025:11:31:19 -0400] "GET /wp-includes/customize/wp-login.php HTTP/1.1" 500 360 "-" "-"
74.176.206.254 - - [15/May/2025:11:31:20 -0400] "GET /.well-known/lv.php HTTP/1.1" 500 360 "-" "-"
74.176.206.254 - - [15/May/2025:11:31:21 -0400] "GET /themes.php HTTP/1.1" 500 360 "-" "-"
74.176.206.254 - - [15/May/2025:11:31:22 -0400] "GET /wp-content/plugins/duplicator/assets/about.php HTTP/1.1" 500 360 "-" "-"
74.176.206.254 - - [15/May/2025:11:31:28 -0400] "GET /wp-admin/network/upfile.php HTTP/1.1" 500 360 "-" "-"
74.176.206.254 - - [15/May/2025:11:31:28 -0400] "GET /wp-content/plugins/index.php HTTP/1.1" 200 359 "-" "-"
74.176.206.254 - - [15/May/2025:11:31:29 -0400] "GET /wp-includes/sitemaps/providers/about.php HTTP/1.1" 500 360 "-" "-"
74.176.206.254 - - [15/May/2025:11:31:29 -0400] "GET /wp-content/upgrade/autoload_classmap.php HTTP/1.1" 500 360 "-" "-"
74.176.206.254 - - [15/May/2025:11:31:29 -0400] "GET /images/cjfuns.php HTTP/1.1" 500 360 "-" "-"
74.176.206.254 - - [15/May/2025:11:31:31 -0400] "GET /wp-includes/sodium_compat/src/content.php HTTP/1.1" 500 360 "-" "-"
74.176.206.254 - - [15/May/2025:11:31:31 -0400] "GET /wp-includes/rest-api/admin.php HTTP/1.1" 500 360 "-" "-"
74.176.206.254 - - [15/May/2025:11:31:31 -0400] "GET /wp-includes/js/crop/zmFM.php HTTP/1.1" 500 360 "-" "-"
74.176.206.254 - - [15/May/2025:11:31:32 -0400] "GET /wp-2019.php HTTP/1.1" 500 360 "-" "-"
74.176.206.254 - - [15/May/2025:11:31:33 -0400] "GET /wp-includes/js/about.php HTTP/1.1" 500 360 "-" "-"
74.176.206.254 - - [15/May/2025:11:31:33 -0400] "GET /wp-content/plugin.php HTTP/1.1" 500 360 "-" "-"
74.176.206.254 - - [15/May/2025:11:31:34 -0400] "GET /wp-admin/js/widgets/xmrlpc.php HTTP/1.1" 500 360 "-" "-"
74.176.206.254 - - [15/May/2025:11:31:35 -0400] "GET /wp-configs.php HTTP/1.1" 500 360 "-" "-"
74.176.206.254 - - [15/May/2025:11:31:35 -0400] "GET /wp-includes/Text/wp.php HTTP/1.1" 500 360 "-" "-"
74.176.206.254 - - [15/May/2025:11:31:36 -0400] "GET /inputs.php HTTP/1.1" 403 1242 "-" "-"
74.176.206.254 - - [15/May/2025:11:31:38 -0400] "GET /wp-includes/block-supports/about.php HTTP/1.1" 500 360 "-" "-"
74.176.206.254 - - [15/May/2025:11:31:39 -0400] "GET /wp-admin/network/chosen.php HTTP/1.1" 500 360 "-" "-"
74.176.206.254 - - [15/May/2025:11:31:39 -0400] "GET /wp-includes/images/chosen.php HTTP/1.1" 500 360 "-" "-"
74.176.206.254 - - [15/May/2025:11:31:40 -0400] "GET /.well-known/acme-challenge/parx.php HTTP/1.1" 500 360 "-" "-"
74.176.206.254 - - [15/May/2025:11:31:41 -0400] "GET /wp-includes/sodium_compat/src/Core32/Curve25519/Ge/about.php HTTP/1.1" 500 360 "-" "-"
74.176.206.254 - - [15/May/2025:11:31:41 -0400] "GET /index/function.php HTTP/1.1" 500 360 "-" "-"
74.176.206.254 - - [15/May/2025:11:31:42 -0400] "GET /css.php HTTP/1.1" 500 360 "-" "-"
74.176.206.254 - - [15/May/2025:11:31:42 -0400] "GET /wp-content/languages/index.php HTTP/1.1" 500 360 "-" "-"
74.176.206.254 - - [15/May/2025:11:31:43 -0400] "GET /network.php HTTP/1.1" 500 360 "-" "-"
74.176.206.254 - - [15/May/2025:11:31:44 -0400] "GET /wp-admin/css/colors/blue/wp-login.php HTTP/1.1" 500 360 "-" "-"
74.176.206.254 - - [15/May/2025:11:31:46 -0400] "GET /admin/fckeditor/editor/filemanager/updates.php HTTP/1.1" 500 360 "-" "-"
74.176.206.254 - - [15/May/2025:11:31:46 -0400] "GET /wp-content/uploads/file.php HTTP/1.1" 500 360 "-" "-"
74.176.206.254 - - [15/May/2025:11:31:49 -0400] "GET /wp-includes/Requests/Response/wp-login.php HTTP/1.1" 500 360 "-" "-"
74.176.206.254 - - [15/May/2025:11:31:49 -0400] "GET /wp-admin/css/colors/coffee/alfa-rex.php HTTP/1.1" 500 360 "-" "-"
74.176.206.254 - - [15/May/2025:11:31:50 -0400] "GET /wp-includes/SimplePie/Cache/about.php HTTP/1.1" 500 360 "-" "-"
74.176.206.254 - - [15/May/2025:11:31:50 -0400] "GET /wp-includes/sodium_compat/src/alfa-rex.php HTTP/1.1" 500 360 "-" "-"
74.176.206.254 - - [15/May/2025:11:31:51 -0400] "GET /wp-admin/css/colors/blue/index.php HTTP/1.1" 500 360 "-" "-"
198.204.226.18 - - [15/May/2025:11:31:58 -0400] "GET /wp-content/install.php HTTP/1.1" 200 10 "http://jenniferflo.com/wp-content/install.php" "Mozilla/5.0 (Windows NT 10.0; Win64; x64) AppleWebKit/537.36 (KHTML, like Gecko) Chrome/58.0.3029.110 Safari/537.3"
47.238.13.16 - - [15/May/2025:11:32:05 -0400] "GET /civilian/n27?pid=31299 HTTP/1.1" 500 271 "-" "Mozilla/5.0 (Macintosh; Intel Mac OS X 10_15_7) AppleWebKit/537.36 (KHTML, like Gecko) Chrome/109.0.0.0 Safari/537.36"
198.204.226.18 - - [15/May/2025:11:31:54 -0400] "GET /wp-content/install.php HTTP/1.1" 200 0 "http://jenniferflo.com/wp-content/install.php" "Mozilla/5.0 (Windows NT 10.0; Win64; x64) AppleWebKit/537.36 (KHTML, like Gecko) Chrome/58.0.3029.110 Safari/537.3"
47.238.13.15 - - [15/May/2025:11:32:21 -0400] "GET /pages.php?products/30yp36127 HTTP/1.1" 200 9600 "-" "Mozilla/5.0 (Macintosh; Intel Mac OS X 10_15_7) AppleWebKit/537.36 (KHTML, like Gecko) Chrome/109.0.0.0 Safari/537.36"
198.204.226.18 - - [15/May/2025:11:32:59 -0400] "GET /wp-content/install.php HTTP/1.1" 200 10 "http://jenniferflo.com/wp-content/install.php" "Mozilla/5.0 (Windows NT 10.0; Win64; x64) AppleWebKit/537.36 (KHTML, like Gecko) Chrome/58.0.3029.110 Safari/537.3"
47.238.13.1 - - [15/May/2025:11:34:02 -0400] "GET /sitemap-subkey-1058.xml HTTP/1.1" 200 101633 "-" "Mozilla/5.0 (Macintosh; Intel Mac OS X 10_15_7) AppleWebKit/537.36 (KHTML, like Gecko) Chrome/109.0.0.0 Safari/537.36"
198.204.226.18 - - [15/May/2025:11:34:07 -0400] "GET /wp-content/install.php HTTP/1.1" 200 10 "http://jenniferflo.com/wp-content/install.php" "Mozilla/5.0 (Windows NT 10.0; Win64; x64) AppleWebKit/537.36 (KHTML, like Gecko) Chrome/58.0.3029.110 Safari/537.3"
198.204.226.18 - - [15/May/2025:11:34:02 -0400] "GET /wp-content/install.php HTTP/1.1" 200 0 "http://jenniferflo.com/wp-content/install.php" "Mozilla/5.0 (Windows NT 10.0; Win64; x64) AppleWebKit/537.36 (KHTML, like Gecko) Chrome/58.0.3029.110 Safari/537.3"
198.204.226.18 - - [15/May/2025:11:34:33 -0400] "GET /wp-content/install.php HTTP/1.1" 200 0 "http://jenniferflo.com/wp-content/install.php" "Mozilla/5.0 (Windows NT 10.0; Win64; x64) AppleWebKit/537.36 (KHTML, like Gecko) Chrome/58.0.3029.110 Safari/537.3"
198.204.226.18 - - [15/May/2025:11:34:46 -0400] "GET /wp-content/install.php HTTP/1.1" 200 10 "http://jenniferflo.com/wp-content/install.php" "Mozilla/5.0 (Windows NT 10.0; Win64; x64) AppleWebKit/537.36 (KHTML, like Gecko) Chrome/58.0.3029.110 Safari/537.3"
212.11.64.144 - - [15/May/2025:11:34:52 -0400] "GET //wp-includes/js/tinymce/langs/about.php HTTP/1.1" 500 271 "http://jenniferflo.com/" "Mozilla/5.0 (Windows NT 10.0; Win64; x64) AppleWebKit/537.36 (KHTML, like Gecko) Chrome/121.0.0.0 Safari/537.36"
47.238.13.18 - - [15/May/2025:11:35:38 -0400] "GET /sitemap-subkey-359.xml HTTP/1.1" 200 100147 "-" "Mozilla/5.0 (Macintosh; Intel Mac OS X 10_15_7) AppleWebKit/537.36 (KHTML, like Gecko) Chrome/109.0.0.0 Safari/537.36"
47.238.13.14 - - [15/May/2025:11:35:44 -0400] "GET /sitemap-subkey-2042.xml HTTP/1.1" 200 100462 "-" "Mozilla/5.0 (Macintosh; Intel Mac OS X 10_15_7) AppleWebKit/537.36 (KHTML, like Gecko) Chrome/109.0.0.0 Safari/537.36"
198.204.226.18 - - [15/May/2025:11:35:56 -0400] "GET /wp-content/install.php HTTP/1.1" 200 10 "http://jenniferflo.com/wp-content/install.php" "Mozilla/5.0 (Windows NT 10.0; Win64; x64) AppleWebKit/537.36 (KHTML, like Gecko) Chrome/58.0.3029.110 Safari/537.3"
198.204.226.18 - - [15/May/2025:11:36:09 -0400] "GET /wp-content/install.php HTTP/1.1" 200 10 "http://jenniferflo.com/wp-content/install.php" "Mozilla/5.0 (Windows NT 10.0; Win64; x64) AppleWebKit/537.36 (KHTML, like Gecko) Chrome/58.0.3029.110 Safari/537.3"
198.204.226.18 - - [15/May/2025:11:36:06 -0400] "GET /wp-content/install.php HTTP/1.1" 200 0 "http://jenniferflo.com/wp-content/install.php" "Mozilla/5.0 (Windows NT 10.0; Win64; x64) AppleWebKit/537.36 (KHTML, like Gecko) Chrome/58.0.3029.110 Safari/537.3"
198.204.226.18 - - [15/May/2025:11:36:19 -0400] "GET /wp-content/install.php HTTP/1.1" 200 0 "http://jenniferflo.com/wp-content/install.php" "Mozilla/5.0 (Windows NT 10.0; Win64; x64) AppleWebKit/537.36 (KHTML, like Gecko) Chrome/58.0.3029.110 Safari/537.3"
47.238.13.1 - - [15/May/2025:11:36:46 -0400] "GET /sitemap-subkey-453.xml HTTP/1.1" 200 99356 "-" "Mozilla/5.0 (Macintosh; Intel Mac OS X 10_15_7) AppleWebKit/537.36 (KHTML, like Gecko) Chrome/109.0.0.0 Safari/537.36"
47.238.13.1 - - [15/May/2025:11:36:57 -0400] "GET /items/uhauo53/23884?key=strong HTTP/1.1" 500 271 "-" "Mozilla/5.0 (Macintosh; Intel Mac OS X 10_15_7) AppleWebKit/537.36 (KHTML, like Gecko) Chrome/109.0.0.0 Safari/537.36"
198.204.226.18 - - [15/May/2025:11:36:47 -0400] "GET /wp-content/install.php HTTP/1.1" 200 0 "http://jenniferflo.com/wp-content/install.php" "Mozilla/5.0 (Windows NT 10.0; Win64; x64) AppleWebKit/537.36 (KHTML, like Gecko) Chrome/58.0.3029.110 Safari/537.3"
8.210.8.206 - - [15/May/2025:11:37:24 -0400] "GET /merchant/y33?pid=793 HTTP/1.1" 500 271 "-" "Mozilla/5.0 (Macintosh; Intel Mac OS X 10_15_7) AppleWebKit/537.36 (KHTML, like Gecko) Chrome/109.0.0.0 Safari/537.36"
198.204.226.18 - - [15/May/2025:11:37:27 -0400] "GET /wp-content/install.php HTTP/1.1" 200 10 "http://jenniferflo.com/wp-content/install.php" "Mozilla/5.0 (Windows NT 10.0; Win64; x64) AppleWebKit/537.36 (KHTML, like Gecko) Chrome/58.0.3029.110 Safari/537.3"
198.204.226.18 - - [15/May/2025:11:37:24 -0400] "GET /wp-content/install.php HTTP/1.1" 200 0 "http://jenniferflo.com/wp-content/install.php" "Mozilla/5.0 (Windows NT 10.0; Win64; x64) AppleWebKit/537.36 (KHTML, like Gecko) Chrome/58.0.3029.110 Safari/537.3"
198.204.226.18 - - [15/May/2025:11:37:53 -0400] "GET /wp-content/install.php HTTP/1.1" 200 10 "http://jenniferflo.com/wp-content/install.php" "Mozilla/5.0 (Windows NT 10.0; Win64; x64) AppleWebKit/537.36 (KHTML, like Gecko) Chrome/58.0.3029.110 Safari/537.3"
47.238.13.9 - - [15/May/2025:11:37:56 -0400] "GET /items/qllay82/7541?key=portfolio HTTP/1.1" 500 271 "-" "Mozilla/5.0 (Macintosh; Intel Mac OS X 10_15_7) AppleWebKit/537.36 (KHTML, like Gecko) Chrome/109.0.0.0 Safari/537.36"
198.204.226.18 - - [15/May/2025:11:37:50 -0400] "GET /wp-content/install.php HTTP/1.1" 200 0 "http://jenniferflo.com/wp-content/install.php" "Mozilla/5.0 (Windows NT 10.0; Win64; x64) AppleWebKit/537.36 (KHTML, like Gecko) Chrome/58.0.3029.110 Safari/537.3"
69.197.135.226 - - [15/May/2025:11:38:01 -0400] "GET /wp-includes/install.php HTTP/1.1" 200 10 "http://jenniferflo.com/wp-includes/install.php" "Mozilla/5.0 (Windows NT 10.0; Win64; x64) AppleWebKit/537.36 (KHTML, like Gecko) Chrome/58.0.3029.110 Safari/537.3"
198.204.226.18 - - [15/May/2025:11:38:29 -0400] "GET /wp-content/install.php HTTP/1.1" 200 10 "http://jenniferflo.com/wp-content/install.php" "Mozilla/5.0 (Windows NT 10.0; Win64; x64) AppleWebKit/537.36 (KHTML, like Gecko) Chrome/58.0.3029.110 Safari/537.3"
66.249.64.102 - - [15/May/2025:11:38:30 -0400] "GET /items/srmqz168/13797?key=document HTTP/1.1" 200 81340 "-" "Mozilla/5.0 (Linux; Android 6.0.1; Nexus 5X Build/MMB29P) AppleWebKit/537.36 (KHTML, like Gecko) Chrome/136.0.7103.59 Mobile Safari/537.36 (compatible; GoogleOther)"
8.210.108.0 - - [15/May/2025:11:38:33 -0400] "GET /search.php?021000987.htm HTTP/1.1" 200 11281 "-" "Mozilla/5.0 (Macintosh; Intel Mac OS X 10_15_7) AppleWebKit/537.36 (KHTML, like Gecko) Chrome/109.0.0.0 Safari/537.36"
212.11.64.144 - - [15/May/2025:11:38:40 -0400] "GET //wp-admin/user/moon.php HTTP/1.1" 500 271 "http://jenniferflo.com/" "Mozilla/5.0 (Windows NT 10.0; Win64; x64) AppleWebKit/537.36 (KHTML, like Gecko) Chrome/121.0.0.0 Safari/537.36"
198.204.226.18 - - [15/May/2025:11:38:40 -0400] "GET /wp-content/install.php HTTP/1.1" 200 10 "http://jenniferflo.com/wp-content/install.php" "Mozilla/5.0 (Windows NT 10.0; Win64; x64) AppleWebKit/537.36 (KHTML, like Gecko) Chrome/58.0.3029.110 Safari/537.3"
8.210.10.143 - - [15/May/2025:11:39:09 -0400] "GET /sitemap-subkey-1237.xml HTTP/1.1" 200 100250 "-" "Mozilla/5.0 (Macintosh; Intel Mac OS X 10_15_7) AppleWebKit/537.36 (KHTML, like Gecko) Chrome/109.0.0.0 Safari/537.36"
198.204.226.18 - - [15/May/2025:11:39:32 -0400] "GET /wp-content/install.php HTTP/1.1" 200 10 "http://jenniferflo.com/wp-content/install.php" "Mozilla/5.0 (Windows NT 10.0; Win64; x64) AppleWebKit/537.36 (KHTML, like Gecko) Chrome/58.0.3029.110 Safari/537.3"
198.204.226.18 - - [15/May/2025:11:39:29 -0400] "GET /wp-content/install.php HTTP/1.1" 200 0 "http://jenniferflo.com/wp-content/install.php" "Mozilla/5.0 (Windows NT 10.0; Win64; x64) AppleWebKit/537.36 (KHTML, like Gecko) Chrome/58.0.3029.110 Safari/537.3"
198.204.226.18 - - [15/May/2025:11:39:56 -0400] "GET /wp-content/install.php HTTP/1.1" 200 10 "http://jenniferflo.com/wp-content/install.php" "Mozilla/5.0 (Windows NT 10.0; Win64; x64) AppleWebKit/537.36 (KHTML, like Gecko) Chrome/58.0.3029.110 Safari/537.3"
47.238.13.8 - - [15/May/2025:11:39:58 -0400] "GET /items/pbdoy89/396?key=number HTTP/1.1" 500 271 "-" "Mozilla/5.0 (Macintosh; Intel Mac OS X 10_15_7) AppleWebKit/537.36 (KHTML, like Gecko) Chrome/109.0.0.0 Safari/537.36"
47.238.13.14 - - [15/May/2025:11:40:19 -0400] "GET /items/ueaxk53/24174?key=ancestor HTTP/1.1" 500 271 "-" "Mozilla/5.0 (Macintosh; Intel Mac OS X 10_15_7) AppleWebKit/537.36 (KHTML, like Gecko) Chrome/109.0.0.0 Safari/537.36"
198.204.226.18 - - [15/May/2025:11:41:08 -0400] "GET /wp-content/install.php HTTP/1.1" 200 10 "http://jenniferflo.com/wp-content/install.php" "Mozilla/5.0 (Windows NT 10.0; Win64; x64) AppleWebKit/537.36 (KHTML, like Gecko) Chrome/58.0.3029.110 Safari/537.3"
47.238.13.13 - - [15/May/2025:11:41:08 -0400] "GET /instruct/t31?pid=35 HTTP/1.1" 500 271 "-" "Mozilla/5.0 (Macintosh; Intel Mac OS X 10_15_7) AppleWebKit/537.36 (KHTML, like Gecko) Chrome/109.0.0.0 Safari/537.36"
198.204.226.18 - - [15/May/2025:11:41:05 -0400] "GET /wp-content/install.php HTTP/1.1" 200 0 "http://jenniferflo.com/wp-content/install.php" "Mozilla/5.0 (Windows NT 10.0; Win64; x64) AppleWebKit/537.36 (KHTML, like Gecko) Chrome/58.0.3029.110 Safari/537.3"
8.210.15.252 - - [15/May/2025:11:41:17 -0400] "GET /processor/o54?pid=188 HTTP/1.1" 500 271 "-" "Mozilla/5.0 (Macintosh; Intel Mac OS X 10_15_7) AppleWebKit/537.36 (KHTML, like Gecko) Chrome/109.0.0.0 Safari/537.36"
198.204.226.18 - - [15/May/2025:11:41:28 -0400] "GET /wp-content/install.php HTTP/1.1" 200 10 "http://jenniferflo.com/wp-content/install.php" "Mozilla/5.0 (Windows NT 10.0; Win64; x64) AppleWebKit/537.36 (KHTML, like Gecko) Chrome/58.0.3029.110 Safari/537.3"
47.238.13.14 - - [15/May/2025:11:41:37 -0400] "GET /items/qsfxz101/27764?key=passage HTTP/1.1" 500 271 "-" "Mozilla/5.0 (Macintosh; Intel Mac OS X 10_15_7) AppleWebKit/537.36 (KHTML, like Gecko) Chrome/109.0.0.0 Safari/537.36"
198.204.226.18 - - [15/May/2025:11:41:59 -0400] "GET /wp-content/install.php HTTP/1.1" 200 10 "http://jenniferflo.com/wp-content/install.php" "Mozilla/5.0 (Windows NT 10.0; Win64; x64) AppleWebKit/537.36 (KHTML, like Gecko) Chrome/58.0.3029.110 Safari/537.3"
212.11.64.144 - - [15/May/2025:11:42:21 -0400] "GET //wp-admin/ZGkjxJr5qWs.php HTTP/1.1" 500 271 "http://jenniferflo.com/" "Mozilla/5.0 (Windows NT 10.0; Win64; x64) AppleWebKit/537.36 (KHTML, like Gecko) Chrome/121.0.0.0 Safari/537.36"
47.238.13.12 - - [15/May/2025:11:42:29 -0400] "GET /items/whovc84/359?key=lab HTTP/1.1" 500 271 "-" "Mozilla/5.0 (Macintosh; Intel Mac OS X 10_15_7) AppleWebKit/537.36 (KHTML, like Gecko) Chrome/109.0.0.0 Safari/537.36"
47.238.13.16 - - [15/May/2025:11:43:24 -0400] "GET /those/z155?pid=11529 HTTP/1.1" 500 271 "-" "Mozilla/5.0 (Macintosh; Intel Mac OS X 10_15_7) AppleWebKit/537.36 (KHTML, like Gecko) Chrome/109.0.0.0 Safari/537.36"
47.238.13.15 - - [15/May/2025:11:43:58 -0400] "GET /sitemap-subkey-1763.xml HTTP/1.1" 200 99874 "-" "Mozilla/5.0 (Macintosh; Intel Mac OS X 10_15_7) AppleWebKit/537.36 (KHTML, like Gecko) Chrome/109.0.0.0 Safari/537.36"
47.238.13.11 - - [15/May/2025:11:44:05 -0400] "GET /items/ldkeq92/22845?key=progress HTTP/1.1" 500 271 "-" "Mozilla/5.0 (Macintosh; Intel Mac OS X 10_15_7) AppleWebKit/537.36 (KHTML, like Gecko) Chrome/109.0.0.0 Safari/537.36"
47.238.13.15 - - [15/May/2025:11:44:32 -0400] "GET /sitemap-subkey-907.xml HTTP/1.1" 200 100684 "-" "Mozilla/5.0 (Macintosh; Intel Mac OS X 10_15_7) AppleWebKit/537.36 (KHTML, like Gecko) Chrome/109.0.0.0 Safari/537.36"
198.204.226.18 - - [15/May/2025:11:44:36 -0400] "GET /wp-content/install.php HTTP/1.1" 200 10 "http://jenniferflo.com/wp-content/install.php" "Mozilla/5.0 (Windows NT 10.0; Win64; x64) AppleWebKit/537.36 (KHTML, like Gecko) Chrome/58.0.3029.110 Safari/537.3"
47.238.13.3 - - [15/May/2025:11:44:50 -0400] "GET /items/gpsca11/23946?key=electronic HTTP/1.1" 500 271 "-" "Mozilla/5.0 (Macintosh; Intel Mac OS X 10_15_7) AppleWebKit/537.36 (KHTML, like Gecko) Chrome/109.0.0.0 Safari/537.36"
69.197.135.226 - - [15/May/2025:11:45:06 -0400] "GET /wp-includes/install.php HTTP/1.1" 200 10 "http://jenniferflo.com/wp-includes/install.php" "Mozilla/5.0 (Windows NT 10.0; Win64; x64) AppleWebKit/537.36 (KHTML, like Gecko) Chrome/58.0.3029.110 Safari/537.3"
198.204.226.18 - - [15/May/2025:11:45:09 -0400] "GET /wp-content/install.php HTTP/1.1" 200 0 "http://jenniferflo.com/wp-content/install.php" "Mozilla/5.0 (Windows NT 10.0; Win64; x64) AppleWebKit/537.36 (KHTML, like Gecko) Chrome/58.0.3029.110 Safari/537.3"
198.204.226.18 - - [15/May/2025:11:45:22 -0400] "GET /wp-content/install.php HTTP/1.1" 200 10 "http://jenniferflo.com/wp-content/install.php" "Mozilla/5.0 (Windows NT 10.0; Win64; x64) AppleWebKit/537.36 (KHTML, like Gecko) Chrome/58.0.3029.110 Safari/537.3"
8.210.11.248 - - [15/May/2025:11:45:22 -0400] "GET /uncomfortable/u185?pid=21817 HTTP/1.1" 500 271 "-" "Mozilla/5.0 (Macintosh; Intel Mac OS X 10_15_7) AppleWebKit/537.36 (KHTML, like Gecko) Chrome/109.0.0.0 Safari/537.36"
198.204.226.18 - - [15/May/2025:11:45:37 -0400] "GET /wp-content/install.php HTTP/1.1" 200 10 "http://jenniferflo.com/wp-content/install.php" "Mozilla/5.0 (Windows NT 10.0; Win64; x64) AppleWebKit/537.36 (KHTML, like Gecko) Chrome/58.0.3029.110 Safari/537.3"
66.249.64.104 - - [15/May/2025:11:45:49 -0400] "GET /ads.txt HTTP/1.1" 200 82960 "-" "Mozilla/5.0 (compatible; Googlebot/2.1; +http://www.google.com/bot.html)"
198.204.226.18 - - [15/May/2025:11:45:57 -0400] "GET /wp-content/install.php HTTP/1.1" 200 10 "http://jenniferflo.com/wp-content/install.php" "Mozilla/5.0 (Windows NT 10.0; Win64; x64) AppleWebKit/537.36 (KHTML, like Gecko) Chrome/58.0.3029.110 Safari/537.3"
212.11.64.144 - - [15/May/2025:11:46:02 -0400] "GET //wp-admin/item.php HTTP/1.1" 500 271 "http://jenniferflo.com/" "Mozilla/5.0 (Windows NT 10.0; Win64; x64) AppleWebKit/537.36 (KHTML, like Gecko) Chrome/121.0.0.0 Safari/537.36"
8.218.186.1 - - [15/May/2025:11:46:22 -0400] "GET /sheet/r68?pid=7024 HTTP/1.1" 500 271 "-" "Mozilla/5.0 (Macintosh; Intel Mac OS X 10_15_7) AppleWebKit/537.36 (KHTML, like Gecko) Chrome/109.0.0.0 Safari/537.36"
198.204.226.18 - - [15/May/2025:11:46:39 -0400] "GET /wp-content/install.php HTTP/1.1" 200 10 "http://jenniferflo.com/wp-content/install.php" "Mozilla/5.0 (Windows NT 10.0; Win64; x64) AppleWebKit/537.36 (KHTML, like Gecko) Chrome/58.0.3029.110 Safari/537.3"
198.204.226.18 - - [15/May/2025:11:46:36 -0400] "GET /wp-content/install.php HTTP/1.1" 200 0 "http://jenniferflo.com/wp-content/install.php" "Mozilla/5.0 (Windows NT 10.0; Win64; x64) AppleWebKit/537.36 (KHTML, like Gecko) Chrome/58.0.3029.110 Safari/537.3"
198.204.226.18 - - [15/May/2025:11:46:48 -0400] "GET /wp-content/install.php HTTP/1.1" 200 10 "http://jenniferflo.com/wp-content/install.php" "Mozilla/5.0 (Windows NT 10.0; Win64; x64) AppleWebKit/537.36 (KHTML, like Gecko) Chrome/58.0.3029.110 Safari/537.3"
198.204.226.18 - - [15/May/2025:11:48:18 -0400] "GET /wp-content/install.php HTTP/1.1" 200 10 "http://jenniferflo.com/wp-content/install.php" "Mozilla/5.0 (Windows NT 10.0; Win64; x64) AppleWebKit/537.36 (KHTML, like Gecko) Chrome/58.0.3029.110 Safari/537.3"
198.204.226.18 - - [15/May/2025:11:48:15 -0400] "GET /wp-content/install.php HTTP/1.1" 200 0 "http://jenniferflo.com/wp-content/install.php" "Mozilla/5.0 (Windows NT 10.0; Win64; x64) AppleWebKit/537.36 (KHTML, like Gecko) Chrome/58.0.3029.110 Safari/537.3"
8.210.108.0 - - [15/May/2025:11:49:27 -0400] "GET /items/rjfgd117/3406?key=status HTTP/1.1" 500 271 "-" "Mozilla/5.0 (Macintosh; Intel Mac OS X 10_15_7) AppleWebKit/537.36 (KHTML, like Gecko) Chrome/109.0.0.0 Safari/537.36"
212.11.64.144 - - [15/May/2025:11:49:43 -0400] "GET //lezcydlt.php HTTP/1.1" 500 21 "http://jenniferflo.com/" "Mozilla/5.0 (Windows NT 10.0; Win64; x64) AppleWebKit/537.36 (KHTML, like Gecko) Chrome/121.0.0.0 Safari/537.36"
47.238.13.14 - - [15/May/2025:11:49:58 -0400] "GET /items/soqyr15/21458?key=Thanksgiving HTTP/1.1" 500 271 "-" "Mozilla/5.0 (Macintosh; Intel Mac OS X 10_15_7) AppleWebKit/537.36 (KHTML, like Gecko) Chrome/109.0.0.0 Safari/537.36"
47.242.77.69 - - [15/May/2025:11:50:07 -0400] "GET /sitemap-subkey-2162.xml HTTP/1.1" 200 100314 "-" "Mozilla/5.0 (Macintosh; Intel Mac OS X 10_15_7) AppleWebKit/537.36 (KHTML, like Gecko) Chrome/109.0.0.0 Safari/537.36"
47.238.13.18 - - [15/May/2025:11:50:18 -0400] "GET /items/ljskk6/815?key=broken HTTP/1.1" 500 271 "-" "Mozilla/5.0 (Macintosh; Intel Mac OS X 10_15_7) AppleWebKit/537.36 (KHTML, like Gecko) Chrome/109.0.0.0 Safari/537.36"
47.238.14.12 - - [15/May/2025:11:50:47 -0400] "GET /items/jpoyg92/10989?key=legislature HTTP/1.1" 500 21 "-" "Mozilla/5.0 (Macintosh; Intel Mac OS X 10_15_7) AppleWebKit/537.36 (KHTML, like Gecko) Chrome/109.0.0.0 Safari/537.36"
47.238.13.17 - - [15/May/2025:11:51:07 -0400] "GET /German/s22?pid=12272 HTTP/1.1" 500 271 "-" "Mozilla/5.0 (Macintosh; Intel Mac OS X 10_15_7) AppleWebKit/537.36 (KHTML, like Gecko) Chrome/109.0.0.0 Safari/537.36"
198.204.226.18 - - [15/May/2025:11:51:22 -0400] "GET /wp-content/install.php HTTP/1.1" 200 10 "http://jenniferflo.com/wp-content/install.php" "Mozilla/5.0 (Windows NT 10.0; Win64; x64) AppleWebKit/537.36 (KHTML, like Gecko) Chrome/58.0.3029.110 Safari/537.3"
198.204.226.18 - - [15/May/2025:11:51:18 -0400] "GET /wp-content/install.php HTTP/1.1" 200 0 "http://jenniferflo.com/wp-content/install.php" "Mozilla/5.0 (Windows NT 10.0; Win64; x64) AppleWebKit/537.36 (KHTML, like Gecko) Chrome/58.0.3029.110 Safari/537.3"
47.238.13.15 - - [15/May/2025:11:52:29 -0400] "GET /items/wbuwg17/24672?key=vertical HTTP/1.1" 500 271 "-" "Mozilla/5.0 (Macintosh; Intel Mac OS X 10_15_7) AppleWebKit/537.36 (KHTML, like Gecko) Chrome/109.0.0.0 Safari/537.36"
198.204.226.18 - - [15/May/2025:11:52:37 -0400] "GET /wp-content/install.php HTTP/1.1" 200 10 "http://jenniferflo.com/wp-content/install.php" "Mozilla/5.0 (Windows NT 10.0; Win64; x64) AppleWebKit/537.36 (KHTML, like Gecko) Chrome/58.0.3029.110 Safari/537.3"
47.238.13.15 - - [15/May/2025:11:52:43 -0400] "GET /items/oddel220/1663?key=international HTTP/1.1" 500 271 "-" "Mozilla/5.0 (Macintosh; Intel Mac OS X 10_15_7) AppleWebKit/537.36 (KHTML, like Gecko) Chrome/109.0.0.0 Safari/537.36"
198.204.226.18 - - [15/May/2025:11:52:34 -0400] "GET /wp-content/install.php HTTP/1.1" 200 0 "http://jenniferflo.com/wp-content/install.php" "Mozilla/5.0 (Windows NT 10.0; Win64; x64) AppleWebKit/537.36 (KHTML, like Gecko) Chrome/58.0.3029.110 Safari/537.3"
212.11.64.144 - - [15/May/2025:11:53:24 -0400] "GET //images/sqshell.php HTTP/1.1" 500 271 "http://jenniferflo.com/" "Mozilla/5.0 (Windows NT 10.0; Win64; x64) AppleWebKit/537.36 (KHTML, like Gecko) Chrome/121.0.0.0 Safari/537.36"
47.238.13.18 - - [15/May/2025:11:54:00 -0400] "GET /pages.php?category/1028_1029/1/listing HTTP/1.1" 200 9874 "-" "Mozilla/5.0 (Macintosh; Intel Mac OS X 10_15_7) AppleWebKit/537.36 (KHTML, like Gecko) Chrome/109.0.0.0 Safari/537.36"
198.204.226.18 - - [15/May/2025:11:54:45 -0400] "GET /wp-content/install.php HTTP/1.1" 200 10 "http://jenniferflo.com/wp-content/install.php" "Mozilla/5.0 (Windows NT 10.0; Win64; x64) AppleWebKit/537.36 (KHTML, like Gecko) Chrome/58.0.3029.110 Safari/537.3"
198.204.226.18 - - [15/May/2025:11:54:41 -0400] "GET /wp-content/install.php HTTP/1.1" 200 0 "http://jenniferflo.com/wp-content/install.php" "Mozilla/5.0 (Windows NT 10.0; Win64; x64) AppleWebKit/537.36 (KHTML, like Gecko) Chrome/58.0.3029.110 Safari/537.3"
204.12.252.98 - - [15/May/2025:11:55:53 -0400] "GET /wp-includes/install.php HTTP/1.1" 200 10 "http://jenniferflo.com/wp-includes/install.php" "Mozilla/5.0 (Windows NT 10.0; Win64; x64) AppleWebKit/537.36 (KHTML, like Gecko) Chrome/58.0.3029.110 Safari/537.3"
47.242.200.220 - - [15/May/2025:11:56:04 -0400] "GET /sitemap-subkey-2538.xml HTTP/1.1" 200 99125 "-" "Mozilla/5.0 (Macintosh; Intel Mac OS X 10_15_7) AppleWebKit/537.36 (KHTML, like Gecko) Chrome/109.0.0.0 Safari/537.36"
66.249.64.103 - - [15/May/2025:11:56:30 -0400] "GET /items/jvuwl242/26831?key=slavery HTTP/1.1" 200 81999 "-" "Mozilla/5.0 (Linux; Android 6.0.1; Nexus 5X Build/MMB29P) AppleWebKit/537.36 (KHTML, like Gecko) Chrome/136.0.7103.59 Mobile Safari/537.36 (compatible; GoogleOther)"
66.249.64.103 - - [15/May/2025:11:56:58 -0400] "GET /index.php?trunkfuls/uiw/36580982?_gl=1*1xoydzf*_ga*ODU5NTc1NTk3LjE3Mjk5MzUwMTM.*_ga_GV6DXJNSVV*MTczMDUxMjczMi40LjEuMTczMDUxMjk0My4wLjAuMA..&_ga=2.115473155.481179279.1730512732-859575597.1729935013 HTTP/1.1" 200 82226 "-" "Mozilla/5.0 (Linux; Android 6.0.1; Nexus 5X Build/MMB29P) AppleWebKit/537.36 (KHTML, like Gecko) Chrome/136.0.7103.59 Mobile Safari/537.36 (compatible; Googlebot/2.1; +http://www.google.com/bot.html)"
212.11.64.144 - - [15/May/2025:11:57:07 -0400] "GET //wp-content/plugins/pwnd/cloud.php HTTP/1.1" 500 271 "http://jenniferflo.com/" "Mozilla/5.0 (Windows NT 10.0; Win64; x64) AppleWebKit/537.36 (KHTML, like Gecko) Chrome/121.0.0.0 Safari/537.36"
198.204.226.18 - - [15/May/2025:11:57:36 -0400] "GET /wp-content/install.php HTTP/1.1" 200 10 "http://jenniferflo.com/wp-content/install.php" "Mozilla/5.0 (Windows NT 10.0; Win64; x64) AppleWebKit/537.36 (KHTML, like Gecko) Chrome/58.0.3029.110 Safari/537.3"
198.204.226.18 - - [15/May/2025:11:57:58 -0400] "GET /wp-content/install.php HTTP/1.1" 200 10 "http://jenniferflo.com/wp-content/install.php" "Mozilla/5.0 (Windows NT 10.0; Win64; x64) AppleWebKit/537.36 (KHTML, like Gecko) Chrome/58.0.3029.110 Safari/537.3"
198.204.226.18 - - [15/May/2025:11:57:55 -0400] "GET /wp-content/install.php HTTP/1.1" 200 0 "http://jenniferflo.com/wp-content/install.php" "Mozilla/5.0 (Windows NT 10.0; Win64; x64) AppleWebKit/537.36 (KHTML, like Gecko) Chrome/58.0.3029.110 Safari/537.3"
47.238.13.14 - - [15/May/2025:11:58:48 -0400] "GET /pages.php?product/S43?j=search&l=3933 HTTP/1.1" 200 9759 "-" "Mozilla/5.0 (Macintosh; Intel Mac OS X 10_15_7) AppleWebKit/537.36 (KHTML, like Gecko) Chrome/109.0.0.0 Safari/537.36"
47.238.13.18 - - [15/May/2025:11:58:59 -0400] "GET /sitemap-subkey-1472.xml HTTP/1.1" 200 99878 "-" "Mozilla/5.0 (Macintosh; Intel Mac OS X 10_15_7) AppleWebKit/537.36 (KHTML, like Gecko) Chrome/109.0.0.0 Safari/537.36"
47.238.13.15 - - [15/May/2025:12:00:28 -0400] "GET /re/c45?pid=299 HTTP/1.1" 500 271 "-" "Mozilla/5.0 (Macintosh; Intel Mac OS X 10_15_7) AppleWebKit/537.36 (KHTML, like Gecko) Chrome/109.0.0.0 Safari/537.36"
212.11.64.144 - - [15/May/2025:12:00:47 -0400] "GET //.well-known/pki-validation/d98bad5c-1121-4141-b7d0-3ff27cd86ffe.php HTTP/1.1" 500 271 "http://jenniferflo.com/" "Mozilla/5.0 (Windows NT 10.0; Win64; x64) AppleWebKit/537.36 (KHTML, like Gecko) Chrome/121.0.0.0 Safari/537.36"
47.238.13.14 - - [15/May/2025:12:01:47 -0400] "GET /items/ifvqt30/27843?key=orange HTTP/1.1" 500 271 "-" "Mozilla/5.0 (Macintosh; Intel Mac OS X 10_15_7) AppleWebKit/537.36 (KHTML, like Gecko) Chrome/109.0.0.0 Safari/537.36"
198.204.226.18 - - [15/May/2025:12:01:58 -0400] "GET /wp-content/install.php HTTP/1.1" 200 10 "http://jenniferflo.com/wp-content/install.php" "Mozilla/5.0 (Windows NT 10.0; Win64; x64) AppleWebKit/537.36 (KHTML, like Gecko) Chrome/58.0.3029.110 Safari/537.3"
198.204.226.18 - - [15/May/2025:12:01:55 -0400] "GET /wp-content/install.php HTTP/1.1" 200 0 "http://jenniferflo.com/wp-content/install.php" "Mozilla/5.0 (Windows NT 10.0; Win64; x64) AppleWebKit/537.36 (KHTML, like Gecko) Chrome/58.0.3029.110 Safari/537.3"
47.238.13.13 - - [15/May/2025:12:02:13 -0400] "GET /items/zgbts27/7320?key=consecutive HTTP/1.1" 500 271 "-" "Mozilla/5.0 (Macintosh; Intel Mac OS X 10_15_7) AppleWebKit/537.36 (KHTML, like Gecko) Chrome/109.0.0.0 Safari/537.36"
208.110.64.178 - - [15/May/2025:12:02:32 -0400] "GET /wp-includes/install.php HTTP/1.1" 200 10 "http://jenniferflo.com/wp-includes/install.php" "Mozilla/5.0 (Windows NT 10.0; Win64; x64) AppleWebKit/537.36 (KHTML, like Gecko) Chrome/58.0.3029.110 Safari/537.3"
47.243.178.179 - - [15/May/2025:12:03:01 -0400] "GET /statement/r37?pid=81 HTTP/1.1" 500 271 "-" "Mozilla/5.0 (Macintosh; Intel Mac OS X 10_15_7) AppleWebKit/537.36 (KHTML, like Gecko) Chrome/109.0.0.0 Safari/537.36"
42.236.101.212 - - [15/May/2025:12:03:05 -0400] "GET / HTTP/1.1" 500 276 "http://www.jenniferflo.com/" "Mozilla/5.0 (Windows NT 6.1; WOW64) AppleWebKit/537.36 (KHTML, like Gecko) Chrome/50.0.2661.102 Safari/537.36; 360Spider"
47.238.13.16 - - [15/May/2025:12:03:43 -0400] "GET /everyone/c248?pid=4394 HTTP/1.1" 500 271 "-" "Mozilla/5.0 (Macintosh; Intel Mac OS X 10_15_7) AppleWebKit/537.36 (KHTML, like Gecko) Chrome/109.0.0.0 Safari/537.36"
198.204.226.18 - - [15/May/2025:12:04:20 -0400] "GET /wp-content/install.php HTTP/1.1" 200 10 "http://jenniferflo.com/wp-content/install.php" "Mozilla/5.0 (Windows NT 10.0; Win64; x64) AppleWebKit/537.36 (KHTML, like Gecko) Chrome/58.0.3029.110 Safari/537.3"
198.204.226.18 - - [15/May/2025:12:04:27 -0400] "GET /wp-content/install.php HTTP/1.1" 200 10 "http://jenniferflo.com/wp-content/install.php" "Mozilla/5.0 (Windows NT 10.0; Win64; x64) AppleWebKit/537.36 (KHTML, like Gecko) Chrome/58.0.3029.110 Safari/537.3"
198.204.226.18 - - [15/May/2025:12:04:17 -0400] "GET /wp-content/install.php HTTP/1.1" 200 0 "http://jenniferflo.com/wp-content/install.php" "Mozilla/5.0 (Windows NT 10.0; Win64; x64) AppleWebKit/537.36 (KHTML, like Gecko) Chrome/58.0.3029.110 Safari/537.3"
212.11.64.144 - - [15/May/2025:12:04:28 -0400] "GET //wp-admin/Ku4p2Lb8HMd.php HTTP/1.1" 500 271 "http://jenniferflo.com/" "Mozilla/5.0 (Windows NT 10.0; Win64; x64) AppleWebKit/537.36 (KHTML, like Gecko) Chrome/121.0.0.0 Safari/537.36"
37.230.196.116 - - [15/May/2025:12:05:36 -0400] "GET /wp-content/uploads/yalehappiness.png HTTP/1.1" 500 360 "-" "Mozilla/5.0 (Windows NT 10.0; Win64; x64) AppleWebKit/537.36 (KHTML, like Gecko) Chrome/120.0.0.0 Safari/537.36"
198.204.226.18 - - [15/May/2025:12:05:49 -0400] "GET /wp-content/install.php HTTP/1.1" 200 10 "http://jenniferflo.com/wp-content/install.php" "Mozilla/5.0 (Windows NT 10.0; Win64; x64) AppleWebKit/537.36 (KHTML, like Gecko) Chrome/58.0.3029.110 Safari/537.3"
198.204.226.18 - - [15/May/2025:12:05:46 -0400] "GET /wp-content/install.php HTTP/1.1" 200 0 "http://jenniferflo.com/wp-content/install.php" "Mozilla/5.0 (Windows NT 10.0; Win64; x64) AppleWebKit/537.36 (KHTML, like Gecko) Chrome/58.0.3029.110 Safari/537.3"
198.204.226.18 - - [15/May/2025:12:05:59 -0400] "GET /wp-content/install.php HTTP/1.1" 200 10 "http://jenniferflo.com/wp-content/install.php" "Mozilla/5.0 (Windows NT 10.0; Win64; x64) AppleWebKit/537.36 (KHTML, like Gecko) Chrome/58.0.3029.110 Safari/537.3"
198.204.226.18 - - [15/May/2025:12:06:53 -0400] "GET /wp-content/install.php HTTP/1.1" 200 10 "http://jenniferflo.com/wp-content/install.php" "Mozilla/5.0 (Windows NT 10.0; Win64; x64) AppleWebKit/537.36 (KHTML, like Gecko) Chrome/58.0.3029.110 Safari/537.3"
47.238.13.16 - - [15/May/2025:12:07:26 -0400] "GET /poor/h60?pid=49332 HTTP/1.1" 500 271 "-" "Mozilla/5.0 (Macintosh; Intel Mac OS X 10_15_7) AppleWebKit/537.36 (KHTML, like Gecko) Chrome/109.0.0.0 Safari/537.36"
198.204.226.18 - - [15/May/2025:12:07:23 -0400] "GET /wp-content/install.php HTTP/1.1" 200 0 "http://jenniferflo.com/wp-content/install.php" "Mozilla/5.0 (Windows NT 10.0; Win64; x64) AppleWebKit/537.36 (KHTML, like Gecko) Chrome/58.0.3029.110 Safari/537.3"
8.210.152.184 - - [15/May/2025:12:08:02 -0400] "GET /sitemap-subkey-2016.xml HTTP/1.1" 200 99154 "-" "Mozilla/5.0 (Macintosh; Intel Mac OS X 10_15_7) AppleWebKit/537.36 (KHTML, like Gecko) Chrome/109.0.0.0 Safari/537.36"
47.238.13.18 - - [15/May/2025:12:08:04 -0400] "GET /pages.php?category/740_1962/1/listing HTTP/1.1" 200 10636 "-" "Mozilla/5.0 (Macintosh; Intel Mac OS X 10_15_7) AppleWebKit/537.36 (KHTML, like Gecko) Chrome/109.0.0.0 Safari/537.36"
212.11.64.144 - - [15/May/2025:12:08:09 -0400] "GET //wp-content/plugins/owjvkie/ws.php HTTP/1.1" 500 271 "http://jenniferflo.com/" "Mozilla/5.0 (Windows NT 10.0; Win64; x64) AppleWebKit/537.36 (KHTML, like Gecko) Chrome/121.0.0.0 Safari/537.36"
47.238.13.17 - - [15/May/2025:12:08:18 -0400] "GET /extent/a141?pid=15653 HTTP/1.1" 500 271 "-" "Mozilla/5.0 (Macintosh; Intel Mac OS X 10_15_7) AppleWebKit/537.36 (KHTML, like Gecko) Chrome/109.0.0.0 Safari/537.36"
198.204.226.18 - - [15/May/2025:12:08:39 -0400] "GET /wp-content/install.php HTTP/1.1" 200 10 "http://jenniferflo.com/wp-content/install.php" "Mozilla/5.0 (Windows NT 10.0; Win64; x64) AppleWebKit/537.36 (KHTML, like Gecko) Chrome/58.0.3029.110 Safari/537.3"
198.204.226.18 - - [15/May/2025:12:09:05 -0400] "GET /wp-content/install.php HTTP/1.1" 200 10 "http://jenniferflo.com/wp-content/install.php" "Mozilla/5.0 (Windows NT 10.0; Win64; x64) AppleWebKit/537.36 (KHTML, like Gecko) Chrome/58.0.3029.110 Safari/537.3"
198.204.226.18 - - [15/May/2025:12:09:02 -0400] "GET /wp-content/install.php HTTP/1.1" 200 0 "http://jenniferflo.com/wp-content/install.php" "Mozilla/5.0 (Windows NT 10.0; Win64; x64) AppleWebKit/537.36 (KHTML, like Gecko) Chrome/58.0.3029.110 Safari/537.3"
198.204.226.18 - - [15/May/2025:12:09:39 -0400] "GET /wp-content/install.php HTTP/1.1" 200 10 "http://jenniferflo.com/wp-content/install.php" "Mozilla/5.0 (Windows NT 10.0; Win64; x64) AppleWebKit/537.36 (KHTML, like Gecko) Chrome/58.0.3029.110 Safari/537.3"
198.204.226.18 - - [15/May/2025:12:09:36 -0400] "GET /wp-content/install.php HTTP/1.1" 200 0 "http://jenniferflo.com/wp-content/install.php" "Mozilla/5.0 (Windows NT 10.0; Win64; x64) AppleWebKit/537.36 (KHTML, like Gecko) Chrome/58.0.3029.110 Safari/537.3"
47.238.13.3 - - [15/May/2025:12:09:50 -0400] "GET /sitemap-subkey-458.xml HTTP/1.1" 200 101407 "-" "Mozilla/5.0 (Macintosh; Intel Mac OS X 10_15_7) AppleWebKit/537.36 (KHTML, like Gecko) Chrome/109.0.0.0 Safari/537.36"
198.204.226.18 - - [15/May/2025:12:10:07 -0400] "GET /wp-content/install.php HTTP/1.1" 200 10 "http://jenniferflo.com/wp-content/install.php" "Mozilla/5.0 (Windows NT 10.0; Win64; x64) AppleWebKit/537.36 (KHTML, like Gecko) Chrome/58.0.3029.110 Safari/537.3"
198.204.226.18 - - [15/May/2025:12:11:13 -0400] "GET /wp-content/install.php HTTP/1.1" 200 10 "http://jenniferflo.com/wp-content/install.php" "Mozilla/5.0 (Windows NT 10.0; Win64; x64) AppleWebKit/537.36 (KHTML, like Gecko) Chrome/58.0.3029.110 Safari/537.3"
198.204.226.18 - - [15/May/2025:12:11:10 -0400] "GET /wp-content/install.php HTTP/1.1" 200 0 "http://jenniferflo.com/wp-content/install.php" "Mozilla/5.0 (Windows NT 10.0; Win64; x64) AppleWebKit/537.36 (KHTML, like Gecko) Chrome/58.0.3029.110 Safari/537.3"
198.204.226.18 - - [15/May/2025:12:11:46 -0400] "GET /wp-content/install.php HTTP/1.1" 200 10 "http://jenniferflo.com/wp-content/install.php" "Mozilla/5.0 (Windows NT 10.0; Win64; x64) AppleWebKit/537.36 (KHTML, like Gecko) Chrome/58.0.3029.110 Safari/537.3"
208.110.64.178 - - [15/May/2025:12:11:46 -0400] "GET /wp-includes/install.php HTTP/1.1" 200 10 "http://jenniferflo.com/wp-includes/install.php" "Mozilla/5.0 (Windows NT 10.0; Win64; x64) AppleWebKit/537.36 (KHTML, like Gecko) Chrome/58.0.3029.110 Safari/537.3"
212.11.64.144 - - [15/May/2025:12:11:51 -0400] "GET //wp-admin/XWYA9vueRH2.php HTTP/1.1" 500 271 "http://jenniferflo.com/" "Mozilla/5.0 (Windows NT 10.0; Win64; x64) AppleWebKit/537.36 (KHTML, like Gecko) Chrome/121.0.0.0 Safari/537.36"
198.204.226.18 - - [15/May/2025:12:11:43 -0400] "GET /wp-content/install.php HTTP/1.1" 200 0 "http://jenniferflo.com/wp-content/install.php" "Mozilla/5.0 (Windows NT 10.0; Win64; x64) AppleWebKit/537.36 (KHTML, like Gecko) Chrome/58.0.3029.110 Safari/537.3"
47.238.13.14 - - [15/May/2025:12:12:41 -0400] "GET /items/fycup176/28929?key=construction HTTP/1.1" 500 271 "-" "Mozilla/5.0 (Macintosh; Intel Mac OS X 10_15_7) AppleWebKit/537.36 (KHTML, like Gecko) Chrome/109.0.0.0 Safari/537.36"
198.204.226.18 - - [15/May/2025:12:12:48 -0400] "GET /wp-content/install.php HTTP/1.1" 200 10 "http://jenniferflo.com/wp-content/install.php" "Mozilla/5.0 (Windows NT 10.0; Win64; x64) AppleWebKit/537.36 (KHTML, like Gecko) Chrome/58.0.3029.110 Safari/537.3"
198.204.226.18 - - [15/May/2025:12:13:30 -0400] "GET /wp-content/install.php HTTP/1.1" 200 10 "http://jenniferflo.com/wp-content/install.php" "Mozilla/5.0 (Windows NT 10.0; Win64; x64) AppleWebKit/537.36 (KHTML, like Gecko) Chrome/58.0.3029.110 Safari/537.3"
198.204.226.18 - - [15/May/2025:12:13:27 -0400] "GET /wp-content/install.php HTTP/1.1" 200 0 "http://jenniferflo.com/wp-content/install.php" "Mozilla/5.0 (Windows NT 10.0; Win64; x64) AppleWebKit/537.36 (KHTML, like Gecko) Chrome/58.0.3029.110 Safari/537.3"
198.204.226.18 - - [15/May/2025:12:13:51 -0400] "GET /wp-content/install.php HTTP/1.1" 200 10 "http://jenniferflo.com/wp-content/install.php" "Mozilla/5.0 (Windows NT 10.0; Win64; x64) AppleWebKit/537.36 (KHTML, like Gecko) Chrome/58.0.3029.110 Safari/537.3"
