172.190.142.176 - - [15/May/2025:16:18:57 -0400] "GET /fw.php HTTP/1.1" 500 360 "-" "-"
172.190.142.176 - - [15/May/2025:16:18:57 -0400] "GET /post.php HTTP/1.1" 500 360 "-" "-"
172.190.142.176 - - [15/May/2025:16:18:57 -0400] "GET /ALFA_DATA/index.php HTTP/1.1" 500 360 "-" "-"
172.190.142.176 - - [15/May/2025:16:18:57 -0400] "GET /wp-admin/css/colors/blue/moon.php HTTP/1.1" 500 360 "-" "-"
172.190.142.176 - - [15/May/2025:16:18:57 -0400] "GET /wp-content/themes/wp-pridmag/up.php HTTP/1.1" 500 360 "-" "-"
172.190.142.176 - - [15/May/2025:16:18:57 -0400] "GET /wp-includes/html-api/alfa-rex.php HTTP/1.1" 500 360 "-" "-"
172.190.142.176 - - [15/May/2025:16:18:57 -0400] "GET /wp-content/upgrade-temp-backup/about.php HTTP/1.1" 500 360 "-" "-"
172.190.142.176 - - [15/May/2025:16:18:57 -0400] "GET /wp-admin/includes/m.php HTTP/1.1" 500 360 "-" "-"
172.190.142.176 - - [15/May/2025:16:18:57 -0400] "GET /images/admin.php HTTP/1.1" 500 360 "-" "-"
172.190.142.176 - - [15/May/2025:16:18:57 -0400] "GET /admin/fckeditor/editor/filemanager/alfanew.php HTTP/1.1" 500 360 "-" "-"
172.190.142.176 - - [15/May/2025:16:18:57 -0400] "GET /wp-admin/user/admin.php HTTP/1.1" 500 359 "-" "-"
172.190.142.176 - - [15/May/2025:16:18:57 -0400] "GET /wp-includes/IXR/shell.php HTTP/1.1" 500 360 "-" "-"
172.190.142.176 - - [15/May/2025:16:18:58 -0400] "GET /wp-trackback.php HTTP/1.1" 500 360 "-" "-"
172.190.142.176 - - [15/May/2025:16:18:58 -0400] "GET /wp-content/content.php HTTP/1.1" 500 360 "-" "-"
172.190.142.176 - - [15/May/2025:16:18:58 -0400] "GET /wp-admin/wp-conflg.php HTTP/1.1" 500 360 "-" "-"
172.190.142.176 - - [15/May/2025:16:18:58 -0400] "GET /wp-includes/Requests/Utility/alfa-rex.php HTTP/1.1" 500 360 "-" "-"
172.190.142.176 - - [15/May/2025:16:18:58 -0400] "GET /wp-content/upgrade-temp-backup/ty.php HTTP/1.1" 500 360 "-" "-"
172.190.142.176 - - [15/May/2025:16:18:58 -0400] "GET /.well-known/content.php HTTP/1.1" 500 360 "-" "-"
172.190.142.176 - - [15/May/2025:16:18:58 -0400] "GET /index/index.php HTTP/1.1" 500 360 "-" "-"
172.190.142.176 - - [15/May/2025:16:18:58 -0400] "GET /wp-includes/autoload_classmap.php HTTP/1.1" 500 360 "-" "-"
172.190.142.176 - - [15/May/2025:16:18:58 -0400] "GET /include/wp-configs.php HTTP/1.1" 500 360 "-" "-"
172.190.142.176 - - [15/May/2025:16:18:58 -0400] "GET /wp-admin/js/chosen.php HTTP/1.1" 500 360 "-" "-"
172.190.142.176 - - [15/May/2025:16:18:58 -0400] "GET /wp-admin/maint/about.php HTTP/1.1" 500 360 "-" "-"
172.190.142.176 - - [15/May/2025:16:18:58 -0400] "GET /wp-includes/sodium_compat/alfa-rex.php HTTP/1.1" 500 360 "-" "-"
172.190.142.176 - - [15/May/2025:16:18:58 -0400] "GET /bg/xmrlpc.php HTTP/1.1" 500 360 "-" "-"
172.190.142.176 - - [15/May/2025:16:18:58 -0400] "GET /wp-content/plugins/core-plugin/file-manager.php HTTP/1.1" 500 360 "-" "-"
172.190.142.176 - - [15/May/2025:16:18:58 -0400] "GET /wp-content/uploads/423_index.php HTTP/1.1" 500 360 "-" "-"
172.190.142.176 - - [15/May/2025:16:18:58 -0400] "GET /wp-admin/network/wp-conflg.php HTTP/1.1" 500 360 "-" "-"
172.190.142.176 - - [15/May/2025:16:18:58 -0400] "GET /wp-admin/css/colors/blue/atomlib.php HTTP/1.1" 500 360 "-" "-"
172.190.142.176 - - [15/May/2025:16:18:58 -0400] "GET /wp-admin/byp.php HTTP/1.1" 500 360 "-" "-"
172.190.142.176 - - [15/May/2025:16:18:58 -0400] "GET /wp-includes/theme-compat/index.php HTTP/1.1" 500 360 "-" "-"
172.190.142.176 - - [15/May/2025:16:18:58 -0400] "GET /wp-content/wp-login.php HTTP/1.1" 500 360 "-" "-"
172.190.142.176 - - [15/May/2025:16:18:59 -0400] "GET /admin/editor/engine.php HTTP/1.1" 500 360 "-" "-"
172.190.142.176 - - [15/May/2025:16:18:59 -0400] "GET /chosen.php HTTP/1.1" 500 360 "-" "-"
172.190.142.176 - - [15/May/2025:16:18:59 -0400] "GET /wp-includes/images/smilies/index.php HTTP/1.1" 500 360 "-" "-"
172.190.142.176 - - [15/May/2025:16:18:59 -0400] "GET /wp-content/themes/aahana/json.php HTTP/1.1" 500 360 "-" "-"
172.190.142.176 - - [15/May/2025:16:18:59 -0400] "GET /wp-includes/html-api/about.php HTTP/1.1" 500 360 "-" "-"
172.190.142.176 - - [15/May/2025:16:18:59 -0400] "GET /wp-content/uploads/index.php HTTP/1.1" 500 360 "-" "-"
172.190.142.176 - - [15/May/2025:16:18:59 -0400] "GET /wp-includes/images/smilies/about.php HTTP/1.1" 500 360 "-" "-"
172.190.142.176 - - [15/May/2025:16:18:59 -0400] "GET /assets/plugins/jquery-file-upload/server/php/include.php HTTP/1.1" 500 360 "-" "-"
172.190.142.176 - - [15/May/2025:16:18:59 -0400] "GET /images/lmfi2.php HTTP/1.1" 500 360 "-" "-"
172.190.142.176 - - [15/May/2025:16:18:59 -0400] "GET /wp-admin/function.php HTTP/1.1" 500 360 "-" "-"
172.190.142.176 - - [15/May/2025:16:18:59 -0400] "GET /wp-includes/Text/Diff/alfa-rex.php HTTP/1.1" 500 360 "-" "-"
172.190.142.176 - - [15/May/2025:16:18:59 -0400] "GET /images/chosen.php HTTP/1.1" 500 360 "-" "-"
172.190.142.176 - - [15/May/2025:16:18:59 -0400] "GET /mah.php HTTP/1.1" 200 381 "-" "-"
172.190.142.176 - - [15/May/2025:16:18:59 -0400] "GET /wp-content/json.php HTTP/1.1" 500 360 "-" "-"
172.190.142.176 - - [15/May/2025:16:18:59 -0400] "GET /wp-includes/fonts/index.php HTTP/1.1" 500 360 "-" "-"
172.190.142.176 - - [15/May/2025:16:18:59 -0400] "GET /wp-includes/Requests/file.php HTTP/1.1" 500 360 "-" "-"
172.190.142.176 - - [15/May/2025:16:18:59 -0400] "GET /wp-content/themes/seotheme/classwithtostring.php HTTP/1.1" 500 360 "-" "-"
172.190.142.176 - - [15/May/2025:16:18:59 -0400] "GET /wp-includes/widgets/parx.php HTTP/1.1" 500 360 "-" "-"
172.190.142.176 - - [15/May/2025:16:18:59 -0400] "GET /wp-content/plugins/Cache/footer.php HTTP/1.1" 500 360 "-" "-"
172.190.142.176 - - [15/May/2025:16:18:59 -0400] "GET /content.php HTTP/1.1" 500 360 "-" "-"
172.190.142.176 - - [15/May/2025:16:19:00 -0400] "GET /wp-includes/css/wp-conflg.php HTTP/1.1" 500 360 "-" "-"
172.190.142.176 - - [15/May/2025:16:19:00 -0400] "GET /wp-admin/admin-post.php HTTP/1.1" 500 360 "-" "-"
172.190.142.176 - - [15/May/2025:16:19:00 -0400] "GET /wp-includes/html-api/chosen.php HTTP/1.1" 500 360 "-" "-"
172.190.142.176 - - [15/May/2025:16:19:00 -0400] "GET /wp-admin/includes/cong.php HTTP/1.1" 500 360 "-" "-"
172.190.142.176 - - [15/May/2025:16:19:00 -0400] "GET /wp-admin/network/shell.php HTTP/1.1" 500 360 "-" "-"
172.190.142.176 - - [15/May/2025:16:19:00 -0400] "GET /cgi-bin/upfile.php HTTP/1.1" 500 360 "-" "-"
172.190.142.176 - - [15/May/2025:16:19:00 -0400] "GET /wp-includes/images/smilies/wp-login.php HTTP/1.1" 500 360 "-" "-"
172.190.142.176 - - [15/May/2025:16:19:00 -0400] "GET /cong.php HTTP/1.1" 500 360 "-" "-"
172.190.142.176 - - [15/May/2025:16:19:00 -0400] "GET /wp-login.php HTTP/1.1" 500 360 "-" "-"
172.190.142.176 - - [15/May/2025:16:19:00 -0400] "GET /makeasmtp.php HTTP/1.1" 500 360 "-" "-"
172.190.142.176 - - [15/May/2025:16:19:00 -0400] "GET /wp-admin/css/colors/blue/lock.php HTTP/1.1" 500 360 "-" "-"
172.190.142.176 - - [15/May/2025:16:19:00 -0400] "GET /wp-content/plugins/pwnd/classwithtostring.php HTTP/1.1" 500 360 "-" "-"
172.190.142.176 - - [15/May/2025:16:19:00 -0400] "GET /wp-includes/Text/Diff/Renderer/about.php HTTP/1.1" 500 360 "-" "-"
172.190.142.176 - - [15/May/2025:16:19:00 -0400] "GET /13.php HTTP/1.1" 500 360 "-" "-"
172.190.142.176 - - [15/May/2025:16:19:01 -0400] "GET /wp-includes/sodium_compat/index.php HTTP/1.1" 500 360 "-" "-"
172.190.142.176 - - [15/May/2025:16:19:01 -0400] "GET /.well-known/cache-compat.php HTTP/1.1" 500 360 "-" "-"
172.190.142.176 - - [15/May/2025:16:19:01 -0400] "GET /wp-mail.php/wp-includes/ID3/rnEPv9.php HTTP/1.1" 500 360 "-" "-"
172.190.142.176 - - [15/May/2025:16:19:01 -0400] "GET /wp-includes/php-compat/content.php HTTP/1.1" 500 360 "-" "-"
172.190.142.176 - - [15/May/2025:16:19:01 -0400] "GET /admin/function.php HTTP/1.1" 500 360 "-" "-"
172.190.142.176 - - [15/May/2025:16:19:01 -0400] "GET /wp-includes/fonts/admin.php HTTP/1.1" 500 360 "-" "-"
172.190.142.176 - - [15/May/2025:16:19:01 -0400] "GET /doc.php HTTP/1.1" 500 360 "-" "-"
172.190.142.176 - - [15/May/2025:16:19:01 -0400] "GET /wp-includes/block-patterns/autoload_classmap.php HTTP/1.1" 500 360 "-" "-"
172.190.142.176 - - [15/May/2025:16:19:01 -0400] "GET /wp-includes/images/autoload_classmap.php HTTP/1.1" 500 360 "-" "-"
172.190.142.176 - - [15/May/2025:16:19:01 -0400] "GET /wp-includes/certificates/index.php HTTP/1.1" 500 360 "-" "-"
172.190.142.176 - - [15/May/2025:16:19:01 -0400] "GET /.well-known/pki-validation/wp-login.php HTTP/1.1" 404 1251 "-" "-"
172.190.142.176 - - [15/May/2025:16:19:01 -0400] "GET /css/install.php HTTP/1.1" 500 360 "-" "-"
172.190.142.176 - - [15/May/2025:16:19:01 -0400] "GET /wp-includes/theme-compat/wp-conflg.php/wp-content/plugins/google-seo-rank/index.php HTTP/1.1" 500 360 "-" "-"
172.190.142.176 - - [15/May/2025:16:19:01 -0400] "GET /xmrlpc.php HTTP/1.1" 500 360 "-" "-"
172.190.142.176 - - [15/May/2025:16:19:02 -0400] "GET /wp-admin/css/colors/classwithtostring.php HTTP/1.1" 500 360 "-" "-"
172.190.142.176 - - [15/May/2025:16:19:02 -0400] "GET /wp-includes/index.php HTTP/1.1" 500 360 "-" "-"
172.190.142.176 - - [15/May/2025:16:19:02 -0400] "GET /wp-includes/fonts/install.php HTTP/1.1" 500 360 "-" "-"
172.190.142.176 - - [15/May/2025:16:19:02 -0400] "GET /assets/edit.php HTTP/1.1" 500 360 "-" "-"
172.190.142.176 - - [15/May/2025:16:19:02 -0400] "GET /file.php HTTP/1.1" 500 360 "-" "-"
172.190.142.176 - - [15/May/2025:16:19:02 -0400] "GET /wp-admin/index.php HTTP/1.1" 500 360 "-" "-"
172.190.142.176 - - [15/May/2025:16:19:02 -0400] "GET /wp-includes/Text/Diff/Engine/wp-login.php HTTP/1.1" 500 360 "-" "-"
172.190.142.176 - - [15/May/2025:16:19:02 -0400] "GET /wp-admin/user/chosen.php HTTP/1.1" 500 360 "-" "-"
172.190.142.176 - - [15/May/2025:16:19:02 -0400] "GET /wp-content/uploads/wp-conflg.php HTTP/1.1" 500 360 "-" "-"
172.190.142.176 - - [15/May/2025:16:19:02 -0400] "GET /ok.php HTTP/1.1" 500 360 "-" "-"
172.190.142.176 - - [15/May/2025:16:19:03 -0400] "GET /wp-includes/IXR/alfa-rex.php HTTP/1.1" 500 360 "-" "-"
172.190.142.176 - - [15/May/2025:16:19:03 -0400] "GET /wp-admin/autoload_classmap.php HTTP/1.1" 500 360 "-" "-"
172.190.142.176 - - [15/May/2025:16:19:03 -0400] "GET /wp-includes/sodium_compat/src/index.php HTTP/1.1" 500 360 "-" "-"
172.190.142.176 - - [15/May/2025:16:19:03 -0400] "GET /wp-includes/block-patterns/about.php HTTP/1.1" 500 1 "-" "-"
172.190.142.176 - - [15/May/2025:16:19:03 -0400] "GET /wp-includes/css/alfa-rex.php HTTP/1.1" 500 360 "-" "-"
172.190.142.176 - - [15/May/2025:16:19:03 -0400] "GET /images/stories/admin-post.php HTTP/1.1" 403 1242 "-" "-"
8.210.11.248 - - [15/May/2025:16:19:17 -0400] "GET /sitemap-subkey-2770.xml HTTP/1.1" 200 99828 "-" "Mozilla/5.0 (Macintosh; Intel Mac OS X 10_15_7) AppleWebKit/537.36 (KHTML, like Gecko) Chrome/109.0.0.0 Safari/537.36"
47.238.13.13 - - [15/May/2025:16:19:32 -0400] "GET /impact/z75?pid=12051 HTTP/1.1" 500 271 "-" "Mozilla/5.0 (Macintosh; Intel Mac OS X 10_15_7) AppleWebKit/537.36 (KHTML, like Gecko) Chrome/109.0.0.0 Safari/537.36"
8.210.218.201 - - [15/May/2025:16:19:58 -0400] "GET /revolution/j219?pid=5161 HTTP/1.1" 500 271 "-" "Mozilla/5.0 (Macintosh; Intel Mac OS X 10_15_7) AppleWebKit/537.36 (KHTML, like Gecko) Chrome/109.0.0.0 Safari/537.36"
212.11.64.144 - - [15/May/2025:16:20:41 -0400] "GET //wp-content/plugins/wp-daft/miin.php HTTP/1.1" 500 270 "http://jenniferflo.com/" "Mozilla/5.0 (Windows NT 10.0; Win64; x64) AppleWebKit/537.36 (KHTML, like Gecko) Chrome/121.0.0.0 Safari/537.36"
198.204.226.18 - - [15/May/2025:16:20:57 -0400] "GET /wp-content/install.php HTTP/1.1" 200 10 "http://jenniferflo.com/wp-content/install.php" "Mozilla/5.0 (Windows NT 10.0; Win64; x64) AppleWebKit/537.36 (KHTML, like Gecko) Chrome/58.0.3029.110 Safari/537.3"
69.171.230.112 - - [15/May/2025:16:21:02 -0400] "GET /robots.txt HTTP/1.1" 206 371 "-" "facebookexternalhit/1.1 (+http://www.facebook.com/externalhit_uatext.php)"
198.204.226.18 - - [15/May/2025:16:20:54 -0400] "GET /wp-content/install.php HTTP/1.1" 200 0 "http://jenniferflo.com/wp-content/install.php" "Mozilla/5.0 (Windows NT 10.0; Win64; x64) AppleWebKit/537.36 (KHTML, like Gecko) Chrome/58.0.3029.110 Safari/537.3"
198.204.226.18 - - [15/May/2025:16:21:12 -0400] "GET /wp-content/install.php HTTP/1.1" 200 10 "http://jenniferflo.com/wp-content/install.php" "Mozilla/5.0 (Windows NT 10.0; Win64; x64) AppleWebKit/537.36 (KHTML, like Gecko) Chrome/58.0.3029.110 Safari/537.3"
208.110.64.178 - - [15/May/2025:16:21:27 -0400] "GET /wp-includes/install.php HTTP/1.1" 200 10 "http://jenniferflo.com/wp-includes/install.php" "Mozilla/5.0 (Windows NT 10.0; Win64; x64) AppleWebKit/537.36 (KHTML, like Gecko) Chrome/58.0.3029.110 Safari/537.3"
47.238.13.9 - - [15/May/2025:16:22:23 -0400] "GET /sitemap-subkey-434.xml HTTP/1.1" 200 98969 "-" "Mozilla/5.0 (Macintosh; Intel Mac OS X 10_15_7) AppleWebKit/537.36 (KHTML, like Gecko) Chrome/109.0.0.0 Safari/537.36"
198.204.226.18 - - [15/May/2025:16:22:37 -0400] "GET /wp-content/install.php HTTP/1.1" 200 10 "http://jenniferflo.com/wp-content/install.php" "Mozilla/5.0 (Windows NT 10.0; Win64; x64) AppleWebKit/537.36 (KHTML, like Gecko) Chrome/58.0.3029.110 Safari/537.3"
198.204.226.18 - - [15/May/2025:16:22:34 -0400] "GET /wp-content/install.php HTTP/1.1" 200 0 "http://jenniferflo.com/wp-content/install.php" "Mozilla/5.0 (Windows NT 10.0; Win64; x64) AppleWebKit/537.36 (KHTML, like Gecko) Chrome/58.0.3029.110 Safari/537.3"
198.204.226.18 - - [15/May/2025:16:23:02 -0400] "GET /wp-content/install.php HTTP/1.1" 200 10 "http://jenniferflo.com/wp-content/install.php" "Mozilla/5.0 (Windows NT 10.0; Win64; x64) AppleWebKit/537.36 (KHTML, like Gecko) Chrome/58.0.3029.110 Safari/537.3"
198.204.226.18 - - [15/May/2025:16:22:59 -0400] "GET /wp-content/install.php HTTP/1.1" 200 0 "http://jenniferflo.com/wp-content/install.php" "Mozilla/5.0 (Windows NT 10.0; Win64; x64) AppleWebKit/537.36 (KHTML, like Gecko) Chrome/58.0.3029.110 Safari/537.3"
198.204.226.18 - - [15/May/2025:16:23:12 -0400] "GET /wp-content/install.php HTTP/1.1" 200 10 "http://jenniferflo.com/wp-content/install.php" "Mozilla/5.0 (Windows NT 10.0; Win64; x64) AppleWebKit/537.36 (KHTML, like Gecko) Chrome/58.0.3029.110 Safari/537.3"
198.204.226.18 - - [15/May/2025:16:23:22 -0400] "GET /wp-content/install.php HTTP/1.1" 200 10 "http://jenniferflo.com/wp-content/install.php" "Mozilla/5.0 (Windows NT 10.0; Win64; x64) AppleWebKit/537.36 (KHTML, like Gecko) Chrome/58.0.3029.110 Safari/537.3"
47.242.230.146 - - [15/May/2025:16:23:38 -0400] "GET /items/sziyt42/397?key=cure HTTP/1.1" 500 271 "-" "Mozilla/5.0 (Macintosh; Intel Mac OS X 10_15_7) AppleWebKit/537.36 (KHTML, like Gecko) Chrome/109.0.0.0 Safari/537.36"
45.135.232.10 - - [15/May/2025:16:24:23 -0400] "GET /wp-login.php?wp_lang=en_US HTTP/1.1" 500 271 "http://jenniferflo.com/wp-login.php" "Mozilla/5.0 (Windows NT 10.0; Win64; x64; rv:136.0) Gecko/20100101 Firefox/136.0"
212.11.64.144 - - [15/May/2025:16:24:23 -0400] "GET //1index.php HTTP/1.1" 500 271 "http://jenniferflo.com/" "Mozilla/5.0 (Windows NT 10.0; Win64; x64) AppleWebKit/537.36 (KHTML, like Gecko) Chrome/121.0.0.0 Safari/537.36"
47.238.13.10 - - [15/May/2025:16:24:24 -0400] "GET /pages.php?category/10295_10296/1/listing HTTP/1.1" 200 10007 "-" "Mozilla/5.0 (Macintosh; Intel Mac OS X 10_15_7) AppleWebKit/537.36 (KHTML, like Gecko) Chrome/109.0.0.0 Safari/537.36"
47.243.161.234 - - [15/May/2025:16:24:47 -0400] "GET /share/y203?pid=8669 HTTP/1.1" 500 271 "-" "Mozilla/5.0 (Macintosh; Intel Mac OS X 10_15_7) AppleWebKit/537.36 (KHTML, like Gecko) Chrome/109.0.0.0 Safari/537.36"
47.238.13.13 - - [15/May/2025:16:24:55 -0400] "GET /sitemap-subkey-309.xml HTTP/1.1" 200 99608 "-" "Mozilla/5.0 (Macintosh; Intel Mac OS X 10_15_7) AppleWebKit/537.36 (KHTML, like Gecko) Chrome/109.0.0.0 Safari/537.36"
198.204.226.18 - - [15/May/2025:16:24:59 -0400] "GET /wp-content/install.php HTTP/1.1" 200 10 "http://jenniferflo.com/wp-content/install.php" "Mozilla/5.0 (Windows NT 10.0; Win64; x64) AppleWebKit/537.36 (KHTML, like Gecko) Chrome/58.0.3029.110 Safari/537.3"
198.204.226.18 - - [15/May/2025:16:24:56 -0400] "GET /wp-content/install.php HTTP/1.1" 200 0 "http://jenniferflo.com/wp-content/install.php" "Mozilla/5.0 (Windows NT 10.0; Win64; x64) AppleWebKit/537.36 (KHTML, like Gecko) Chrome/58.0.3029.110 Safari/537.3"
198.204.226.18 - - [15/May/2025:16:25:16 -0400] "GET /wp-content/install.php HTTP/1.1" 200 10 "http://jenniferflo.com/wp-content/install.php" "Mozilla/5.0 (Windows NT 10.0; Win64; x64) AppleWebKit/537.36 (KHTML, like Gecko) Chrome/58.0.3029.110 Safari/537.3"
198.204.226.18 - - [15/May/2025:16:25:53 -0400] "GET /wp-content/install.php HTTP/1.1" 200 10 "http://jenniferflo.com/wp-content/install.php" "Mozilla/5.0 (Windows NT 10.0; Win64; x64) AppleWebKit/537.36 (KHTML, like Gecko) Chrome/58.0.3029.110 Safari/537.3"
47.238.13.12 - - [15/May/2025:16:26:22 -0400] "GET /sitemap-subkey-867.xml HTTP/1.1" 200 100367 "-" "Mozilla/5.0 (Macintosh; Intel Mac OS X 10_15_7) AppleWebKit/537.36 (KHTML, like Gecko) Chrome/109.0.0.0 Safari/537.36"
204.12.252.98 - - [15/May/2025:16:26:27 -0400] "GET /wp-includes/install.php HTTP/1.1" 200 10 "http://jenniferflo.com/wp-includes/install.php" "Mozilla/5.0 (Windows NT 10.0; Win64; x64) AppleWebKit/537.36 (KHTML, like Gecko) Chrome/58.0.3029.110 Safari/537.3"
198.204.226.18 - - [15/May/2025:16:26:25 -0400] "GET /wp-content/install.php HTTP/1.1" 200 0 "http://jenniferflo.com/wp-content/install.php" "Mozilla/5.0 (Windows NT 10.0; Win64; x64) AppleWebKit/537.36 (KHTML, like Gecko) Chrome/58.0.3029.110 Safari/537.3"
198.204.226.18 - - [15/May/2025:16:27:02 -0400] "GET /wp-content/install.php HTTP/1.1" 200 10 "http://jenniferflo.com/wp-content/install.php" "Mozilla/5.0 (Windows NT 10.0; Win64; x64) AppleWebKit/537.36 (KHTML, like Gecko) Chrome/58.0.3029.110 Safari/537.3"
198.204.226.18 - - [15/May/2025:16:27:13 -0400] "GET /wp-content/install.php HTTP/1.1" 200 10 "http://jenniferflo.com/wp-content/install.php" "Mozilla/5.0 (Windows NT 10.0; Win64; x64) AppleWebKit/537.36 (KHTML, like Gecko) Chrome/58.0.3029.110 Safari/537.3"
198.204.226.18 - - [15/May/2025:16:27:35 -0400] "GET /wp-content/install.php HTTP/1.1" 200 10 "http://jenniferflo.com/wp-content/install.php" "Mozilla/5.0 (Windows NT 10.0; Win64; x64) AppleWebKit/537.36 (KHTML, like Gecko) Chrome/58.0.3029.110 Safari/537.3"
47.238.13.13 - - [15/May/2025:16:28:02 -0400] "GET /sitemap-subkey-997.xml HTTP/1.1" 200 99939 "-" "Mozilla/5.0 (Macintosh; Intel Mac OS X 10_15_7) AppleWebKit/537.36 (KHTML, like Gecko) Chrome/109.0.0.0 Safari/537.36"
212.11.64.144 - - [15/May/2025:16:28:03 -0400] "GET //wp-content/backup.php HTTP/1.1" 500 271 "http://jenniferflo.com/" "Mozilla/5.0 (Windows NT 10.0; Win64; x64) AppleWebKit/537.36 (KHTML, like Gecko) Chrome/121.0.0.0 Safari/537.36"
198.204.226.18 - - [15/May/2025:16:28:14 -0400] "GET /wp-content/install.php HTTP/1.1" 200 10 "http://jenniferflo.com/wp-content/install.php" "Mozilla/5.0 (Windows NT 10.0; Win64; x64) AppleWebKit/537.36 (KHTML, like Gecko) Chrome/58.0.3029.110 Safari/537.3"
198.204.226.18 - - [15/May/2025:16:28:10 -0400] "GET /wp-content/install.php HTTP/1.1" 200 0 "http://jenniferflo.com/wp-content/install.php" "Mozilla/5.0 (Windows NT 10.0; Win64; x64) AppleWebKit/537.36 (KHTML, like Gecko) Chrome/58.0.3029.110 Safari/537.3"
198.204.226.18 - - [15/May/2025:16:28:25 -0400] "GET /wp-content/install.php HTTP/1.1" 200 10 "http://jenniferflo.com/wp-content/install.php" "Mozilla/5.0 (Windows NT 10.0; Win64; x64) AppleWebKit/537.36 (KHTML, like Gecko) Chrome/58.0.3029.110 Safari/537.3"
198.204.226.18 - - [15/May/2025:16:29:56 -0400] "GET /wp-content/install.php HTTP/1.1" 200 10 "http://jenniferflo.com/wp-content/install.php" "Mozilla/5.0 (Windows NT 10.0; Win64; x64) AppleWebKit/537.36 (KHTML, like Gecko) Chrome/58.0.3029.110 Safari/537.3"
69.197.135.226 - - [15/May/2025:16:30:18 -0400] "GET /wp-includes/install.php HTTP/1.1" 200 10 "http://jenniferflo.com/wp-includes/install.php" "Mozilla/5.0 (Windows NT 10.0; Win64; x64) AppleWebKit/537.36 (KHTML, like Gecko) Chrome/58.0.3029.110 Safari/537.3"
198.204.226.18 - - [15/May/2025:16:30:28 -0400] "GET /wp-content/install.php HTTP/1.1" 200 10 "http://jenniferflo.com/wp-content/install.php" "Mozilla/5.0 (Windows NT 10.0; Win64; x64) AppleWebKit/537.36 (KHTML, like Gecko) Chrome/58.0.3029.110 Safari/537.3"
198.204.226.18 - - [15/May/2025:16:30:24 -0400] "GET /wp-content/install.php HTTP/1.1" 200 0 "http://jenniferflo.com/wp-content/install.php" "Mozilla/5.0 (Windows NT 10.0; Win64; x64) AppleWebKit/537.36 (KHTML, like Gecko) Chrome/58.0.3029.110 Safari/537.3"
198.204.226.18 - - [15/May/2025:16:30:39 -0400] "GET /wp-content/install.php HTTP/1.1" 200 10 "http://jenniferflo.com/wp-content/install.php" "Mozilla/5.0 (Windows NT 10.0; Win64; x64) AppleWebKit/537.36 (KHTML, like Gecko) Chrome/58.0.3029.110 Safari/537.3"
47.238.13.12 - - [15/May/2025:16:30:43 -0400] "GET /sitemap-subkey-2720.xml HTTP/1.1" 200 99537 "-" "Mozilla/5.0 (Macintosh; Intel Mac OS X 10_15_7) AppleWebKit/537.36 (KHTML, like Gecko) Chrome/109.0.0.0 Safari/537.36"
47.238.13.15 - - [15/May/2025:16:31:19 -0400] "GET /sitemap-subkey-2017.xml HTTP/1.1" 200 60372 "-" "Mozilla/5.0 (Macintosh; Intel Mac OS X 10_15_7) AppleWebKit/537.36 (KHTML, like Gecko) Chrome/109.0.0.0 Safari/537.36"
66.249.70.99 - - [15/May/2025:16:31:31 -0400] "GET /?_g=21971202 HTTP/1.1" 200 81804 "-" "Mozilla/5.0 (Linux; Android 6.0.1; Nexus 5X Build/MMB29P) AppleWebKit/537.36 (KHTML, like Gecko) Chrome/136.0.7103.92 Mobile Safari/537.36 (compatible; Googlebot/2.1; +http://www.google.com/bot.html)"
69.171.231.116 - - [15/May/2025:16:31:35 -0400] "GET /robots.txt HTTP/1.1" 206 371 "-" "facebookexternalhit/1.1 (+http://www.facebook.com/externalhit_uatext.php)"
198.204.226.18 - - [15/May/2025:16:31:46 -0400] "GET /wp-content/install.php HTTP/1.1" 200 10 "http://jenniferflo.com/wp-content/install.php" "Mozilla/5.0 (Windows NT 10.0; Win64; x64) AppleWebKit/537.36 (KHTML, like Gecko) Chrome/58.0.3029.110 Safari/537.3"
212.11.64.144 - - [15/May/2025:16:31:47 -0400] "GET //sts.php HTTP/1.1" 500 271 "http://jenniferflo.com/" "Mozilla/5.0 (Windows NT 10.0; Win64; x64) AppleWebKit/537.36 (KHTML, like Gecko) Chrome/121.0.0.0 Safari/537.36"
198.204.226.18 - - [15/May/2025:16:32:54 -0400] "GET /wp-content/install.php HTTP/1.1" 200 10 "http://jenniferflo.com/wp-content/install.php" "Mozilla/5.0 (Windows NT 10.0; Win64; x64) AppleWebKit/537.36 (KHTML, like Gecko) Chrome/58.0.3029.110 Safari/537.3"
198.204.226.18 - - [15/May/2025:16:32:50 -0400] "GET /wp-content/install.php HTTP/1.1" 200 0 "http://jenniferflo.com/wp-content/install.php" "Mozilla/5.0 (Windows NT 10.0; Win64; x64) AppleWebKit/537.36 (KHTML, like Gecko) Chrome/58.0.3029.110 Safari/537.3"
66.249.70.99 - - [15/May/2025:16:33:30 -0400] "GET /?_g=10634235 HTTP/1.1" 200 82995 "-" "Mozilla/5.0 (Linux; Android 6.0.1; Nexus 5X Build/MMB29P) AppleWebKit/537.36 (KHTML, like Gecko) Chrome/136.0.7103.92 Mobile Safari/537.36 (compatible; Googlebot/2.1; +http://www.google.com/bot.html)"
66.249.70.99 - - [15/May/2025:16:33:31 -0400] "GET /?_g=23452024 HTTP/1.1" 200 81493 "-" "Mozilla/5.0 (Linux; Android 6.0.1; Nexus 5X Build/MMB29P) AppleWebKit/537.36 (KHTML, like Gecko) Chrome/136.0.7103.92 Mobile Safari/537.36 (compatible; Googlebot/2.1; +http://www.google.com/bot.html)"
47.238.13.18 - - [15/May/2025:16:33:40 -0400] "GET /big/o14?pid=32470 HTTP/1.1" 500 271 "-" "Mozilla/5.0 (Macintosh; Intel Mac OS X 10_15_7) AppleWebKit/537.36 (KHTML, like Gecko) Chrome/109.0.0.0 Safari/537.36"
198.204.226.18 - - [15/May/2025:16:33:49 -0400] "GET /wp-content/install.php HTTP/1.1" 200 10 "http://jenniferflo.com/wp-content/install.php" "Mozilla/5.0 (Windows NT 10.0; Win64; x64) AppleWebKit/537.36 (KHTML, like Gecko) Chrome/58.0.3029.110 Safari/537.3"
47.238.13.13 - - [15/May/2025:16:33:55 -0400] "GET /priority/h287?pid=14031 HTTP/1.1" 500 271 "-" "Mozilla/5.0 (Macintosh; Intel Mac OS X 10_15_7) AppleWebKit/537.36 (KHTML, like Gecko) Chrome/109.0.0.0 Safari/537.36"
47.238.13.10 - - [15/May/2025:16:34:00 -0400] "GET /items/tbnpx166/25965?key=never HTTP/1.1" 500 271 "-" "Mozilla/5.0 (Macintosh; Intel Mac OS X 10_15_7) AppleWebKit/537.36 (KHTML, like Gecko) Chrome/109.0.0.0 Safari/537.36"
198.204.226.18 - - [15/May/2025:16:34:31 -0400] "GET /wp-content/install.php HTTP/1.1" 200 10 "http://jenniferflo.com/wp-content/install.php" "Mozilla/5.0 (Windows NT 10.0; Win64; x64) AppleWebKit/537.36 (KHTML, like Gecko) Chrome/58.0.3029.110 Safari/537.3"
208.110.64.178 - - [15/May/2025:16:34:34 -0400] "GET /wp-includes/install.php HTTP/1.1" 200 10 "http://jenniferflo.com/wp-includes/install.php" "Mozilla/5.0 (Windows NT 10.0; Win64; x64) AppleWebKit/537.36 (KHTML, like Gecko) Chrome/58.0.3029.110 Safari/537.3"
198.204.226.18 - - [15/May/2025:16:34:28 -0400] "GET /wp-content/install.php HTTP/1.1" 200 0 "http://jenniferflo.com/wp-content/install.php" "Mozilla/5.0 (Windows NT 10.0; Win64; x64) AppleWebKit/537.36 (KHTML, like Gecko) Chrome/58.0.3029.110 Safari/537.3"
198.204.226.18 - - [15/May/2025:16:34:44 -0400] "GET /wp-content/install.php HTTP/1.1" 200 10 "http://jenniferflo.com/wp-content/install.php" "Mozilla/5.0 (Windows NT 10.0; Win64; x64) AppleWebKit/537.36 (KHTML, like Gecko) Chrome/58.0.3029.110 Safari/537.3"
212.11.64.144 - - [15/May/2025:16:35:27 -0400] "GET //assets/amaxx.php HTTP/1.1" 500 271 "http://jenniferflo.com/" "Mozilla/5.0 (Windows NT 10.0; Win64; x64) AppleWebKit/537.36 (KHTML, like Gecko) Chrome/121.0.0.0 Safari/537.36"
47.238.13.11 - - [15/May/2025:16:35:36 -0400] "GET /pool/w61?pid=175 HTTP/1.1" 500 271 "-" "Mozilla/5.0 (Macintosh; Intel Mac OS X 10_15_7) AppleWebKit/537.36 (KHTML, like Gecko) Chrome/109.0.0.0 Safari/537.36"
66.249.70.98 - - [15/May/2025:16:36:30 -0400] "GET /?_g=21977568 HTTP/1.1" 200 82054 "-" "Mozilla/5.0 (Linux; Android 6.0.1; Nexus 5X Build/MMB29P) AppleWebKit/537.36 (KHTML, like Gecko) Chrome/136.0.7103.92 Mobile Safari/537.36 (compatible; Googlebot/2.1; +http://www.google.com/bot.html)"
66.249.70.97 - - [15/May/2025:16:36:31 -0400] "GET /?_g=24492780 HTTP/1.1" 200 82856 "-" "Mozilla/5.0 (Linux; Android 6.0.1; Nexus 5X Build/MMB29P) AppleWebKit/537.36 (KHTML, like Gecko) Chrome/136.0.7103.92 Mobile Safari/537.36 (compatible; Googlebot/2.1; +http://www.google.com/bot.html)"
47.238.13.18 - - [15/May/2025:16:36:38 -0400] "GET /sitemap-subkey-1389.xml HTTP/1.1" 200 99277 "-" "Mozilla/5.0 (Macintosh; Intel Mac OS X 10_15_7) AppleWebKit/537.36 (KHTML, like Gecko) Chrome/109.0.0.0 Safari/537.36"
198.204.226.18 - - [15/May/2025:16:37:12 -0400] "GET /wp-content/install.php HTTP/1.1" 200 10 "http://jenniferflo.com/wp-content/install.php" "Mozilla/5.0 (Windows NT 10.0; Win64; x64) AppleWebKit/537.36 (KHTML, like Gecko) Chrome/58.0.3029.110 Safari/537.3"
66.249.70.99 - - [15/May/2025:16:37:30 -0400] "GET /?_g=31041146 HTTP/1.1" 200 81558 "-" "Mozilla/5.0 (Linux; Android 6.0.1; Nexus 5X Build/MMB29P) AppleWebKit/537.36 (KHTML, like Gecko) Chrome/136.0.7103.92 Mobile Safari/537.36 (compatible; Googlebot/2.1; +http://www.google.com/bot.html)"
198.204.226.18 - - [15/May/2025:16:37:29 -0400] "GET /wp-content/install.php HTTP/1.1" 200 0 "http://jenniferflo.com/wp-content/install.php" "Mozilla/5.0 (Windows NT 10.0; Win64; x64) AppleWebKit/537.36 (KHTML, like Gecko) Chrome/58.0.3029.110 Safari/537.3"
198.204.226.18 - - [15/May/2025:16:37:48 -0400] "GET /wp-content/install.php HTTP/1.1" 200 10 "http://jenniferflo.com/wp-content/install.php" "Mozilla/5.0 (Windows NT 10.0; Win64; x64) AppleWebKit/537.36 (KHTML, like Gecko) Chrome/58.0.3029.110 Safari/537.3"
47.238.13.0 - - [15/May/2025:16:37:54 -0400] "GET /pages.php?category/17582/1/listing HTTP/1.1" 200 9447 "-" "Mozilla/5.0 (Macintosh; Intel Mac OS X 10_15_7) AppleWebKit/537.36 (KHTML, like Gecko) Chrome/109.0.0.0 Safari/537.36"
47.238.13.5 - - [15/May/2025:16:38:17 -0400] "GET /sitemap-subkey-2083.xml HTTP/1.1" 200 99760 "-" "Mozilla/5.0 (Macintosh; Intel Mac OS X 10_15_7) AppleWebKit/537.36 (KHTML, like Gecko) Chrome/109.0.0.0 Safari/537.36"
47.238.13.17 - - [15/May/2025:16:38:28 -0400] "GET /sitemap-subkey-374.xml HTTP/1.1" 200 99552 "-" "Mozilla/5.0 (Macintosh; Intel Mac OS X 10_15_7) AppleWebKit/537.36 (KHTML, like Gecko) Chrome/109.0.0.0 Safari/537.36"
69.197.135.226 - - [15/May/2025:16:39:00 -0400] "GET /wp-includes/install.php HTTP/1.1" 200 10 "http://jenniferflo.com/wp-includes/install.php" "Mozilla/5.0 (Windows NT 10.0; Win64; x64) AppleWebKit/537.36 (KHTML, like Gecko) Chrome/58.0.3029.110 Safari/537.3"
198.204.226.18 - - [15/May/2025:16:39:07 -0400] "GET /wp-content/install.php HTTP/1.1" 200 10 "http://jenniferflo.com/wp-content/install.php" "Mozilla/5.0 (Windows NT 10.0; Win64; x64) AppleWebKit/537.36 (KHTML, like Gecko) Chrome/58.0.3029.110 Safari/537.3"
212.11.64.144 - - [15/May/2025:16:39:10 -0400] "GET //img/25.php HTTP/1.1" 500 271 "http://jenniferflo.com/" "Mozilla/5.0 (Windows NT 10.0; Win64; x64) AppleWebKit/537.36 (KHTML, like Gecko) Chrome/121.0.0.0 Safari/537.36"
47.238.13.15 - - [15/May/2025:16:39:11 -0400] "GET /fan/y239?pid=453 HTTP/1.1" 500 271 "-" "Mozilla/5.0 (Macintosh; Intel Mac OS X 10_15_7) AppleWebKit/537.36 (KHTML, like Gecko) Chrome/109.0.0.0 Safari/537.36"
47.238.13.17 - - [15/May/2025:16:39:51 -0400] "GET /sitemap-subkey-1740.xml HTTP/1.1" 200 102081 "-" "Mozilla/5.0 (Macintosh; Intel Mac OS X 10_15_7) AppleWebKit/537.36 (KHTML, like Gecko) Chrome/109.0.0.0 Safari/537.36"
66.249.70.98 - - [15/May/2025:16:40:31 -0400] "GET /?_g=17515168 HTTP/1.1" 200 81792 "-" "Mozilla/5.0 (Linux; Android 6.0.1; Nexus 5X Build/MMB29P) AppleWebKit/537.36 (KHTML, like Gecko) Chrome/136.0.7103.92 Mobile Safari/537.36 (compatible; Googlebot/2.1; +http://www.google.com/bot.html)"
198.204.226.18 - - [15/May/2025:16:40:51 -0400] "GET /wp-content/install.php HTTP/1.1" 200 10 "http://jenniferflo.com/wp-content/install.php" "Mozilla/5.0 (Windows NT 10.0; Win64; x64) AppleWebKit/537.36 (KHTML, like Gecko) Chrome/58.0.3029.110 Safari/537.3"
198.204.226.18 - - [15/May/2025:16:40:48 -0400] "GET /wp-content/install.php HTTP/1.1" 200 0 "http://jenniferflo.com/wp-content/install.php" "Mozilla/5.0 (Windows NT 10.0; Win64; x64) AppleWebKit/537.36 (KHTML, like Gecko) Chrome/58.0.3029.110 Safari/537.3"
212.11.64.144 - - [15/May/2025:16:43:00 -0400] "GET //wordpress/wp-admin/includes/class-wp-filesystem-base.php HTTP/1.1" 500 271 "http://jenniferflo.com/" "Mozilla/5.0 (Windows NT 10.0; Win64; x64) AppleWebKit/537.36 (KHTML, like Gecko) Chrome/121.0.0.0 Safari/537.36"
198.204.226.18 - - [15/May/2025:16:43:03 -0400] "GET /wp-content/install.php HTTP/1.1" 200 10 "http://jenniferflo.com/wp-content/install.php" "Mozilla/5.0 (Windows NT 10.0; Win64; x64) AppleWebKit/537.36 (KHTML, like Gecko) Chrome/58.0.3029.110 Safari/537.3"
8.210.8.206 - - [15/May/2025:16:43:08 -0400] "GET /sitemap-subkey-3076.xml HTTP/1.1" 200 100121 "-" "Mozilla/5.0 (Macintosh; Intel Mac OS X 10_15_7) AppleWebKit/537.36 (KHTML, like Gecko) Chrome/109.0.0.0 Safari/537.36"
198.204.226.18 - - [15/May/2025:16:42:59 -0400] "GET /wp-content/install.php HTTP/1.1" 200 0 "http://jenniferflo.com/wp-content/install.php" "Mozilla/5.0 (Windows NT 10.0; Win64; x64) AppleWebKit/537.36 (KHTML, like Gecko) Chrome/58.0.3029.110 Safari/537.3"
198.204.226.18 - - [15/May/2025:16:43:22 -0400] "GET /wp-content/install.php HTTP/1.1" 200 10 "http://jenniferflo.com/wp-content/install.php" "Mozilla/5.0 (Windows NT 10.0; Win64; x64) AppleWebKit/537.36 (KHTML, like Gecko) Chrome/58.0.3029.110 Safari/537.3"
198.204.226.18 - - [15/May/2025:16:43:19 -0400] "GET /wp-content/install.php HTTP/1.1" 200 0 "http://jenniferflo.com/wp-content/install.php" "Mozilla/5.0 (Windows NT 10.0; Win64; x64) AppleWebKit/537.36 (KHTML, like Gecko) Chrome/58.0.3029.110 Safari/537.3"
208.110.64.178 - - [15/May/2025:16:43:42 -0400] "GET /wp-includes/install.php HTTP/1.1" 200 10 "http://jenniferflo.com/wp-includes/install.php" "Mozilla/5.0 (Windows NT 10.0; Win64; x64) AppleWebKit/537.36 (KHTML, like Gecko) Chrome/58.0.3029.110 Safari/537.3"
198.204.226.18 - - [15/May/2025:16:43:53 -0400] "GET /wp-content/install.php HTTP/1.1" 200 10 "http://jenniferflo.com/wp-content/install.php" "Mozilla/5.0 (Windows NT 10.0; Win64; x64) AppleWebKit/537.36 (KHTML, like Gecko) Chrome/58.0.3029.110 Safari/537.3"
47.238.14.12 - - [15/May/2025:16:43:59 -0400] "GET /sitemap-subkey-1611.xml HTTP/1.1" 200 99755 "-" "Mozilla/5.0 (Macintosh; Intel Mac OS X 10_15_7) AppleWebKit/537.36 (KHTML, like Gecko) Chrome/109.0.0.0 Safari/537.36"
198.204.226.18 - - [15/May/2025:16:43:50 -0400] "GET /wp-content/install.php HTTP/1.1" 200 0 "http://jenniferflo.com/wp-content/install.php" "Mozilla/5.0 (Windows NT 10.0; Win64; x64) AppleWebKit/537.36 (KHTML, like Gecko) Chrome/58.0.3029.110 Safari/537.3"
198.204.226.18 - - [15/May/2025:16:44:17 -0400] "GET /wp-content/install.php HTTP/1.1" 200 10 "http://jenniferflo.com/wp-content/install.php" "Mozilla/5.0 (Windows NT 10.0; Win64; x64) AppleWebKit/537.36 (KHTML, like Gecko) Chrome/58.0.3029.110 Safari/537.3"
198.204.226.18 - - [15/May/2025:16:44:14 -0400] "GET /wp-content/install.php HTTP/1.1" 200 0 "http://jenniferflo.com/wp-content/install.php" "Mozilla/5.0 (Windows NT 10.0; Win64; x64) AppleWebKit/537.36 (KHTML, like Gecko) Chrome/58.0.3029.110 Safari/537.3"
47.238.13.15 - - [15/May/2025:16:45:12 -0400] "GET /sitemap-subkey-1930.xml HTTP/1.1" 200 100639 "-" "Mozilla/5.0 (Macintosh; Intel Mac OS X 10_15_7) AppleWebKit/537.36 (KHTML, like Gecko) Chrome/109.0.0.0 Safari/537.36"
198.204.226.18 - - [15/May/2025:16:45:18 -0400] "GET /wp-content/install.php HTTP/1.1" 200 10 "http://jenniferflo.com/wp-content/install.php" "Mozilla/5.0 (Windows NT 10.0; Win64; x64) AppleWebKit/537.36 (KHTML, like Gecko) Chrome/58.0.3029.110 Safari/537.3"
198.204.226.18 - - [15/May/2025:16:45:15 -0400] "GET /wp-content/install.php HTTP/1.1" 200 0 "http://jenniferflo.com/wp-content/install.php" "Mozilla/5.0 (Windows NT 10.0; Win64; x64) AppleWebKit/537.36 (KHTML, like Gecko) Chrome/58.0.3029.110 Safari/537.3"
198.204.226.18 - - [15/May/2025:16:45:32 -0400] "GET /wp-content/install.php HTTP/1.1" 200 10 "http://jenniferflo.com/wp-content/install.php" "Mozilla/5.0 (Windows NT 10.0; Win64; x64) AppleWebKit/537.36 (KHTML, like Gecko) Chrome/58.0.3029.110 Safari/537.3"
198.204.226.18 - - [15/May/2025:16:45:49 -0400] "GET /wp-content/install.php HTTP/1.1" 200 10 "http://jenniferflo.com/wp-content/install.php" "Mozilla/5.0 (Windows NT 10.0; Win64; x64) AppleWebKit/537.36 (KHTML, like Gecko) Chrome/58.0.3029.110 Safari/537.3"
204.12.252.98 - - [15/May/2025:16:45:50 -0400] "GET /wp-includes/install.php HTTP/1.1" 200 10 "http://jenniferflo.com/wp-includes/install.php" "Mozilla/5.0 (Windows NT 10.0; Win64; x64) AppleWebKit/537.36 (KHTML, like Gecko) Chrome/58.0.3029.110 Safari/537.3"
212.11.64.144 - - [15/May/2025:16:46:50 -0400] "GET //leaf.php HTTP/1.1" 500 271 "http://jenniferflo.com/" "Mozilla/5.0 (Windows NT 10.0; Win64; x64) AppleWebKit/537.36 (KHTML, like Gecko) Chrome/121.0.0.0 Safari/537.36"
198.204.226.18 - - [15/May/2025:16:46:56 -0400] "GET /wp-content/install.php HTTP/1.1" 200 10 "http://jenniferflo.com/wp-content/install.php" "Mozilla/5.0 (Windows NT 10.0; Win64; x64) AppleWebKit/537.36 (KHTML, like Gecko) Chrome/58.0.3029.110 Safari/537.3"
47.238.14.0 - - [15/May/2025:16:47:00 -0400] "GET /items/mhshb22/4887?key=scheme HTTP/1.1" 500 271 "-" "Mozilla/5.0 (Macintosh; Intel Mac OS X 10_15_7) AppleWebKit/537.36 (KHTML, like Gecko) Chrome/109.0.0.0 Safari/537.36"
198.204.226.18 - - [15/May/2025:16:46:52 -0400] "GET /wp-content/install.php HTTP/1.1" 200 0 "http://jenniferflo.com/wp-content/install.php" "Mozilla/5.0 (Windows NT 10.0; Win64; x64) AppleWebKit/537.36 (KHTML, like Gecko) Chrome/58.0.3029.110 Safari/537.3"
8.210.8.206 - - [15/May/2025:16:47:05 -0400] "GET /items/xrhkz256/6405?key=rare HTTP/1.1" 500 271 "-" "Mozilla/5.0 (Macintosh; Intel Mac OS X 10_15_7) AppleWebKit/537.36 (KHTML, like Gecko) Chrome/109.0.0.0 Safari/537.36"
198.204.226.18 - - [15/May/2025:16:47:10 -0400] "GET /wp-content/install.php HTTP/1.1" 200 10 "http://jenniferflo.com/wp-content/install.php" "Mozilla/5.0 (Windows NT 10.0; Win64; x64) AppleWebKit/537.36 (KHTML, like Gecko) Chrome/58.0.3029.110 Safari/537.3"
198.204.226.18 - - [15/May/2025:16:47:35 -0400] "GET /wp-content/install.php HTTP/1.1" 200 10 "http://jenniferflo.com/wp-content/install.php" "Mozilla/5.0 (Windows NT 10.0; Win64; x64) AppleWebKit/537.36 (KHTML, like Gecko) Chrome/58.0.3029.110 Safari/537.3"
66.249.64.102 - - [15/May/2025:16:48:17 -0400] "GET /?sitemapindex.xml HTTP/1.1" 200 388 "-" "Mozilla/5.0 (compatible; Googlebot/2.1; +http://www.google.com/bot.html)"
47.238.13.8 - - [15/May/2025:16:48:28 -0400] "GET /pages.php?product/Z41?y=search&l=773] HTTP/1.1" 200 10683 "-" "Mozilla/5.0 (Macintosh; Intel Mac OS X 10_15_7) AppleWebKit/537.36 (KHTML, like Gecko) Chrome/109.0.0.0 Safari/537.36"
198.204.226.18 - - [15/May/2025:16:48:33 -0400] "GET /wp-content/install.php HTTP/1.1" 200 10 "http://jenniferflo.com/wp-content/install.php" "Mozilla/5.0 (Windows NT 10.0; Win64; x64) AppleWebKit/537.36 (KHTML, like Gecko) Chrome/58.0.3029.110 Safari/537.3"
198.204.226.18 - - [15/May/2025:16:48:50 -0400] "GET /wp-content/install.php HTTP/1.1" 200 10 "http://jenniferflo.com/wp-content/install.php" "Mozilla/5.0 (Windows NT 10.0; Win64; x64) AppleWebKit/537.36 (KHTML, like Gecko) Chrome/58.0.3029.110 Safari/537.3"
66.249.64.102 - - [15/May/2025:16:49:00 -0400] "GET /sitemap7.xml HTTP/1.1" 200 42247 "-" "Mozilla/5.0 (compatible; Googlebot/2.1; +http://www.google.com/bot.html)"
8.210.218.201 - - [15/May/2025:16:49:19 -0400] "GET /sitemap-subkey-2833.xml HTTP/1.1" 200 100149 "-" "Mozilla/5.0 (Macintosh; Intel Mac OS X 10_15_7) AppleWebKit/537.36 (KHTML, like Gecko) Chrome/109.0.0.0 Safari/537.36"
66.249.64.102 - - [15/May/2025:16:49:28 -0400] "GET /sitemap47.xml HTTP/1.1" 200 42224 "-" "Mozilla/5.0 (compatible; Googlebot/2.1; +http://www.google.com/bot.html)"
47.238.13.6 - - [15/May/2025:16:49:53 -0400] "GET /category/2532_2533_9650/1/listing HTTP/1.1" 500 271 "-" "Mozilla/5.0 (Macintosh; Intel Mac OS X 10_15_7) AppleWebKit/537.36 (KHTML, like Gecko) Chrome/109.0.0.0 Safari/537.36"
47.238.13.6 - - [15/May/2025:16:49:54 -0400] "GET /squad/r173?pid=2981 HTTP/1.1" 500 271 "-" "Mozilla/5.0 (Macintosh; Intel Mac OS X 10_15_7) AppleWebKit/537.36 (KHTML, like Gecko) Chrome/109.0.0.0 Safari/537.36"
66.249.64.102 - - [15/May/2025:16:50:02 -0400] "GET /sitemap32.xml HTTP/1.1" 200 42283 "-" "Mozilla/5.0 (compatible; Googlebot/2.1; +http://www.google.com/bot.html)"
198.204.226.18 - - [15/May/2025:16:50:06 -0400] "GET /wp-content/install.php HTTP/1.1" 200 10 "http://jenniferflo.com/wp-content/install.php" "Mozilla/5.0 (Windows NT 10.0; Win64; x64) AppleWebKit/537.36 (KHTML, like Gecko) Chrome/58.0.3029.110 Safari/537.3"
198.204.226.18 - - [15/May/2025:16:50:02 -0400] "GET /wp-content/install.php HTTP/1.1" 200 0 "http://jenniferflo.com/wp-content/install.php" "Mozilla/5.0 (Windows NT 10.0; Win64; x64) AppleWebKit/537.36 (KHTML, like Gecko) Chrome/58.0.3029.110 Safari/537.3"
66.249.64.102 - - [15/May/2025:16:50:15 -0400] "GET /sitemap4.xml HTTP/1.1" 200 42254 "-" "Mozilla/5.0 (compatible; Googlebot/2.1; +http://www.google.com/bot.html)"
66.249.64.102 - - [15/May/2025:16:50:18 -0400] "GET /sitemap28.xml HTTP/1.1" 200 42227 "-" "Mozilla/5.0 (compatible; Googlebot/2.1; +http://www.google.com/bot.html)"
212.11.64.144 - - [15/May/2025:16:50:37 -0400] "GET //ups.php HTTP/1.1" 500 271 "http://jenniferflo.com/" "Mozilla/5.0 (Windows NT 10.0; Win64; x64) AppleWebKit/537.36 (KHTML, like Gecko) Chrome/121.0.0.0 Safari/537.36"
198.204.226.18 - - [15/May/2025:16:51:14 -0400] "GET /wp-content/install.php HTTP/1.1" 200 10 "http://jenniferflo.com/wp-content/install.php" "Mozilla/5.0 (Windows NT 10.0; Win64; x64) AppleWebKit/537.36 (KHTML, like Gecko) Chrome/58.0.3029.110 Safari/537.3"
198.204.226.18 - - [15/May/2025:16:51:10 -0400] "GET /wp-content/install.php HTTP/1.1" 200 0 "http://jenniferflo.com/wp-content/install.php" "Mozilla/5.0 (Windows NT 10.0; Win64; x64) AppleWebKit/537.36 (KHTML, like Gecko) Chrome/58.0.3029.110 Safari/537.3"
47.242.77.69 - - [15/May/2025:16:51:23 -0400] "GET /flower/e47?pid=917 HTTP/1.1" 500 271 "-" "Mozilla/5.0 (Macintosh; Intel Mac OS X 10_15_7) AppleWebKit/537.36 (KHTML, like Gecko) Chrome/109.0.0.0 Safari/537.36"
66.249.64.102 - - [15/May/2025:16:51:33 -0400] "GET /sitemap23.xml HTTP/1.1" 200 42214 "-" "Mozilla/5.0 (compatible; Googlebot/2.1; +http://www.google.com/bot.html)"
204.12.252.98 - - [15/May/2025:16:52:16 -0400] "GET /wp-includes/install.php HTTP/1.1" 200 10 "http://jenniferflo.com/wp-includes/install.php" "Mozilla/5.0 (Windows NT 10.0; Win64; x64) AppleWebKit/537.36 (KHTML, like Gecko) Chrome/58.0.3029.110 Safari/537.3"
198.204.226.18 - - [15/May/2025:16:52:18 -0400] "GET /wp-content/install.php HTTP/1.1" 200 10 "http://jenniferflo.com/wp-content/install.php" "Mozilla/5.0 (Windows NT 10.0; Win64; x64) AppleWebKit/537.36 (KHTML, like Gecko) Chrome/58.0.3029.110 Safari/537.3"
66.249.64.104 - - [15/May/2025:16:52:39 -0400] "GET /sitemap10.xml HTTP/1.1" 200 42314 "-" "Mozilla/5.0 (compatible; Googlebot/2.1; +http://www.google.com/bot.html)"
69.171.231.4 - - [15/May/2025:16:53:32 -0400] "GET /robots.txt HTTP/1.1" 206 371 "-" "facebookexternalhit/1.1 (+http://www.facebook.com/externalhit_uatext.php)"
8.210.108.0 - - [15/May/2025:16:53:52 -0400] "GET /sitemap-subkey-3055.xml HTTP/1.1" 200 99625 "-" "Mozilla/5.0 (Macintosh; Intel Mac OS X 10_15_7) AppleWebKit/537.36 (KHTML, like Gecko) Chrome/109.0.0.0 Safari/537.36"
198.204.226.18 - - [15/May/2025:16:54:21 -0400] "GET /wp-content/install.php HTTP/1.1" 200 10 "http://jenniferflo.com/wp-content/install.php" "Mozilla/5.0 (Windows NT 10.0; Win64; x64) AppleWebKit/537.36 (KHTML, like Gecko) Chrome/58.0.3029.110 Safari/537.3"
212.11.64.144 - - [15/May/2025:16:54:26 -0400] "GET //.well-known/pki-validation/min.php HTTP/1.1" 500 271 "http://jenniferflo.com/" "Mozilla/5.0 (Windows NT 10.0; Win64; x64) AppleWebKit/537.36 (KHTML, like Gecko) Chrome/121.0.0.0 Safari/537.36"
198.204.226.18 - - [15/May/2025:16:54:18 -0400] "GET /wp-content/install.php HTTP/1.1" 200 0 "http://jenniferflo.com/wp-content/install.php" "Mozilla/5.0 (Windows NT 10.0; Win64; x64) AppleWebKit/537.36 (KHTML, like Gecko) Chrome/58.0.3029.110 Safari/537.3"
198.204.226.18 - - [15/May/2025:16:55:22 -0400] "GET /wp-content/install.php HTTP/1.1" 200 10 "http://jenniferflo.com/wp-content/install.php" "Mozilla/5.0 (Windows NT 10.0; Win64; x64) AppleWebKit/537.36 (KHTML, like Gecko) Chrome/58.0.3029.110 Safari/537.3"
198.204.226.18 - - [15/May/2025:16:55:48 -0400] "GET /wp-content/install.php HTTP/1.1" 200 10 "http://jenniferflo.com/wp-content/install.php" "Mozilla/5.0 (Windows NT 10.0; Win64; x64) AppleWebKit/537.36 (KHTML, like Gecko) Chrome/58.0.3029.110 Safari/537.3"
69.197.135.226 - - [15/May/2025:16:55:59 -0400] "GET /wp-includes/install.php HTTP/1.1" 200 10 "http://jenniferflo.com/wp-includes/install.php" "Mozilla/5.0 (Windows NT 10.0; Win64; x64) AppleWebKit/537.36 (KHTML, like Gecko) Chrome/58.0.3029.110 Safari/537.3"
198.204.226.18 - - [15/May/2025:16:56:23 -0400] "GET /wp-content/install.php HTTP/1.1" 200 10 "http://jenniferflo.com/wp-content/install.php" "Mozilla/5.0 (Windows NT 10.0; Win64; x64) AppleWebKit/537.36 (KHTML, like Gecko) Chrome/58.0.3029.110 Safari/537.3"
198.204.226.18 - - [15/May/2025:16:56:20 -0400] "GET /wp-content/install.php HTTP/1.1" 200 0 "http://jenniferflo.com/wp-content/install.php" "Mozilla/5.0 (Windows NT 10.0; Win64; x64) AppleWebKit/537.36 (KHTML, like Gecko) Chrome/58.0.3029.110 Safari/537.3"
66.249.70.97 - - [15/May/2025:16:56:30 -0400] "GET /?_g=19068646 HTTP/1.1" 200 83665 "-" "Mozilla/5.0 (Linux; Android 6.0.1; Nexus 5X Build/MMB29P) AppleWebKit/537.36 (KHTML, like Gecko) Chrome/136.0.7103.92 Mobile Safari/537.36 (compatible; Googlebot/2.1; +http://www.google.com/bot.html)"
66.249.70.97 - - [15/May/2025:16:56:31 -0400] "GET /?_g=1975213 HTTP/1.1" 200 82166 "-" "Mozilla/5.0 (Linux; Android 6.0.1; Nexus 5X Build/MMB29P) AppleWebKit/537.36 (KHTML, like Gecko) Chrome/136.0.7103.92 Mobile Safari/537.36 (compatible; Googlebot/2.1; +http://www.google.com/bot.html)"
198.204.226.18 - - [15/May/2025:16:57:29 -0400] "GET /wp-content/install.php HTTP/1.1" 200 10 "http://jenniferflo.com/wp-content/install.php" "Mozilla/5.0 (Windows NT 10.0; Win64; x64) AppleWebKit/537.36 (KHTML, like Gecko) Chrome/58.0.3029.110 Safari/537.3"
198.204.226.18 - - [15/May/2025:16:57:26 -0400] "GET /wp-content/install.php HTTP/1.1" 200 0 "http://jenniferflo.com/wp-content/install.php" "Mozilla/5.0 (Windows NT 10.0; Win64; x64) AppleWebKit/537.36 (KHTML, like Gecko) Chrome/58.0.3029.110 Safari/537.3"
212.11.64.144 - - [15/May/2025:16:58:13 -0400] "GET //wp-content/plugins/WordPressCore/khxvloyo.php HTTP/1.1" 500 271 "http://jenniferflo.com/" "Mozilla/5.0 (Windows NT 10.0; Win64; x64) AppleWebKit/537.36 (KHTML, like Gecko) Chrome/121.0.0.0 Safari/537.36"
198.204.226.18 - - [15/May/2025:16:58:39 -0400] "GET /wp-content/install.php HTTP/1.1" 200 10 "http://jenniferflo.com/wp-content/install.php" "Mozilla/5.0 (Windows NT 10.0; Win64; x64) AppleWebKit/537.36 (KHTML, like Gecko) Chrome/58.0.3029.110 Safari/537.3"
47.238.13.10 - - [15/May/2025:16:58:41 -0400] "GET /items/bblmo89/426?key=celebrity HTTP/1.1" 500 271 "-" "Mozilla/5.0 (Macintosh; Intel Mac OS X 10_15_7) AppleWebKit/537.36 (KHTML, like Gecko) Chrome/109.0.0.0 Safari/537.36"
198.204.226.18 - - [15/May/2025:16:58:36 -0400] "GET /wp-content/install.php HTTP/1.1" 200 0 "http://jenniferflo.com/wp-content/install.php" "Mozilla/5.0 (Windows NT 10.0; Win64; x64) AppleWebKit/537.36 (KHTML, like Gecko) Chrome/58.0.3029.110 Safari/537.3"
198.204.226.18 - - [15/May/2025:16:59:40 -0400] "GET /wp-content/install.php HTTP/1.1" 200 10 "http://jenniferflo.com/wp-content/install.php" "Mozilla/5.0 (Windows NT 10.0; Win64; x64) AppleWebKit/537.36 (KHTML, like Gecko) Chrome/58.0.3029.110 Safari/537.3"
198.204.226.18 - - [15/May/2025:16:59:36 -0400] "GET /wp-content/install.php HTTP/1.1" 200 0 "http://jenniferflo.com/wp-content/install.php" "Mozilla/5.0 (Windows NT 10.0; Win64; x64) AppleWebKit/537.36 (KHTML, like Gecko) Chrome/58.0.3029.110 Safari/537.3"
208.110.64.178 - - [15/May/2025:16:59:50 -0400] "GET /wp-includes/install.php HTTP/1.1" 200 10 "http://jenniferflo.com/wp-includes/install.php" "Mozilla/5.0 (Windows NT 10.0; Win64; x64) AppleWebKit/537.36 (KHTML, like Gecko) Chrome/58.0.3029.110 Safari/537.3"
198.204.226.18 - - [15/May/2025:16:59:59 -0400] "GET /wp-content/install.php HTTP/1.1" 200 10 "http://jenniferflo.com/wp-content/install.php" "Mozilla/5.0 (Windows NT 10.0; Win64; x64) AppleWebKit/537.36 (KHTML, like Gecko) Chrome/58.0.3029.110 Safari/537.3"
47.238.13.15 - - [15/May/2025:17:00:04 -0400] "GET /special/p28?pid=7286 HTTP/1.1" 500 271 "-" "Mozilla/5.0 (Macintosh; Intel Mac OS X 10_15_7) AppleWebKit/537.36 (KHTML, like Gecko) Chrome/109.0.0.0 Safari/537.36"
198.204.226.18 - - [15/May/2025:16:59:54 -0400] "GET /wp-content/install.php HTTP/1.1" 200 0 "http://jenniferflo.com/wp-content/install.php" "Mozilla/5.0 (Windows NT 10.0; Win64; x64) AppleWebKit/537.36 (KHTML, like Gecko) Chrome/58.0.3029.110 Safari/537.3"
47.242.77.69 - - [15/May/2025:17:00:14 -0400] "GET /items/qcwzg55/10?key=whole HTTP/1.1" 500 271 "-" "Mozilla/5.0 (Macintosh; Intel Mac OS X 10_15_7) AppleWebKit/537.36 (KHTML, like Gecko) Chrome/109.0.0.0 Safari/537.36"
47.238.13.14 - - [15/May/2025:17:00:17 -0400] "GET /items/nzkmp5/3834?key=offense HTTP/1.1" 500 271 "-" "Mozilla/5.0 (Macintosh; Intel Mac OS X 10_15_7) AppleWebKit/537.36 (KHTML, like Gecko) Chrome/109.0.0.0 Safari/537.36"
198.204.226.18 - - [15/May/2025:17:00:52 -0400] "GET /wp-content/install.php HTTP/1.1" 200 10 "http://jenniferflo.com/wp-content/install.php" "Mozilla/5.0 (Windows NT 10.0; Win64; x64) AppleWebKit/537.36 (KHTML, like Gecko) Chrome/58.0.3029.110 Safari/537.3"
8.210.108.0 - - [15/May/2025:17:01:09 -0400] "GET /items/bnpok215/13196?key=tea HTTP/1.1" 500 271 "-" "Mozilla/5.0 (Macintosh; Intel Mac OS X 10_15_7) AppleWebKit/537.36 (KHTML, like Gecko) Chrome/109.0.0.0 Safari/537.36"
8.210.108.0 - - [15/May/2025:17:01:10 -0400] "GET /pages.php?product/J8?h=search&l=27400 HTTP/1.1" 200 10218 "-" "Mozilla/5.0 (Macintosh; Intel Mac OS X 10_15_7) AppleWebKit/537.36 (KHTML, like Gecko) Chrome/109.0.0.0 Safari/537.36"
8.210.146.98 - - [15/May/2025:17:01:51 -0400] "GET /items/wtjpe202/17443?key=accurate HTTP/1.1" 500 271 "-" "Mozilla/5.0 (Macintosh; Intel Mac OS X 10_15_7) AppleWebKit/537.36 (KHTML, like Gecko) Chrome/109.0.0.0 Safari/537.36"
212.11.64.144 - - [15/May/2025:17:02:02 -0400] "GET //wp-admin/css/colors/coffee/class_api.php HTTP/1.1" 500 271 "http://jenniferflo.com/" "Mozilla/5.0 (Windows NT 10.0; Win64; x64) AppleWebKit/537.36 (KHTML, like Gecko) Chrome/121.0.0.0 Safari/537.36"
8.210.10.143 - - [15/May/2025:17:02:05 -0400] "GET /sitemap-subkey-959.xml HTTP/1.1" 200 100978 "-" "Mozilla/5.0 (Macintosh; Intel Mac OS X 10_15_7) AppleWebKit/537.36 (KHTML, like Gecko) Chrome/109.0.0.0 Safari/537.36"
85.239.35.217 - - [15/May/2025:17:02:29 -0400] "GET / HTTP/1.1" 500 271 "-" "Mozilla/5.0 (X11; Linux x86_64) AppleWebKit/537.36 (KHTML, like Gecko) Chrome/135.0.7049.115 Safari/537.36"
46.161.57.212 - - [15/May/2025:17:02:30 -0400] "GET / HTTP/1.1" 500 271 "-" "Mozilla/5.0 (X11; Linux x86_64) AppleWebKit/537.36 (KHTML, like Gecko) Chrome/135.0.7049.115 Safari/537.36"
198.204.226.18 - - [15/May/2025:17:02:58 -0400] "GET /wp-content/install.php HTTP/1.1" 200 10 "http://jenniferflo.com/wp-content/install.php" "Mozilla/5.0 (Windows NT 10.0; Win64; x64) AppleWebKit/537.36 (KHTML, like Gecko) Chrome/58.0.3029.110 Safari/537.3"
198.204.226.18 - - [15/May/2025:17:02:55 -0400] "GET /wp-content/install.php HTTP/1.1" 200 0 "http://jenniferflo.com/wp-content/install.php" "Mozilla/5.0 (Windows NT 10.0; Win64; x64) AppleWebKit/537.36 (KHTML, like Gecko) Chrome/58.0.3029.110 Safari/537.3"
