52.169.85.61 - - [15/May/2025:02:07:57 -0400] "GET /wp-content/plugins/linkpreview/index.php HTTP/1.1" 500 360 "-" "-"
52.169.85.61 - - [15/May/2025:02:07:57 -0400] "GET /wp-includes/4HGIbcrUWhy.php HTTP/1.1" 500 360 "-" "-"
52.169.85.61 - - [15/May/2025:02:07:58 -0400] "GET /wp-content/plugins/core-plugin/wp-error_log.php?dir=. HTTP/1.1" 500 360 "-" "-"
52.169.85.61 - - [15/May/2025:02:07:58 -0400] "GET /wp-content/plugins/seoplugins/db.php?u HTTP/1.1" 500 360 "-" "-"
52.169.85.61 - - [15/May/2025:02:07:58 -0400] "GET /admin2.php HTTP/1.1" 500 360 "-" "-"
52.169.85.61 - - [15/May/2025:02:07:58 -0400] "GET /wp-content/themes/pridmag/1.php HTTP/1.1" 500 360 "-" "-"
52.169.85.61 - - [15/May/2025:02:07:58 -0400] "GET /wp-content/uploads/2025/04/natural.php HTTP/1.1" 500 360 "-" "-"
52.169.85.61 - - [15/May/2025:02:07:58 -0400] "GET /wp-content/uploads/wpr-addons/forms/b1ack.php HTTP/1.1" 500 360 "-" "-"
52.169.85.61 - - [15/May/2025:02:07:58 -0400] "GET /wp-admin/network/chosen.php HTTP/1.1" 500 360 "-" "-"
52.169.85.61 - - [15/May/2025:02:07:59 -0400] "GET /wp-content/uploads/gravity_forms/g/b/b/e/zysdrojvpua.php HTTP/1.1" 500 360 "-" "-"
52.169.85.61 - - [15/May/2025:02:07:59 -0400] "GET /wp-admin/css/item.php HTTP/1.1" 500 360 "-" "-"
52.169.85.61 - - [15/May/2025:02:07:59 -0400] "GET /wp-content/uploads/gravity_forms/c/e/g/c/czymneukgvd.php HTTP/1.1" 500 360 "-" "-"
52.169.85.61 - - [15/May/2025:02:07:59 -0400] "GET /wp-cron.php HTTP/1.1" 500 360 "-" "-"
52.169.85.61 - - [15/May/2025:02:07:59 -0400] "GET /wp-includes/ID3/wp-conflg.php HTTP/1.1" 500 360 "-" "-"
52.169.85.61 - - [15/May/2025:02:07:59 -0400] "GET /wp-content/plugins/elementor HTTP/1.1" 500 360 "-" "-"
52.169.85.61 - - [15/May/2025:02:08:00 -0400] "GET /wp-content/uploads/wp-shell.php HTTP/1.1" 500 360 "-" "-"
52.169.85.61 - - [15/May/2025:02:08:00 -0400] "GET /wp-includes/pomo/about.php?p= HTTP/1.1" 500 360 "-" "-"
52.169.85.61 - - [15/May/2025:02:08:00 -0400] "GET /wp-content/themes/intense/block-css.php?mode=upload HTTP/1.1" 500 360 "-" "-"
52.169.85.61 - - [15/May/2025:02:08:00 -0400] "GET /wp-admin/css/index.php?p= HTTP/1.1" 500 360 "-" "-"
52.169.85.61 - - [15/May/2025:02:08:00 -0400] "GET /defaul1.php HTTP/1.1" 500 360 "-" "-"
52.169.85.61 - - [15/May/2025:02:08:00 -0400] "GET /files/index.php HTTP/1.1" 500 360 "-" "-"
52.169.85.61 - - [15/May/2025:02:08:00 -0400] "GET /libraries/joomla/css.php HTTP/1.1" 500 360 "-" "-"
52.169.85.61 - - [15/May/2025:02:08:00 -0400] "GET /wp-admin/user/about.php?p= HTTP/1.1" 500 359 "-" "-"
52.169.85.61 - - [15/May/2025:02:08:01 -0400] "GET /wp-2019.php HTTP/1.1" 500 360 "-" "-"
52.169.85.61 - - [15/May/2025:02:08:01 -0400] "GET /wp-includes/SimplePie/Content/admiin.php HTTP/1.1" 500 360 "-" "-"
52.169.85.61 - - [15/May/2025:02:08:01 -0400] "GET /wp-includes/Text/Diff/Engine HTTP/1.1" 301 795 "-" "-"
52.169.85.61 - - [15/May/2025:02:08:01 -0400] "GET /wp-includes/Text/Diff/Engine/ HTTP/1.1" 200 2446 "-" "-"
52.169.85.61 - - [15/May/2025:02:08:01 -0400] "GET /.well-known/fm.php HTTP/1.1" 500 360 "-" "-"
52.169.85.61 - - [15/May/2025:02:08:01 -0400] "GET /wp-includes/sodium_compat/src/Core/Curve25519/Ge/index.php?p= HTTP/1.1" 500 360 "-" "-"
52.169.85.61 - - [15/May/2025:02:08:02 -0400] "GET /webadmin.php HTTP/1.1" 500 360 "-" "-"
52.169.85.61 - - [15/May/2025:02:08:02 -0400] "GET /wp-includes/Text/chosen.php HTTP/1.1" 500 360 "-" "-"
52.169.85.61 - - [15/May/2025:02:08:02 -0400] "GET /wp-includes/js/tinymce/skins/lightgray/img/index.php HTTP/1.1" 500 360 "-" "-"
52.169.85.61 - - [15/May/2025:02:08:02 -0400] "GET /wp-admin/images/atomlib.php HTTP/1.1" 500 360 "-" "-"
52.169.85.61 - - [15/May/2025:02:08:02 -0400] "GET /bob.php?p= HTTP/1.1" 500 360 "-" "-"
52.169.85.61 - - [15/May/2025:02:08:02 -0400] "GET /wso112233.php HTTP/1.1" 500 360 "-" "-"
52.169.85.61 - - [15/May/2025:02:08:03 -0400] "GET /mcs.php HTTP/1.1" 500 360 "-" "-"
52.169.85.61 - - [15/May/2025:02:08:03 -0400] "GET /cgi-bin/my1.php HTTP/1.1" 500 360 "-" "-"
52.169.85.61 - - [15/May/2025:02:08:03 -0400] "GET /simple/function.php HTTP/1.1" 500 360 "-" "-"
52.169.85.61 - - [15/May/2025:02:08:03 -0400] "GET /wp-admin/31eqRsJgQ6n.php HTTP/1.1" 500 360 "-" "-"
52.169.85.61 - - [15/May/2025:02:08:04 -0400] "GET /hehe.php HTTP/1.1" 500 360 "-" "-"
52.169.85.61 - - [15/May/2025:02:08:04 -0400] "GET /wp-content/wp.php HTTP/1.1" 500 360 "-" "-"
52.169.85.61 - - [15/May/2025:02:08:04 -0400] "GET /wp-admin/admin-ajax.php HTTP/1.1" 500 360 "-" "-"
52.169.85.61 - - [15/May/2025:02:08:04 -0400] "GET /index/function.php HTTP/1.1" 500 360 "-" "-"
52.169.85.61 - - [15/May/2025:02:08:04 -0400] "GET /vendor/phpunit/phpunit/src/Util/PHP HTTP/1.1" 500 360 "-" "-"
52.169.85.61 - - [15/May/2025:02:08:05 -0400] "GET /wp-admin/images/index.php HTTP/1.1" 200 360 "-" "-"
52.169.85.61 - - [15/May/2025:02:08:05 -0400] "GET /wp-content/themes/astra/inc/ki1k.php HTTP/1.1" 500 360 "-" "-"
52.169.85.61 - - [15/May/2025:02:08:05 -0400] "GET /rbh/log.ph HTTP/1.1" 500 360 "-" "-"
52.169.85.61 - - [15/May/2025:02:08:05 -0400] "GET /wp-admin/js/widgets/xmrlpc.php?p= HTTP/1.1" 500 360 "-" "-"
52.169.85.61 - - [15/May/2025:02:08:05 -0400] "GET /adminer.php?db=stealth HTTP/1.1" 500 360 "-" "-"
52.169.85.61 - - [15/May/2025:02:08:05 -0400] "GET /wp-content/json.php HTTP/1.1" 500 360 "-" "-"
52.169.85.61 - - [15/May/2025:02:08:05 -0400] "GET /css/index.php HTTP/1.1" 500 360 "-" "-"
52.169.85.61 - - [15/May/2025:02:08:05 -0400] "GET /.well-known/pki-validation/index.php HTTP/1.1" 200 360 "-" "-"
52.169.85.61 - - [15/May/2025:02:08:06 -0400] "GET /02.php HTTP/1.1" 500 360 "-" "-"
52.169.85.61 - - [15/May/2025:02:08:06 -0400] "GET /wp-cli.php HTTP/1.1" 500 360 "-" "-"
52.169.85.61 - - [15/May/2025:02:08:06 -0400] "GET /class.api.php?p= HTTP/1.1" 500 360 "-" "-"
52.169.85.61 - - [15/May/2025:02:08:06 -0400] "GET /wp-content/mu-plugins/about.php HTTP/1.1" 500 360 "-" "-"
52.169.85.61 - - [15/May/2025:02:08:06 -0400] "GET /contact.php HTTP/1.1" 500 360 "-" "-"
52.169.85.61 - - [15/May/2025:02:08:06 -0400] "GET /test HTTP/1.1" 500 360 "-" "-"
52.169.85.61 - - [15/May/2025:02:08:06 -0400] "GET /kPC.php HTTP/1.1" 500 360 "-" "-"
52.169.85.61 - - [15/May/2025:02:08:07 -0400] "GET /.well-known/pki-validation/cux.php HTTP/1.1" 404 1251 "-" "-"
52.169.85.61 - - [15/May/2025:02:08:07 -0400] "GET /wp-includes/Text/Diff/Engine/shell.php HTTP/1.1" 403 1242 "-" "-"
52.169.85.61 - - [15/May/2025:02:08:07 -0400] "GET /wp-includes/js/tinymce/skins/lightgray/img/about.php HTTP/1.1" 500 360 "-" "-"
52.169.85.61 - - [15/May/2025:02:08:07 -0400] "GET /wp-content/uploads/2023/11 HTTP/1.1" 301 795 "-" "-"
52.169.85.61 - - [15/May/2025:02:08:07 -0400] "GET /wp-content/uploads/2023/11/ HTTP/1.1" 200 1390 "-" "-"
52.169.85.61 - - [15/May/2025:02:08:07 -0400] "GET /wp-admin/network/b.php HTTP/1.1" 500 360 "-" "-"
52.169.85.61 - - [15/May/2025:02:08:08 -0400] "GET /.well-known/pki-validation/parx.php HTTP/1.1" 404 1251 "-" "-"
52.169.85.61 - - [15/May/2025:02:08:08 -0400] "GET /class-php HTTP/1.1" 500 360 "-" "-"
52.169.85.61 - - [15/May/2025:02:08:08 -0400] "GET /wp-includes/SimplePie/Content/index.php HTTP/1.1" 500 360 "-" "-"
52.169.85.61 - - [15/May/2025:02:08:08 -0400] "GET /system HTTP/1.1" 500 360 "-" "-"
52.169.85.61 - - [15/May/2025:02:08:08 -0400] "GET /wp-content/uploads/gravity_forms/e/b/b/g/dqwyzvpuahb.php HTTP/1.1" 500 360 "-" "-"
52.169.85.61 - - [15/May/2025:02:08:08 -0400] "GET /avaa.php HTTP/1.1" 500 360 "-" "-"
52.169.85.61 - - [15/May/2025:02:08:09 -0400] "GET /wp-includes/PHPMailer/themes-install.php HTTP/1.1" 500 360 "-" "-"
52.169.85.61 - - [15/May/2025:02:08:09 -0400] "GET /wp-content/plugins/wp-conflg.php HTTP/1.1" 500 360 "-" "-"
52.169.85.61 - - [15/May/2025:02:08:09 -0400] "GET /wp-includes/random_compat/chosen.php HTTP/1.1" 500 360 "-" "-"
52.169.85.61 - - [15/May/2025:02:08:09 -0400] "GET /wp-includes.bak/html-api/about.php HTTP/1.1" 500 360 "-" "-"
52.169.85.61 - - [15/May/2025:02:08:09 -0400] "GET /wp-content/themes/twentytwenty HTTP/1.1" 301 795 "-" "-"
52.169.85.61 - - [15/May/2025:02:08:09 -0400] "GET /wp-content/themes/twentytwenty/ HTTP/1.1" 500 0 "-" "-"
52.169.85.61 - - [15/May/2025:02:08:09 -0400] "GET /wp-content/uploads/gravity_forms/h/b/e/d/ioxgswkbzrp.php HTTP/1.1" 500 360 "-" "-"
52.169.85.61 - - [15/May/2025:02:08:10 -0400] "GET /atomlib.php HTTP/1.1" 500 360 "-" "-"
52.169.85.61 - - [15/May/2025:02:08:10 -0400] "GET /gecko.php HTTP/1.1" 500 360 "-" "-"
52.169.85.61 - - [15/May/2025:02:08:10 -0400] "GET /autoload_classmap.php?p= HTTP/1.1" 500 360 "-" "-"
52.169.85.61 - - [15/May/2025:02:08:10 -0400] "GET /wp-includes/6ZKP9RiYwlM.php HTTP/1.1" 500 360 "-" "-"
52.169.85.61 - - [15/May/2025:02:08:10 -0400] "GET /images/xBrain.php HTTP/1.1" 500 360 "-" "-"
52.169.85.61 - - [15/May/2025:02:08:10 -0400] "GET /wp-mail.php/wp-includes/ID3/.info.php HTTP/1.1" 500 360 "-" "-"
52.169.85.61 - - [15/May/2025:02:08:10 -0400] "GET /wp-admin/user/cloud.php HTTP/1.1" 500 360 "-" "-"
52.169.85.61 - - [15/May/2025:02:08:11 -0400] "GET /wp-includes/assets/index.php?p= HTTP/1.1" 500 360 "-" "-"
52.169.85.61 - - [15/May/2025:02:08:11 -0400] "GET /wp-content/uploads/gravity_forms/f/e/g/b/hpkifdjoalz.php HTTP/1.1" 500 360 "-" "-"
52.169.85.61 - - [15/May/2025:02:08:11 -0400] "GET /.well-known/apap.php HTTP/1.1" 500 360 "-" "-"
52.169.85.61 - - [15/May/2025:02:08:11 -0400] "GET /wp-includes/CQ3u7inwjcm.php HTTP/1.1" 500 360 "-" "-"
52.169.85.61 - - [15/May/2025:02:08:11 -0400] "GET /wp-content/uploads/about.php HTTP/1.1" 500 360 "-" "-"
52.169.85.61 - - [15/May/2025:02:08:11 -0400] "GET /wp-includes/SimplePie/about.php HTTP/1.1" 500 360 "-" "-"
52.169.85.61 - - [15/May/2025:02:08:12 -0400] "GET /.well-known/pki-validation/afnew.php HTTP/1.1" 404 1251 "-" "-"
52.169.85.61 - - [15/May/2025:02:08:12 -0400] "GET /wp-includes/Text/wp-conflg.php HTTP/1.1" 500 360 "-" "-"
52.169.85.61 - - [15/May/2025:02:08:12 -0400] "GET /data.php HTTP/1.1" 500 360 "-" "-"
52.169.85.61 - - [15/May/2025:02:08:12 -0400] "GET /wp-includes/js/crop HTTP/1.1" 301 795 "-" "-"
52.169.85.61 - - [15/May/2025:02:08:12 -0400] "GET /wp-includes/js/crop/ HTTP/1.1" 200 2414 "-" "-"
52.169.85.61 - - [15/May/2025:02:08:12 -0400] "GET /tmpls.php HTTP/1.1" 500 360 "-" "-"
52.169.85.61 - - [15/May/2025:02:08:12 -0400] "GET /wp-includes/rest-api/endpoints/admiin.php HTTP/1.1" 500 360 "-" "-"
52.169.85.61 - - [15/May/2025:02:08:12 -0400] "GET /wp-includes/defaults.php HTTP/1.1" 200 381 "-" "-"
52.169.85.61 - - [15/May/2025:02:08:13 -0400] "GET /mailer.php HTTP/1.1" 500 360 "-" "-"
52.169.85.61 - - [15/May/2025:02:08:13 -0400] "GET /wb.php HTTP/1.1" 500 360 "-" "-"
52.169.85.61 - - [15/May/2025:02:08:13 -0400] "GET /wp-error_log.php?dir=. HTTP/1.1" 500 360 "-" "-"
52.169.85.61 - - [15/May/2025:02:08:13 -0400] "GET /images/admin.php HTTP/1.1" 500 360 "-" "-"
52.169.85.61 - - [15/May/2025:02:08:13 -0400] "GET /wp-admin/css/wp-login.php HTTP/1.1" 500 360 "-" "-"
52.169.85.61 - - [15/May/2025:02:08:13 -0400] "GET /wp-includes/D2a4qMfz8OV.php HTTP/1.1" 500 360 "-" "-"
52.169.85.61 - - [15/May/2025:02:08:13 -0400] "GET /wp-includes/css/about.php?p= HTTP/1.1" 500 360 "-" "-"
52.169.85.61 - - [15/May/2025:02:08:14 -0400] "GET /wp-admin/css/colors/coffee/xmrlpc.php?p= HTTP/1.1" 500 360 "-" "-"
52.169.85.61 - - [15/May/2025:02:08:14 -0400] "GET /wp-includes/Requests/autoload_classmap.php HTTP/1.1" 500 360 "-" "-"
52.169.85.61 - - [15/May/2025:02:08:14 -0400] "GET /wp-includes/widgets HTTP/1.1" 301 795 "-" "-"
52.169.85.61 - - [15/May/2025:02:08:14 -0400] "GET /wp-includes/widgets/ HTTP/1.1" 200 42922 "-" "-"
149.154.161.212 - - [15/May/2025:02:08:17 -0400] "GET /wp-includes/widgets HTTP/1.1" 301 795 "-" "TelegramBot (like TwitterBot)"
149.154.161.212 - - [15/May/2025:02:08:17 -0400] "GET /wp-includes/widgets/ HTTP/1.1" 200 3125 "-" "TelegramBot (like TwitterBot)"
47.242.77.69 - - [15/May/2025:02:08:22 -0400] "GET /shrimp/t176?pid=49492 HTTP/1.1" 500 271 "-" "Mozilla/5.0 (Macintosh; Intel Mac OS X 10_15_7) AppleWebKit/537.36 (KHTML, like Gecko) Chrome/109.0.0.0 Safari/537.36"
198.204.226.18 - - [15/May/2025:02:08:39 -0400] "GET /wp-content/install.php HTTP/1.1" 200 10 "http://jenniferflo.com/wp-content/install.php" "Mozilla/5.0 (Windows NT 10.0; Win64; x64) AppleWebKit/537.36 (KHTML, like Gecko) Chrome/58.0.3029.110 Safari/537.3"
47.238.13.18 - - [15/May/2025:02:09:22 -0400] "GET /hill/a166?pid=16216 HTTP/1.1" 500 271 "-" "Mozilla/5.0 (Macintosh; Intel Mac OS X 10_15_7) AppleWebKit/537.36 (KHTML, like Gecko) Chrome/109.0.0.0 Safari/537.36"
198.204.226.18 - - [15/May/2025:02:09:45 -0400] "GET /wp-content/install.php HTTP/1.1" 200 10 "http://jenniferflo.com/wp-content/install.php" "Mozilla/5.0 (Windows NT 10.0; Win64; x64) AppleWebKit/537.36 (KHTML, like Gecko) Chrome/58.0.3029.110 Safari/537.3"
198.204.226.18 - - [15/May/2025:02:09:42 -0400] "GET /wp-content/install.php HTTP/1.1" 200 0 "http://jenniferflo.com/wp-content/install.php" "Mozilla/5.0 (Windows NT 10.0; Win64; x64) AppleWebKit/537.36 (KHTML, like Gecko) Chrome/58.0.3029.110 Safari/537.3"
212.11.64.144 - - [15/May/2025:02:10:21 -0400] "GET //wp-admin/images/module.php HTTP/1.1" 500 271 "http://jenniferflo.com/" "Mozilla/5.0 (Windows NT 10.0; Win64; x64) AppleWebKit/537.36 (KHTML, like Gecko) Chrome/121.0.0.0 Safari/537.36"
198.204.226.18 - - [15/May/2025:02:10:48 -0400] "GET /wp-content/install.php HTTP/1.1" 200 10 "http://jenniferflo.com/wp-content/install.php" "Mozilla/5.0 (Windows NT 10.0; Win64; x64) AppleWebKit/537.36 (KHTML, like Gecko) Chrome/58.0.3029.110 Safari/537.3"
198.204.226.18 - - [15/May/2025:02:10:55 -0400] "GET /wp-content/install.php HTTP/1.1" 200 10 "http://jenniferflo.com/wp-content/install.php" "Mozilla/5.0 (Windows NT 10.0; Win64; x64) AppleWebKit/537.36 (KHTML, like Gecko) Chrome/58.0.3029.110 Safari/537.3"
198.204.226.18 - - [15/May/2025:02:11:40 -0400] "GET /wp-content/install.php HTTP/1.1" 200 10 "http://jenniferflo.com/wp-content/install.php" "Mozilla/5.0 (Windows NT 10.0; Win64; x64) AppleWebKit/537.36 (KHTML, like Gecko) Chrome/58.0.3029.110 Safari/537.3"
198.204.226.18 - - [15/May/2025:02:11:37 -0400] "GET /wp-content/install.php HTTP/1.1" 200 0 "http://jenniferflo.com/wp-content/install.php" "Mozilla/5.0 (Windows NT 10.0; Win64; x64) AppleWebKit/537.36 (KHTML, like Gecko) Chrome/58.0.3029.110 Safari/537.3"
198.204.226.18 - - [15/May/2025:02:12:04 -0400] "GET /wp-content/install.php HTTP/1.1" 200 10 "http://jenniferflo.com/wp-content/install.php" "Mozilla/5.0 (Windows NT 10.0; Win64; x64) AppleWebKit/537.36 (KHTML, like Gecko) Chrome/58.0.3029.110 Safari/537.3"
47.242.77.69 - - [15/May/2025:02:13:20 -0400] "GET /forty/b30?pid=35582 HTTP/1.1" 500 271 "-" "Mozilla/5.0 (Macintosh; Intel Mac OS X 10_15_7) AppleWebKit/537.36 (KHTML, like Gecko) Chrome/109.0.0.0 Safari/537.36"
198.204.226.18 - - [15/May/2025:02:13:25 -0400] "GET /wp-content/install.php HTTP/1.1" 200 10 "http://jenniferflo.com/wp-content/install.php" "Mozilla/5.0 (Windows NT 10.0; Win64; x64) AppleWebKit/537.36 (KHTML, like Gecko) Chrome/58.0.3029.110 Safari/537.3"
198.204.226.18 - - [15/May/2025:02:13:22 -0400] "GET /wp-content/install.php HTTP/1.1" 200 0 "http://jenniferflo.com/wp-content/install.php" "Mozilla/5.0 (Windows NT 10.0; Win64; x64) AppleWebKit/537.36 (KHTML, like Gecko) Chrome/58.0.3029.110 Safari/537.3"
198.204.226.18 - - [15/May/2025:02:13:36 -0400] "GET /wp-content/install.php HTTP/1.1" 200 10 "http://jenniferflo.com/wp-content/install.php" "Mozilla/5.0 (Windows NT 10.0; Win64; x64) AppleWebKit/537.36 (KHTML, like Gecko) Chrome/58.0.3029.110 Safari/537.3"
198.204.226.18 - - [15/May/2025:02:13:48 -0400] "GET /wp-content/install.php HTTP/1.1" 200 10 "http://jenniferflo.com/wp-content/install.php" "Mozilla/5.0 (Windows NT 10.0; Win64; x64) AppleWebKit/537.36 (KHTML, like Gecko) Chrome/58.0.3029.110 Safari/537.3"
212.11.64.144 - - [15/May/2025:02:14:09 -0400] "GET //images/sx.php HTTP/1.1" 500 271 "http://jenniferflo.com/" "Mozilla/5.0 (Windows NT 10.0; Win64; x64) AppleWebKit/537.36 (KHTML, like Gecko) Chrome/121.0.0.0 Safari/537.36"
198.204.226.18 - - [15/May/2025:02:15:21 -0400] "GET /wp-content/install.php HTTP/1.1" 200 10 "http://jenniferflo.com/wp-content/install.php" "Mozilla/5.0 (Windows NT 10.0; Win64; x64) AppleWebKit/537.36 (KHTML, like Gecko) Chrome/58.0.3029.110 Safari/537.3"
198.204.226.18 - - [15/May/2025:02:15:17 -0400] "GET /wp-content/install.php HTTP/1.1" 200 0 "http://jenniferflo.com/wp-content/install.php" "Mozilla/5.0 (Windows NT 10.0; Win64; x64) AppleWebKit/537.36 (KHTML, like Gecko) Chrome/58.0.3029.110 Safari/537.3"
198.204.226.18 - - [15/May/2025:02:15:35 -0400] "GET /wp-content/install.php HTTP/1.1" 200 0 "http://jenniferflo.com/wp-content/install.php" "Mozilla/5.0 (Windows NT 10.0; Win64; x64) AppleWebKit/537.36 (KHTML, like Gecko) Chrome/58.0.3029.110 Safari/537.3"
198.204.226.18 - - [15/May/2025:02:16:56 -0400] "GET /wp-content/install.php HTTP/1.1" 200 10 "http://jenniferflo.com/wp-content/install.php" "Mozilla/5.0 (Windows NT 10.0; Win64; x64) AppleWebKit/537.36 (KHTML, like Gecko) Chrome/58.0.3029.110 Safari/537.3"
198.204.226.18 - - [15/May/2025:02:16:53 -0400] "GET /wp-content/install.php HTTP/1.1" 200 0 "http://jenniferflo.com/wp-content/install.php" "Mozilla/5.0 (Windows NT 10.0; Win64; x64) AppleWebKit/537.36 (KHTML, like Gecko) Chrome/58.0.3029.110 Safari/537.3"
198.204.226.18 - - [15/May/2025:02:17:22 -0400] "GET /wp-content/install.php HTTP/1.1" 200 10 "http://jenniferflo.com/wp-content/install.php" "Mozilla/5.0 (Windows NT 10.0; Win64; x64) AppleWebKit/537.36 (KHTML, like Gecko) Chrome/58.0.3029.110 Safari/537.3"
47.238.13.17 - - [15/May/2025:02:17:31 -0400] "GET /owe/e93?pid=2045 HTTP/1.1" 500 271 "-" "Mozilla/5.0 (Macintosh; Intel Mac OS X 10_15_7) AppleWebKit/537.36 (KHTML, like Gecko) Chrome/109.0.0.0 Safari/537.36"
198.204.226.18 - - [15/May/2025:02:17:52 -0400] "GET /wp-content/install.php HTTP/1.1" 200 10 "http://jenniferflo.com/wp-content/install.php" "Mozilla/5.0 (Windows NT 10.0; Win64; x64) AppleWebKit/537.36 (KHTML, like Gecko) Chrome/58.0.3029.110 Safari/537.3"
180.248.27.241 - - [15/May/2025:02:17:53 -0400] "GET /.env HTTP/1.1" 500 21 "-" "Mozilla/5.0 (X11; Linux x86_64) AppleWebKit/537.36 (KHTML, like Gecko) Chrome/81.0.4044.129 Safari/537.36"
212.11.64.144 - - [15/May/2025:02:17:57 -0400] "GET //.well-known/acme-challenge/sx.php HTTP/1.1" 500 271 "http://jenniferflo.com/" "Mozilla/5.0 (Windows NT 10.0; Win64; x64) AppleWebKit/537.36 (KHTML, like Gecko) Chrome/121.0.0.0 Safari/537.36"
180.248.27.241 - - [15/May/2025:02:18:08 -0400] "POST / HTTP/1.1" 500 271 "-" "Mozilla/5.0 (X11; Linux x86_64) AppleWebKit/537.36 (KHTML, like Gecko) Chrome/81.0.4044.129 Safari/537.36"
198.204.226.18 - - [15/May/2025:02:18:33 -0400] "GET /wp-content/install.php HTTP/1.1" 200 10 "http://jenniferflo.com/wp-content/install.php" "Mozilla/5.0 (Windows NT 10.0; Win64; x64) AppleWebKit/537.36 (KHTML, like Gecko) Chrome/58.0.3029.110 Safari/537.3"
198.204.226.18 - - [15/May/2025:02:18:30 -0400] "GET /wp-content/install.php HTTP/1.1" 200 0 "http://jenniferflo.com/wp-content/install.php" "Mozilla/5.0 (Windows NT 10.0; Win64; x64) AppleWebKit/537.36 (KHTML, like Gecko) Chrome/58.0.3029.110 Safari/537.3"
198.204.226.18 - - [15/May/2025:02:18:59 -0400] "GET /wp-content/install.php HTTP/1.1" 200 10 "http://jenniferflo.com/wp-content/install.php" "Mozilla/5.0 (Windows NT 10.0; Win64; x64) AppleWebKit/537.36 (KHTML, like Gecko) Chrome/58.0.3029.110 Safari/537.3"
198.204.226.18 - - [15/May/2025:02:19:25 -0400] "GET /wp-content/install.php HTTP/1.1" 200 10 "http://jenniferflo.com/wp-content/install.php" "Mozilla/5.0 (Windows NT 10.0; Win64; x64) AppleWebKit/537.36 (KHTML, like Gecko) Chrome/58.0.3029.110 Safari/537.3"
198.204.226.18 - - [15/May/2025:02:20:29 -0400] "GET /wp-content/install.php HTTP/1.1" 200 10 "http://jenniferflo.com/wp-content/install.php" "Mozilla/5.0 (Windows NT 10.0; Win64; x64) AppleWebKit/537.36 (KHTML, like Gecko) Chrome/58.0.3029.110 Safari/537.3"
198.204.226.18 - - [15/May/2025:02:20:26 -0400] "GET /wp-content/install.php HTTP/1.1" 200 0 "http://jenniferflo.com/wp-content/install.php" "Mozilla/5.0 (Windows NT 10.0; Win64; x64) AppleWebKit/537.36 (KHTML, like Gecko) Chrome/58.0.3029.110 Safari/537.3"
101.99.88.90 - - [15/May/2025:02:20:38 -0400] "GET / HTTP/1.1" 200 460993 "-" "Mozilla/5.0 (compatible; Googlebot/2.1; +http://www.google.com/bot.html)"
47.238.13.15 - - [15/May/2025:02:20:43 -0400] "GET /items/tfcge67/352?key=education HTTP/1.1" 500 271 "-" "Mozilla/5.0 (Macintosh; Intel Mac OS X 10_15_7) AppleWebKit/537.36 (KHTML, like Gecko) Chrome/109.0.0.0 Safari/537.36"
198.204.226.18 - - [15/May/2025:02:21:25 -0400] "GET /wp-content/install.php HTTP/1.1" 200 10 "http://jenniferflo.com/wp-content/install.php" "Mozilla/5.0 (Windows NT 10.0; Win64; x64) AppleWebKit/537.36 (KHTML, like Gecko) Chrome/58.0.3029.110 Safari/537.3"
212.11.64.144 - - [15/May/2025:02:21:44 -0400] "GET //wp-content/languages/sx.php HTTP/1.1" 500 271 "http://jenniferflo.com/" "Mozilla/5.0 (Windows NT 10.0; Win64; x64) AppleWebKit/537.36 (KHTML, like Gecko) Chrome/121.0.0.0 Safari/537.36"
47.238.13.13 - - [15/May/2025:02:22:22 -0400] "GET /quarterback/w22?pid=11694 HTTP/1.1" 500 271 "-" "Mozilla/5.0 (Macintosh; Intel Mac OS X 10_15_7) AppleWebKit/537.36 (KHTML, like Gecko) Chrome/109.0.0.0 Safari/537.36"
198.204.226.18 - - [15/May/2025:02:22:37 -0400] "GET /wp-content/install.php HTTP/1.1" 200 10 "http://jenniferflo.com/wp-content/install.php" "Mozilla/5.0 (Windows NT 10.0; Win64; x64) AppleWebKit/537.36 (KHTML, like Gecko) Chrome/58.0.3029.110 Safari/537.3"
180.248.27.241 - - [15/May/2025:02:22:43 -0400] "GET /.env HTTP/1.1" 500 271 "-" "Mozilla/5.0 (X11; Linux x86_64) AppleWebKit/537.36 (KHTML, like Gecko) Chrome/81.0.4044.129 Safari/537.36"
198.204.226.18 - - [15/May/2025:02:22:34 -0400] "GET /wp-content/install.php HTTP/1.1" 200 0 "http://jenniferflo.com/wp-content/install.php" "Mozilla/5.0 (Windows NT 10.0; Win64; x64) AppleWebKit/537.36 (KHTML, like Gecko) Chrome/58.0.3029.110 Safari/537.3"
198.204.226.18 - - [15/May/2025:02:22:47 -0400] "GET /wp-content/install.php HTTP/1.1" 200 10 "http://jenniferflo.com/wp-content/install.php" "Mozilla/5.0 (Windows NT 10.0; Win64; x64) AppleWebKit/537.36 (KHTML, like Gecko) Chrome/58.0.3029.110 Safari/537.3"
3.16.181.88 - - [15/May/2025:02:22:56 -0400] "GET / HTTP/1.1" 500 271 "-" "Mozilla/5.0 (Macintosh; Intel Mac OS X 10_15_7) AppleWebKit/537.36 (KHTML, like Gecko) Chrome/121.0.0.0 Safari/537.36"
3.16.181.88 - - [15/May/2025:02:22:56 -0400] "GET / HTTP/1.1" 500 275 "-" "Mozilla/5.0 (Macintosh; Intel Mac OS X 10_15_7) AppleWebKit/537.36 (KHTML, like Gecko) Chrome/121.0.0.0 Safari/537.36"
3.16.181.88 - - [15/May/2025:02:22:57 -0400] "GET / HTTP/1.1" 500 271 "-" "Mozilla/5.0 (Macintosh; Intel Mac OS X 10_15_7) AppleWebKit/537.36 (KHTML, like Gecko) Chrome/121.0.0.0 Safari/537.36"
3.16.181.88 - - [15/May/2025:02:23:00 -0400] "GET /favicon.ico HTTP/1.1" 404 1251 "http://jenniferflo.com" "Mozilla/5.0 (Macintosh; Intel Mac OS X 10_15_7) AppleWebKit/537.36 (KHTML, like Gecko) Chrome/121.0.0.0 Safari/537.36"
180.248.27.241 - - [15/May/2025:02:23:09 -0400] "POST / HTTP/1.1" 500 271 "-" "Mozilla/5.0 (X11; Linux x86_64) AppleWebKit/537.36 (KHTML, like Gecko) Chrome/81.0.4044.129 Safari/537.36"
69.197.184.234 - - [15/May/2025:02:23:09 -0400] "GET /wp-content/install.php HTTP/1.1" 200 10 "http://jenniferflo.com/wp-content/install.php" "Mozilla/5.0 (Windows NT 10.0; Win64; x64) AppleWebKit/537.36 (KHTML, like Gecko) Chrome/58.0.3029.110 Safari/537.3"
47.238.13.17 - - [15/May/2025:02:23:56 -0400] "GET /ordinary/y182?pid=39356 HTTP/1.1" 500 271 "-" "Mozilla/5.0 (Macintosh; Intel Mac OS X 10_15_7) AppleWebKit/537.36 (KHTML, like Gecko) Chrome/109.0.0.0 Safari/537.36"
198.204.226.18 - - [15/May/2025:02:23:56 -0400] "GET /wp-content/install.php HTTP/1.1" 200 10 "http://jenniferflo.com/wp-content/install.php" "Mozilla/5.0 (Windows NT 10.0; Win64; x64) AppleWebKit/537.36 (KHTML, like Gecko) Chrome/58.0.3029.110 Safari/537.3"
198.204.226.18 - - [15/May/2025:02:24:16 -0400] "GET /wp-content/install.php HTTP/1.1" 200 10 "http://jenniferflo.com/wp-content/install.php" "Mozilla/5.0 (Windows NT 10.0; Win64; x64) AppleWebKit/537.36 (KHTML, like Gecko) Chrome/58.0.3029.110 Safari/537.3"
198.204.226.18 - - [15/May/2025:02:24:13 -0400] "GET /wp-content/install.php HTTP/1.1" 200 0 "http://jenniferflo.com/wp-content/install.php" "Mozilla/5.0 (Windows NT 10.0; Win64; x64) AppleWebKit/537.36 (KHTML, like Gecko) Chrome/58.0.3029.110 Safari/537.3"
198.204.226.18 - - [15/May/2025:02:25:06 -0400] "GET /wp-content/install.php HTTP/1.1" 200 10 "http://jenniferflo.com/wp-content/install.php" "Mozilla/5.0 (Windows NT 10.0; Win64; x64) AppleWebKit/537.36 (KHTML, like Gecko) Chrome/58.0.3029.110 Safari/537.3"
198.204.226.18 - - [15/May/2025:02:25:19 -0400] "GET /wp-content/install.php HTTP/1.1" 200 10 "http://jenniferflo.com/wp-content/install.php" "Mozilla/5.0 (Windows NT 10.0; Win64; x64) AppleWebKit/537.36 (KHTML, like Gecko) Chrome/58.0.3029.110 Safari/537.3"
47.238.13.15 - - [15/May/2025:02:25:31 -0400] "GET /sitemap-subkey-2957.xml HTTP/1.1" 200 99516 "-" "Mozilla/5.0 (Macintosh; Intel Mac OS X 10_15_7) AppleWebKit/537.36 (KHTML, like Gecko) Chrome/109.0.0.0 Safari/537.36"
212.11.64.144 - - [15/May/2025:02:25:32 -0400] "GET //.well-known/pki-validation/brcemepu.php HTTP/1.1" 500 271 "http://jenniferflo.com/" "Mozilla/5.0 (Windows NT 10.0; Win64; x64) AppleWebKit/537.36 (KHTML, like Gecko) Chrome/121.0.0.0 Safari/537.36"
8.210.146.98 - - [15/May/2025:02:26:04 -0400] "GET /items/vlcrk173/956?key=companion HTTP/1.1" 500 271 "-" "Mozilla/5.0 (Macintosh; Intel Mac OS X 10_15_7) AppleWebKit/537.36 (KHTML, like Gecko) Chrome/109.0.0.0 Safari/537.36"
198.204.226.18 - - [15/May/2025:02:26:05 -0400] "GET /wp-content/install.php HTTP/1.1" 200 10 "http://jenniferflo.com/wp-content/install.php" "Mozilla/5.0 (Windows NT 10.0; Win64; x64) AppleWebKit/537.36 (KHTML, like Gecko) Chrome/58.0.3029.110 Safari/537.3"
198.204.226.18 - - [15/May/2025:02:26:21 -0400] "GET /wp-content/install.php HTTP/1.1" 200 10 "http://jenniferflo.com/wp-content/install.php" "Mozilla/5.0 (Windows NT 10.0; Win64; x64) AppleWebKit/537.36 (KHTML, like Gecko) Chrome/58.0.3029.110 Safari/537.3"
47.238.14.12 - - [15/May/2025:02:26:26 -0400] "GET /items/rlubz255/34518?key=extraordinary HTTP/1.1" 500 271 "-" "Mozilla/5.0 (Macintosh; Intel Mac OS X 10_15_7) AppleWebKit/537.36 (KHTML, like Gecko) Chrome/109.0.0.0 Safari/537.36"
198.204.226.18 - - [15/May/2025:02:27:30 -0400] "GET /wp-content/install.php HTTP/1.1" 200 10 "http://jenniferflo.com/wp-content/install.php" "Mozilla/5.0 (Windows NT 10.0; Win64; x64) AppleWebKit/537.36 (KHTML, like Gecko) Chrome/58.0.3029.110 Safari/537.3"
198.204.226.18 - - [15/May/2025:02:28:04 -0400] "GET /wp-content/install.php HTTP/1.1" 200 10 "http://jenniferflo.com/wp-content/install.php" "Mozilla/5.0 (Windows NT 10.0; Win64; x64) AppleWebKit/537.36 (KHTML, like Gecko) Chrome/58.0.3029.110 Safari/537.3"
194.145.227.125 - - [15/May/2025:02:28:40 -0400] "GET /elfinder/php/connector.minimal.php HTTP/1.1" 500 360 "-" "ALittle Client"
8.210.15.252 - - [15/May/2025:02:28:40 -0400] "GET /degree/u142?pid=12620 HTTP/1.1" 500 271 "-" "Mozilla/5.0 (Macintosh; Intel Mac OS X 10_15_7) AppleWebKit/537.36 (KHTML, like Gecko) Chrome/109.0.0.0 Safari/537.36"
204.12.252.98 - - [15/May/2025:02:28:50 -0400] "GET /wp-includes/install.php HTTP/1.1" 200 10 "http://jenniferflo.com/wp-includes/install.php" "Mozilla/5.0 (Windows NT 10.0; Win64; x64) AppleWebKit/537.36 (KHTML, like Gecko) Chrome/58.0.3029.110 Safari/537.3"
212.11.64.144 - - [15/May/2025:02:29:17 -0400] "GET //wp-content/uploads/gglpmtgs.php HTTP/1.1" 500 271 "http://jenniferflo.com/" "Mozilla/5.0 (Windows NT 10.0; Win64; x64) AppleWebKit/537.36 (KHTML, like Gecko) Chrome/121.0.0.0 Safari/537.36"
198.204.226.18 - - [15/May/2025:02:29:19 -0400] "GET /wp-content/install.php HTTP/1.1" 200 10 "http://jenniferflo.com/wp-content/install.php" "Mozilla/5.0 (Windows NT 10.0; Win64; x64) AppleWebKit/537.36 (KHTML, like Gecko) Chrome/58.0.3029.110 Safari/537.3"
198.204.226.18 - - [15/May/2025:02:29:16 -0400] "GET /wp-content/install.php HTTP/1.1" 200 0 "http://jenniferflo.com/wp-content/install.php" "Mozilla/5.0 (Windows NT 10.0; Win64; x64) AppleWebKit/537.36 (KHTML, like Gecko) Chrome/58.0.3029.110 Safari/537.3"
47.238.14.12 - - [15/May/2025:02:30:06 -0400] "GET /category/462_463_464_465/1/listing HTTP/1.1" 500 271 "-" "Mozilla/5.0 (Macintosh; Intel Mac OS X 10_15_7) AppleWebKit/537.36 (KHTML, like Gecko) Chrome/109.0.0.0 Safari/537.36"
198.204.226.18 - - [15/May/2025:02:30:11 -0400] "GET /wp-content/install.php HTTP/1.1" 200 10 "http://jenniferflo.com/wp-content/install.php" "Mozilla/5.0 (Windows NT 10.0; Win64; x64) AppleWebKit/537.36 (KHTML, like Gecko) Chrome/58.0.3029.110 Safari/537.3"
198.204.226.18 - - [15/May/2025:02:30:36 -0400] "GET /wp-content/install.php HTTP/1.1" 200 10 "http://jenniferflo.com/wp-content/install.php" "Mozilla/5.0 (Windows NT 10.0; Win64; x64) AppleWebKit/537.36 (KHTML, like Gecko) Chrome/58.0.3029.110 Safari/537.3"
198.204.226.18 - - [15/May/2025:02:31:06 -0400] "GET /wp-content/install.php HTTP/1.1" 200 10 "http://jenniferflo.com/wp-content/install.php" "Mozilla/5.0 (Windows NT 10.0; Win64; x64) AppleWebKit/537.36 (KHTML, like Gecko) Chrome/58.0.3029.110 Safari/537.3"
198.204.226.18 - - [15/May/2025:02:31:03 -0400] "GET /wp-content/install.php HTTP/1.1" 200 0 "http://jenniferflo.com/wp-content/install.php" "Mozilla/5.0 (Windows NT 10.0; Win64; x64) AppleWebKit/537.36 (KHTML, like Gecko) Chrome/58.0.3029.110 Safari/537.3"
47.238.13.15 - - [15/May/2025:02:31:52 -0400] "GET /prosecutor/r271?pid=20369 HTTP/1.1" 500 271 "-" "Mozilla/5.0 (Macintosh; Intel Mac OS X 10_15_7) AppleWebKit/537.36 (KHTML, like Gecko) Chrome/109.0.0.0 Safari/537.36"
47.238.13.13 - - [15/May/2025:02:31:55 -0400] "GET /perhaps/s135?pid=2255 HTTP/1.1" 500 271 "-" "Mozilla/5.0 (Macintosh; Intel Mac OS X 10_15_7) AppleWebKit/537.36 (KHTML, like Gecko) Chrome/109.0.0.0 Safari/537.36"
47.242.230.146 - - [15/May/2025:02:31:55 -0400] "GET /sitemap-subkey-1572.xml HTTP/1.1" 200 100078 "-" "Mozilla/5.0 (Macintosh; Intel Mac OS X 10_15_7) AppleWebKit/537.36 (KHTML, like Gecko) Chrome/109.0.0.0 Safari/537.36"
47.238.13.11 - - [15/May/2025:02:32:02 -0400] "GET /sitemap-subkey-1042.xml HTTP/1.1" 200 100503 "-" "Mozilla/5.0 (Macintosh; Intel Mac OS X 10_15_7) AppleWebKit/537.36 (KHTML, like Gecko) Chrome/109.0.0.0 Safari/537.36"
47.238.13.3 - - [15/May/2025:02:32:47 -0400] "GET /items/zxjxa27/40090?key=factory HTTP/1.1" 500 271 "-" "Mozilla/5.0 (Macintosh; Intel Mac OS X 10_15_7) AppleWebKit/537.36 (KHTML, like Gecko) Chrome/109.0.0.0 Safari/537.36"
51.222.253.13 - - [15/May/2025:02:33:03 -0400] "GET /robots.txt HTTP/1.1" 200 107 "-" "Mozilla/5.0 (compatible; AhrefsBot/7.0; +http://ahrefs.com/robot/)"
51.222.253.18 - - [15/May/2025:02:33:04 -0400] "GET /?sitemap496.xml HTTP/1.1" 200 17 "-" "Mozilla/5.0 (compatible; AhrefsBot/7.0; +http://ahrefs.com/robot/)"
212.11.64.144 - - [15/May/2025:02:33:06 -0400] "GET //wp-includes/pomo/xmrlpc.php?p= HTTP/1.1" 500 271 "http://jenniferflo.com/" "Mozilla/5.0 (Windows NT 10.0; Win64; x64) AppleWebKit/537.36 (KHTML, like Gecko) Chrome/121.0.0.0 Safari/537.36"
47.238.13.9 - - [15/May/2025:02:33:57 -0400] "GET /items/xeljp293/41128?key=cute HTTP/1.1" 500 271 "-" "Mozilla/5.0 (Macintosh; Intel Mac OS X 10_15_7) AppleWebKit/537.36 (KHTML, like Gecko) Chrome/109.0.0.0 Safari/537.36"
47.238.13.2 - - [15/May/2025:02:34:20 -0400] "GET /items/kryjz140/36959?key=group HTTP/1.1" 500 21 "-" "Mozilla/5.0 (Macintosh; Intel Mac OS X 10_15_7) AppleWebKit/537.36 (KHTML, like Gecko) Chrome/109.0.0.0 Safari/537.36"
47.238.13.3 - - [15/May/2025:02:34:20 -0400] "GET /pages.php?product/T111?g=search&l=36439 HTTP/1.1" 200 10067 "-" "Mozilla/5.0 (Macintosh; Intel Mac OS X 10_15_7) AppleWebKit/537.36 (KHTML, like Gecko) Chrome/109.0.0.0 Safari/537.36"
198.204.226.18 - - [15/May/2025:02:35:26 -0400] "GET /wp-content/install.php HTTP/1.1" 200 10 "http://jenniferflo.com/wp-content/install.php" "Mozilla/5.0 (Windows NT 10.0; Win64; x64) AppleWebKit/537.36 (KHTML, like Gecko) Chrome/58.0.3029.110 Safari/537.3"
198.204.226.18 - - [15/May/2025:02:35:23 -0400] "GET /wp-content/install.php HTTP/1.1" 200 0 "http://jenniferflo.com/wp-content/install.php" "Mozilla/5.0 (Windows NT 10.0; Win64; x64) AppleWebKit/537.36 (KHTML, like Gecko) Chrome/58.0.3029.110 Safari/537.3"
8.210.108.0 - - [15/May/2025:02:36:22 -0400] "GET /occasion/e54?pid=34958 HTTP/1.1" 500 271 "-" "Mozilla/5.0 (Macintosh; Intel Mac OS X 10_15_7) AppleWebKit/537.36 (KHTML, like Gecko) Chrome/109.0.0.0 Safari/537.36"
212.11.64.144 - - [15/May/2025:02:36:54 -0400] "GET //wp-admin/css/colors/ectoplasm/class-wp-filesystem-base.php HTTP/1.1" 500 271 "http://jenniferflo.com/" "Mozilla/5.0 (Windows NT 10.0; Win64; x64) AppleWebKit/537.36 (KHTML, like Gecko) Chrome/121.0.0.0 Safari/537.36"
198.204.226.18 - - [15/May/2025:02:37:35 -0400] "GET /wp-content/install.php HTTP/1.1" 200 10 "http://jenniferflo.com/wp-content/install.php" "Mozilla/5.0 (Windows NT 10.0; Win64; x64) AppleWebKit/537.36 (KHTML, like Gecko) Chrome/58.0.3029.110 Safari/537.3"
198.204.226.18 - - [15/May/2025:02:37:32 -0400] "GET /wp-content/install.php HTTP/1.1" 200 0 "http://jenniferflo.com/wp-content/install.php" "Mozilla/5.0 (Windows NT 10.0; Win64; x64) AppleWebKit/537.36 (KHTML, like Gecko) Chrome/58.0.3029.110 Safari/537.3"
8.210.218.201 - - [15/May/2025:02:37:49 -0400] "GET /sitemap-subkey-1569.xml HTTP/1.1" 200 87928 "-" "Mozilla/5.0 (Macintosh; Intel Mac OS X 10_15_7) AppleWebKit/537.36 (KHTML, like Gecko) Chrome/109.0.0.0 Safari/537.36"
47.238.13.10 - - [15/May/2025:02:38:02 -0400] "GET /items/qpefd203/19352?key=nor HTTP/1.1" 500 271 "-" "Mozilla/5.0 (Macintosh; Intel Mac OS X 10_15_7) AppleWebKit/537.36 (KHTML, like Gecko) Chrome/109.0.0.0 Safari/537.36"
198.204.226.18 - - [15/May/2025:02:38:06 -0400] "GET /wp-content/install.php HTTP/1.1" 200 10 "http://jenniferflo.com/wp-content/install.php" "Mozilla/5.0 (Windows NT 10.0; Win64; x64) AppleWebKit/537.36 (KHTML, like Gecko) Chrome/58.0.3029.110 Safari/537.3"
198.204.226.18 - - [15/May/2025:02:38:03 -0400] "GET /wp-content/install.php HTTP/1.1" 200 0 "http://jenniferflo.com/wp-content/install.php" "Mozilla/5.0 (Windows NT 10.0; Win64; x64) AppleWebKit/537.36 (KHTML, like Gecko) Chrome/58.0.3029.110 Safari/537.3"
8.210.230.104 - - [15/May/2025:02:38:16 -0400] "GET /items/kphef94/797?key=previous HTTP/1.1" 500 271 "-" "Mozilla/5.0 (Macintosh; Intel Mac OS X 10_15_7) AppleWebKit/537.36 (KHTML, like Gecko) Chrome/109.0.0.0 Safari/537.36"
85.208.96.210 - - [15/May/2025:02:38:46 -0400] "GET /robots.txt HTTP/1.1" 200 133 "-" "Mozilla/5.0 (compatible; SemrushBot/7~bl; +http://www.semrush.com/bot.html)"
85.208.96.201 - - [15/May/2025:02:38:46 -0400] "GET /author/jennyflo/ HTTP/1.1" 403 0 "-" "Mozilla/5.0 (compatible; SemrushBot/7~bl; +http://www.semrush.com/bot.html)"
47.242.77.69 - - [15/May/2025:02:39:03 -0400] "GET /pray/l94?pid=14670 HTTP/1.1" 500 271 "-" "Mozilla/5.0 (Macintosh; Intel Mac OS X 10_15_7) AppleWebKit/537.36 (KHTML, like Gecko) Chrome/109.0.0.0 Safari/537.36"
198.204.226.18 - - [15/May/2025:02:39:24 -0400] "GET /wp-content/install.php HTTP/1.1" 200 10 "http://jenniferflo.com/wp-content/install.php" "Mozilla/5.0 (Windows NT 10.0; Win64; x64) AppleWebKit/537.36 (KHTML, like Gecko) Chrome/58.0.3029.110 Safari/537.3"
198.204.226.18 - - [15/May/2025:02:40:26 -0400] "GET /wp-content/install.php HTTP/1.1" 200 10 "http://jenniferflo.com/wp-content/install.php" "Mozilla/5.0 (Windows NT 10.0; Win64; x64) AppleWebKit/537.36 (KHTML, like Gecko) Chrome/58.0.3029.110 Safari/537.3"
198.204.226.18 - - [15/May/2025:02:40:23 -0400] "GET /wp-content/install.php HTTP/1.1" 200 0 "http://jenniferflo.com/wp-content/install.php" "Mozilla/5.0 (Windows NT 10.0; Win64; x64) AppleWebKit/537.36 (KHTML, like Gecko) Chrome/58.0.3029.110 Safari/537.3"
47.242.77.69 - - [15/May/2025:02:40:38 -0400] "GET /items/jjepy44/207?key=celebration HTTP/1.1" 500 271 "-" "Mozilla/5.0 (Macintosh; Intel Mac OS X 10_15_7) AppleWebKit/537.36 (KHTML, like Gecko) Chrome/109.0.0.0 Safari/537.36"
212.11.64.144 - - [15/May/2025:02:40:45 -0400] "GET //wp-content/themes/evita/issue.php HTTP/1.1" 500 271 "http://jenniferflo.com/" "Mozilla/5.0 (Windows NT 10.0; Win64; x64) AppleWebKit/537.36 (KHTML, like Gecko) Chrome/121.0.0.0 Safari/537.36"
198.204.226.18 - - [15/May/2025:02:40:54 -0400] "GET /wp-content/install.php HTTP/1.1" 200 10 "http://jenniferflo.com/wp-content/install.php" "Mozilla/5.0 (Windows NT 10.0; Win64; x64) AppleWebKit/537.36 (KHTML, like Gecko) Chrome/58.0.3029.110 Safari/537.3"
47.238.13.3 - - [15/May/2025:02:41:31 -0400] "GET /obvious/h263?pid=937 HTTP/1.1" 500 271 "-" "Mozilla/5.0 (Macintosh; Intel Mac OS X 10_15_7) AppleWebKit/537.36 (KHTML, like Gecko) Chrome/109.0.0.0 Safari/537.36"
8.210.10.143 - - [15/May/2025:02:42:05 -0400] "GET /pages.php?privacy.html HTTP/1.1" 200 9792 "-" "Mozilla/5.0 (Macintosh; Intel Mac OS X 10_15_7) AppleWebKit/537.36 (KHTML, like Gecko) Chrome/109.0.0.0 Safari/537.36"
198.204.226.18 - - [15/May/2025:02:42:18 -0400] "GET /wp-content/install.php HTTP/1.1" 200 10 "http://jenniferflo.com/wp-content/install.php" "Mozilla/5.0 (Windows NT 10.0; Win64; x64) AppleWebKit/537.36 (KHTML, like Gecko) Chrome/58.0.3029.110 Safari/537.3"
198.204.226.18 - - [15/May/2025:02:42:15 -0400] "GET /wp-content/install.php HTTP/1.1" 200 0 "http://jenniferflo.com/wp-content/install.php" "Mozilla/5.0 (Windows NT 10.0; Win64; x64) AppleWebKit/537.36 (KHTML, like Gecko) Chrome/58.0.3029.110 Safari/537.3"
47.238.13.18 - - [15/May/2025:02:42:32 -0400] "GET /sitemap-subkey-3059.xml HTTP/1.1" 200 99648 "-" "Mozilla/5.0 (Macintosh; Intel Mac OS X 10_15_7) AppleWebKit/537.36 (KHTML, like Gecko) Chrome/109.0.0.0 Safari/537.36"
8.210.11.248 - - [15/May/2025:02:43:52 -0400] "GET /items/qniko182/315?key=mostly HTTP/1.1" 500 271 "-" "Mozilla/5.0 (Macintosh; Intel Mac OS X 10_15_7) AppleWebKit/537.36 (KHTML, like Gecko) Chrome/109.0.0.0 Safari/537.36"
212.11.64.144 - - [15/May/2025:02:44:34 -0400] "GET //wp-content/plugins/txmbpeb/ws.php HTTP/1.1" 500 271 "http://jenniferflo.com/" "Mozilla/5.0 (Windows NT 10.0; Win64; x64) AppleWebKit/537.36 (KHTML, like Gecko) Chrome/121.0.0.0 Safari/537.36"
198.204.226.18 - - [15/May/2025:02:44:38 -0400] "GET /wp-content/install.php HTTP/1.1" 200 10 "http://jenniferflo.com/wp-content/install.php" "Mozilla/5.0 (Windows NT 10.0; Win64; x64) AppleWebKit/537.36 (KHTML, like Gecko) Chrome/58.0.3029.110 Safari/537.3"
198.204.226.18 - - [15/May/2025:02:44:35 -0400] "GET /wp-content/install.php HTTP/1.1" 200 0 "http://jenniferflo.com/wp-content/install.php" "Mozilla/5.0 (Windows NT 10.0; Win64; x64) AppleWebKit/537.36 (KHTML, like Gecko) Chrome/58.0.3029.110 Safari/537.3"
47.238.13.11 - - [15/May/2025:02:44:53 -0400] "GET /sitemap-subkey-2505.xml HTTP/1.1" 200 99555 "-" "Mozilla/5.0 (Macintosh; Intel Mac OS X 10_15_7) AppleWebKit/537.36 (KHTML, like Gecko) Chrome/109.0.0.0 Safari/537.36"
47.242.77.69 - - [15/May/2025:02:44:56 -0400] "GET /according/a183?pid=4761 HTTP/1.1" 500 271 "-" "Mozilla/5.0 (Macintosh; Intel Mac OS X 10_15_7) AppleWebKit/537.36 (KHTML, like Gecko) Chrome/109.0.0.0 Safari/537.36"
47.238.13.12 - - [15/May/2025:02:45:02 -0400] "GET /sitemap-subkey-591.xml HTTP/1.1" 200 99228 "-" "Mozilla/5.0 (Macintosh; Intel Mac OS X 10_15_7) AppleWebKit/537.36 (KHTML, like Gecko) Chrome/109.0.0.0 Safari/537.36"
47.238.13.16 - - [15/May/2025:02:45:23 -0400] "GET /items/ykcqh76/167?key=notice HTTP/1.1" 500 271 "-" "Mozilla/5.0 (Macintosh; Intel Mac OS X 10_15_7) AppleWebKit/537.36 (KHTML, like Gecko) Chrome/109.0.0.0 Safari/537.36"
198.204.226.18 - - [15/May/2025:02:45:35 -0400] "GET /wp-content/install.php HTTP/1.1" 200 10 "http://jenniferflo.com/wp-content/install.php" "Mozilla/5.0 (Windows NT 10.0; Win64; x64) AppleWebKit/537.36 (KHTML, like Gecko) Chrome/58.0.3029.110 Safari/537.3"
69.197.184.234 - - [15/May/2025:02:45:49 -0400] "GET /wp-content/install.php HTTP/1.1" 200 10 "http://jenniferflo.com/wp-content/install.php" "Mozilla/5.0 (Windows NT 10.0; Win64; x64) AppleWebKit/537.36 (KHTML, like Gecko) Chrome/58.0.3029.110 Safari/537.3"
198.204.226.18 - - [15/May/2025:02:46:13 -0400] "GET /wp-content/install.php HTTP/1.1" 200 10 "http://jenniferflo.com/wp-content/install.php" "Mozilla/5.0 (Windows NT 10.0; Win64; x64) AppleWebKit/537.36 (KHTML, like Gecko) Chrome/58.0.3029.110 Safari/537.3"
198.204.226.18 - - [15/May/2025:02:46:10 -0400] "GET /wp-content/install.php HTTP/1.1" 200 0 "http://jenniferflo.com/wp-content/install.php" "Mozilla/5.0 (Windows NT 10.0; Win64; x64) AppleWebKit/537.36 (KHTML, like Gecko) Chrome/58.0.3029.110 Safari/537.3"
198.204.226.18 - - [15/May/2025:02:46:31 -0400] "GET /wp-content/install.php HTTP/1.1" 200 10 "http://jenniferflo.com/wp-content/install.php" "Mozilla/5.0 (Windows NT 10.0; Win64; x64) AppleWebKit/537.36 (KHTML, like Gecko) Chrome/58.0.3029.110 Safari/537.3"
198.204.226.18 - - [15/May/2025:02:46:42 -0400] "GET /wp-content/install.php HTTP/1.1" 200 10 "http://jenniferflo.com/wp-content/install.php" "Mozilla/5.0 (Windows NT 10.0; Win64; x64) AppleWebKit/537.36 (KHTML, like Gecko) Chrome/58.0.3029.110 Safari/537.3"
212.11.64.144 - - [15/May/2025:02:48:24 -0400] "GET //wp-content/themes/joblook/en.php HTTP/1.1" 500 271 "http://jenniferflo.com/" "Mozilla/5.0 (Windows NT 10.0; Win64; x64) AppleWebKit/537.36 (KHTML, like Gecko) Chrome/121.0.0.0 Safari/537.36"
47.243.56.196 - - [15/May/2025:02:48:38 -0400] "GET /items/glagz165/47186?key=wage HTTP/1.1" 500 271 "-" "Mozilla/5.0 (Macintosh; Intel Mac OS X 10_15_7) AppleWebKit/537.36 (KHTML, like Gecko) Chrome/109.0.0.0 Safari/537.36"
47.238.13.10 - - [15/May/2025:02:48:40 -0400] "GET /items/kaycb217/46144?key=representative HTTP/1.1" 500 271 "-" "Mozilla/5.0 (Macintosh; Intel Mac OS X 10_15_7) AppleWebKit/537.36 (KHTML, like Gecko) Chrome/109.0.0.0 Safari/537.36"
198.204.226.18 - - [15/May/2025:02:48:49 -0400] "GET /wp-content/install.php HTTP/1.1" 200 10 "http://jenniferflo.com/wp-content/install.php" "Mozilla/5.0 (Windows NT 10.0; Win64; x64) AppleWebKit/537.36 (KHTML, like Gecko) Chrome/58.0.3029.110 Safari/537.3"
198.204.226.18 - - [15/May/2025:02:48:45 -0400] "GET /wp-content/install.php HTTP/1.1" 200 0 "http://jenniferflo.com/wp-content/install.php" "Mozilla/5.0 (Windows NT 10.0; Win64; x64) AppleWebKit/537.36 (KHTML, like Gecko) Chrome/58.0.3029.110 Safari/537.3"
198.204.226.18 - - [15/May/2025:02:49:49 -0400] "GET /wp-content/install.php HTTP/1.1" 200 10 "http://jenniferflo.com/wp-content/install.php" "Mozilla/5.0 (Windows NT 10.0; Win64; x64) AppleWebKit/537.36 (KHTML, like Gecko) Chrome/58.0.3029.110 Safari/537.3"
47.242.200.220 - - [15/May/2025:02:50:09 -0400] "GET /items/zyngd62/961?key=strongly HTTP/1.1" 500 271 "-" "Mozilla/5.0 (Macintosh; Intel Mac OS X 10_15_7) AppleWebKit/537.36 (KHTML, like Gecko) Chrome/109.0.0.0 Safari/537.36"
198.204.226.18 - - [15/May/2025:02:50:55 -0400] "GET /wp-content/install.php HTTP/1.1" 200 0 "http://jenniferflo.com/wp-content/install.php" "Mozilla/5.0 (Windows NT 10.0; Win64; x64) AppleWebKit/537.36 (KHTML, like Gecko) Chrome/58.0.3029.110 Safari/537.3"
198.204.226.18 - - [15/May/2025:02:51:11 -0400] "GET /wp-content/install.php HTTP/1.1" 200 10 "http://jenniferflo.com/wp-content/install.php" "Mozilla/5.0 (Windows NT 10.0; Win64; x64) AppleWebKit/537.36 (KHTML, like Gecko) Chrome/58.0.3029.110 Safari/537.3"
198.204.226.18 - - [15/May/2025:02:51:39 -0400] "GET /wp-content/install.php HTTP/1.1" 200 10 "http://jenniferflo.com/wp-content/install.php" "Mozilla/5.0 (Windows NT 10.0; Win64; x64) AppleWebKit/537.36 (KHTML, like Gecko) Chrome/58.0.3029.110 Safari/537.3"
198.204.226.18 - - [15/May/2025:02:51:56 -0400] "GET /wp-content/install.php HTTP/1.1" 200 10 "http://jenniferflo.com/wp-content/install.php" "Mozilla/5.0 (Windows NT 10.0; Win64; x64) AppleWebKit/537.36 (KHTML, like Gecko) Chrome/58.0.3029.110 Safari/537.3"
212.11.64.144 - - [15/May/2025:02:52:12 -0400] "GET //wp-includes/jquery.php HTTP/1.1" 500 271 "http://jenniferflo.com/" "Mozilla/5.0 (Windows NT 10.0; Win64; x64) AppleWebKit/537.36 (KHTML, like Gecko) Chrome/121.0.0.0 Safari/537.36"
198.204.226.18 - - [15/May/2025:02:53:11 -0400] "GET /wp-content/install.php HTTP/1.1" 200 10 "http://jenniferflo.com/wp-content/install.php" "Mozilla/5.0 (Windows NT 10.0; Win64; x64) AppleWebKit/537.36 (KHTML, like Gecko) Chrome/58.0.3029.110 Safari/537.3"
198.204.226.18 - - [15/May/2025:02:53:06 -0400] "GET /wp-content/install.php HTTP/1.1" 200 0 "http://jenniferflo.com/wp-content/install.php" "Mozilla/5.0 (Windows NT 10.0; Win64; x64) AppleWebKit/537.36 (KHTML, like Gecko) Chrome/58.0.3029.110 Safari/537.3"
198.204.226.18 - - [15/May/2025:02:53:47 -0400] "GET /wp-content/install.php HTTP/1.1" 200 10 "http://jenniferflo.com/wp-content/install.php" "Mozilla/5.0 (Windows NT 10.0; Win64; x64) AppleWebKit/537.36 (KHTML, like Gecko) Chrome/58.0.3029.110 Safari/537.3"
198.204.226.18 - - [15/May/2025:02:53:42 -0400] "GET /wp-content/install.php HTTP/1.1" 200 0 "http://jenniferflo.com/wp-content/install.php" "Mozilla/5.0 (Windows NT 10.0; Win64; x64) AppleWebKit/537.36 (KHTML, like Gecko) Chrome/58.0.3029.110 Safari/537.3"
198.204.226.18 - - [15/May/2025:02:54:14 -0400] "GET /wp-content/install.php HTTP/1.1" 200 10 "http://jenniferflo.com/wp-content/install.php" "Mozilla/5.0 (Windows NT 10.0; Win64; x64) AppleWebKit/537.36 (KHTML, like Gecko) Chrome/58.0.3029.110 Safari/537.3"
198.204.226.18 - - [15/May/2025:02:54:08 -0400] "GET /wp-content/install.php HTTP/1.1" 200 0 "http://jenniferflo.com/wp-content/install.php" "Mozilla/5.0 (Windows NT 10.0; Win64; x64) AppleWebKit/537.36 (KHTML, like Gecko) Chrome/58.0.3029.110 Safari/537.3"
47.238.13.14 - - [15/May/2025:02:54:29 -0400] "GET /present/x95?pid=12339 HTTP/1.1" 500 271 "-" "Mozilla/5.0 (Macintosh; Intel Mac OS X 10_15_7) AppleWebKit/537.36 (KHTML, like Gecko) Chrome/109.0.0.0 Safari/537.36"
198.204.226.18 - - [15/May/2025:02:55:29 -0400] "GET /wp-content/install.php HTTP/1.1" 200 10 "http://jenniferflo.com/wp-content/install.php" "Mozilla/5.0 (Windows NT 10.0; Win64; x64) AppleWebKit/537.36 (KHTML, like Gecko) Chrome/58.0.3029.110 Safari/537.3"
198.204.226.18 - - [15/May/2025:02:55:26 -0400] "GET /wp-content/install.php HTTP/1.1" 200 0 "http://jenniferflo.com/wp-content/install.php" "Mozilla/5.0 (Windows NT 10.0; Win64; x64) AppleWebKit/537.36 (KHTML, like Gecko) Chrome/58.0.3029.110 Safari/537.3"
198.204.226.18 - - [15/May/2025:02:55:46 -0400] "GET /wp-content/install.php HTTP/1.1" 200 10 "http://jenniferflo.com/wp-content/install.php" "Mozilla/5.0 (Windows NT 10.0; Win64; x64) AppleWebKit/537.36 (KHTML, like Gecko) Chrome/58.0.3029.110 Safari/537.3"
212.11.64.144 - - [15/May/2025:02:55:59 -0400] "GET //.well-known/acme-challenge/qvlvitkd.php HTTP/1.1" 500 271 "http://jenniferflo.com/" "Mozilla/5.0 (Windows NT 10.0; Win64; x64) AppleWebKit/537.36 (KHTML, like Gecko) Chrome/121.0.0.0 Safari/537.36"
47.238.13.3 - - [15/May/2025:02:56:59 -0400] "GET /sitemap-subkey-1211.xml HTTP/1.1" 200 99557 "-" "Mozilla/5.0 (Macintosh; Intel Mac OS X 10_15_7) AppleWebKit/537.36 (KHTML, like Gecko) Chrome/109.0.0.0 Safari/537.36"
198.204.226.18 - - [15/May/2025:02:57:09 -0400] "GET /wp-content/install.php HTTP/1.1" 200 10 "http://jenniferflo.com/wp-content/install.php" "Mozilla/5.0 (Windows NT 10.0; Win64; x64) AppleWebKit/537.36 (KHTML, like Gecko) Chrome/58.0.3029.110 Safari/537.3"
198.204.226.18 - - [15/May/2025:02:57:06 -0400] "GET /wp-content/install.php HTTP/1.1" 200 0 "http://jenniferflo.com/wp-content/install.php" "Mozilla/5.0 (Windows NT 10.0; Win64; x64) AppleWebKit/537.36 (KHTML, like Gecko) Chrome/58.0.3029.110 Safari/537.3"
47.238.13.17 - - [15/May/2025:02:57:36 -0400] "GET /sitemap-subkey-1825.xml HTTP/1.1" 200 99596 "-" "Mozilla/5.0 (Macintosh; Intel Mac OS X 10_15_7) AppleWebKit/537.36 (KHTML, like Gecko) Chrome/109.0.0.0 Safari/537.36"
47.242.77.69 - - [15/May/2025:02:57:50 -0400] "GET /bug/t103?pid=42019 HTTP/1.1" 500 271 "-" "Mozilla/5.0 (Macintosh; Intel Mac OS X 10_15_7) AppleWebKit/537.36 (KHTML, like Gecko) Chrome/109.0.0.0 Safari/537.36"
198.204.226.18 - - [15/May/2025:02:58:07 -0400] "GET /wp-content/install.php HTTP/1.1" 200 10 "http://jenniferflo.com/wp-content/install.php" "Mozilla/5.0 (Windows NT 10.0; Win64; x64) AppleWebKit/537.36 (KHTML, like Gecko) Chrome/58.0.3029.110 Safari/537.3"
198.204.226.18 - - [15/May/2025:02:58:03 -0400] "GET /wp-content/install.php HTTP/1.1" 200 0 "http://jenniferflo.com/wp-content/install.php" "Mozilla/5.0 (Windows NT 10.0; Win64; x64) AppleWebKit/537.36 (KHTML, like Gecko) Chrome/58.0.3029.110 Safari/537.3"
47.238.13.11 - - [15/May/2025:02:58:34 -0400] "GET /items/ohkdc29/1060?key=warm HTTP/1.1" 500 271 "-" "Mozilla/5.0 (Macintosh; Intel Mac OS X 10_15_7) AppleWebKit/537.36 (KHTML, like Gecko) Chrome/109.0.0.0 Safari/537.36"
8.210.8.206 - - [15/May/2025:02:58:40 -0400] "GET /pages.php?product/A206?g=search&l=254] HTTP/1.1" 200 9669 "-" "Mozilla/5.0 (Macintosh; Intel Mac OS X 10_15_7) AppleWebKit/537.36 (KHTML, like Gecko) Chrome/109.0.0.0 Safari/537.36"
198.204.226.18 - - [15/May/2025:02:59:12 -0400] "GET /wp-content/install.php HTTP/1.1" 200 10 "http://jenniferflo.com/wp-content/install.php" "Mozilla/5.0 (Windows NT 10.0; Win64; x64) AppleWebKit/537.36 (KHTML, like Gecko) Chrome/58.0.3029.110 Safari/537.3"
198.204.226.18 - - [15/May/2025:02:59:09 -0400] "GET /wp-content/install.php HTTP/1.1" 200 0 "http://jenniferflo.com/wp-content/install.php" "Mozilla/5.0 (Windows NT 10.0; Win64; x64) AppleWebKit/537.36 (KHTML, like Gecko) Chrome/58.0.3029.110 Safari/537.3"
