204.12.252.98 - - [15/May/2025:04:12:27 -0400] "GET /wp-includes/install.php HTTP/1.1" 200 10 "http://jenniferflo.com/wp-includes/install.php" "Mozilla/5.0 (Windows NT 10.0; Win64; x64) AppleWebKit/537.36 (KHTML, like Gecko) Chrome/58.0.3029.110 Safari/537.3"
47.243.178.179 - - [15/May/2025:04:12:45 -0400] "GET /items/dbgcx221/43312?key=nose HTTP/1.1" 500 271 "-" "Mozilla/5.0 (Macintosh; Intel Mac OS X 10_15_7) AppleWebKit/537.36 (KHTML, like Gecko) Chrome/109.0.0.0 Safari/537.36"
203.33.203.148 - - [15/May/2025:04:13:50 -0400] "GET / HTTP/1.1" 500 276 "-" "Mozilla/5.0 (iPhone; CPU iPhone OS 13_2_3 like Mac OS X) AppleWebKit/605.1.15 (KHTML, like Gecko) Version/13.0.3 Mobile/15E148 Safari/604.1"
198.204.226.18 - - [15/May/2025:04:13:58 -0400] "GET /wp-content/install.php HTTP/1.1" 200 10 "http://jenniferflo.com/wp-content/install.php" "Mozilla/5.0 (Windows NT 10.0; Win64; x64) AppleWebKit/537.36 (KHTML, like Gecko) Chrome/58.0.3029.110 Safari/537.3"
208.110.64.178 - - [15/May/2025:04:14:09 -0400] "GET /wp-includes/install.php HTTP/1.1" 200 10 "http://jenniferflo.com/wp-includes/install.php" "Mozilla/5.0 (Windows NT 10.0; Win64; x64) AppleWebKit/537.36 (KHTML, like Gecko) Chrome/58.0.3029.110 Safari/537.3"
8.210.10.143 - - [15/May/2025:04:14:13 -0400] "GET /items/payed2/585?key=ritual HTTP/1.1" 500 271 "-" "Mozilla/5.0 (Macintosh; Intel Mac OS X 10_15_7) AppleWebKit/537.36 (KHTML, like Gecko) Chrome/109.0.0.0 Safari/537.36"
146.70.184.42 - - [15/May/2025:04:14:51 -0400] "GET /wp-includes/widgets/ HTTP/1.1" 200 3921 "-" "Mozilla/5.0 (Windows NT 10.0; Win64; x64; rv:89.0) Gecko/20100101 Firefox/89.0"
198.204.226.18 - - [15/May/2025:04:15:27 -0400] "GET /wp-content/install.php HTTP/1.1" 200 10 "http://jenniferflo.com/wp-content/install.php" "Mozilla/5.0 (Windows NT 10.0; Win64; x64) AppleWebKit/537.36 (KHTML, like Gecko) Chrome/58.0.3029.110 Safari/537.3"
198.204.226.18 - - [15/May/2025:04:15:34 -0400] "GET /wp-content/install.php HTTP/1.1" 200 10 "http://jenniferflo.com/wp-content/install.php" "Mozilla/5.0 (Windows NT 10.0; Win64; x64) AppleWebKit/537.36 (KHTML, like Gecko) Chrome/58.0.3029.110 Safari/537.3"
212.11.64.144 - - [15/May/2025:04:15:51 -0400] "GET //wp-content/plugins/swtkoru/ws.php HTTP/1.1" 500 271 "http://jenniferflo.com/" "Mozilla/5.0 (Windows NT 10.0; Win64; x64) AppleWebKit/537.36 (KHTML, like Gecko) Chrome/121.0.0.0 Safari/537.36"
198.204.226.18 - - [15/May/2025:04:16:49 -0400] "GET /wp-content/install.php HTTP/1.1" 200 10 "http://jenniferflo.com/wp-content/install.php" "Mozilla/5.0 (Windows NT 10.0; Win64; x64) AppleWebKit/537.36 (KHTML, like Gecko) Chrome/58.0.3029.110 Safari/537.3"
198.204.226.18 - - [15/May/2025:04:16:45 -0400] "GET /wp-content/install.php HTTP/1.1" 200 0 "http://jenniferflo.com/wp-content/install.php" "Mozilla/5.0 (Windows NT 10.0; Win64; x64) AppleWebKit/537.36 (KHTML, like Gecko) Chrome/58.0.3029.110 Safari/537.3"
198.204.226.18 - - [15/May/2025:04:17:17 -0400] "GET /wp-content/install.php HTTP/1.1" 200 10 "http://jenniferflo.com/wp-content/install.php" "Mozilla/5.0 (Windows NT 10.0; Win64; x64) AppleWebKit/537.36 (KHTML, like Gecko) Chrome/58.0.3029.110 Safari/537.3"
47.238.13.9 - - [15/May/2025:04:17:51 -0400] "GET /items/hogqo28/171?key=legacy HTTP/1.1" 500 271 "-" "Mozilla/5.0 (Macintosh; Intel Mac OS X 10_15_7) AppleWebKit/537.36 (KHTML, like Gecko) Chrome/109.0.0.0 Safari/537.36"
198.204.226.18 - - [15/May/2025:04:18:24 -0400] "GET /wp-content/install.php HTTP/1.1" 200 10 "http://jenniferflo.com/wp-content/install.php" "Mozilla/5.0 (Windows NT 10.0; Win64; x64) AppleWebKit/537.36 (KHTML, like Gecko) Chrome/58.0.3029.110 Safari/537.3"
198.204.226.18 - - [15/May/2025:04:18:30 -0400] "GET /wp-content/install.php HTTP/1.1" 200 10 "http://jenniferflo.com/wp-content/install.php" "Mozilla/5.0 (Windows NT 10.0; Win64; x64) AppleWebKit/537.36 (KHTML, like Gecko) Chrome/58.0.3029.110 Safari/537.3"
198.204.226.18 - - [15/May/2025:04:18:20 -0400] "GET /wp-content/install.php HTTP/1.1" 200 0 "http://jenniferflo.com/wp-content/install.php" "Mozilla/5.0 (Windows NT 10.0; Win64; x64) AppleWebKit/537.36 (KHTML, like Gecko) Chrome/58.0.3029.110 Safari/537.3"
198.204.226.18 - - [15/May/2025:04:18:47 -0400] "GET /wp-content/install.php HTTP/1.1" 200 10 "http://jenniferflo.com/wp-content/install.php" "Mozilla/5.0 (Windows NT 10.0; Win64; x64) AppleWebKit/537.36 (KHTML, like Gecko) Chrome/58.0.3029.110 Safari/537.3"
47.238.13.9 - - [15/May/2025:04:18:49 -0400] "GET /sitemap-subkey-2021.xml HTTP/1.1" 200 100870 "-" "Mozilla/5.0 (Macintosh; Intel Mac OS X 10_15_7) AppleWebKit/537.36 (KHTML, like Gecko) Chrome/109.0.0.0 Safari/537.36"
198.204.226.18 - - [15/May/2025:04:19:04 -0400] "GET /wp-content/install.php HTTP/1.1" 200 10 "http://jenniferflo.com/wp-content/install.php" "Mozilla/5.0 (Windows NT 10.0; Win64; x64) AppleWebKit/537.36 (KHTML, like Gecko) Chrome/58.0.3029.110 Safari/537.3"
204.12.252.98 - - [15/May/2025:04:19:12 -0400] "GET /wp-includes/install.php HTTP/1.1" 200 10 "http://jenniferflo.com/wp-includes/install.php" "Mozilla/5.0 (Windows NT 10.0; Win64; x64) AppleWebKit/537.36 (KHTML, like Gecko) Chrome/58.0.3029.110 Safari/537.3"
47.238.13.15 - - [15/May/2025:04:19:12 -0400] "GET /sitemap-subkey-1682.xml HTTP/1.1" 200 99452 "-" "Mozilla/5.0 (Macintosh; Intel Mac OS X 10_15_7) AppleWebKit/537.36 (KHTML, like Gecko) Chrome/109.0.0.0 Safari/537.36"
198.204.226.18 - - [15/May/2025:04:19:16 -0400] "GET /wp-content/install.php HTTP/1.1" 200 10 "http://jenniferflo.com/wp-content/install.php" "Mozilla/5.0 (Windows NT 10.0; Win64; x64) AppleWebKit/537.36 (KHTML, like Gecko) Chrome/58.0.3029.110 Safari/537.3"
47.238.13.10 - - [15/May/2025:04:19:26 -0400] "GET /sitemap-subkey-502.xml HTTP/1.1" 200 99729 "-" "Mozilla/5.0 (Macintosh; Intel Mac OS X 10_15_7) AppleWebKit/537.36 (KHTML, like Gecko) Chrome/109.0.0.0 Safari/537.36"
212.11.64.144 - - [15/May/2025:04:19:38 -0400] "GET //.well-known/pki-validation/7ced6210-f6a9-4b67-becd-a435fe08c915.php HTTP/1.1" 500 271 "http://jenniferflo.com/" "Mozilla/5.0 (Windows NT 10.0; Win64; x64) AppleWebKit/537.36 (KHTML, like Gecko) Chrome/121.0.0.0 Safari/537.36"
47.238.13.9 - - [15/May/2025:04:19:46 -0400] "GET /pages.php?products/257yi48602] HTTP/1.1" 200 9750 "-" "Mozilla/5.0 (Macintosh; Intel Mac OS X 10_15_7) AppleWebKit/537.36 (KHTML, like Gecko) Chrome/109.0.0.0 Safari/537.36"
87.250.224.239 - - [15/May/2025:04:19:52 -0400] "GET /robots.txt HTTP/1.1" 200 371 "-" "Mozilla/5.0 (compatible; YandexBot/3.0; +http://yandex.com/bots)"
5.255.231.66 - - [15/May/2025:04:19:52 -0400] "GET /index.php/category/articles/ HTTP/1.1" 200 33 "-" "Mozilla/5.0 (compatible; YandexBot/3.0; +http://yandex.com/bots)"
198.204.226.18 - - [15/May/2025:04:20:10 -0400] "GET /wp-content/install.php HTTP/1.1" 200 10 "http://jenniferflo.com/wp-content/install.php" "Mozilla/5.0 (Windows NT 10.0; Win64; x64) AppleWebKit/537.36 (KHTML, like Gecko) Chrome/58.0.3029.110 Safari/537.3"
198.204.226.18 - - [15/May/2025:04:20:07 -0400] "GET /wp-content/install.php HTTP/1.1" 200 0 "http://jenniferflo.com/wp-content/install.php" "Mozilla/5.0 (Windows NT 10.0; Win64; x64) AppleWebKit/537.36 (KHTML, like Gecko) Chrome/58.0.3029.110 Safari/537.3"
198.204.226.18 - - [15/May/2025:04:20:19 -0400] "GET /wp-content/install.php HTTP/1.1" 200 10 "http://jenniferflo.com/wp-content/install.php" "Mozilla/5.0 (Windows NT 10.0; Win64; x64) AppleWebKit/537.36 (KHTML, like Gecko) Chrome/58.0.3029.110 Safari/537.3"
47.238.13.4 - - [15/May/2025:04:20:23 -0400] "GET /sitemap-subkey-1525.xml HTTP/1.1" 200 100041 "-" "Mozilla/5.0 (Macintosh; Intel Mac OS X 10_15_7) AppleWebKit/537.36 (KHTML, like Gecko) Chrome/109.0.0.0 Safari/537.36"
198.204.226.18 - - [15/May/2025:04:20:33 -0400] "GET /wp-content/install.php HTTP/1.1" 200 10 "http://jenniferflo.com/wp-content/install.php" "Mozilla/5.0 (Windows NT 10.0; Win64; x64) AppleWebKit/537.36 (KHTML, like Gecko) Chrome/58.0.3029.110 Safari/537.3"
47.238.13.11 - - [15/May/2025:04:20:41 -0400] "GET /items/zgvms292/39531?key=employer HTTP/1.1" 500 271 "-" "Mozilla/5.0 (Macintosh; Intel Mac OS X 10_15_7) AppleWebKit/537.36 (KHTML, like Gecko) Chrome/109.0.0.0 Safari/537.36"
198.204.226.18 - - [15/May/2025:04:20:51 -0400] "GET /wp-content/install.php HTTP/1.1" 200 10 "http://jenniferflo.com/wp-content/install.php" "Mozilla/5.0 (Windows NT 10.0; Win64; x64) AppleWebKit/537.36 (KHTML, like Gecko) Chrome/58.0.3029.110 Safari/537.3"
8.210.218.201 - - [15/May/2025:04:21:13 -0400] "GET /hesitate/i27?pid=31343 HTTP/1.1" 500 271 "-" "Mozilla/5.0 (Macintosh; Intel Mac OS X 10_15_7) AppleWebKit/537.36 (KHTML, like Gecko) Chrome/109.0.0.0 Safari/537.36"
198.204.226.18 - - [15/May/2025:04:22:24 -0400] "GET /wp-content/install.php HTTP/1.1" 200 10 "http://jenniferflo.com/wp-content/install.php" "Mozilla/5.0 (Windows NT 10.0; Win64; x64) AppleWebKit/537.36 (KHTML, like Gecko) Chrome/58.0.3029.110 Safari/537.3"
198.204.226.18 - - [15/May/2025:04:22:21 -0400] "GET /wp-content/install.php HTTP/1.1" 200 0 "http://jenniferflo.com/wp-content/install.php" "Mozilla/5.0 (Windows NT 10.0; Win64; x64) AppleWebKit/537.36 (KHTML, like Gecko) Chrome/58.0.3029.110 Safari/537.3"
47.242.77.69 - - [15/May/2025:04:22:55 -0400] "GET /sitemap-subkey-2680.xml HTTP/1.1" 200 100504 "-" "Mozilla/5.0 (Macintosh; Intel Mac OS X 10_15_7) AppleWebKit/537.36 (KHTML, like Gecko) Chrome/109.0.0.0 Safari/537.36"
47.238.13.16 - - [15/May/2025:04:23:11 -0400] "GET /sitemap-subkey-1599.xml HTTP/1.1" 200 99449 "-" "Mozilla/5.0 (Macintosh; Intel Mac OS X 10_15_7) AppleWebKit/537.36 (KHTML, like Gecko) Chrome/109.0.0.0 Safari/537.36"
212.11.64.144 - - [15/May/2025:04:23:25 -0400] "GET //wp-includes/pjsgwqvs.php HTTP/1.1" 500 271 "http://jenniferflo.com/" "Mozilla/5.0 (Windows NT 10.0; Win64; x64) AppleWebKit/537.36 (KHTML, like Gecko) Chrome/121.0.0.0 Safari/537.36"
198.204.226.18 - - [15/May/2025:04:23:56 -0400] "GET /wp-content/install.php HTTP/1.1" 200 10 "http://jenniferflo.com/wp-content/install.php" "Mozilla/5.0 (Windows NT 10.0; Win64; x64) AppleWebKit/537.36 (KHTML, like Gecko) Chrome/58.0.3029.110 Safari/537.3"
198.204.226.18 - - [15/May/2025:04:23:53 -0400] "GET /wp-content/install.php HTTP/1.1" 200 0 "http://jenniferflo.com/wp-content/install.php" "Mozilla/5.0 (Windows NT 10.0; Win64; x64) AppleWebKit/537.36 (KHTML, like Gecko) Chrome/58.0.3029.110 Safari/537.3"
69.197.135.226 - - [15/May/2025:04:24:28 -0400] "GET /wp-includes/install.php HTTP/1.1" 200 10 "http://jenniferflo.com/wp-includes/install.php" "Mozilla/5.0 (Windows NT 10.0; Win64; x64) AppleWebKit/537.36 (KHTML, like Gecko) Chrome/58.0.3029.110 Safari/537.3"
198.204.226.18 - - [15/May/2025:04:24:30 -0400] "GET /wp-content/install.php HTTP/1.1" 200 10 "http://jenniferflo.com/wp-content/install.php" "Mozilla/5.0 (Windows NT 10.0; Win64; x64) AppleWebKit/537.36 (KHTML, like Gecko) Chrome/58.0.3029.110 Safari/537.3"
198.204.226.18 - - [15/May/2025:04:24:27 -0400] "GET /wp-content/install.php HTTP/1.1" 200 0 "http://jenniferflo.com/wp-content/install.php" "Mozilla/5.0 (Windows NT 10.0; Win64; x64) AppleWebKit/537.36 (KHTML, like Gecko) Chrome/58.0.3029.110 Safari/537.3"
198.204.226.18 - - [15/May/2025:04:25:49 -0400] "GET /wp-content/install.php HTTP/1.1" 200 10 "http://jenniferflo.com/wp-content/install.php" "Mozilla/5.0 (Windows NT 10.0; Win64; x64) AppleWebKit/537.36 (KHTML, like Gecko) Chrome/58.0.3029.110 Safari/537.3"
198.204.226.18 - - [15/May/2025:04:26:05 -0400] "GET /wp-content/install.php HTTP/1.1" 200 10 "http://jenniferflo.com/wp-content/install.php" "Mozilla/5.0 (Windows NT 10.0; Win64; x64) AppleWebKit/537.36 (KHTML, like Gecko) Chrome/58.0.3029.110 Safari/537.3"
198.204.226.18 - - [15/May/2025:04:26:02 -0400] "GET /wp-content/install.php HTTP/1.1" 200 0 "http://jenniferflo.com/wp-content/install.php" "Mozilla/5.0 (Windows NT 10.0; Win64; x64) AppleWebKit/537.36 (KHTML, like Gecko) Chrome/58.0.3029.110 Safari/537.3"
47.238.14.0 - - [15/May/2025:04:26:45 -0400] "GET /sitemap-subkey-2411.xml HTTP/1.1" 200 100489 "-" "Mozilla/5.0 (Macintosh; Intel Mac OS X 10_15_7) AppleWebKit/537.36 (KHTML, like Gecko) Chrome/109.0.0.0 Safari/537.36"
198.204.226.18 - - [15/May/2025:04:26:55 -0400] "GET /wp-content/install.php HTTP/1.1" 200 10 "http://jenniferflo.com/wp-content/install.php" "Mozilla/5.0 (Windows NT 10.0; Win64; x64) AppleWebKit/537.36 (KHTML, like Gecko) Chrome/58.0.3029.110 Safari/537.3"
47.238.13.3 - - [15/May/2025:04:27:05 -0400] "GET /sitemap-subkey-2903.xml HTTP/1.1" 200 100969 "-" "Mozilla/5.0 (Macintosh; Intel Mac OS X 10_15_7) AppleWebKit/537.36 (KHTML, like Gecko) Chrome/109.0.0.0 Safari/537.36"
212.11.64.144 - - [15/May/2025:04:27:11 -0400] "GET //.well-known/acme-challenge/fr.php HTTP/1.1" 500 271 "http://jenniferflo.com/" "Mozilla/5.0 (Windows NT 10.0; Win64; x64) AppleWebKit/537.36 (KHTML, like Gecko) Chrome/121.0.0.0 Safari/537.36"
47.238.13.6 - - [15/May/2025:04:27:48 -0400] "GET /dawn/c1?pid=867 HTTP/1.1" 500 271 "-" "Mozilla/5.0 (Macintosh; Intel Mac OS X 10_15_7) AppleWebKit/537.36 (KHTML, like Gecko) Chrome/109.0.0.0 Safari/537.36"
198.204.226.18 - - [15/May/2025:04:28:05 -0400] "GET /wp-content/install.php HTTP/1.1" 200 10 "http://jenniferflo.com/wp-content/install.php" "Mozilla/5.0 (Windows NT 10.0; Win64; x64) AppleWebKit/537.36 (KHTML, like Gecko) Chrome/58.0.3029.110 Safari/537.3"
47.238.13.17 - - [15/May/2025:04:28:37 -0400] "GET /sitemap-subkey-1665.xml HTTP/1.1" 200 100091 "-" "Mozilla/5.0 (Macintosh; Intel Mac OS X 10_15_7) AppleWebKit/537.36 (KHTML, like Gecko) Chrome/109.0.0.0 Safari/537.36"
204.12.252.98 - - [15/May/2025:04:29:06 -0400] "GET /wp-includes/install.php HTTP/1.1" 200 10 "http://jenniferflo.com/wp-includes/install.php" "Mozilla/5.0 (Windows NT 10.0; Win64; x64) AppleWebKit/537.36 (KHTML, like Gecko) Chrome/58.0.3029.110 Safari/537.3"
198.204.226.18 - - [15/May/2025:04:29:09 -0400] "GET /wp-content/install.php HTTP/1.1" 200 10 "http://jenniferflo.com/wp-content/install.php" "Mozilla/5.0 (Windows NT 10.0; Win64; x64) AppleWebKit/537.36 (KHTML, like Gecko) Chrome/58.0.3029.110 Safari/537.3"
8.210.8.206 - - [15/May/2025:04:29:28 -0400] "GET /items/ucqit237/13522?key=reluctant HTTP/1.1" 500 271 "-" "Mozilla/5.0 (Macintosh; Intel Mac OS X 10_15_7) AppleWebKit/537.36 (KHTML, like Gecko) Chrome/109.0.0.0 Safari/537.36"
47.238.14.12 - - [15/May/2025:04:29:59 -0400] "GET /sitemap-subkey-1024.xml HTTP/1.1" 200 99577 "-" "Mozilla/5.0 (Macintosh; Intel Mac OS X 10_15_7) AppleWebKit/537.36 (KHTML, like Gecko) Chrome/109.0.0.0 Safari/537.36"
198.204.226.18 - - [15/May/2025:04:30:26 -0400] "GET /wp-content/install.php HTTP/1.1" 200 10 "http://jenniferflo.com/wp-content/install.php" "Mozilla/5.0 (Windows NT 10.0; Win64; x64) AppleWebKit/537.36 (KHTML, like Gecko) Chrome/58.0.3029.110 Safari/537.3"
198.204.226.18 - - [15/May/2025:04:30:23 -0400] "GET /wp-content/install.php HTTP/1.1" 200 0 "http://jenniferflo.com/wp-content/install.php" "Mozilla/5.0 (Windows NT 10.0; Win64; x64) AppleWebKit/537.36 (KHTML, like Gecko) Chrome/58.0.3029.110 Safari/537.3"
8.210.108.0 - - [15/May/2025:04:30:35 -0400] "GET /items/umrxl199/4842?key=classic HTTP/1.1" 500 271 "-" "Mozilla/5.0 (Macintosh; Intel Mac OS X 10_15_7) AppleWebKit/537.36 (KHTML, like Gecko) Chrome/109.0.0.0 Safari/537.36"
47.238.13.11 - - [15/May/2025:04:30:52 -0400] "GET /sitemap-subkey-1443.xml HTTP/1.1" 200 101239 "-" "Mozilla/5.0 (Macintosh; Intel Mac OS X 10_15_7) AppleWebKit/537.36 (KHTML, like Gecko) Chrome/109.0.0.0 Safari/537.36"
212.11.64.144 - - [15/May/2025:04:30:56 -0400] "GET //wp-content/plugins/bguwthdu.php HTTP/1.1" 500 271 "http://jenniferflo.com/" "Mozilla/5.0 (Windows NT 10.0; Win64; x64) AppleWebKit/537.36 (KHTML, like Gecko) Chrome/121.0.0.0 Safari/537.36"
198.204.226.18 - - [15/May/2025:04:31:09 -0400] "GET /wp-content/install.php HTTP/1.1" 200 10 "http://jenniferflo.com/wp-content/install.php" "Mozilla/5.0 (Windows NT 10.0; Win64; x64) AppleWebKit/537.36 (KHTML, like Gecko) Chrome/58.0.3029.110 Safari/537.3"
198.204.226.18 - - [15/May/2025:04:31:06 -0400] "GET /wp-content/install.php HTTP/1.1" 200 0 "http://jenniferflo.com/wp-content/install.php" "Mozilla/5.0 (Windows NT 10.0; Win64; x64) AppleWebKit/537.36 (KHTML, like Gecko) Chrome/58.0.3029.110 Safari/537.3"
69.197.184.234 - - [15/May/2025:04:31:26 -0400] "GET /wp-content/install.php HTTP/1.1" 200 0 "http://jenniferflo.com/wp-content/install.php" "Mozilla/5.0 (Windows NT 10.0; Win64; x64) AppleWebKit/537.36 (KHTML, like Gecko) Chrome/58.0.3029.110 Safari/537.3"
198.204.226.18 - - [15/May/2025:04:31:51 -0400] "GET /wp-content/install.php HTTP/1.1" 200 10 "http://jenniferflo.com/wp-content/install.php" "Mozilla/5.0 (Windows NT 10.0; Win64; x64) AppleWebKit/537.36 (KHTML, like Gecko) Chrome/58.0.3029.110 Safari/537.3"
198.204.226.18 - - [15/May/2025:04:31:48 -0400] "GET /wp-content/install.php HTTP/1.1" 200 0 "http://jenniferflo.com/wp-content/install.php" "Mozilla/5.0 (Windows NT 10.0; Win64; x64) AppleWebKit/537.36 (KHTML, like Gecko) Chrome/58.0.3029.110 Safari/537.3"
198.204.226.18 - - [15/May/2025:04:32:08 -0400] "GET /wp-content/install.php HTTP/1.1" 200 10 "http://jenniferflo.com/wp-content/install.php" "Mozilla/5.0 (Windows NT 10.0; Win64; x64) AppleWebKit/537.36 (KHTML, like Gecko) Chrome/58.0.3029.110 Safari/537.3"
208.110.64.178 - - [15/May/2025:04:32:38 -0400] "GET /wp-includes/install.php HTTP/1.1" 200 10 "http://jenniferflo.com/wp-includes/install.php" "Mozilla/5.0 (Windows NT 10.0; Win64; x64) AppleWebKit/537.36 (KHTML, like Gecko) Chrome/58.0.3029.110 Safari/537.3"
198.204.226.18 - - [15/May/2025:04:33:02 -0400] "GET /wp-content/install.php HTTP/1.1" 200 10 "http://jenniferflo.com/wp-content/install.php" "Mozilla/5.0 (Windows NT 10.0; Win64; x64) AppleWebKit/537.36 (KHTML, like Gecko) Chrome/58.0.3029.110 Safari/537.3"
198.204.226.18 - - [15/May/2025:04:33:37 -0400] "GET /wp-content/install.php HTTP/1.1" 200 10 "http://jenniferflo.com/wp-content/install.php" "Mozilla/5.0 (Windows NT 10.0; Win64; x64) AppleWebKit/537.36 (KHTML, like Gecko) Chrome/58.0.3029.110 Safari/537.3"
198.204.226.18 - - [15/May/2025:04:33:34 -0400] "GET /wp-content/install.php HTTP/1.1" 200 0 "http://jenniferflo.com/wp-content/install.php" "Mozilla/5.0 (Windows NT 10.0; Win64; x64) AppleWebKit/537.36 (KHTML, like Gecko) Chrome/58.0.3029.110 Safari/537.3"
8.210.8.206 - - [15/May/2025:04:33:50 -0400] "GET /sitemap-subkey-1505.xml HTTP/1.1" 200 100291 "-" "Mozilla/5.0 (Macintosh; Intel Mac OS X 10_15_7) AppleWebKit/537.36 (KHTML, like Gecko) Chrome/109.0.0.0 Safari/537.36"
198.204.226.18 - - [15/May/2025:04:33:55 -0400] "GET /wp-content/install.php HTTP/1.1" 200 10 "http://jenniferflo.com/wp-content/install.php" "Mozilla/5.0 (Windows NT 10.0; Win64; x64) AppleWebKit/537.36 (KHTML, like Gecko) Chrome/58.0.3029.110 Safari/537.3"
47.238.13.17 - - [15/May/2025:04:34:24 -0400] "GET /shall/q60?pid=40994 HTTP/1.1" 500 271 "-" "Mozilla/5.0 (Macintosh; Intel Mac OS X 10_15_7) AppleWebKit/537.36 (KHTML, like Gecko) Chrome/109.0.0.0 Safari/537.36"
47.238.14.12 - - [15/May/2025:04:34:26 -0400] "GET /items/pvypp12/913?key=eating HTTP/1.1" 500 271 "-" "Mozilla/5.0 (Macintosh; Intel Mac OS X 10_15_7) AppleWebKit/537.36 (KHTML, like Gecko) Chrome/109.0.0.0 Safari/537.36"
212.11.64.144 - - [15/May/2025:04:34:46 -0400] "GET //wp-content/ALFA_DATA/alfacgiapi/perl.alfa.php HTTP/1.1" 500 271 "http://jenniferflo.com/" "Mozilla/5.0 (Windows NT 10.0; Win64; x64) AppleWebKit/537.36 (KHTML, like Gecko) Chrome/121.0.0.0 Safari/537.36"
69.197.182.50 - - [15/May/2025:04:36:13 -0400] "GET /wp-includes/install.php HTTP/1.1" 200 10 "http://jenniferflo.com/wp-includes/install.php" "Mozilla/5.0 (Windows NT 10.0; Win64; x64) AppleWebKit/537.36 (KHTML, like Gecko) Chrome/58.0.3029.110 Safari/537.3"
47.238.13.11 - - [15/May/2025:04:37:04 -0400] "GET /sitemap-subkey-1607.xml HTTP/1.1" 200 100141 "-" "Mozilla/5.0 (Macintosh; Intel Mac OS X 10_15_7) AppleWebKit/537.36 (KHTML, like Gecko) Chrome/109.0.0.0 Safari/537.36"
198.204.226.18 - - [15/May/2025:04:37:42 -0400] "GET /wp-content/install.php HTTP/1.1" 200 10 "http://jenniferflo.com/wp-content/install.php" "Mozilla/5.0 (Windows NT 10.0; Win64; x64) AppleWebKit/537.36 (KHTML, like Gecko) Chrome/58.0.3029.110 Safari/537.3"
47.238.13.3 - - [15/May/2025:04:37:45 -0400] "GET /items/bistw5/2602?key=oil HTTP/1.1" 500 271 "-" "Mozilla/5.0 (Macintosh; Intel Mac OS X 10_15_7) AppleWebKit/537.36 (KHTML, like Gecko) Chrome/109.0.0.0 Safari/537.36"
47.238.13.14 - - [15/May/2025:04:37:49 -0400] "GET /bank/m44?pid=384 HTTP/1.1" 500 271 "-" "Mozilla/5.0 (Macintosh; Intel Mac OS X 10_15_7) AppleWebKit/537.36 (KHTML, like Gecko) Chrome/109.0.0.0 Safari/537.36"
198.204.226.18 - - [15/May/2025:04:37:39 -0400] "GET /wp-content/install.php HTTP/1.1" 200 0 "http://jenniferflo.com/wp-content/install.php" "Mozilla/5.0 (Windows NT 10.0; Win64; x64) AppleWebKit/537.36 (KHTML, like Gecko) Chrome/58.0.3029.110 Safari/537.3"
69.197.184.234 - - [15/May/2025:04:37:53 -0400] "GET /wp-content/install.php HTTP/1.1" 200 10 "http://jenniferflo.com/wp-content/install.php" "Mozilla/5.0 (Windows NT 10.0; Win64; x64) AppleWebKit/537.36 (KHTML, like Gecko) Chrome/58.0.3029.110 Safari/537.3"
8.210.230.104 - - [15/May/2025:04:38:06 -0400] "GET /items/qvlei30/283?key=automatic HTTP/1.1" 500 271 "-" "Mozilla/5.0 (Macintosh; Intel Mac OS X 10_15_7) AppleWebKit/537.36 (KHTML, like Gecko) Chrome/109.0.0.0 Safari/537.36"
198.204.226.18 - - [15/May/2025:04:38:07 -0400] "GET /wp-content/install.php HTTP/1.1" 200 10 "http://jenniferflo.com/wp-content/install.php" "Mozilla/5.0 (Windows NT 10.0; Win64; x64) AppleWebKit/537.36 (KHTML, like Gecko) Chrome/58.0.3029.110 Safari/537.3"
212.11.64.144 - - [15/May/2025:04:38:35 -0400] "GET //.well-known/pki-validation/mah.php HTTP/1.1" 500 271 "http://jenniferflo.com/" "Mozilla/5.0 (Windows NT 10.0; Win64; x64) AppleWebKit/537.36 (KHTML, like Gecko) Chrome/121.0.0.0 Safari/537.36"
47.238.13.17 - - [15/May/2025:04:39:23 -0400] "GET /sitemap-subkey-1147.xml HTTP/1.1" 200 100071 "-" "Mozilla/5.0 (Macintosh; Intel Mac OS X 10_15_7) AppleWebKit/537.36 (KHTML, like Gecko) Chrome/109.0.0.0 Safari/537.36"
198.204.226.18 - - [15/May/2025:04:39:36 -0400] "GET /wp-content/install.php HTTP/1.1" 200 10 "http://jenniferflo.com/wp-content/install.php" "Mozilla/5.0 (Windows NT 10.0; Win64; x64) AppleWebKit/537.36 (KHTML, like Gecko) Chrome/58.0.3029.110 Safari/537.3"
198.204.226.18 - - [15/May/2025:04:39:33 -0400] "GET /wp-content/install.php HTTP/1.1" 200 0 "http://jenniferflo.com/wp-content/install.php" "Mozilla/5.0 (Windows NT 10.0; Win64; x64) AppleWebKit/537.36 (KHTML, like Gecko) Chrome/58.0.3029.110 Safari/537.3"
47.238.13.12 - - [15/May/2025:04:39:57 -0400] "GET /sitemap-subkey-2942.xml HTTP/1.1" 200 99913 "-" "Mozilla/5.0 (Macintosh; Intel Mac OS X 10_15_7) AppleWebKit/537.36 (KHTML, like Gecko) Chrome/109.0.0.0 Safari/537.36"
198.204.226.18 - - [15/May/2025:04:41:24 -0400] "GET /wp-content/install.php HTTP/1.1" 200 10 "http://jenniferflo.com/wp-content/install.php" "Mozilla/5.0 (Windows NT 10.0; Win64; x64) AppleWebKit/537.36 (KHTML, like Gecko) Chrome/58.0.3029.110 Safari/537.3"
198.204.226.18 - - [15/May/2025:04:41:20 -0400] "GET /wp-content/install.php HTTP/1.1" 200 0 "http://jenniferflo.com/wp-content/install.php" "Mozilla/5.0 (Windows NT 10.0; Win64; x64) AppleWebKit/537.36 (KHTML, like Gecko) Chrome/58.0.3029.110 Safari/537.3"
198.204.226.18 - - [15/May/2025:04:41:45 -0400] "GET /wp-content/install.php HTTP/1.1" 200 10 "http://jenniferflo.com/wp-content/install.php" "Mozilla/5.0 (Windows NT 10.0; Win64; x64) AppleWebKit/537.36 (KHTML, like Gecko) Chrome/58.0.3029.110 Safari/537.3"
198.204.226.18 - - [15/May/2025:04:41:42 -0400] "GET /wp-content/install.php HTTP/1.1" 200 0 "http://jenniferflo.com/wp-content/install.php" "Mozilla/5.0 (Windows NT 10.0; Win64; x64) AppleWebKit/537.36 (KHTML, like Gecko) Chrome/58.0.3029.110 Safari/537.3"
172.200.228.115 - - [15/May/2025:04:42:13 -0400] "GET /sts.php HTTP/1.1" 500 360 "-" "-"
172.200.228.115 - - [15/May/2025:04:42:13 -0400] "GET /wp-hoard.php HTTP/1.1" 500 360 "-" "-"
172.200.228.115 - - [15/May/2025:04:42:13 -0400] "GET /wp-l0gin.php HTTP/1.1" 500 360 "-" "-"
172.200.228.115 - - [15/May/2025:04:42:13 -0400] "GET /priv8.php HTTP/1.1" 500 360 "-" "-"
172.200.228.115 - - [15/May/2025:04:42:13 -0400] "GET /wp-post-editor.php HTTP/1.1" 500 360 "-" "-"
172.200.228.115 - - [15/May/2025:04:42:13 -0400] "GET /404.php HTTP/1.1" 500 360 "-" "-"
172.200.228.115 - - [15/May/2025:04:42:14 -0400] "GET /users.php HTTP/1.1" 500 360 "-" "-"
172.200.228.115 - - [15/May/2025:04:42:14 -0400] "GET /classwithtostring.php HTTP/1.1" 500 360 "-" "-"
172.200.228.115 - - [15/May/2025:04:42:14 -0400] "GET /wp-head.php HTTP/1.1" 500 360 "-" "-"
172.200.228.115 - - [15/May/2025:04:42:14 -0400] "GET /admin.php HTTP/1.1" 500 360 "-" "-"
172.200.228.115 - - [15/May/2025:04:42:14 -0400] "GET /about.php HTTP/1.1" 500 360 "-" "-"
172.200.228.115 - - [15/May/2025:04:42:14 -0400] "GET /dropdown.php HTTP/1.1" 500 360 "-" "-"
172.200.228.115 - - [15/May/2025:04:42:15 -0400] "GET /wp-header.php HTTP/1.1" 500 360 "-" "-"
172.200.228.115 - - [15/May/2025:04:42:15 -0400] "GET /radio.php HTTP/1.1" 500 360 "-" "-"
172.200.228.115 - - [15/May/2025:04:42:15 -0400] "GET /simple.php HTTP/1.1" 500 360 "-" "-"
172.200.228.115 - - [15/May/2025:04:42:15 -0400] "GET /cong.php HTTP/1.1" 500 360 "-" "-"
172.200.228.115 - - [15/May/2025:04:42:15 -0400] "GET /options.php HTTP/1.1" 200 381 "-" "-"
172.200.228.115 - - [15/May/2025:04:42:16 -0400] "GET /wp-content/index.php?x=ooo HTTP/1.1" 500 360 "-" "-"
172.200.228.115 - - [15/May/2025:04:42:16 -0400] "GET /wp-admin/options.php HTTP/1.1" 500 360 "-" "-"
172.200.228.115 - - [15/May/2025:04:42:16 -0400] "GET /wp-content/plugins/fix/up.php HTTP/1.1" 500 360 "-" "-"
172.200.228.115 - - [15/May/2025:04:42:16 -0400] "GET /1index.php HTTP/1.1" 500 360 "-" "-"
172.200.228.115 - - [15/May/2025:04:42:16 -0400] "GET /11index.php HTTP/1.1" 500 360 "-" "-"
172.200.228.115 - - [15/May/2025:04:42:16 -0400] "GET /2index.php HTTP/1.1" 500 360 "-" "-"
172.200.228.115 - - [15/May/2025:04:42:16 -0400] "GET /3index.php HTTP/1.1" 500 360 "-" "-"
172.200.228.115 - - [15/May/2025:04:42:16 -0400] "GET /wp_wrong_datlib.php HTTP/1.1" 500 360 "-" "-"
172.200.228.115 - - [15/May/2025:04:42:16 -0400] "GET /wp-adminincludesclass-wp-media-list-data.php HTTP/1.1" 500 360 "-" "-"
172.200.228.115 - - [15/May/2025:04:42:17 -0400] "GET /autoload_classmap.php HTTP/1.1" 500 360 "-" "-"
172.200.228.115 - - [15/May/2025:04:42:17 -0400] "GET /wso.php HTTP/1.1" 500 360 "-" "-"
172.200.228.115 - - [15/May/2025:04:42:17 -0400] "GET /doc.php HTTP/1.1" 500 360 "-" "-"
172.200.228.115 - - [15/May/2025:04:42:17 -0400] "GET /stindex.php HTTP/1.1" 500 360 "-" "-"
172.200.228.115 - - [15/May/2025:04:42:17 -0400] "GET /alwso.php HTTP/1.1" 500 360 "-" "-"
172.200.228.115 - - [15/May/2025:04:42:17 -0400] "GET /ups.php HTTP/1.1" 500 360 "-" "-"
172.200.228.115 - - [15/May/2025:04:42:17 -0400] "GET /media-admin.php HTTP/1.1" 500 360 "-" "-"
172.200.228.115 - - [15/May/2025:04:42:17 -0400] "GET /sym.php HTTP/1.1" 500 360 "-" "-"
172.200.228.115 - - [15/May/2025:04:42:17 -0400] "GET /sym403.php HTTP/1.1" 500 360 "-" "-"
172.200.228.115 - - [15/May/2025:04:42:17 -0400] "GET /fw.php HTTP/1.1" 500 360 "-" "-"
172.200.228.115 - - [15/May/2025:04:42:17 -0400] "GET /symlink.php HTTP/1.1" 500 360 "-" "-"
172.200.228.115 - - [15/May/2025:04:42:17 -0400] "GET /shell.php HTTP/1.1" 500 360 "-" "-"
172.200.228.115 - - [15/May/2025:04:42:18 -0400] "GET /1.php HTTP/1.1" 500 360 "-" "-"
172.200.228.115 - - [15/May/2025:04:42:18 -0400] "GET /data.php HTTP/1.1" 500 360 "-" "-"
172.200.228.115 - - [15/May/2025:04:42:18 -0400] "GET /wp-blog.php HTTP/1.1" 500 360 "-" "-"
172.200.228.115 - - [15/May/2025:04:42:18 -0400] "GET /b.php HTTP/1.1" 500 360 "-" "-"
172.200.228.115 - - [15/May/2025:04:42:18 -0400] "GET /c.php HTTP/1.1" 500 360 "-" "-"
172.200.228.115 - - [15/May/2025:04:42:18 -0400] "GET /shx.php HTTP/1.1" 500 360 "-" "-"
172.200.228.115 - - [15/May/2025:04:42:18 -0400] "GET /alfa.php HTTP/1.1" 500 360 "-" "-"
172.200.228.115 - - [15/May/2025:04:42:18 -0400] "GET /a.php HTTP/1.1" 500 360 "-" "-"
172.200.228.115 - - [15/May/2025:04:42:18 -0400] "GET /old-index.php HTTP/1.1" 500 360 "-" "-"
172.200.228.115 - - [15/May/2025:04:42:19 -0400] "GET /FoxWSO.php HTTP/1.1" 500 360 "-" "-"
172.200.228.115 - - [15/May/2025:04:42:19 -0400] "GET /x.php HTTP/1.1" 500 360 "-" "-"
172.200.228.115 - - [15/May/2025:04:42:19 -0400] "GET /403.php HTTP/1.1" 500 360 "-" "-"
172.200.228.115 - - [15/May/2025:04:42:19 -0400] "GET /mini.php HTTP/1.1" 500 360 "-" "-"
172.200.228.115 - - [15/May/2025:04:42:19 -0400] "GET /imagesvuln.php HTTP/1.1" 500 360 "-" "-"
172.200.228.115 - - [15/May/2025:04:42:19 -0400] "GET /edit-form.php HTTP/1.1" 500 360 "-" "-"
172.200.228.115 - - [15/May/2025:04:42:19 -0400] "GET /wikindex.php HTTP/1.1" 500 360 "-" "-"
172.200.228.115 - - [15/May/2025:04:42:19 -0400] "GET /m.php HTTP/1.1" 403 1242 "-" "-"
172.200.228.115 - - [15/May/2025:04:42:19 -0400] "GET /0byte.php HTTP/1.1" 500 360 "-" "-"
172.200.228.115 - - [15/May/2025:04:42:19 -0400] "GET /xx.php HTTP/1.1" 500 360 "-" "-"
172.200.228.115 - - [15/May/2025:04:42:19 -0400] "GET /new-index.php HTTP/1.1" 500 360 "-" "-"
172.200.228.115 - - [15/May/2025:04:42:19 -0400] "GET /wp.php HTTP/1.1" 500 360 "-" "-"
172.200.228.115 - - [15/May/2025:04:42:19 -0400] "GET /wp-wso.php HTTP/1.1" 500 360 "-" "-"
172.200.228.115 - - [15/May/2025:04:42:20 -0400] "GET /qindex.php HTTP/1.1" 500 360 "-" "-"
172.200.228.115 - - [15/May/2025:04:42:20 -0400] "GET /minimo.php HTTP/1.1" 500 360 "-" "-"
212.11.64.144 - - [15/May/2025:04:42:20 -0400] "GET //.well-known/pki-validation/fetffbss.php HTTP/1.1" 500 271 "http://jenniferflo.com/" "Mozilla/5.0 (Windows NT 10.0; Win64; x64) AppleWebKit/537.36 (KHTML, like Gecko) Chrome/121.0.0.0 Safari/537.36"
172.200.228.115 - - [15/May/2025:04:42:20 -0400] "GET /xleet.php HTTP/1.1" 500 360 "-" "-"
172.200.228.115 - - [15/May/2025:04:42:20 -0400] "GET /V3.php HTTP/1.1" 500 360 "-" "-"
172.200.228.115 - - [15/May/2025:04:42:20 -0400] "GET /V5.php HTTP/1.1" 500 360 "-" "-"
172.200.228.115 - - [15/May/2025:04:42:20 -0400] "GET /up.php HTTP/1.1" 500 360 "-" "-"
172.200.228.115 - - [15/May/2025:04:42:20 -0400] "GET /www.php HTTP/1.1" 500 360 "-" "-"
172.200.228.115 - - [15/May/2025:04:42:20 -0400] "GET /100.php HTTP/1.1" 500 360 "-" "-"
172.200.228.115 - - [15/May/2025:04:42:20 -0400] "GET /777.php HTTP/1.1" 500 360 "-" "-"
172.200.228.115 - - [15/May/2025:04:42:20 -0400] "GET /defau1t.php HTTP/1.1" 500 360 "-" "-"
172.200.228.115 - - [15/May/2025:04:42:20 -0400] "GET /f.php HTTP/1.1" 500 360 "-" "-"
172.200.228.115 - - [15/May/2025:04:42:20 -0400] "GET /xox.php HTTP/1.1" 500 360 "-" "-"
172.200.228.115 - - [15/May/2025:04:42:21 -0400] "GET /o.php HTTP/1.1" 500 360 "-" "-"
172.200.228.115 - - [15/May/2025:04:42:21 -0400] "GET /new.php HTTP/1.1" 500 360 "-" "-"
172.200.228.115 - - [15/May/2025:04:42:21 -0400] "GET /sindex.php HTTP/1.1" 500 360 "-" "-"
172.200.228.115 - - [15/May/2025:04:42:22 -0400] "GET /baindex.php HTTP/1.1" 500 360 "-" "-"
172.200.228.115 - - [15/May/2025:04:42:22 -0400] "GET /wi.php HTTP/1.1" 500 360 "-" "-"
172.200.228.115 - - [15/May/2025:04:42:22 -0400] "GET /mar.php HTTP/1.1" 500 360 "-" "-"
172.200.228.115 - - [15/May/2025:04:42:22 -0400] "GET /root.php HTTP/1.1" 500 360 "-" "-"
172.200.228.115 - - [15/May/2025:04:42:22 -0400] "GET /nee.php HTTP/1.1" 500 360 "-" "-"
172.200.228.115 - - [15/May/2025:04:42:22 -0400] "GET /v.php HTTP/1.1" 500 360 "-" "-"
172.200.228.115 - - [15/May/2025:04:42:22 -0400] "GET /z.php HTTP/1.1" 500 360 "-" "-"
172.200.228.115 - - [15/May/2025:04:42:22 -0400] "GET /g.php HTTP/1.1" 500 360 "-" "-"
172.200.228.115 - - [15/May/2025:04:42:22 -0400] "GET /c99.php HTTP/1.1" 500 360 "-" "-"
172.200.228.115 - - [15/May/2025:04:42:22 -0400] "GET /w.php HTTP/1.1" 500 360 "-" "-"
172.200.228.115 - - [15/May/2025:04:42:22 -0400] "GET /ws.php HTTP/1.1" 500 360 "-" "-"
172.200.228.115 - - [15/May/2025:04:42:22 -0400] "GET /2.php HTTP/1.1" 500 360 "-" "-"
172.200.228.115 - - [15/May/2025:04:42:22 -0400] "GET /lol.php HTTP/1.1" 500 360 "-" "-"
172.200.228.115 - - [15/May/2025:04:42:22 -0400] "GET /87.php HTTP/1.1" 500 360 "-" "-"
172.200.228.115 - - [15/May/2025:04:42:22 -0400] "GET /7yn.php HTTP/1.1" 500 360 "-" "-"
172.200.228.115 - - [15/May/2025:04:42:22 -0400] "GET /haxor.php HTTP/1.1" 500 360 "-" "-"
172.200.228.115 - - [15/May/2025:04:42:22 -0400] "GET /13.php HTTP/1.1" 500 360 "-" "-"
172.200.228.115 - - [15/May/2025:04:42:22 -0400] "GET /e.php HTTP/1.1" 500 360 "-" "-"
172.200.228.115 - - [15/May/2025:04:42:23 -0400] "GET /r.php HTTP/1.1" 500 360 "-" "-"
172.200.228.115 - - [15/May/2025:04:42:23 -0400] "GET /t.php HTTP/1.1" 500 360 "-" "-"
172.200.228.115 - - [15/May/2025:04:42:23 -0400] "GET /y.php HTTP/1.1" 500 360 "-" "-"
172.200.228.115 - - [15/May/2025:04:42:23 -0400] "GET /u.php HTTP/1.1" 500 360 "-" "-"
172.200.228.115 - - [15/May/2025:04:42:23 -0400] "GET /i.php HTTP/1.1" 500 360 "-" "-"
172.200.228.115 - - [15/May/2025:04:42:23 -0400] "GET /p.php HTTP/1.1" 500 360 "-" "-"
172.200.228.115 - - [15/May/2025:04:42:23 -0400] "GET /q.php HTTP/1.1" 500 360 "-" "-"
172.200.228.115 - - [15/May/2025:04:42:23 -0400] "GET /s.php HTTP/1.1" 500 360 "-" "-"
172.200.228.115 - - [15/May/2025:04:42:23 -0400] "GET /d.php HTTP/1.1" 500 360 "-" "-"
172.200.228.115 - - [15/May/2025:04:42:23 -0400] "GET /h.php HTTP/1.1" 500 360 "-" "-"
172.200.228.115 - - [15/May/2025:04:42:23 -0400] "GET /j.php HTTP/1.1" 500 360 "-" "-"
172.200.228.115 - - [15/May/2025:04:42:23 -0400] "GET /k.php HTTP/1.1" 500 360 "-" "-"
172.200.228.115 - - [15/May/2025:04:42:23 -0400] "GET /l.php HTTP/1.1" 500 360 "-" "-"
172.200.228.115 - - [15/May/2025:04:42:23 -0400] "GET /n.php HTTP/1.1" 500 360 "-" "-"
172.200.228.115 - - [15/May/2025:04:42:23 -0400] "GET /xindex.php HTTP/1.1" 500 360 "-" "-"
172.200.228.115 - - [15/May/2025:04:42:23 -0400] "GET /kindex.php HTTP/1.1" 500 360 "-" "-"
172.200.228.115 - - [15/May/2025:04:42:23 -0400] "GET /FoxWSOv1.php HTTP/1.1" 500 360 "-" "-"
172.200.228.115 - - [15/May/2025:04:42:23 -0400] "GET /alf.php HTTP/1.1" 500 360 "-" "-"
172.200.228.115 - - [15/May/2025:04:42:23 -0400] "GET /bb.php HTTP/1.1" 500 360 "-" "-"
172.200.228.115 - - [15/May/2025:04:42:23 -0400] "GET /lf.php HTTP/1.1" 500 360 "-" "-"
172.200.228.115 - - [15/May/2025:04:42:23 -0400] "GET /WSO.php HTTP/1.1" 500 360 "-" "-"
172.200.228.115 - - [15/May/2025:04:42:24 -0400] "GET /xxx.php HTTP/1.1" 500 360 "-" "-"
172.200.228.115 - - [15/May/2025:04:42:24 -0400] "GET /hello.php HTTP/1.1" 500 360 "-" "-"
172.200.228.115 - - [15/May/2025:04:42:24 -0400] "GET /ok.php HTTP/1.1" 500 360 "-" "-"
172.200.228.115 - - [15/May/2025:04:42:24 -0400] "GET /if.php HTTP/1.1" 500 360 "-" "-"
172.200.228.115 - - [15/May/2025:04:42:24 -0400] "GET /kk.php HTTP/1.1" 500 360 "-" "-"
172.200.228.115 - - [15/May/2025:04:42:24 -0400] "GET /mrjn.php HTTP/1.1" 500 360 "-" "-"
172.200.228.115 - - [15/May/2025:04:42:24 -0400] "GET /kn.php HTTP/1.1" 500 360 "-" "-"
172.200.228.115 - - [15/May/2025:04:42:24 -0400] "GET /3301.php HTTP/1.1" 500 360 "-" "-"
172.200.228.115 - - [15/May/2025:04:42:24 -0400] "GET /leaf.php HTTP/1.1" 500 360 "-" "-"
172.200.228.115 - - [15/May/2025:04:42:24 -0400] "GET /alex.php HTTP/1.1" 500 360 "-" "-"
172.200.228.115 - - [15/May/2025:04:42:25 -0400] "GET /mailer.php HTTP/1.1" 500 360 "-" "-"
172.200.228.115 - - [15/May/2025:04:42:25 -0400] "GET /anone.php HTTP/1.1" 500 360 "-" "-"
172.200.228.115 - - [15/May/2025:04:42:25 -0400] "GET /wp-configer.php HTTP/1.1" 500 360 "-" "-"
172.200.228.115 - - [15/May/2025:04:42:25 -0400] "GET /wp-ad.php HTTP/1.1" 500 360 "-" "-"
172.200.228.115 - - [15/May/2025:04:42:25 -0400] "GET /send.php HTTP/1.1" 500 360 "-" "-"
172.200.228.115 - - [15/May/2025:04:42:25 -0400] "GET /3.php HTTP/1.1" 500 360 "-" "-"
172.200.228.115 - - [15/May/2025:04:42:25 -0400] "GET /.wp-cache.php HTTP/1.1" 500 360 "-" "-"
172.200.228.115 - - [15/May/2025:04:42:25 -0400] "GET /sendmail.php HTTP/1.1" 500 360 "-" "-"
172.200.228.115 - - [15/May/2025:04:42:25 -0400] "GET /rahma.php HTTP/1.1" 500 360 "-" "-"
172.200.228.115 - - [15/May/2025:04:42:26 -0400] "GET /nasgor.php HTTP/1.1" 500 360 "-" "-"
172.200.228.115 - - [15/May/2025:04:42:26 -0400] "GET /wp-confirm.php HTTP/1.1" 500 360 "-" "-"
172.200.228.115 - - [15/May/2025:04:42:26 -0400] "GET /alfa123.php HTTP/1.1" 500 360 "-" "-"
172.200.228.115 - - [15/May/2025:04:42:26 -0400] "GET /upload.php HTTP/1.1" 500 360 "-" "-"
172.200.228.115 - - [15/May/2025:04:42:26 -0400] "GET /bypass.php HTTP/1.1" 500 360 "-" "-"
172.200.228.115 - - [15/May/2025:04:42:26 -0400] "GET /wp-one.php HTTP/1.1" 500 360 "-" "-"
172.200.228.115 - - [15/May/2025:04:42:26 -0400] "GET /alexus.php HTTP/1.1" 500 360 "-" "-"
172.200.228.115 - - [15/May/2025:04:42:26 -0400] "GET /wso1337.php HTTP/1.1" 500 360 "-" "-"
172.200.228.115 - - [15/May/2025:04:42:26 -0400] "GET /1337.php HTTP/1.1" 500 360 "-" "-"
172.200.228.115 - - [15/May/2025:04:42:26 -0400] "GET /blog.php HTTP/1.1" 500 360 "-" "-"
172.200.228.115 - - [15/May/2025:04:42:26 -0400] "GET /it.php HTTP/1.1" 500 360 "-" "-"
172.200.228.115 - - [15/May/2025:04:42:26 -0400] "GET /kiss.php HTTP/1.1" 500 360 "-" "-"
172.200.228.115 - - [15/May/2025:04:42:26 -0400] "GET /0.php HTTP/1.1" 500 360 "-" "-"
172.200.228.115 - - [15/May/2025:04:42:26 -0400] "GET /wp2.php HTTP/1.1" 500 360 "-" "-"
172.200.228.115 - - [15/May/2025:04:42:27 -0400] "GET /owl.php HTTP/1.1" 500 360 "-" "-"
172.200.228.115 - - [15/May/2025:04:42:27 -0400] "GET /vuln.php HTTP/1.1" 500 360 "-" "-"
172.200.228.115 - - [15/May/2025:04:42:27 -0400] "GET /ohayo.php HTTP/1.1" 500 360 "-" "-"
172.200.228.115 - - [15/May/2025:04:42:27 -0400] "GET /wp-admin.php HTTP/1.1" 500 360 "-" "-"
172.200.228.115 - - [15/May/2025:04:42:27 -0400] "GET /cms.php HTTP/1.1" 500 360 "-" "-"
172.200.228.115 - - [15/May/2025:04:42:28 -0400] "GET /wp-uploads.php HTTP/1.1" 500 360 "-" "-"
172.200.228.115 - - [15/May/2025:04:42:28 -0400] "GET /Gel.php HTTP/1.1" 500 360 "-" "-"
172.200.228.115 - - [15/May/2025:04:42:28 -0400] "GET /41.php HTTP/1.1" 500 360 "-" "-"
172.200.228.115 - - [15/May/2025:04:42:28 -0400] "GET /4price.php HTTP/1.1" 500 360 "-" "-"
172.200.228.115 - - [15/May/2025:04:42:28 -0400] "GET /MARIJUANA.php HTTP/1.1" 500 360 "-" "-"
172.200.228.115 - - [15/May/2025:04:42:28 -0400] "GET /marijuana.php HTTP/1.1" 500 360 "-" "-"
172.200.228.115 - - [15/May/2025:04:42:28 -0400] "GET /.fk.php HTTP/1.1" 500 360 "-" "-"
172.200.228.115 - - [15/May/2025:04:42:28 -0400] "GET /XxX.php HTTP/1.1" 500 360 "-" "-"
172.200.228.115 - - [15/May/2025:04:42:29 -0400] "GET /alexuse.php HTTP/1.1" 500 360 "-" "-"
172.200.228.115 - - [15/May/2025:04:42:29 -0400] "GET /Sendemail.php HTTP/1.1" 500 360 "-" "-"
172.200.228.115 - - [15/May/2025:04:42:29 -0400] "GET /content.php HTTP/1.1" 500 360 "-" "-"
172.200.228.115 - - [15/May/2025:04:42:29 -0400] "GET /leafmailer2.8.php HTTP/1.1" 500 360 "-" "-"
172.200.228.115 - - [15/May/2025:04:42:29 -0400] "GET /olu.php HTTP/1.1" 500 360 "-" "-"
172.200.228.115 - - [15/May/2025:04:42:29 -0400] "GET /alexusmailer2.0.php HTTP/1.1" 500 360 "-" "-"
172.200.228.115 - - [15/May/2025:04:42:29 -0400] "GET /rss.php HTTP/1.1" 500 360 "-" "-"
172.200.228.115 - - [15/May/2025:04:42:29 -0400] "GET /alexus-mailer.php HTTP/1.1" 500 360 "-" "-"
172.200.228.115 - - [15/May/2025:04:42:29 -0400] "GET /wp-file.php HTTP/1.1" 500 360 "-" "-"
172.200.228.115 - - [15/May/2025:04:42:29 -0400] "GET /wso2.php HTTP/1.1" 500 360 "-" "-"
172.200.228.115 - - [15/May/2025:04:42:29 -0400] "GET /wso1.php HTTP/1.1" 500 360 "-" "-"
172.200.228.115 - - [15/May/2025:04:42:29 -0400] "GET /olux.php HTTP/1.1" 500 360 "-" "-"
172.200.228.115 - - [15/May/2025:04:42:29 -0400] "GET /wp-info.php HTTP/1.1" 500 360 "-" "-"
172.200.228.115 - - [15/May/2025:04:42:29 -0400] "GET /xl.php HTTP/1.1" 500 360 "-" "-"
172.200.228.115 - - [15/May/2025:04:42:30 -0400] "GET /wp-confiig.php HTTP/1.1" 500 360 "-" "-"
172.200.228.115 - - [15/May/2025:04:42:30 -0400] "GET /file-manager.php HTTP/1.1" 500 360 "-" "-"
172.200.228.115 - - [15/May/2025:04:42:30 -0400] "GET /uploader.php HTTP/1.1" 500 360 "-" "-"
172.200.228.115 - - [15/May/2025:04:42:30 -0400] "GET /leafmailer.php HTTP/1.1" 500 360 "-" "-"
172.200.228.115 - - [15/May/2025:04:42:30 -0400] "GET /ALFA_DATA/alfacgiapi/perl.alfa.php HTTP/1.1" 500 360 "-" "-"
172.200.228.115 - - [15/May/2025:04:42:30 -0400] "GET /.well-known/ALFA_DATA/alfacgiapi/perl.alfa.php HTTP/1.1" 500 360 "-" "-"
172.200.228.115 - - [15/May/2025:04:42:30 -0400] "GET /tmp_images/alfacgiapi/perl.alfa.php HTTP/1.1" 500 360 "-" "-"
172.200.228.115 - - [15/May/2025:04:42:30 -0400] "GET /wp-admin/alfacgiapi/perl.alfa.php HTTP/1.1" 500 360 "-" "-"
172.200.228.115 - - [15/May/2025:04:42:30 -0400] "GET /wp-content/alfacgiapi/perl.alfa.php HTTP/1.1" 500 360 "-" "-"
172.200.228.115 - - [15/May/2025:04:42:30 -0400] "GET /wp-includes/alfacgiapi/perl.alfa.php HTTP/1.1" 500 360 "-" "-"
172.200.228.115 - - [15/May/2025:04:42:30 -0400] "GET /alfacgiapi/perl.alfa.php HTTP/1.1" 500 360 "-" "-"
172.200.228.115 - - [15/May/2025:04:42:30 -0400] "GET /css/ALFA_DATA/alfacgiapi/perl.alfa.php HTTP/1.1" 500 360 "-" "-"
172.200.228.115 - - [15/May/2025:04:42:30 -0400] "GET /files/ALFA_DATA/alfacgiapi/perl.alfa.php HTTP/1.1" 500 360 "-" "-"
172.200.228.115 - - [15/May/2025:04:42:30 -0400] "GET /images/ALFA_DATA/alfacgiapi/perl.alfa.php HTTP/1.1" 500 360 "-" "-"
172.200.228.115 - - [15/May/2025:04:42:31 -0400] "GET /wp-admin/ALFA_DATA/alfacgiapi/perl.alfa.php HTTP/1.1" 500 360 "-" "-"
172.200.228.115 - - [15/May/2025:04:42:31 -0400] "GET /wp-content/ALFA_DATA/alfacgiapi/perl.alfa.php HTTP/1.1" 500 360 "-" "-"
172.200.228.115 - - [15/May/2025:04:42:31 -0400] "GET /wp-includes/ALFA_DATA/alfacgiapi/perl.alfa HTTP/1.1" 500 360 "-" "-"
172.200.228.115 - - [15/May/2025:04:42:31 -0400] "GET /date.php HTTP/1.1" 500 360 "-" "-"
172.200.228.115 - - [15/May/2025:04:42:31 -0400] "GET /alfaindex.php HTTP/1.1" 500 360 "-" "-"
172.200.228.115 - - [15/May/2025:04:42:31 -0400] "GET /.alf.php HTTP/1.1" 500 360 "-" "-"
172.200.228.115 - - [15/May/2025:04:42:31 -0400] "GET /wp-content/plugins/cekidot/alf.php HTTP/1.1" 500 1 "-" "-"
172.200.228.115 - - [15/May/2025:04:42:31 -0400] "GET /wp-content/fw.php HTTP/1.1" 500 360 "-" "-"
172.200.228.115 - - [15/May/2025:04:42:31 -0400] "GET /wp-content/alfa.php HTTP/1.1" 500 360 "-" "-"
172.200.228.115 - - [15/May/2025:04:42:31 -0400] "GET /snd.php HTTP/1.1" 500 360 "-" "-"
172.200.228.115 - - [15/May/2025:04:42:31 -0400] "GET /wp-class.php HTTP/1.1" 500 360 "-" "-"
8.210.11.248 - - [15/May/2025:04:42:31 -0400] "GET /laughter/h59?pid=3225 HTTP/1.1" 500 271 "-" "Mozilla/5.0 (Macintosh; Intel Mac OS X 10_15_7) AppleWebKit/537.36 (KHTML, like Gecko) Chrome/109.0.0.0 Safari/537.36"
172.200.228.115 - - [15/May/2025:04:42:31 -0400] "GET /small.php HTTP/1.1" 500 360 "-" "-"
172.200.228.115 - - [15/May/2025:04:42:31 -0400] "GET /wp-content/plugins/upspy/index.php HTTP/1.1" 500 360 "-" "-"
172.200.228.115 - - [15/May/2025:04:42:31 -0400] "GET /wp-content/plugins/ubh/index.php HTTP/1.1" 500 360 "-" "-"
172.200.228.115 - - [15/May/2025:04:42:31 -0400] "GET /wp-content/plugins/vwcleanerplugin/bump.php?cache HTTP/1.1" 500 360 "-" "-"
172.200.228.115 - - [15/May/2025:04:42:31 -0400] "GET /wp-content/themes/gaukingo/db.php HTTP/1.1" 500 360 "-" "-"
172.200.228.115 - - [15/May/2025:04:42:31 -0400] "GET /wp-content/plugins/three-column-screen-layout/db.php HTTP/1.1" 500 360 "-" "-"
172.200.228.115 - - [15/May/2025:04:42:31 -0400] "GET /wp-content/plugins/xichang/x.php?xi HTTP/1.1" 500 360 "-" "-"
172.200.228.115 - - [15/May/2025:04:42:31 -0400] "GET /wp-content/plugins/html404/index.html HTTP/1.1" 500 360 "-" "-"
172.200.228.115 - - [15/May/2025:04:42:31 -0400] "GET /wp-content/plugins/wp-db-ajax-made/wp-ajax.php HTTP/1.1" 500 360 "-" "-"
172.200.228.115 - - [15/May/2025:04:42:32 -0400] "GET /Marvins.php HTTP/1.1" 500 360 "-" "-"
172.200.228.115 - - [15/May/2025:04:42:32 -0400] "GET /wp-includes/css/modules.php HTTP/1.1" 500 360 "-" "-"
172.200.228.115 - - [15/May/2025:04:42:32 -0400] "GET /indoxploit.php HTTP/1.1" 500 360 "-" "-"
172.200.228.115 - - [15/May/2025:04:42:32 -0400] "GET /wp-content/plugins/css-ready-sel/file.php HTTP/1.1" 500 360 "-" "-"
172.200.228.115 - - [15/May/2025:04:42:32 -0400] "GET /wp-content/plugins/css-ready/file.php HTTP/1.1" 500 360 "-" "-"
172.200.228.115 - - [15/May/2025:04:42:32 -0400] "GET /wp-content/think.php HTTP/1.1" 500 360 "-" "-"
172.200.228.115 - - [15/May/2025:04:42:32 -0400] "GET /wp-content/plugins/html404/xccc.php HTTP/1.1" 500 360 "-" "-"
172.200.228.115 - - [15/May/2025:04:42:32 -0400] "GET /wp-content/plugins/html404/cry.php.pjpeg HTTP/1.1" 500 360 "-" "-"
172.200.228.115 - - [15/May/2025:04:42:32 -0400] "GET //wp-content/plugins/real/v.php HTTP/1.1" 500 360 "-" "-"
172.200.228.115 - - [15/May/2025:04:42:32 -0400] "GET /wp-content/plugins/html404/wso25.php HTTP/1.1" 500 1 "-" "-"
172.200.228.115 - - [15/May/2025:04:42:32 -0400] "GET /modules/mod_simplefileuploadv1.3/elements/udd.php HTTP/1.1" 500 360 "-" "-"
172.200.228.115 - - [15/May/2025:04:42:32 -0400] "GET /libraries/joomla/css.php HTTP/1.1" 500 360 "-" "-"
172.200.228.115 - - [15/May/2025:04:42:32 -0400] "GET /libraries/joomla/jmails.php?u HTTP/1.1" 500 1 "-" "-"
172.200.228.115 - - [15/May/2025:04:42:32 -0400] "GET /libraries/joomla/jmail.php?u HTTP/1.1" 500 360 "-" "-"
172.200.228.115 - - [15/May/2025:04:42:32 -0400] "GET /images/vuln.php HTTP/1.1" 500 360 "-" "-"
172.200.228.115 - - [15/May/2025:04:42:32 -0400] "GET /tmp/vuln.php HTTP/1.1" 500 360 "-" "-"
172.200.228.115 - - [15/May/2025:04:42:32 -0400] "GET /rxr.php?rxr HTTP/1.1" 500 360 "-" "-"
172.200.228.115 - - [15/May/2025:04:42:33 -0400] "GET /modules/modules/modules.php HTTP/1.1" 500 360 "-" "-"
172.200.228.115 - - [15/May/2025:04:42:33 -0400] "GET /error.php HTTP/1.1" 500 360 "-" "-"
172.200.228.115 - - [15/May/2025:04:42:33 -0400] "GET //wp-content/themes/fitnessbase/404.php?ok HTTP/1.1" 500 360 "-" "-"
172.200.228.115 - - [15/May/2025:04:42:33 -0400] "GET //wp-add-admin.php HTTP/1.1" 500 360 "-" "-"
172.200.228.115 - - [15/May/2025:04:42:33 -0400] "GET /RxR.php HTTP/1.1" 500 360 "-" "-"
172.200.228.115 - - [15/May/2025:04:42:33 -0400] "GET //modules/mod_simplefileuploadv1.3/elements/udd.php HTTP/1.1" 500 360 "-" "-"
172.200.228.115 - - [15/May/2025:04:42:33 -0400] "GET /components/com_b2jcontact/izoc.php HTTP/1.1" 500 360 "-" "-"
172.200.228.115 - - [15/May/2025:04:42:33 -0400] "GET /administrator/templates/bluestork/error.php HTTP/1.1" 500 360 "-" "-"
172.200.228.115 - - [15/May/2025:04:42:34 -0400] "GET /administrator/templates/hathor/index.php HTTP/1.1" 500 360 "-" "-"
172.200.228.115 - - [15/May/2025:04:42:34 -0400] "GET /administrator/templates/hathor/error.php HTTP/1.1" 500 360 "-" "-"
172.200.228.115 - - [15/May/2025:04:42:34 -0400] "GET /administrator/templates/isis/index.php HTTP/1.1" 500 360 "-" "-"
172.200.228.115 - - [15/May/2025:04:42:34 -0400] "GET /administrator/templates/isis/error.php HTTP/1.1" 500 360 "-" "-"
172.200.228.115 - - [15/May/2025:04:42:34 -0400] "GET /templates/beez/index.php HTTP/1.1" 500 360 "-" "-"
47.238.13.14 - - [15/May/2025:04:42:34 -0400] "GET /sitemap-subkey-2169.xml HTTP/1.1" 200 100602 "-" "Mozilla/5.0 (Macintosh; Intel Mac OS X 10_15_7) AppleWebKit/537.36 (KHTML, like Gecko) Chrome/109.0.0.0 Safari/537.36"
172.200.228.115 - - [15/May/2025:04:42:34 -0400] "GET /templates/ja_purity/index.php HTTP/1.1" 500 360 "-" "-"
172.200.228.115 - - [15/May/2025:04:42:34 -0400] "GET /templates/rhuk_milkyway/index.php HTTP/1.1" 500 360 "-" "-"
172.200.228.115 - - [15/May/2025:04:42:34 -0400] "GET /templates/+theme+/index.php HTTP/1.1" 500 360 "-" "-"
172.200.228.115 - - [15/May/2025:04:42:35 -0400] "GET /templates/+theme+/error.php HTTP/1.1" 500 360 "-" "-"
172.200.228.115 - - [15/May/2025:04:42:35 -0400] "GET /templates/beez3/index.php HTTP/1.1" 500 360 "-" "-"
172.200.228.115 - - [15/May/2025:04:42:35 -0400] "GET /templates/beez3/error.php HTTP/1.1" 500 360 "-" "-"
172.200.228.115 - - [15/May/2025:04:42:35 -0400] "GET /templates/beez5/index.php HTTP/1.1" 500 360 "-" "-"
172.200.228.115 - - [15/May/2025:04:42:35 -0400] "GET /templates/beez5/error.php HTTP/1.1" 500 360 "-" "-"
172.200.228.115 - - [15/May/2025:04:42:35 -0400] "GET /templates/beez_20/index.php HTTP/1.1" 500 360 "-" "-"
172.200.228.115 - - [15/May/2025:04:42:35 -0400] "GET /templates/beez_20/error.php HTTP/1.1" 500 360 "-" "-"
172.200.228.115 - - [15/May/2025:04:42:35 -0400] "GET /templates/protostar/index.php HTTP/1.1" 500 360 "-" "-"
172.200.228.115 - - [15/May/2025:04:42:35 -0400] "GET /templates/protostar/error.php HTTP/1.1" 500 360 "-" "-"
172.200.228.115 - - [15/May/2025:04:42:35 -0400] "GET /templates/atomic/index.php HTTP/1.1" 500 360 "-" "-"
172.200.228.115 - - [15/May/2025:04:42:35 -0400] "GET /templates/atomic/error.php HTTP/1.1" 500 360 "-" "-"
172.200.228.115 - - [15/May/2025:04:42:36 -0400] "GET /wp-admin/network/wp-footer.php HTTP/1.1" 500 360 "-" "-"
172.200.228.115 - - [15/May/2025:04:42:36 -0400] "GET /wp-content/vuln.php HTTP/1.1" 500 360 "-" "-"
172.200.228.115 - - [15/May/2025:04:42:36 -0400] "GET /upel.php HTTP/1.1" 500 1 "-" "-"
172.200.228.115 - - [15/May/2025:04:42:36 -0400] "GET /wp-content/uploads/ HTTP/1.1" 200 3727 "-" "-"
172.200.228.115 - - [15/May/2025:04:42:36 -0400] "GET /wp-content/uploads/+year+/+month+/ HTTP/1.1" 500 360 "-" "-"
172.200.228.115 - - [15/May/2025:04:42:36 -0400] "GET /license.php HTTP/1.1" 500 360 "-" "-"
172.200.228.115 - - [15/May/2025:04:42:37 -0400] "GET /wp-content/plugins/ppus/up.php HTTP/1.1" 500 360 "-" "-"
172.200.228.115 - - [15/May/2025:04:42:37 -0400] "GET /098.php HTTP/1.1" 500 360 "-" "-"
172.200.228.115 - - [15/May/2025:04:42:37 -0400] "GET /new_license.php HTTP/1.1" 500 360 "-" "-"
