198.204.226.18 - - [16/May/2025:01:19:04 -0400] "GET /wp-content/install.php HTTP/1.1" 200 0 "http://jenniferflo.com/wp-content/install.php" "Mozilla/5.0 (Windows NT 10.0; Win64; x64) AppleWebKit/537.36 (KHTML, like Gecko) Chrome/58.0.3029.110 Safari/537.3"
198.204.226.18 - - [16/May/2025:01:19:21 -0400] "GET /wp-content/install.php HTTP/1.1" 200 10 "http://jenniferflo.com/wp-content/install.php" "Mozilla/5.0 (Windows NT 10.0; Win64; x64) AppleWebKit/537.36 (KHTML, like Gecko) Chrome/58.0.3029.110 Safari/537.3"
198.204.226.18 - - [16/May/2025:01:19:18 -0400] "GET /wp-content/install.php HTTP/1.1" 200 0 "http://jenniferflo.com/wp-content/install.php" "Mozilla/5.0 (Windows NT 10.0; Win64; x64) AppleWebKit/537.36 (KHTML, like Gecko) Chrome/58.0.3029.110 Safari/537.3"
47.238.13.14 - - [16/May/2025:01:19:59 -0400] "GET /sitemap-subkey-2510.xml HTTP/1.1" 200 100601 "-" "Mozilla/5.0 (Macintosh; Intel Mac OS X 10_15_7) AppleWebKit/537.36 (KHTML, like Gecko) Chrome/109.0.0.0 Safari/537.36"
8.210.146.98 - - [16/May/2025:01:20:10 -0400] "GET /blond/i123?pid=22201 HTTP/1.1" 500 271 "-" "Mozilla/5.0 (Macintosh; Intel Mac OS X 10_15_7) AppleWebKit/537.36 (KHTML, like Gecko) Chrome/109.0.0.0 Safari/537.36"
198.204.226.18 - - [16/May/2025:01:20:19 -0400] "GET /wp-content/install.php HTTP/1.1" 200 10 "http://jenniferflo.com/wp-content/install.php" "Mozilla/5.0 (Windows NT 10.0; Win64; x64) AppleWebKit/537.36 (KHTML, like Gecko) Chrome/58.0.3029.110 Safari/537.3"
47.238.13.3 - - [16/May/2025:01:20:36 -0400] "GET /sitemap-subkey-3099.xml HTTP/1.1" 200 99372 "-" "Mozilla/5.0 (Macintosh; Intel Mac OS X 10_15_7) AppleWebKit/537.36 (KHTML, like Gecko) Chrome/109.0.0.0 Safari/537.36"
198.204.226.18 - - [16/May/2025:01:20:57 -0400] "GET /wp-content/install.php HTTP/1.1" 200 10 "http://jenniferflo.com/wp-content/install.php" "Mozilla/5.0 (Windows NT 10.0; Win64; x64) AppleWebKit/537.36 (KHTML, like Gecko) Chrome/58.0.3029.110 Safari/537.3"
198.204.226.18 - - [16/May/2025:01:20:54 -0400] "GET /wp-content/install.php HTTP/1.1" 200 0 "http://jenniferflo.com/wp-content/install.php" "Mozilla/5.0 (Windows NT 10.0; Win64; x64) AppleWebKit/537.36 (KHTML, like Gecko) Chrome/58.0.3029.110 Safari/537.3"
47.238.13.13 - - [16/May/2025:01:21:16 -0400] "GET /warehouse/q76?pid=228 HTTP/1.1" 500 271 "-" "Mozilla/5.0 (Macintosh; Intel Mac OS X 10_15_7) AppleWebKit/537.36 (KHTML, like Gecko) Chrome/109.0.0.0 Safari/537.36"
198.204.226.18 - - [16/May/2025:01:21:20 -0400] "GET /wp-content/install.php HTTP/1.1" 200 10 "http://jenniferflo.com/wp-content/install.php" "Mozilla/5.0 (Windows NT 10.0; Win64; x64) AppleWebKit/537.36 (KHTML, like Gecko) Chrome/58.0.3029.110 Safari/537.3"
212.11.64.144 - - [16/May/2025:01:22:50 -0400] "GET //comfunctions.php HTTP/1.1" 500 271 "http://jenniferflo.com/" "Mozilla/5.0 (Windows NT 10.0; Win64; x64) AppleWebKit/537.36 (KHTML, like Gecko) Chrome/121.0.0.0 Safari/537.36"
198.204.226.18 - - [16/May/2025:01:22:58 -0400] "GET /wp-content/install.php HTTP/1.1" 200 10 "http://jenniferflo.com/wp-content/install.php" "Mozilla/5.0 (Windows NT 10.0; Win64; x64) AppleWebKit/537.36 (KHTML, like Gecko) Chrome/58.0.3029.110 Safari/537.3"
69.197.135.226 - - [16/May/2025:01:23:02 -0400] "GET /wp-includes/install.php HTTP/1.1" 200 10 "http://jenniferflo.com/wp-includes/install.php" "Mozilla/5.0 (Windows NT 10.0; Win64; x64) AppleWebKit/537.36 (KHTML, like Gecko) Chrome/58.0.3029.110 Safari/537.3"
198.204.226.18 - - [16/May/2025:01:22:55 -0400] "GET /wp-content/install.php HTTP/1.1" 200 0 "http://jenniferflo.com/wp-content/install.php" "Mozilla/5.0 (Windows NT 10.0; Win64; x64) AppleWebKit/537.36 (KHTML, like Gecko) Chrome/58.0.3029.110 Safari/537.3"
198.204.226.18 - - [16/May/2025:01:23:09 -0400] "GET /wp-content/install.php HTTP/1.1" 200 10 "http://jenniferflo.com/wp-content/install.php" "Mozilla/5.0 (Windows NT 10.0; Win64; x64) AppleWebKit/537.36 (KHTML, like Gecko) Chrome/58.0.3029.110 Safari/537.3"
198.204.226.18 - - [16/May/2025:01:23:30 -0400] "GET /wp-content/install.php HTTP/1.1" 200 10 "http://jenniferflo.com/wp-content/install.php" "Mozilla/5.0 (Windows NT 10.0; Win64; x64) AppleWebKit/537.36 (KHTML, like Gecko) Chrome/58.0.3029.110 Safari/537.3"
198.204.226.18 - - [16/May/2025:01:24:36 -0400] "GET /wp-content/install.php HTTP/1.1" 200 10 "http://jenniferflo.com/wp-content/install.php" "Mozilla/5.0 (Windows NT 10.0; Win64; x64) AppleWebKit/537.36 (KHTML, like Gecko) Chrome/58.0.3029.110 Safari/537.3"
198.204.226.18 - - [16/May/2025:01:24:32 -0400] "GET /wp-content/install.php HTTP/1.1" 200 0 "http://jenniferflo.com/wp-content/install.php" "Mozilla/5.0 (Windows NT 10.0; Win64; x64) AppleWebKit/537.36 (KHTML, like Gecko) Chrome/58.0.3029.110 Safari/537.3"
47.242.77.69 - - [16/May/2025:01:25:28 -0400] "GET /sitemap-subkey-1917.xml HTTP/1.1" 200 99790 "-" "Mozilla/5.0 (Macintosh; Intel Mac OS X 10_15_7) AppleWebKit/537.36 (KHTML, like Gecko) Chrome/109.0.0.0 Safari/537.36"
8.210.146.98 - - [16/May/2025:01:25:32 -0400] "GET /items/oyrwg190/8061?key=ghost HTTP/1.1" 500 271 "-" "Mozilla/5.0 (Macintosh; Intel Mac OS X 10_15_7) AppleWebKit/537.36 (KHTML, like Gecko) Chrome/109.0.0.0 Safari/537.36"
198.204.226.18 - - [16/May/2025:01:25:55 -0400] "GET /wp-content/install.php HTTP/1.1" 200 10 "http://jenniferflo.com/wp-content/install.php" "Mozilla/5.0 (Windows NT 10.0; Win64; x64) AppleWebKit/537.36 (KHTML, like Gecko) Chrome/58.0.3029.110 Safari/537.3"
47.238.13.10 - - [16/May/2025:01:26:14 -0400] "GET /items/gngii194/1575?key=auction HTTP/1.1" 500 270 "-" "Mozilla/5.0 (Macintosh; Intel Mac OS X 10_15_7) AppleWebKit/537.36 (KHTML, like Gecko) Chrome/109.0.0.0 Safari/537.36"
198.204.226.18 - - [16/May/2025:01:26:10 -0400] "GET /wp-content/install.php HTTP/1.1" 200 0 "http://jenniferflo.com/wp-content/install.php" "Mozilla/5.0 (Windows NT 10.0; Win64; x64) AppleWebKit/537.36 (KHTML, like Gecko) Chrome/58.0.3029.110 Safari/537.3"
212.11.64.144 - - [16/May/2025:01:26:36 -0400] "GET //dcode.c360.in/wp-content/plugins/pwnd/pwnd.php HTTP/1.1" 500 271 "http://jenniferflo.com/" "Mozilla/5.0 (Windows NT 10.0; Win64; x64) AppleWebKit/537.36 (KHTML, like Gecko) Chrome/121.0.0.0 Safari/537.36"
47.238.13.10 - - [16/May/2025:01:27:16 -0400] "GET /items/ytzgw115/37186?key=own HTTP/1.1" 500 271 "-" "Mozilla/5.0 (Macintosh; Intel Mac OS X 10_15_7) AppleWebKit/537.36 (KHTML, like Gecko) Chrome/109.0.0.0 Safari/537.36"
198.204.226.18 - - [16/May/2025:01:27:20 -0400] "GET /wp-content/install.php HTTP/1.1" 200 10 "http://jenniferflo.com/wp-content/install.php" "Mozilla/5.0 (Windows NT 10.0; Win64; x64) AppleWebKit/537.36 (KHTML, like Gecko) Chrome/58.0.3029.110 Safari/537.3"
198.204.226.18 - - [16/May/2025:01:27:55 -0400] "GET /wp-content/install.php HTTP/1.1" 200 10 "http://jenniferflo.com/wp-content/install.php" "Mozilla/5.0 (Windows NT 10.0; Win64; x64) AppleWebKit/537.36 (KHTML, like Gecko) Chrome/58.0.3029.110 Safari/537.3"
198.204.226.18 - - [16/May/2025:01:27:52 -0400] "GET /wp-content/install.php HTTP/1.1" 200 0 "http://jenniferflo.com/wp-content/install.php" "Mozilla/5.0 (Windows NT 10.0; Win64; x64) AppleWebKit/537.36 (KHTML, like Gecko) Chrome/58.0.3029.110 Safari/537.3"
198.204.226.18 - - [16/May/2025:01:28:23 -0400] "GET /wp-content/install.php HTTP/1.1" 200 10 "http://jenniferflo.com/wp-content/install.php" "Mozilla/5.0 (Windows NT 10.0; Win64; x64) AppleWebKit/537.36 (KHTML, like Gecko) Chrome/58.0.3029.110 Safari/537.3"
47.238.13.15 - - [16/May/2025:01:28:29 -0400] "GET /items/twjqg41/594?key=marine HTTP/1.1" 500 271 "-" "Mozilla/5.0 (Macintosh; Intel Mac OS X 10_15_7) AppleWebKit/537.36 (KHTML, like Gecko) Chrome/109.0.0.0 Safari/537.36"
95.108.213.160 - - [16/May/2025:01:29:24 -0400] "GET /robots.txt HTTP/1.1" 200 371 "-" "Mozilla/5.0 (compatible; YandexBot/3.0; +http://yandex.com/bots)"
95.108.213.156 - - [16/May/2025:01:29:24 -0400] "GET /?sitemapindex.xml HTTP/1.1" 200 33 "-" "Mozilla/5.0 (compatible; YandexBot/3.0; +http://yandex.com/bots)"
87.250.224.46 - - [16/May/2025:01:29:24 -0400] "GET /?sitemap995.xml HTTP/1.1" 200 33 "-" "Mozilla/5.0 (compatible; YandexBot/3.0; +http://yandex.com/bots)"
198.204.226.18 - - [16/May/2025:01:29:34 -0400] "GET /wp-content/install.php HTTP/1.1" 200 10 "http://jenniferflo.com/wp-content/install.php" "Mozilla/5.0 (Windows NT 10.0; Win64; x64) AppleWebKit/537.36 (KHTML, like Gecko) Chrome/58.0.3029.110 Safari/537.3"
198.204.226.18 - - [16/May/2025:01:29:31 -0400] "GET /wp-content/install.php HTTP/1.1" 200 0 "http://jenniferflo.com/wp-content/install.php" "Mozilla/5.0 (Windows NT 10.0; Win64; x64) AppleWebKit/537.36 (KHTML, like Gecko) Chrome/58.0.3029.110 Safari/537.3"
198.204.226.18 - - [16/May/2025:01:29:49 -0400] "GET /wp-content/install.php HTTP/1.1" 200 10 "http://jenniferflo.com/wp-content/install.php" "Mozilla/5.0 (Windows NT 10.0; Win64; x64) AppleWebKit/537.36 (KHTML, like Gecko) Chrome/58.0.3029.110 Safari/537.3"
212.11.64.144 - - [16/May/2025:01:30:22 -0400] "GET //smaxx.php HTTP/1.1" 500 271 "http://jenniferflo.com/" "Mozilla/5.0 (Windows NT 10.0; Win64; x64) AppleWebKit/537.36 (KHTML, like Gecko) Chrome/121.0.0.0 Safari/537.36"
47.238.13.4 - - [16/May/2025:01:30:58 -0400] "GET /altogether/g148?pid=29942 HTTP/1.1" 500 271 "-" "Mozilla/5.0 (Macintosh; Intel Mac OS X 10_15_7) AppleWebKit/537.36 (KHTML, like Gecko) Chrome/109.0.0.0 Safari/537.36"
8.210.8.206 - - [16/May/2025:01:31:37 -0400] "GET /sitemap-subkey-2576.xml HTTP/1.1" 200 99232 "-" "Mozilla/5.0 (Macintosh; Intel Mac OS X 10_15_7) AppleWebKit/537.36 (KHTML, like Gecko) Chrome/109.0.0.0 Safari/537.36"
198.204.226.18 - - [16/May/2025:01:32:29 -0400] "GET /wp-content/install.php HTTP/1.1" 200 10 "http://jenniferflo.com/wp-content/install.php" "Mozilla/5.0 (Windows NT 10.0; Win64; x64) AppleWebKit/537.36 (KHTML, like Gecko) Chrome/58.0.3029.110 Safari/537.3"
8.210.152.184 - - [16/May/2025:01:33:25 -0400] "GET /matter/s90?pid=37650 HTTP/1.1" 500 271 "-" "Mozilla/5.0 (Macintosh; Intel Mac OS X 10_15_7) AppleWebKit/537.36 (KHTML, like Gecko) Chrome/109.0.0.0 Safari/537.36"
8.210.108.0 - - [16/May/2025:01:33:30 -0400] "GET /search.php?098029734.htm HTTP/1.1" 200 11525 "-" "Mozilla/5.0 (Macintosh; Intel Mac OS X 10_15_7) AppleWebKit/537.36 (KHTML, like Gecko) Chrome/109.0.0.0 Safari/537.36"
198.204.226.18 - - [16/May/2025:01:33:35 -0400] "GET /wp-content/install.php HTTP/1.1" 200 10 "http://jenniferflo.com/wp-content/install.php" "Mozilla/5.0 (Windows NT 10.0; Win64; x64) AppleWebKit/537.36 (KHTML, like Gecko) Chrome/58.0.3029.110 Safari/537.3"
198.204.226.18 - - [16/May/2025:01:33:32 -0400] "GET /wp-content/install.php HTTP/1.1" 200 0 "http://jenniferflo.com/wp-content/install.php" "Mozilla/5.0 (Windows NT 10.0; Win64; x64) AppleWebKit/537.36 (KHTML, like Gecko) Chrome/58.0.3029.110 Safari/537.3"
198.204.226.18 - - [16/May/2025:01:33:49 -0400] "GET /wp-content/install.php HTTP/1.1" 200 10 "http://jenniferflo.com/wp-content/install.php" "Mozilla/5.0 (Windows NT 10.0; Win64; x64) AppleWebKit/537.36 (KHTML, like Gecko) Chrome/58.0.3029.110 Safari/537.3"
47.238.13.13 - - [16/May/2025:01:33:52 -0400] "GET /pages.php?products/281uc27186 HTTP/1.1" 200 9623 "-" "Mozilla/5.0 (Macintosh; Intel Mac OS X 10_15_7) AppleWebKit/537.36 (KHTML, like Gecko) Chrome/109.0.0.0 Safari/537.36"
212.11.64.144 - - [16/May/2025:01:34:10 -0400] "GET //wp-content/plugins/pwnd/dropdown.php HTTP/1.1" 500 271 "http://jenniferflo.com/" "Mozilla/5.0 (Windows NT 10.0; Win64; x64) AppleWebKit/537.36 (KHTML, like Gecko) Chrome/121.0.0.0 Safari/537.36"
47.238.13.9 - - [16/May/2025:01:34:48 -0400] "GET /items/tyehv44/615?key=rural HTTP/1.1" 500 271 "-" "Mozilla/5.0 (Macintosh; Intel Mac OS X 10_15_7) AppleWebKit/537.36 (KHTML, like Gecko) Chrome/109.0.0.0 Safari/537.36"
47.238.13.16 - - [16/May/2025:01:34:52 -0400] "GET /items/rhmfa80/1471?key=proper HTTP/1.1" 500 271 "-" "Mozilla/5.0 (Macintosh; Intel Mac OS X 10_15_7) AppleWebKit/537.36 (KHTML, like Gecko) Chrome/109.0.0.0 Safari/537.36"
8.210.8.206 - - [16/May/2025:01:34:53 -0400] "GET /night/z59?pid=5905 HTTP/1.1" 500 21 "-" "Mozilla/5.0 (Macintosh; Intel Mac OS X 10_15_7) AppleWebKit/537.36 (KHTML, like Gecko) Chrome/109.0.0.0 Safari/537.36"
198.204.226.18 - - [16/May/2025:01:35:14 -0400] "GET /wp-content/install.php HTTP/1.1" 200 0 "http://jenniferflo.com/wp-content/install.php" "Mozilla/5.0 (Windows NT 10.0; Win64; x64) AppleWebKit/537.36 (KHTML, like Gecko) Chrome/58.0.3029.110 Safari/537.3"
198.204.226.18 - - [16/May/2025:01:35:42 -0400] "GET /wp-content/install.php HTTP/1.1" 200 10 "http://jenniferflo.com/wp-content/install.php" "Mozilla/5.0 (Windows NT 10.0; Win64; x64) AppleWebKit/537.36 (KHTML, like Gecko) Chrome/58.0.3029.110 Safari/537.3"
47.238.13.3 - - [16/May/2025:01:35:44 -0400] "GET /items/aooac73/9176?key=bishop HTTP/1.1" 500 270 "-" "Mozilla/5.0 (Macintosh; Intel Mac OS X 10_15_7) AppleWebKit/537.36 (KHTML, like Gecko) Chrome/109.0.0.0 Safari/537.36"
198.204.226.18 - - [16/May/2025:01:35:39 -0400] "GET /wp-content/install.php HTTP/1.1" 200 0 "http://jenniferflo.com/wp-content/install.php" "Mozilla/5.0 (Windows NT 10.0; Win64; x64) AppleWebKit/537.36 (KHTML, like Gecko) Chrome/58.0.3029.110 Safari/537.3"
47.238.13.13 - - [16/May/2025:01:36:07 -0400] "GET /height/o90?pid=25942 HTTP/1.1" 500 270 "-" "Mozilla/5.0 (Macintosh; Intel Mac OS X 10_15_7) AppleWebKit/537.36 (KHTML, like Gecko) Chrome/109.0.0.0 Safari/537.36"
47.238.13.7 - - [16/May/2025:01:36:23 -0400] "GET /items/ybnes290/11781?key=milk HTTP/1.1" 500 270 "-" "Mozilla/5.0 (Macintosh; Intel Mac OS X 10_15_7) AppleWebKit/537.36 (KHTML, like Gecko) Chrome/109.0.0.0 Safari/537.36"
47.238.13.9 - - [16/May/2025:01:36:26 -0400] "GET /items/edmpl231/25742?key=OK HTTP/1.1" 500 271 "-" "Mozilla/5.0 (Macintosh; Intel Mac OS X 10_15_7) AppleWebKit/537.36 (KHTML, like Gecko) Chrome/109.0.0.0 Safari/537.36"
198.204.226.18 - - [16/May/2025:01:36:43 -0400] "GET /wp-content/install.php HTTP/1.1" 200 10 "http://jenniferflo.com/wp-content/install.php" "Mozilla/5.0 (Windows NT 10.0; Win64; x64) AppleWebKit/537.36 (KHTML, like Gecko) Chrome/58.0.3029.110 Safari/537.3"
47.238.13.2 - - [16/May/2025:01:37:01 -0400] "GET /sitemap-subkey-2651.xml HTTP/1.1" 200 100759 "-" "Mozilla/5.0 (Macintosh; Intel Mac OS X 10_15_7) AppleWebKit/537.36 (KHTML, like Gecko) Chrome/109.0.0.0 Safari/537.36"
173.208.236.138 - - [16/May/2025:01:41:38 -0400] "GET / HTTP/1.1" 200 461523 "-" "Mozilla/5.0 (compatible; Googlebot/2.1; +http://www.google.com/bot.html)"
173.208.236.138 - - [16/May/2025:01:41:40 -0400] "GET /224577644 HTTP/1.1" 200 460369 "-" "Mozilla/5.0 (compatible; Googlebot/2.1; +http://www.google.com/bot.html)"
198.204.226.18 - - [16/May/2025:01:41:42 -0400] "GET /wp-content/install.php HTTP/1.1" 200 10 "http://jenniferflo.com/wp-content/install.php" "Mozilla/5.0 (Windows NT 10.0; Win64; x64) AppleWebKit/537.36 (KHTML, like Gecko) Chrome/58.0.3029.110 Safari/537.3"
47.242.77.69 - - [16/May/2025:01:41:45 -0400] "GET /items/zbnla184/37139?key=vegetable HTTP/1.1" 500 271 "-" "Mozilla/5.0 (Macintosh; Intel Mac OS X 10_15_7) AppleWebKit/537.36 (KHTML, like Gecko) Chrome/109.0.0.0 Safari/537.36"
212.11.64.144 - - [16/May/2025:01:42:00 -0400] "GET //VN2xGKyShrW.php HTTP/1.1" 500 271 "http://jenniferflo.com/" "Mozilla/5.0 (Windows NT 10.0; Win64; x64) AppleWebKit/537.36 (KHTML, like Gecko) Chrome/121.0.0.0 Safari/537.36"
47.238.13.13 - - [16/May/2025:01:42:01 -0400] "GET /items/xysiu22/9375?key=verdict HTTP/1.1" 500 271 "-" "Mozilla/5.0 (Macintosh; Intel Mac OS X 10_15_7) AppleWebKit/537.36 (KHTML, like Gecko) Chrome/109.0.0.0 Safari/537.36"
8.210.10.143 - - [16/May/2025:01:42:22 -0400] "GET /grade/s2?pid=14324 HTTP/1.1" 500 271 "-" "Mozilla/5.0 (Macintosh; Intel Mac OS X 10_15_7) AppleWebKit/537.36 (KHTML, like Gecko) Chrome/109.0.0.0 Safari/537.36"
47.238.13.11 - - [16/May/2025:01:42:33 -0400] "GET /sitemap-subkey-2593.xml HTTP/1.1" 200 99473 "-" "Mozilla/5.0 (Macintosh; Intel Mac OS X 10_15_7) AppleWebKit/537.36 (KHTML, like Gecko) Chrome/109.0.0.0 Safari/537.36"
198.204.226.18 - - [16/May/2025:01:42:46 -0400] "GET /wp-content/install.php HTTP/1.1" 200 10 "http://jenniferflo.com/wp-content/install.php" "Mozilla/5.0 (Windows NT 10.0; Win64; x64) AppleWebKit/537.36 (KHTML, like Gecko) Chrome/58.0.3029.110 Safari/537.3"
18.204.222.234 - - [16/May/2025:01:43:04 -0400] "GET / HTTP/1.1" 500 275 "-" "Mozilla/5.0 (Windows NT 10.0; Win64; x64) AppleWebKit/537.36 (KHTML, like Gecko) Chrome/86.0.4240.75 Safari/537.36"
47.238.13.13 - - [16/May/2025:01:43:05 -0400] "GET /chill/g44?pid=170 HTTP/1.1" 500 271 "-" "Mozilla/5.0 (Macintosh; Intel Mac OS X 10_15_7) AppleWebKit/537.36 (KHTML, like Gecko) Chrome/109.0.0.0 Safari/537.36"
47.238.13.9 - - [16/May/2025:01:43:37 -0400] "GET /items/hwdyb3/37810?key=phone HTTP/1.1" 500 271 "-" "Mozilla/5.0 (Macintosh; Intel Mac OS X 10_15_7) AppleWebKit/537.36 (KHTML, like Gecko) Chrome/109.0.0.0 Safari/537.36"
47.238.13.9 - - [16/May/2025:01:44:08 -0400] "GET /sitemap-subkey-1447.xml HTTP/1.1" 200 99680 "-" "Mozilla/5.0 (Macintosh; Intel Mac OS X 10_15_7) AppleWebKit/537.36 (KHTML, like Gecko) Chrome/109.0.0.0 Safari/537.36"
198.204.226.18 - - [16/May/2025:01:44:22 -0400] "GET /wp-content/install.php HTTP/1.1" 200 10 "http://jenniferflo.com/wp-content/install.php" "Mozilla/5.0 (Windows NT 10.0; Win64; x64) AppleWebKit/537.36 (KHTML, like Gecko) Chrome/58.0.3029.110 Safari/537.3"
198.204.226.18 - - [16/May/2025:01:44:19 -0400] "GET /wp-content/install.php HTTP/1.1" 200 0 "http://jenniferflo.com/wp-content/install.php" "Mozilla/5.0 (Windows NT 10.0; Win64; x64) AppleWebKit/537.36 (KHTML, like Gecko) Chrome/58.0.3029.110 Safari/537.3"
198.204.226.18 - - [16/May/2025:01:45:32 -0400] "GET /wp-content/install.php HTTP/1.1" 200 10 "http://jenniferflo.com/wp-content/install.php" "Mozilla/5.0 (Windows NT 10.0; Win64; x64) AppleWebKit/537.36 (KHTML, like Gecko) Chrome/58.0.3029.110 Safari/537.3"
47.238.13.8 - - [16/May/2025:01:45:33 -0400] "GET /items/ydzhi86/27761?key=it HTTP/1.1" 500 270 "-" "Mozilla/5.0 (Macintosh; Intel Mac OS X 10_15_7) AppleWebKit/537.36 (KHTML, like Gecko) Chrome/109.0.0.0 Safari/537.36"
198.204.226.18 - - [16/May/2025:01:45:41 -0400] "GET /wp-content/install.php HTTP/1.1" 200 10 "http://jenniferflo.com/wp-content/install.php" "Mozilla/5.0 (Windows NT 10.0; Win64; x64) AppleWebKit/537.36 (KHTML, like Gecko) Chrome/58.0.3029.110 Safari/537.3"
198.204.226.18 - - [16/May/2025:01:37:20 -0400] "GET /wp-content/install.php HTTP/1.1" 200 10 "http://jenniferflo.com/wp-content/install.php" "Mozilla/5.0 (Windows NT 10.0; Win64; x64) AppleWebKit/537.36 (KHTML, like Gecko) Chrome/58.0.3029.110 Safari/537.3"
198.204.226.18 - - [16/May/2025:01:37:17 -0400] "GET /wp-content/install.php HTTP/1.1" 200 0 "http://jenniferflo.com/wp-content/install.php" "Mozilla/5.0 (Windows NT 10.0; Win64; x64) AppleWebKit/537.36 (KHTML, like Gecko) Chrome/58.0.3029.110 Safari/537.3"
212.11.64.144 - - [16/May/2025:01:38:02 -0400] "GET //wp-login.php?redirect_to=https%3A%2F%2Femcmilitaria.com%2Fwp-admin%2Fusers.php&reauth=1 HTTP/1.1" 500 271 "http://jenniferflo.com/" "Mozilla/5.0 (Windows NT 10.0; Win64; x64) AppleWebKit/537.36 (KHTML, like Gecko) Chrome/121.0.0.0 Safari/537.36"
198.204.226.18 - - [16/May/2025:01:38:41 -0400] "GET /wp-content/install.php HTTP/1.1" 200 10 "http://jenniferflo.com/wp-content/install.php" "Mozilla/5.0 (Windows NT 10.0; Win64; x64) AppleWebKit/537.36 (KHTML, like Gecko) Chrome/58.0.3029.110 Safari/537.3"
47.238.13.9 - - [16/May/2025:01:38:49 -0400] "GET /sitemap-subkey-2424.xml HTTP/1.1" 200 100498 "-" "Mozilla/5.0 (Macintosh; Intel Mac OS X 10_15_7) AppleWebKit/537.36 (KHTML, like Gecko) Chrome/109.0.0.0 Safari/537.36"
198.204.226.18 - - [16/May/2025:01:39:01 -0400] "GET /wp-content/install.php HTTP/1.1" 200 10 "http://jenniferflo.com/wp-content/install.php" "Mozilla/5.0 (Windows NT 10.0; Win64; x64) AppleWebKit/537.36 (KHTML, like Gecko) Chrome/58.0.3029.110 Safari/537.3"
198.204.226.18 - - [16/May/2025:01:38:58 -0400] "GET /wp-content/install.php HTTP/1.1" 200 0 "http://jenniferflo.com/wp-content/install.php" "Mozilla/5.0 (Windows NT 10.0; Win64; x64) AppleWebKit/537.36 (KHTML, like Gecko) Chrome/58.0.3029.110 Safari/537.3"
198.204.226.18 - - [16/May/2025:01:39:14 -0400] "GET /wp-content/install.php HTTP/1.1" 200 10 "http://jenniferflo.com/wp-content/install.php" "Mozilla/5.0 (Windows NT 10.0; Win64; x64) AppleWebKit/537.36 (KHTML, like Gecko) Chrome/58.0.3029.110 Safari/537.3"
47.238.13.16 - - [16/May/2025:01:40:22 -0400] "GET /constant/i39?pid=26595 HTTP/1.1" 500 271 "-" "Mozilla/5.0 (Macintosh; Intel Mac OS X 10_15_7) AppleWebKit/537.36 (KHTML, like Gecko) Chrome/109.0.0.0 Safari/537.36"
198.204.226.18 - - [16/May/2025:01:40:29 -0400] "GET /wp-content/install.php HTTP/1.1" 200 10 "http://jenniferflo.com/wp-content/install.php" "Mozilla/5.0 (Windows NT 10.0; Win64; x64) AppleWebKit/537.36 (KHTML, like Gecko) Chrome/58.0.3029.110 Safari/537.3"
198.204.226.18 - - [16/May/2025:01:40:26 -0400] "GET /wp-content/install.php HTTP/1.1" 200 0 "http://jenniferflo.com/wp-content/install.php" "Mozilla/5.0 (Windows NT 10.0; Win64; x64) AppleWebKit/537.36 (KHTML, like Gecko) Chrome/58.0.3029.110 Safari/537.3"
47.238.13.8 - - [16/May/2025:01:45:43 -0400] "GET /dough/m112?pid=22866 HTTP/1.1" 500 270 "-" "Mozilla/5.0 (Macintosh; Intel Mac OS X 10_15_7) AppleWebKit/537.36 (KHTML, like Gecko) Chrome/109.0.0.0 Safari/537.36"
212.11.64.144 - - [16/May/2025:01:45:56 -0400] "GET //wp-admin/XGL6pDZdmtk.php HTTP/1.1" 500 271 "http://jenniferflo.com/" "Mozilla/5.0 (Windows NT 10.0; Win64; x64) AppleWebKit/537.36 (KHTML, like Gecko) Chrome/121.0.0.0 Safari/537.36"
198.204.226.18 - - [16/May/2025:01:46:02 -0400] "GET /wp-content/install.php HTTP/1.1" 200 10 "http://jenniferflo.com/wp-content/install.php" "Mozilla/5.0 (Windows NT 10.0; Win64; x64) AppleWebKit/537.36 (KHTML, like Gecko) Chrome/58.0.3029.110 Safari/537.3"
198.204.226.18 - - [16/May/2025:01:45:59 -0400] "GET /wp-content/install.php HTTP/1.1" 200 0 "http://jenniferflo.com/wp-content/install.php" "Mozilla/5.0 (Windows NT 10.0; Win64; x64) AppleWebKit/537.36 (KHTML, like Gecko) Chrome/58.0.3029.110 Safari/537.3"
85.113.111.219 - - [16/May/2025:01:46:14 -0400] "GET /wp-content/index.php?x=ooo HTTP/1.1" 403 0 "-" "Python/3.11 aiohttp/3.8.4"
85.113.111.219 - - [16/May/2025:01:46:14 -0400] "GET /wp-admin/options.php HTTP/1.1" 403 0 "-" "Python/3.11 aiohttp/3.8.4"
85.113.111.219 - - [16/May/2025:01:46:18 -0400] "GET /wp-content/plugins/fix/up.php HTTP/1.1" 403 0 "-" "Python/3.11 aiohttp/3.8.4"
85.113.111.219 - - [16/May/2025:01:46:18 -0400] "GET /wp-content/themes/seotheme/db.php?u HTTP/1.1" 403 0 "-" "Python/3.11 aiohttp/3.8.4"
85.113.111.219 - - [16/May/2025:01:46:18 -0400] "GET /wp-content/themes/seotheme/mar.php/wp-admin/admin.php HTTP/1.1" 403 0 "-" "Python/3.11 aiohttp/3.8.4"
85.113.111.219 - - [16/May/2025:01:46:18 -0400] "GET /wp-admin/cpanel HTTP/1.1" 403 0 "-" "Python/3.11 aiohttp/3.8.4"
85.113.111.219 - - [16/May/2025:01:46:21 -0400] "GET /wp-admin/images HTTP/1.1" 301 795 "-" "Python/3.11 aiohttp/3.8.4"
85.113.111.219 - - [16/May/2025:01:46:21 -0400] "GET /wp-admin/images/ HTTP/1.1" 200 271 "-" "Python/3.11 aiohttp/3.8.4"
198.204.226.18 - - [16/May/2025:01:46:28 -0400] "GET /wp-content/install.php HTTP/1.1" 200 10 "http://jenniferflo.com/wp-content/install.php" "Mozilla/5.0 (Windows NT 10.0; Win64; x64) AppleWebKit/537.36 (KHTML, like Gecko) Chrome/58.0.3029.110 Safari/537.3"
69.197.184.234 - - [16/May/2025:01:46:33 -0400] "GET /wp-content/install.php HTTP/1.1" 200 10 "http://jenniferflo.com/wp-content/install.php" "Mozilla/5.0 (Windows NT 10.0; Win64; x64) AppleWebKit/537.36 (KHTML, like Gecko) Chrome/58.0.3029.110 Safari/537.3"
117.102.49.96 - - [16/May/2025:01:47:29 -0400] "GET /heh.php HTTP/1.1" 200 207 "www.google.com" "Mozlila/5.0 (Linux; Android 7.0; SM-G892A Bulid/NRD90M; wv) AppleWebKit/537.36 (KHTML, like Gecko) Version/4.0 Chrome/60.0.3112.107 Moblie Safari/537.36"
117.102.49.96 - - [16/May/2025:01:47:34 -0400] "GET /wp-content/plugins/view-more/ioxi.php HTTP/1.1" 200 205 "www.google.com" "Mozlila/5.0 (Linux; Android 7.0; SM-G892A Bulid/NRD90M; wv) AppleWebKit/537.36 (KHTML, like Gecko) Version/4.0 Chrome/60.0.3112.107 Moblie Safari/537.36"
198.204.226.18 - - [16/May/2025:01:47:40 -0400] "GET /wp-content/install.php HTTP/1.1" 200 10 "http://jenniferflo.com/wp-content/install.php" "Mozilla/5.0 (Windows NT 10.0; Win64; x64) AppleWebKit/537.36 (KHTML, like Gecko) Chrome/58.0.3029.110 Safari/537.3"
198.204.226.18 - - [16/May/2025:01:47:36 -0400] "GET /wp-content/install.php HTTP/1.1" 200 0 "http://jenniferflo.com/wp-content/install.php" "Mozilla/5.0 (Windows NT 10.0; Win64; x64) AppleWebKit/537.36 (KHTML, like Gecko) Chrome/58.0.3029.110 Safari/537.3"
117.102.49.96 - - [16/May/2025:01:47:49 -0400] "GET /wp-content/plugins/erinyani/baxa1.php HTTP/1.1" 200 205 "www.google.com" "Mozlila/5.0 (Linux; Android 7.0; SM-G892A Bulid/NRD90M; wv) AppleWebKit/537.36 (KHTML, like Gecko) Version/4.0 Chrome/60.0.3112.107 Moblie Safari/537.36"
198.204.226.18 - - [16/May/2025:01:48:05 -0400] "GET /wp-content/install.php HTTP/1.1" 200 10 "http://jenniferflo.com/wp-content/install.php" "Mozilla/5.0 (Windows NT 10.0; Win64; x64) AppleWebKit/537.36 (KHTML, like Gecko) Chrome/58.0.3029.110 Safari/537.3"
85.113.111.219 - - [16/May/2025:01:48:20 -0400] "GET /wp-admin/hacker.php HTTP/1.1" 403 0 "-" "Python/3.11 aiohttp/3.8.4"
85.113.111.219 - - [16/May/2025:01:48:25 -0400] "GET /wp-admin/hacked.php HTTP/1.1" 403 0 "-" "Python/3.11 aiohttp/3.8.4"
85.113.111.219 - - [16/May/2025:01:48:37 -0400] "GET /wp-admin/hekel.php HTTP/1.1" 403 0 "-" "Python/3.11 aiohttp/3.8.4"
47.238.13.0 - - [16/May/2025:01:48:46 -0400] "GET /sitemap-subkey-2786.xml HTTP/1.1" 200 100726 "-" "Mozilla/5.0 (Macintosh; Intel Mac OS X 10_15_7) AppleWebKit/537.36 (KHTML, like Gecko) Chrome/109.0.0.0 Safari/537.36"
198.204.226.18 - - [16/May/2025:01:49:09 -0400] "GET /wp-content/install.php HTTP/1.1" 200 10 "http://jenniferflo.com/wp-content/install.php" "Mozilla/5.0 (Windows NT 10.0; Win64; x64) AppleWebKit/537.36 (KHTML, like Gecko) Chrome/58.0.3029.110 Safari/537.3"
198.204.226.18 - - [16/May/2025:01:49:06 -0400] "GET /wp-content/install.php HTTP/1.1" 200 0 "http://jenniferflo.com/wp-content/install.php" "Mozilla/5.0 (Windows NT 10.0; Win64; x64) AppleWebKit/537.36 (KHTML, like Gecko) Chrome/58.0.3029.110 Safari/537.3"
198.204.226.18 - - [16/May/2025:01:49:24 -0400] "GET /wp-content/install.php HTTP/1.1" 200 10 "http://jenniferflo.com/wp-content/install.php" "Mozilla/5.0 (Windows NT 10.0; Win64; x64) AppleWebKit/537.36 (KHTML, like Gecko) Chrome/58.0.3029.110 Safari/537.3"
85.113.111.219 - - [16/May/2025:01:49:37 -0400] "GET /wp-admin/heker.php HTTP/1.1" 403 0 "-" "Python/3.11 aiohttp/3.8.4"
198.204.226.18 - - [16/May/2025:01:49:37 -0400] "GET /wp-content/install.php HTTP/1.1" 200 10 "http://jenniferflo.com/wp-content/install.php" "Mozilla/5.0 (Windows NT 10.0; Win64; x64) AppleWebKit/537.36 (KHTML, like Gecko) Chrome/58.0.3029.110 Safari/537.3"
116.212.130.157 - - [16/May/2025:01:49:39 -0400] "GET /file.php HTTP/1.1" 500 271 "-" "Mozilla/5.0 (Windows NT 10.0; Win64; x64) AppleWebKit/537.36 (KHTML, like Gecko) Chrome/85.0.4183.102 Safari/537.36"
116.212.130.157 - - [16/May/2025:01:49:39 -0400] "GET / HTTP/1.1" 500 271 "-" "Mozilla/5.0 (Windows NT 10.0; Win64; x64) AppleWebKit/537.36 (KHTML, like Gecko) Chrome/85.0.4183.102 Safari/537.36"
47.238.13.13 - - [16/May/2025:01:49:44 -0400] "GET /sitemap-subkey-3093.xml HTTP/1.1" 200 100284 "-" "Mozilla/5.0 (Macintosh; Intel Mac OS X 10_15_7) AppleWebKit/537.36 (KHTML, like Gecko) Chrome/109.0.0.0 Safari/537.36"
198.204.226.18 - - [16/May/2025:01:49:46 -0400] "GET /wp-content/install.php HTTP/1.1" 200 10 "http://jenniferflo.com/wp-content/install.php" "Mozilla/5.0 (Windows NT 10.0; Win64; x64) AppleWebKit/537.36 (KHTML, like Gecko) Chrome/58.0.3029.110 Safari/537.3"
212.11.64.144 - - [16/May/2025:01:49:52 -0400] "GET //wordpress/wp-includes/ID3/user-load.php HTTP/1.1" 500 271 "http://jenniferflo.com/" "Mozilla/5.0 (Windows NT 10.0; Win64; x64) AppleWebKit/537.36 (KHTML, like Gecko) Chrome/121.0.0.0 Safari/537.36"
85.113.111.219 - - [16/May/2025:01:49:55 -0400] "GET /wp-admin/sea.php HTTP/1.1" 403 0 "-" "Python/3.11 aiohttp/3.8.4"
85.113.111.219 - - [16/May/2025:01:49:56 -0400] "GET /wp-admin/web.php HTTP/1.1" 403 0 "-" "Python/3.11 aiohttp/3.8.4"
85.113.111.219 - - [16/May/2025:01:49:56 -0400] "GET /wp-admin/root.php HTTP/1.1" 403 0 "-" "Python/3.11 aiohttp/3.8.4"
85.113.111.219 - - [16/May/2025:01:49:56 -0400] "GET /wp-admin/r00t.php HTTP/1.1" 403 0 "-" "Python/3.11 aiohttp/3.8.4"
85.113.111.219 - - [16/May/2025:01:50:10 -0400] "GET /wp-admin/idx.php HTTP/1.1" 403 0 "-" "Python/3.11 aiohttp/3.8.4"
85.113.111.219 - - [16/May/2025:01:50:11 -0400] "GET /wp-admin/indoxploit.php HTTP/1.1" 403 0 "-" "Python/3.11 aiohttp/3.8.4"
85.113.111.219 - - [16/May/2025:01:50:11 -0400] "GET /wp-admin/wp-config.php HTTP/1.1" 403 0 "-" "Python/3.11 aiohttp/3.8.4"
85.113.111.219 - - [16/May/2025:01:50:16 -0400] "GET /wp-admin/wp.php HTTP/1.1" 403 0 "-" "Python/3.11 aiohttp/3.8.4"
85.113.111.219 - - [16/May/2025:01:50:16 -0400] "GET /wp-content/fw.php HTTP/1.1" 403 0 "-" "Python/3.11 aiohttp/3.8.4"
85.113.111.219 - - [16/May/2025:01:50:17 -0400] "GET /1xleet.php HTTP/1.1" 403 0 "-" "Python/3.11 aiohttp/3.8.4"
85.113.111.219 - - [16/May/2025:01:50:17 -0400] "GET /wp-content/shell.php HTTP/1.1" 403 0 "-" "Python/3.11 aiohttp/3.8.4"
85.113.111.219 - - [16/May/2025:01:50:42 -0400] "GET /wp-admin/1.php HTTP/1.1" 403 0 "-" "Python/3.11 aiohttp/3.8.4"
85.113.111.219 - - [16/May/2025:01:51:04 -0400] "GET /wp-admin/2.php HTTP/1.1" 403 0 "-" "Python/3.11 aiohttp/3.8.4"
85.113.111.219 - - [16/May/2025:01:51:04 -0400] "GET /wp-admin/3.php HTTP/1.1" 403 0 "-" "Python/3.11 aiohttp/3.8.4"
85.113.111.219 - - [16/May/2025:01:51:05 -0400] "GET /wp-admin/4.php HTTP/1.1" 403 0 "-" "Python/3.11 aiohttp/3.8.4"
85.113.111.219 - - [16/May/2025:01:51:06 -0400] "GET /wp-admin/5.php HTTP/1.1" 403 0 "-" "Python/3.11 aiohttp/3.8.4"
85.113.111.219 - - [16/May/2025:01:51:06 -0400] "GET /wp-admin/6.php HTTP/1.1" 403 0 "-" "Python/3.11 aiohttp/3.8.4"
117.102.49.96 - - [16/May/2025:01:51:06 -0400] "GET /wp-content/plugins/masterstudy-lms-learning-management-system/readme.txt HTTP/1.1" 403 0 "-" "python-requests/2.32.3"
198.204.226.18 - - [16/May/2025:01:51:07 -0400] "GET /wp-content/install.php HTTP/1.1" 200 10 "http://jenniferflo.com/wp-content/install.php" "Mozilla/5.0 (Windows NT 10.0; Win64; x64) AppleWebKit/537.36 (KHTML, like Gecko) Chrome/58.0.3029.110 Safari/537.3"
198.204.226.18 - - [16/May/2025:01:51:02 -0400] "GET /wp-content/install.php HTTP/1.1" 200 0 "http://jenniferflo.com/wp-content/install.php" "Mozilla/5.0 (Windows NT 10.0; Win64; x64) AppleWebKit/537.36 (KHTML, like Gecko) Chrome/58.0.3029.110 Safari/537.3"
47.238.13.13 - - [16/May/2025:01:52:08 -0400] "GET /sitemap-subkey-1155.xml HTTP/1.1" 200 100863 "-" "Mozilla/5.0 (Macintosh; Intel Mac OS X 10_15_7) AppleWebKit/537.36 (KHTML, like Gecko) Chrome/109.0.0.0 Safari/537.36"
47.238.13.9 - - [16/May/2025:01:52:35 -0400] "GET /pages.php?product/C30?k=search&l=244 HTTP/1.1" 200 10474 "-" "Mozilla/5.0 (Macintosh; Intel Mac OS X 10_15_7) AppleWebKit/537.36 (KHTML, like Gecko) Chrome/109.0.0.0 Safari/537.36"
198.204.226.18 - - [16/May/2025:01:52:49 -0400] "GET /wp-content/install.php HTTP/1.1" 200 10 "http://jenniferflo.com/wp-content/install.php" "Mozilla/5.0 (Windows NT 10.0; Win64; x64) AppleWebKit/537.36 (KHTML, like Gecko) Chrome/58.0.3029.110 Safari/537.3"
198.204.226.18 - - [16/May/2025:01:52:46 -0400] "GET /wp-content/install.php HTTP/1.1" 200 0 "http://jenniferflo.com/wp-content/install.php" "Mozilla/5.0 (Windows NT 10.0; Win64; x64) AppleWebKit/537.36 (KHTML, like Gecko) Chrome/58.0.3029.110 Safari/537.3"
8.210.10.143 - - [16/May/2025:01:53:07 -0400] "GET /items/ivfba5/750?key=fever HTTP/1.1" 500 270 "-" "Mozilla/5.0 (Macintosh; Intel Mac OS X 10_15_7) AppleWebKit/537.36 (KHTML, like Gecko) Chrome/109.0.0.0 Safari/537.36"
198.204.226.18 - - [16/May/2025:01:53:09 -0400] "GET /wp-content/install.php HTTP/1.1" 200 10 "http://jenniferflo.com/wp-content/install.php" "Mozilla/5.0 (Windows NT 10.0; Win64; x64) AppleWebKit/537.36 (KHTML, like Gecko) Chrome/58.0.3029.110 Safari/537.3"
47.242.77.69 - - [16/May/2025:01:53:43 -0400] "GET /items/qmqwy14/119?key=during HTTP/1.1" 500 271 "-" "Mozilla/5.0 (Macintosh; Intel Mac OS X 10_15_7) AppleWebKit/537.36 (KHTML, like Gecko) Chrome/109.0.0.0 Safari/537.36"
212.11.64.144 - - [16/May/2025:01:53:49 -0400] "GET //wp-content/uploads/2023/WSO.php HTTP/1.1" 500 271 "http://jenniferflo.com/" "Mozilla/5.0 (Windows NT 10.0; Win64; x64) AppleWebKit/537.36 (KHTML, like Gecko) Chrome/121.0.0.0 Safari/537.36"
47.238.13.9 - - [16/May/2025:01:53:48 -0400] "GET /sitemap-subkey-1090.xml HTTP/1.1" 200 99636 "-" "Mozilla/5.0 (Macintosh; Intel Mac OS X 10_15_7) AppleWebKit/537.36 (KHTML, like Gecko) Chrome/109.0.0.0 Safari/537.36"
198.204.226.18 - - [16/May/2025:01:54:21 -0400] "GET /wp-content/install.php HTTP/1.1" 200 10 "http://jenniferflo.com/wp-content/install.php" "Mozilla/5.0 (Windows NT 10.0; Win64; x64) AppleWebKit/537.36 (KHTML, like Gecko) Chrome/58.0.3029.110 Safari/537.3"
198.204.226.18 - - [16/May/2025:01:54:24 -0400] "GET /wp-content/install.php HTTP/1.1" 200 10 "http://jenniferflo.com/wp-content/install.php" "Mozilla/5.0 (Windows NT 10.0; Win64; x64) AppleWebKit/537.36 (KHTML, like Gecko) Chrome/58.0.3029.110 Safari/537.3"
198.204.226.18 - - [16/May/2025:01:54:17 -0400] "GET /wp-content/install.php HTTP/1.1" 200 0 "http://jenniferflo.com/wp-content/install.php" "Mozilla/5.0 (Windows NT 10.0; Win64; x64) AppleWebKit/537.36 (KHTML, like Gecko) Chrome/58.0.3029.110 Safari/537.3"
198.204.226.18 - - [16/May/2025:01:55:00 -0400] "GET /wp-content/install.php HTTP/1.1" 200 10 "http://jenniferflo.com/wp-content/install.php" "Mozilla/5.0 (Windows NT 10.0; Win64; x64) AppleWebKit/537.36 (KHTML, like Gecko) Chrome/58.0.3029.110 Safari/537.3"
198.204.226.18 - - [16/May/2025:01:56:02 -0400] "GET /wp-content/install.php HTTP/1.1" 200 10 "http://jenniferflo.com/wp-content/install.php" "Mozilla/5.0 (Windows NT 10.0; Win64; x64) AppleWebKit/537.36 (KHTML, like Gecko) Chrome/58.0.3029.110 Safari/537.3"
34.83.238.29 - - [16/May/2025:01:56:08 -0400] "GET /index.php/outsmarting-poison-ivy-and-other-poisonous-plants/ HTTP/1.1" 500 198 "-" "Mozilla/5.0 (Macintosh; Intel Mac OS X 10_15_7) AppleWebKit/605.1.15 (KHTML, like Gecko) Version/17.0 Safari/605.1.15"
198.204.226.18 - - [16/May/2025:01:55:59 -0400] "GET /wp-content/install.php HTTP/1.1" 200 0 "http://jenniferflo.com/wp-content/install.php" "Mozilla/5.0 (Windows NT 10.0; Win64; x64) AppleWebKit/537.36 (KHTML, like Gecko) Chrome/58.0.3029.110 Safari/537.3"
198.204.226.18 - - [16/May/2025:01:56:21 -0400] "GET /wp-content/install.php HTTP/1.1" 200 10 "http://jenniferflo.com/wp-content/install.php" "Mozilla/5.0 (Windows NT 10.0; Win64; x64) AppleWebKit/537.36 (KHTML, like Gecko) Chrome/58.0.3029.110 Safari/537.3"
51.195.201.11 - - [16/May/2025:01:56:28 -0400] "GET /wp-includes/widgets/readme.txt HTTP/1.1" 500 271 "-" "Mozilla/5.0 (Windows NT 10.0; Win64; x64) AppleWebKit/537.36 (KHTML, like Gecko) Chrome/133.0.0.0 Safari/537.36 Edg/131.0.2903.86"
198.204.226.18 - - [16/May/2025:01:56:18 -0400] "GET /wp-content/install.php HTTP/1.1" 200 0 "http://jenniferflo.com/wp-content/install.php" "Mozilla/5.0 (Windows NT 10.0; Win64; x64) AppleWebKit/537.36 (KHTML, like Gecko) Chrome/58.0.3029.110 Safari/537.3"
117.102.49.96 - - [16/May/2025:01:56:35 -0400] "POST /wp-content/plugins/backup-backup/includes/backup-heart.php HTTP/1.1" 500 198 "-" "Mozilla/5.0 (Windows NT 10.0; Win64; x64) AppleWebKit/537.36 (KHTML, like Gecko) Chrome/90.0.4430.85 Safari/537.36"
117.102.49.96 - - [16/May/2025:01:56:35 -0400] "POST /wp-content/plugins/backup-backup/includes/backup-heart.php HTTP/1.1" 500 198 "-" "Mozilla/5.0 (Windows NT 10.0; Win64; x64) AppleWebKit/537.36 (KHTML, like Gecko) Chrome/90.0.4430.85 Safari/537.36"
45.95.169.104 - - [16/May/2025:01:57:13 -0400] "GET /wp-includes/widgets/readme.txt HTTP/1.1" 500 271 "-" "Mozilla/5.0 (Windows NT 6.3; Trident/7.0; rv:11.0) like Gecko"
51.195.201.11 - - [16/May/2025:01:57:19 -0400] "GET /wp-includes/widgets/readme.txt HTTP/1.1" 500 200 "-" "Mozilla/5.0 (Windows NT 6.3; Trident/7.0; rv:11.0) like Gecko"
51.195.201.11 - - [16/May/2025:01:57:41 -0400] "HEAD / HTTP/1.1" 500 0 "-" "Mozilla/5.0 (Windows NT 6.3; Trident/7.0; rv:11.0) like Gecko"
212.11.64.144 - - [16/May/2025:01:57:43 -0400] "GET //P1JdhSnE6qe.php HTTP/1.1" 500 271 "http://jenniferflo.com/" "Mozilla/5.0 (Windows NT 10.0; Win64; x64) AppleWebKit/537.36 (KHTML, like Gecko) Chrome/121.0.0.0 Safari/537.36"
198.204.226.18 - - [16/May/2025:01:57:57 -0400] "GET /wp-content/install.php HTTP/1.1" 200 10 "http://jenniferflo.com/wp-content/install.php" "Mozilla/5.0 (Windows NT 10.0; Win64; x64) AppleWebKit/537.36 (KHTML, like Gecko) Chrome/58.0.3029.110 Safari/537.3"
198.204.226.18 - - [16/May/2025:01:57:48 -0400] "GET /wp-content/install.php HTTP/1.1" 200 0 "http://jenniferflo.com/wp-content/install.php" "Mozilla/5.0 (Windows NT 10.0; Win64; x64) AppleWebKit/537.36 (KHTML, like Gecko) Chrome/58.0.3029.110 Safari/537.3"
85.113.111.219 - - [16/May/2025:01:58:28 -0400] "GET /wp-content/index.php?x=ooo HTTP/1.1" 403 0 "-" "Python/3.11 aiohttp/3.8.4"
85.113.111.219 - - [16/May/2025:01:58:45 -0400] "GET /wp-admin/options.php HTTP/1.1" 403 0 "-" "Python/3.11 aiohttp/3.8.4"
47.238.13.16 - - [16/May/2025:01:58:47 -0400] "GET /body/f253?pid=47255 HTTP/1.1" 500 271 "-" "Mozilla/5.0 (Macintosh; Intel Mac OS X 10_15_7) AppleWebKit/537.36 (KHTML, like Gecko) Chrome/109.0.0.0 Safari/537.36"
198.204.226.18 - - [16/May/2025:01:59:03 -0400] "GET /wp-content/install.php HTTP/1.1" 200 10 "http://jenniferflo.com/wp-content/install.php" "Mozilla/5.0 (Windows NT 10.0; Win64; x64) AppleWebKit/537.36 (KHTML, like Gecko) Chrome/58.0.3029.110 Safari/537.3"
85.113.111.219 - - [16/May/2025:01:59:20 -0400] "GET /wp-content/plugins/fix/up.php HTTP/1.1" 403 0 "-" "Python/3.11 aiohttp/3.8.4"
198.204.226.18 - - [16/May/2025:01:59:27 -0400] "GET /wp-content/install.php HTTP/1.1" 200 10 "http://jenniferflo.com/wp-content/install.php" "Mozilla/5.0 (Windows NT 10.0; Win64; x64) AppleWebKit/537.36 (KHTML, like Gecko) Chrome/58.0.3029.110 Safari/537.3"
198.204.226.18 - - [16/May/2025:01:59:24 -0400] "GET /wp-content/install.php HTTP/1.1" 200 0 "http://jenniferflo.com/wp-content/install.php" "Mozilla/5.0 (Windows NT 10.0; Win64; x64) AppleWebKit/537.36 (KHTML, like Gecko) Chrome/58.0.3029.110 Safari/537.3"
198.204.226.18 - - [16/May/2025:01:59:43 -0400] "GET /wp-content/install.php HTTP/1.1" 200 10 "http://jenniferflo.com/wp-content/install.php" "Mozilla/5.0 (Windows NT 10.0; Win64; x64) AppleWebKit/537.36 (KHTML, like Gecko) Chrome/58.0.3029.110 Safari/537.3"
85.113.111.219 - - [16/May/2025:02:00:16 -0400] "GET /wp-content/themes/seotheme/db.php?u HTTP/1.1" 403 0 "-" "Python/3.11 aiohttp/3.8.4"
109.123.238.236 - - [16/May/2025:02:00:33 -0400] "GET /sftp-config.json HTTP/1.1" 500 271 "-" "Mozilla/5.0 (Macintosh; Intel Mac OS X 10.15; rv:77.0) Gecko/20100101 Firefox/77.0"
109.123.238.236 - - [16/May/2025:02:00:33 -0400] "GET /.vscode/sftp.json HTTP/1.1" 500 21 "-" "Mozilla/5.0 (Macintosh; Intel Mac OS X 10.15; rv:77.0) Gecko/20100101 Firefox/77.0"
85.113.111.219 - - [16/May/2025:02:00:39 -0400] "GET /wp-content/themes/seotheme/mar.php/wp-admin/admin.php HTTP/1.1" 403 0 "-" "Python/3.11 aiohttp/3.8.4"
198.204.226.18 - - [16/May/2025:02:00:41 -0400] "GET /wp-content/install.php HTTP/1.1" 200 10 "http://jenniferflo.com/wp-content/install.php" "Mozilla/5.0 (Windows NT 10.0; Win64; x64) AppleWebKit/537.36 (KHTML, like Gecko) Chrome/58.0.3029.110 Safari/537.3"
66.249.64.104 - - [16/May/2025:02:01:08 -0400] "GET /sitemap-hot-2980710.xml HTTP/1.1" 200 83838 "-" "Mozilla/5.0 (compatible; Googlebot/2.1; +http://www.google.com/bot.html)"
198.204.226.18 - - [16/May/2025:02:01:03 -0400] "GET /wp-content/install.php HTTP/1.1" 200 0 "http://jenniferflo.com/wp-content/install.php" "Mozilla/5.0 (Windows NT 10.0; Win64; x64) AppleWebKit/537.36 (KHTML, like Gecko) Chrome/58.0.3029.110 Safari/537.3"
180.248.27.241 - - [16/May/2025:02:01:37 -0400] "GET /wp-includes/widgets/ HTTP/1.1" 200 42924 "-" "-"
180.248.27.241 - - [16/May/2025:02:01:37 -0400] "GET /wp-includes/widgets/ HTTP/1.1" 200 42924 "-" "-"
180.248.27.241 - - [16/May/2025:02:01:37 -0400] "GET /wp-includes/widgets/ HTTP/1.1" 200 42924 "-" "-"
212.11.64.144 - - [16/May/2025:02:01:38 -0400] "GET //.well-known/pki-validation/fun.php HTTP/1.1" 500 271 "http://jenniferflo.com/" "Mozilla/5.0 (Windows NT 10.0; Win64; x64) AppleWebKit/537.36 (KHTML, like Gecko) Chrome/121.0.0.0 Safari/537.36"
180.248.27.241 - - [16/May/2025:02:01:38 -0400] "GET /wp-includes/widgets/ HTTP/1.1" 200 42924 "-" "-"
180.248.27.241 - - [16/May/2025:02:01:38 -0400] "POST /wp-includes/widgets/ HTTP/1.1" 200 42924 "-" "-"
180.248.27.241 - - [16/May/2025:02:01:39 -0400] "GET /wp-includes/widgets/ HTTP/1.1" 200 42924 "-" "-"
180.248.27.241 - - [16/May/2025:02:01:39 -0400] "GET /wp-includes/widgets/ HTTP/1.1" 200 42567 "-" "-"
180.248.27.241 - - [16/May/2025:02:01:38 -0400] "POST /wp-includes/widgets/ HTTP/1.1" 200 42567 "-" "-"
180.248.27.241 - - [16/May/2025:02:01:38 -0400] "POST /wp-includes/widgets/ HTTP/1.1" 200 42924 "-" "-"
180.248.27.241 - - [16/May/2025:02:01:38 -0400] "POST /wp-includes/widgets/ HTTP/1.1" 200 42924 "-" "-"
180.248.27.241 - - [16/May/2025:02:01:39 -0400] "POST /wp-includes/widgets/ HTTP/1.1" 200 42924 "-" "-"
180.248.27.241 - - [16/May/2025:02:01:39 -0400] "POST /wp-includes/widgets/ HTTP/1.1" 200 42924 "-" "-"
180.248.27.241 - - [16/May/2025:02:01:39 -0400] "GET /wp-includes/widgets/ HTTP/1.1" 200 42924 "-" "-"
85.113.111.219 - - [16/May/2025:02:01:40 -0400] "GET /wp-admin/cpanel HTTP/1.1" 403 0 "-" "Python/3.11 aiohttp/3.8.4"
180.248.27.241 - - [16/May/2025:02:01:40 -0400] "GET /wp-includes/widgets/ HTTP/1.1" 200 42924 "-" "-"
180.248.27.241 - - [16/May/2025:02:01:40 -0400] "GET /wp-includes/widgets/ HTTP/1.1" 200 42924 "-" "-"
180.248.27.241 - - [16/May/2025:02:01:40 -0400] "POST /wp-includes/widgets/ HTTP/1.1" 200 42567 "-" "-"
85.113.111.219 - - [16/May/2025:02:01:40 -0400] "GET /wp-admin/images HTTP/1.1" 301 795 "-" "Python/3.11 aiohttp/3.8.4"
180.248.27.241 - - [16/May/2025:02:01:40 -0400] "GET /wp-includes/widgets/ HTTP/1.1" 200 42924 "-" "-"
180.248.27.241 - - [16/May/2025:02:01:40 -0400] "POST /wp-includes/widgets/ HTTP/1.1" 200 42924 "-" "-"
180.248.27.241 - - [16/May/2025:02:01:40 -0400] "POST /wp-includes/widgets/ HTTP/1.1" 200 42924 "-" "-"
180.248.27.241 - - [16/May/2025:02:01:40 -0400] "GET /wp-includes/widgets/ HTTP/1.1" 200 42924 "-" "-"
180.248.27.241 - - [16/May/2025:02:01:40 -0400] "GET /wp-includes/widgets/ HTTP/1.1" 200 42924 "-" "-"
180.248.27.241 - - [16/May/2025:02:01:40 -0400] "GET /wp-includes/widgets/ HTTP/1.1" 200 42924 "-" "-"
180.248.27.241 - - [16/May/2025:02:01:40 -0400] "POST /wp-includes/widgets/ HTTP/1.1" 200 42924 "-" "-"
180.248.27.241 - - [16/May/2025:02:01:40 -0400] "POST /wp-includes/widgets/ HTTP/1.1" 200 42924 "-" "-"
180.248.27.241 - - [16/May/2025:02:01:40 -0400] "POST /wp-includes/widgets/ HTTP/1.1" 200 42924 "-" "-"
180.248.27.241 - - [16/May/2025:02:01:40 -0400] "POST /wp-includes/widgets/ HTTP/1.1" 200 42924 "-" "-"
85.113.111.219 - - [16/May/2025:02:01:43 -0400] "GET /wp-admin/images/ HTTP/1.1" 200 271 "-" "Python/3.11 aiohttp/3.8.4"
198.204.226.18 - - [16/May/2025:02:01:44 -0400] "GET /wp-content/install.php HTTP/1.1" 200 10 "http://jenniferflo.com/wp-content/install.php" "Mozilla/5.0 (Windows NT 10.0; Win64; x64) AppleWebKit/537.36 (KHTML, like Gecko) Chrome/58.0.3029.110 Safari/537.3"
85.113.111.219 - - [16/May/2025:02:01:46 -0400] "GET /wp-admin/hacker.php HTTP/1.1" 403 0 "-" "Python/3.11 aiohttp/3.8.4"
47.238.13.18 - - [16/May/2025:02:01:46 -0400] "GET /items/emysy282/18739?key=fierce HTTP/1.1" 500 271 "-" "Mozilla/5.0 (Macintosh; Intel Mac OS X 10_15_7) AppleWebKit/537.36 (KHTML, like Gecko) Chrome/109.0.0.0 Safari/537.36"
85.113.111.219 - - [16/May/2025:02:01:46 -0400] "GET /wp-admin/hacked.php HTTP/1.1" 403 0 "-" "Python/3.11 aiohttp/3.8.4"
85.113.111.219 - - [16/May/2025:02:01:47 -0400] "GET /wp-admin/hekel.php HTTP/1.1" 403 0 "-" "Python/3.11 aiohttp/3.8.4"
198.204.226.18 - - [16/May/2025:02:01:41 -0400] "GET /wp-content/install.php HTTP/1.1" 200 0 "http://jenniferflo.com/wp-content/install.php" "Mozilla/5.0 (Windows NT 10.0; Win64; x64) AppleWebKit/537.36 (KHTML, like Gecko) Chrome/58.0.3029.110 Safari/537.3"
85.113.111.219 - - [16/May/2025:02:02:01 -0400] "GET /wp-admin/heker.php HTTP/1.1" 403 0 "-" "Python/3.11 aiohttp/3.8.4"
85.113.111.219 - - [16/May/2025:02:02:02 -0400] "GET /wp-admin/sea.php HTTP/1.1" 403 0 "-" "Python/3.11 aiohttp/3.8.4"
85.113.111.219 - - [16/May/2025:02:02:05 -0400] "GET /wp-admin/web.php HTTP/1.1" 403 0 "-" "Python/3.11 aiohttp/3.8.4"
117.102.49.96 - - [16/May/2025:02:02:11 -0400] "GET /chosen.php?p= HTTP/1.1" 500 271 "-" "Mozlila/5.0 (Linux; Android 7.0; SM-G892A Bulid/NRD90M; wv) AppleWebKit/537.36 (KHTML, like Gecko) Version/4.0 Chrome/60.0.3112.107 Moblie Safari/537.36"
198.204.226.18 - - [16/May/2025:02:02:17 -0400] "GET /wp-content/install.php HTTP/1.1" 200 10 "http://jenniferflo.com/wp-content/install.php" "Mozilla/5.0 (Windows NT 10.0; Win64; x64) AppleWebKit/537.36 (KHTML, like Gecko) Chrome/58.0.3029.110 Safari/537.3"
85.113.111.219 - - [16/May/2025:02:02:19 -0400] "GET /wp-admin/root.php HTTP/1.1" 403 0 "-" "Python/3.11 aiohttp/3.8.4"
85.113.111.219 - - [16/May/2025:02:02:33 -0400] "GET /wp-admin/r00t.php HTTP/1.1" 403 0 "-" "Python/3.11 aiohttp/3.8.4"
85.113.111.219 - - [16/May/2025:02:03:00 -0400] "GET /wp-admin/idx.php HTTP/1.1" 403 0 "-" "Python/3.11 aiohttp/3.8.4"
85.113.111.219 - - [16/May/2025:02:03:01 -0400] "GET /wp-admin/indoxploit.php HTTP/1.1" 403 0 "-" "Python/3.11 aiohttp/3.8.4"
85.113.111.219 - - [16/May/2025:02:03:05 -0400] "GET /wp-admin/wp-config.php HTTP/1.1" 403 0 "-" "Python/3.11 aiohttp/3.8.4"
85.113.111.219 - - [16/May/2025:02:03:05 -0400] "GET /wp-admin/wp.php HTTP/1.1" 403 0 "-" "Python/3.11 aiohttp/3.8.4"
85.113.111.219 - - [16/May/2025:02:03:06 -0400] "GET /wp-content/fw.php HTTP/1.1" 403 0 "-" "Python/3.11 aiohttp/3.8.4"
85.113.111.219 - - [16/May/2025:02:03:10 -0400] "GET /1xleet.php HTTP/1.1" 403 0 "-" "Python/3.11 aiohttp/3.8.4"
85.113.111.219 - - [16/May/2025:02:03:10 -0400] "GET /wp-content/shell.php HTTP/1.1" 403 0 "-" "Python/3.11 aiohttp/3.8.4"
85.113.111.219 - - [16/May/2025:02:03:11 -0400] "GET /wp-admin/1.php HTTP/1.1" 403 0 "-" "Python/3.11 aiohttp/3.8.4"
198.204.226.18 - - [16/May/2025:02:03:15 -0400] "GET /wp-content/install.php HTTP/1.1" 200 10 "http://jenniferflo.com/wp-content/install.php" "Mozilla/5.0 (Windows NT 10.0; Win64; x64) AppleWebKit/537.36 (KHTML, like Gecko) Chrome/58.0.3029.110 Safari/537.3"
198.204.226.18 - - [16/May/2025:02:03:11 -0400] "GET /wp-content/install.php HTTP/1.1" 200 0 "http://jenniferflo.com/wp-content/install.php" "Mozilla/5.0 (Windows NT 10.0; Win64; x64) AppleWebKit/537.36 (KHTML, like Gecko) Chrome/58.0.3029.110 Safari/537.3"
85.113.111.219 - - [16/May/2025:02:04:12 -0400] "GET /wp-admin/2.php HTTP/1.1" 403 0 "-" "Python/3.11 aiohttp/3.8.4"
85.113.111.219 - - [16/May/2025:02:04:12 -0400] "GET /wp-admin/3.php HTTP/1.1" 403 0 "-" "Python/3.11 aiohttp/3.8.4"
47.238.13.10 - - [16/May/2025:02:04:23 -0400] "GET /items/zbfvm37/1378?key=odds HTTP/1.1" 500 21 "-" "Mozilla/5.0 (Macintosh; Intel Mac OS X 10_15_7) AppleWebKit/537.36 (KHTML, like Gecko) Chrome/109.0.0.0 Safari/537.36"
83.219.248.170 - - [16/May/2025:02:04:33 -0400] "GET /wp-content/plugins/give/readme.txt HTTP/1.1" 403 1242 "-" "Mozilla/5.0 (Macintosh; Intel Mac OS X 10_10_1) AppleWebKit/537.36 (KHTML, like Gecko) Chrome/49.0.2632.59 Safari/537.36"
85.113.111.219 - - [16/May/2025:02:04:34 -0400] "GET /wp-admin/4.php HTTP/1.1" 403 0 "-" "Python/3.11 aiohttp/3.8.4"
85.113.111.219 - - [16/May/2025:02:04:34 -0400] "GET /wp-admin/5.php HTTP/1.1" 403 0 "-" "Python/3.11 aiohttp/3.8.4"
85.113.111.219 - - [16/May/2025:02:04:35 -0400] "GET /wp-admin/6.php HTTP/1.1" 403 0 "-" "Python/3.11 aiohttp/3.8.4"
83.219.248.170 - - [16/May/2025:02:04:37 -0400] "GET /wp-json/wp/v2/give_forms/ HTTP/1.1" 500 21 "http://jenniferflo.com/wp-content/plugins/give/readme.txt" "Mozilla/5.0 (Macintosh; Intel Mac OS X 10_10_1) AppleWebKit/537.36 (KHTML, like Gecko) Chrome/49.0.2632.59 Safari/537.36"
83.219.248.170 - - [16/May/2025:02:04:38 -0400] "POST /wp-admin/admin-ajax.php HTTP/1.1" 500 21 "http://jenniferflo.com/wp-json/wp/v2/give_forms/" "Mozilla/5.0 (Macintosh; Intel Mac OS X 10_10_1) AppleWebKit/537.36 (KHTML, like Gecko) Chrome/49.0.2632.59 Safari/537.36"
85.113.111.219 - - [16/May/2025:02:04:58 -0400] "GET /wp-admin/7.php HTTP/1.1" 403 0 "-" "Python/3.11 aiohttp/3.8.4"
85.113.111.219 - - [16/May/2025:02:04:58 -0400] "GET /wp-admin/8.php HTTP/1.1" 403 0 "-" "Python/3.11 aiohttp/3.8.4"
85.113.111.219 - - [16/May/2025:02:04:58 -0400] "GET /wp-admin/9.php HTTP/1.1" 403 0 "-" "Python/3.11 aiohttp/3.8.4"
85.113.111.219 - - [16/May/2025:02:05:00 -0400] "GET /wp-admin/10.php HTTP/1.1" 403 0 "-" "Python/3.11 aiohttp/3.8.4"
85.113.111.219 - - [16/May/2025:02:05:00 -0400] "GET /wp-admin/11.php HTTP/1.1" 403 0 "-" "Python/3.11 aiohttp/3.8.4"
85.113.111.219 - - [16/May/2025:02:05:00 -0400] "GET /wp-admin/12.php HTTP/1.1" 403 0 "-" "Python/3.11 aiohttp/3.8.4"
85.113.111.219 - - [16/May/2025:02:05:01 -0400] "GET /wp-admin/13.php HTTP/1.1" 403 0 "-" "Python/3.11 aiohttp/3.8.4"
85.113.111.219 - - [16/May/2025:02:05:01 -0400] "GET /wp-admin/14.php HTTP/1.1" 403 0 "-" "Python/3.11 aiohttp/3.8.4"
85.113.111.219 - - [16/May/2025:02:05:20 -0400] "GET /wp-admin/15.php HTTP/1.1" 403 0 "-" "Python/3.11 aiohttp/3.8.4"
