198.204.226.18 - - [15/May/2025:00:05:02 -0400] "GET /wp-content/install.php HTTP/1.1" 200 10 "http://jenniferflo.com/wp-content/install.php" "Mozilla/5.0 (Windows NT 10.0; Win64; x64) AppleWebKit/537.36 (KHTML, like Gecko) Chrome/58.0.3029.110 Safari/537.3"
198.204.226.18 - - [15/May/2025:00:05:17 -0400] "GET /wp-content/install.php HTTP/1.1" 200 10 "http://jenniferflo.com/wp-content/install.php" "Mozilla/5.0 (Windows NT 10.0; Win64; x64) AppleWebKit/537.36 (KHTML, like Gecko) Chrome/58.0.3029.110 Safari/537.3"
47.238.13.9 - - [15/May/2025:00:05:16 -0400] "GET /sitemap-subkey-2070.xml HTTP/1.1" 200 100935 "-" "Mozilla/5.0 (Macintosh; Intel Mac OS X 10_15_7) AppleWebKit/537.36 (KHTML, like Gecko) Chrome/109.0.0.0 Safari/537.36"
47.238.13.11 - - [15/May/2025:00:05:18 -0400] "GET /sitemap-subkey-502.xml HTTP/1.1" 200 100153 "-" "Mozilla/5.0 (Macintosh; Intel Mac OS X 10_15_7) AppleWebKit/537.36 (KHTML, like Gecko) Chrome/109.0.0.0 Safari/537.36"
198.204.226.18 - - [15/May/2025:00:05:28 -0400] "GET /wp-content/install.php HTTP/1.1" 200 0 "http://jenniferflo.com/wp-content/install.php" "Mozilla/5.0 (Windows NT 10.0; Win64; x64) AppleWebKit/537.36 (KHTML, like Gecko) Chrome/58.0.3029.110 Safari/537.3"
198.204.226.18 - - [15/May/2025:00:05:51 -0400] "GET /wp-content/install.php HTTP/1.1" 200 10 "http://jenniferflo.com/wp-content/install.php" "Mozilla/5.0 (Windows NT 10.0; Win64; x64) AppleWebKit/537.36 (KHTML, like Gecko) Chrome/58.0.3029.110 Safari/537.3"
198.204.226.18 - - [15/May/2025:00:05:48 -0400] "GET /wp-content/install.php HTTP/1.1" 200 0 "http://jenniferflo.com/wp-content/install.php" "Mozilla/5.0 (Windows NT 10.0; Win64; x64) AppleWebKit/537.36 (KHTML, like Gecko) Chrome/58.0.3029.110 Safari/537.3"
47.238.13.17 - - [15/May/2025:00:06:56 -0400] "GET /enroll/b20?pid=38 HTTP/1.1" 500 271 "-" "Mozilla/5.0 (Macintosh; Intel Mac OS X 10_15_7) AppleWebKit/537.36 (KHTML, like Gecko) Chrome/109.0.0.0 Safari/537.36"
198.204.226.18 - - [15/May/2025:00:06:57 -0400] "GET /wp-content/install.php HTTP/1.1" 200 10 "http://jenniferflo.com/wp-content/install.php" "Mozilla/5.0 (Windows NT 10.0; Win64; x64) AppleWebKit/537.36 (KHTML, like Gecko) Chrome/58.0.3029.110 Safari/537.3"
47.238.13.17 - - [15/May/2025:00:06:57 -0400] "GET /sitemap-subkey-1155.xml HTTP/1.1" 200 100219 "-" "Mozilla/5.0 (Macintosh; Intel Mac OS X 10_15_7) AppleWebKit/537.36 (KHTML, like Gecko) Chrome/109.0.0.0 Safari/537.36"
198.204.226.18 - - [15/May/2025:00:06:54 -0400] "GET /wp-content/install.php HTTP/1.1" 200 0 "http://jenniferflo.com/wp-content/install.php" "Mozilla/5.0 (Windows NT 10.0; Win64; x64) AppleWebKit/537.36 (KHTML, like Gecko) Chrome/58.0.3029.110 Safari/537.3"
212.11.64.144 - - [15/May/2025:00:07:06 -0400] "GET //wp-admin/images/ikCIOfJMk.php HTTP/1.1" 500 271 "http://jenniferflo.com/" "Mozilla/5.0 (Windows NT 10.0; Win64; x64) AppleWebKit/537.36 (KHTML, like Gecko) Chrome/121.0.0.0 Safari/537.36"
198.204.226.18 - - [15/May/2025:00:07:17 -0400] "GET /wp-content/install.php HTTP/1.1" 200 10 "http://jenniferflo.com/wp-content/install.php" "Mozilla/5.0 (Windows NT 10.0; Win64; x64) AppleWebKit/537.36 (KHTML, like Gecko) Chrome/58.0.3029.110 Safari/537.3"
198.204.226.18 - - [15/May/2025:00:07:14 -0400] "GET /wp-content/install.php HTTP/1.1" 200 0 "http://jenniferflo.com/wp-content/install.php" "Mozilla/5.0 (Windows NT 10.0; Win64; x64) AppleWebKit/537.36 (KHTML, like Gecko) Chrome/58.0.3029.110 Safari/537.3"
198.204.226.18 - - [15/May/2025:00:07:31 -0400] "GET /wp-content/install.php HTTP/1.1" 200 10 "http://jenniferflo.com/wp-content/install.php" "Mozilla/5.0 (Windows NT 10.0; Win64; x64) AppleWebKit/537.36 (KHTML, like Gecko) Chrome/58.0.3029.110 Safari/537.3"
198.204.226.18 - - [15/May/2025:00:07:28 -0400] "GET /wp-content/install.php HTTP/1.1" 200 0 "http://jenniferflo.com/wp-content/install.php" "Mozilla/5.0 (Windows NT 10.0; Win64; x64) AppleWebKit/537.36 (KHTML, like Gecko) Chrome/58.0.3029.110 Safari/537.3"
47.238.13.11 - - [15/May/2025:00:08:29 -0400] "GET /realistic/r74?pid=194 HTTP/1.1" 500 271 "-" "Mozilla/5.0 (Macintosh; Intel Mac OS X 10_15_7) AppleWebKit/537.36 (KHTML, like Gecko) Chrome/109.0.0.0 Safari/537.36"
198.204.226.18 - - [15/May/2025:00:08:32 -0400] "GET /wp-content/install.php HTTP/1.1" 200 10 "http://jenniferflo.com/wp-content/install.php" "Mozilla/5.0 (Windows NT 10.0; Win64; x64) AppleWebKit/537.36 (KHTML, like Gecko) Chrome/58.0.3029.110 Safari/537.3"
66.249.70.98 - - [15/May/2025:00:08:34 -0400] "GET /?_g=20178691 HTTP/1.1" 200 81524 "-" "Mozilla/5.0 (Linux; Android 6.0.1; Nexus 5X Build/MMB29P) AppleWebKit/537.36 (KHTML, like Gecko) Chrome/136.0.7103.59 Mobile Safari/537.36 (compatible; Googlebot/2.1; +http://www.google.com/bot.html)"
198.204.226.18 - - [15/May/2025:00:08:29 -0400] "GET /wp-content/install.php HTTP/1.1" 200 0 "http://jenniferflo.com/wp-content/install.php" "Mozilla/5.0 (Windows NT 10.0; Win64; x64) AppleWebKit/537.36 (KHTML, like Gecko) Chrome/58.0.3029.110 Safari/537.3"
47.238.13.14 - - [15/May/2025:00:08:49 -0400] "GET /items/xvzbz40/12861?key=growing HTTP/1.1" 500 271 "-" "Mozilla/5.0 (Macintosh; Intel Mac OS X 10_15_7) AppleWebKit/537.36 (KHTML, like Gecko) Chrome/109.0.0.0 Safari/537.36"
180.248.27.241 - - [15/May/2025:00:09:09 -0400] "GET /.env HTTP/1.1" 500 271 "-" "Mozilla/5.0 (X11; Linux x86_64) AppleWebKit/537.36 (KHTML, like Gecko) Chrome/81.0.4044.129 Safari/537.36"
180.248.27.241 - - [15/May/2025:00:09:24 -0400] "POST / HTTP/1.1" 500 271 "-" "Mozilla/5.0 (X11; Linux x86_64) AppleWebKit/537.36 (KHTML, like Gecko) Chrome/81.0.4044.129 Safari/537.36"
47.238.13.12 - - [15/May/2025:00:09:37 -0400] "GET /target/v74?pid=7298 HTTP/1.1" 500 271 "-" "Mozilla/5.0 (Macintosh; Intel Mac OS X 10_15_7) AppleWebKit/537.36 (KHTML, like Gecko) Chrome/109.0.0.0 Safari/537.36"
8.210.218.201 - - [15/May/2025:00:09:59 -0400] "GET /sitemap-subkey-2444.xml HTTP/1.1" 200 99938 "-" "Mozilla/5.0 (Macintosh; Intel Mac OS X 10_15_7) AppleWebKit/537.36 (KHTML, like Gecko) Chrome/109.0.0.0 Safari/537.36"
198.204.226.18 - - [15/May/2025:00:10:38 -0400] "GET /wp-content/install.php HTTP/1.1" 200 0 "http://jenniferflo.com/wp-content/install.php" "Mozilla/5.0 (Windows NT 10.0; Win64; x64) AppleWebKit/537.36 (KHTML, like Gecko) Chrome/58.0.3029.110 Safari/537.3"
198.204.226.18 - - [15/May/2025:00:10:54 -0400] "GET /wp-content/install.php HTTP/1.1" 200 10 "http://jenniferflo.com/wp-content/install.php" "Mozilla/5.0 (Windows NT 10.0; Win64; x64) AppleWebKit/537.36 (KHTML, like Gecko) Chrome/58.0.3029.110 Safari/537.3"
212.11.64.144 - - [15/May/2025:00:10:56 -0400] "GET //wp-content/plugins/ern/sidwso.php HTTP/1.1" 500 271 "http://jenniferflo.com/" "Mozilla/5.0 (Windows NT 10.0; Win64; x64) AppleWebKit/537.36 (KHTML, like Gecko) Chrome/121.0.0.0 Safari/537.36"
198.204.226.18 - - [15/May/2025:00:11:08 -0400] "GET /wp-content/install.php HTTP/1.1" 200 10 "http://jenniferflo.com/wp-content/install.php" "Mozilla/5.0 (Windows NT 10.0; Win64; x64) AppleWebKit/537.36 (KHTML, like Gecko) Chrome/58.0.3029.110 Safari/537.3"
198.204.226.18 - - [15/May/2025:00:11:40 -0400] "GET /wp-content/install.php HTTP/1.1" 200 10 "http://jenniferflo.com/wp-content/install.php" "Mozilla/5.0 (Windows NT 10.0; Win64; x64) AppleWebKit/537.36 (KHTML, like Gecko) Chrome/58.0.3029.110 Safari/537.3"
198.204.226.18 - - [15/May/2025:00:11:56 -0400] "GET /wp-content/install.php HTTP/1.1" 200 10 "http://jenniferflo.com/wp-content/install.php" "Mozilla/5.0 (Windows NT 10.0; Win64; x64) AppleWebKit/537.36 (KHTML, like Gecko) Chrome/58.0.3029.110 Safari/537.3"
47.238.13.12 - - [15/May/2025:00:12:10 -0400] "GET /items/zagon9/2592?key=sudden HTTP/1.1" 500 271 "-" "Mozilla/5.0 (Macintosh; Intel Mac OS X 10_15_7) AppleWebKit/537.36 (KHTML, like Gecko) Chrome/109.0.0.0 Safari/537.36"
198.204.226.18 - - [15/May/2025:00:12:18 -0400] "GET /wp-content/install.php HTTP/1.1" 200 10 "http://jenniferflo.com/wp-content/install.php" "Mozilla/5.0 (Windows NT 10.0; Win64; x64) AppleWebKit/537.36 (KHTML, like Gecko) Chrome/58.0.3029.110 Safari/537.3"
198.204.226.18 - - [15/May/2025:00:12:15 -0400] "GET /wp-content/install.php HTTP/1.1" 200 0 "http://jenniferflo.com/wp-content/install.php" "Mozilla/5.0 (Windows NT 10.0; Win64; x64) AppleWebKit/537.36 (KHTML, like Gecko) Chrome/58.0.3029.110 Safari/537.3"
47.238.13.3 - - [15/May/2025:00:13:03 -0400] "GET /sitemap-subkey-703.xml HTTP/1.1" 200 99609 "-" "Mozilla/5.0 (Macintosh; Intel Mac OS X 10_15_7) AppleWebKit/537.36 (KHTML, like Gecko) Chrome/109.0.0.0 Safari/537.36"
198.204.226.18 - - [15/May/2025:00:13:28 -0400] "GET /wp-content/install.php HTTP/1.1" 200 10 "http://jenniferflo.com/wp-content/install.php" "Mozilla/5.0 (Windows NT 10.0; Win64; x64) AppleWebKit/537.36 (KHTML, like Gecko) Chrome/58.0.3029.110 Safari/537.3"
198.204.226.18 - - [15/May/2025:00:13:35 -0400] "GET /wp-content/install.php HTTP/1.1" 200 10 "http://jenniferflo.com/wp-content/install.php" "Mozilla/5.0 (Windows NT 10.0; Win64; x64) AppleWebKit/537.36 (KHTML, like Gecko) Chrome/58.0.3029.110 Safari/537.3"
198.204.226.18 - - [15/May/2025:00:13:58 -0400] "GET /wp-content/install.php HTTP/1.1" 200 10 "http://jenniferflo.com/wp-content/install.php" "Mozilla/5.0 (Windows NT 10.0; Win64; x64) AppleWebKit/537.36 (KHTML, like Gecko) Chrome/58.0.3029.110 Safari/537.3"
198.204.226.18 - - [15/May/2025:00:13:55 -0400] "GET /wp-content/install.php HTTP/1.1" 200 0 "http://jenniferflo.com/wp-content/install.php" "Mozilla/5.0 (Windows NT 10.0; Win64; x64) AppleWebKit/537.36 (KHTML, like Gecko) Chrome/58.0.3029.110 Safari/537.3"
198.204.226.18 - - [15/May/2025:00:14:11 -0400] "GET /wp-content/install.php HTTP/1.1" 200 10 "http://jenniferflo.com/wp-content/install.php" "Mozilla/5.0 (Windows NT 10.0; Win64; x64) AppleWebKit/537.36 (KHTML, like Gecko) Chrome/58.0.3029.110 Safari/537.3"
198.204.226.18 - - [15/May/2025:00:14:08 -0400] "GET /wp-content/install.php HTTP/1.1" 200 0 "http://jenniferflo.com/wp-content/install.php" "Mozilla/5.0 (Windows NT 10.0; Win64; x64) AppleWebKit/537.36 (KHTML, like Gecko) Chrome/58.0.3029.110 Safari/537.3"
198.204.226.18 - - [15/May/2025:00:14:29 -0400] "GET /wp-content/install.php HTTP/1.1" 200 10 "http://jenniferflo.com/wp-content/install.php" "Mozilla/5.0 (Windows NT 10.0; Win64; x64) AppleWebKit/537.36 (KHTML, like Gecko) Chrome/58.0.3029.110 Safari/537.3"
212.11.64.144 - - [15/May/2025:00:14:46 -0400] "GET //wp-admin/css/colors/blue/blkdgnys.php HTTP/1.1" 500 271 "http://jenniferflo.com/" "Mozilla/5.0 (Windows NT 10.0; Win64; x64) AppleWebKit/537.36 (KHTML, like Gecko) Chrome/121.0.0.0 Safari/537.36"
198.204.226.18 - - [15/May/2025:00:14:56 -0400] "GET /wp-content/install.php HTTP/1.1" 200 10 "http://jenniferflo.com/wp-content/install.php" "Mozilla/5.0 (Windows NT 10.0; Win64; x64) AppleWebKit/537.36 (KHTML, like Gecko) Chrome/58.0.3029.110 Safari/537.3"
8.210.8.206 - - [15/May/2025:00:15:02 -0400] "GET /items/rigtc32/881?key=appointment HTTP/1.1" 500 271 "-" "Mozilla/5.0 (Macintosh; Intel Mac OS X 10_15_7) AppleWebKit/537.36 (KHTML, like Gecko) Chrome/109.0.0.0 Safari/537.36"
198.204.226.18 - - [15/May/2025:00:15:48 -0400] "GET /wp-content/install.php HTTP/1.1" 200 10 "http://jenniferflo.com/wp-content/install.php" "Mozilla/5.0 (Windows NT 10.0; Win64; x64) AppleWebKit/537.36 (KHTML, like Gecko) Chrome/58.0.3029.110 Safari/537.3"
198.204.226.18 - - [15/May/2025:00:15:45 -0400] "GET /wp-content/install.php HTTP/1.1" 200 0 "http://jenniferflo.com/wp-content/install.php" "Mozilla/5.0 (Windows NT 10.0; Win64; x64) AppleWebKit/537.36 (KHTML, like Gecko) Chrome/58.0.3029.110 Safari/537.3"
198.204.226.18 - - [15/May/2025:00:16:03 -0400] "GET /wp-content/install.php HTTP/1.1" 200 10 "http://jenniferflo.com/wp-content/install.php" "Mozilla/5.0 (Windows NT 10.0; Win64; x64) AppleWebKit/537.36 (KHTML, like Gecko) Chrome/58.0.3029.110 Safari/537.3"
8.210.230.104 - - [15/May/2025:00:16:06 -0400] "GET /category/2545_3188_5451_5452/1/listing HTTP/1.1" 500 271 "-" "Mozilla/5.0 (Macintosh; Intel Mac OS X 10_15_7) AppleWebKit/537.36 (KHTML, like Gecko) Chrome/109.0.0.0 Safari/537.36"
198.204.226.18 - - [15/May/2025:00:17:02 -0400] "GET /wp-content/install.php HTTP/1.1" 200 10 "http://jenniferflo.com/wp-content/install.php" "Mozilla/5.0 (Windows NT 10.0; Win64; x64) AppleWebKit/537.36 (KHTML, like Gecko) Chrome/58.0.3029.110 Safari/537.3"
198.204.226.18 - - [15/May/2025:00:18:09 -0400] "GET /wp-content/install.php HTTP/1.1" 200 10 "http://jenniferflo.com/wp-content/install.php" "Mozilla/5.0 (Windows NT 10.0; Win64; x64) AppleWebKit/537.36 (KHTML, like Gecko) Chrome/58.0.3029.110 Safari/537.3"
47.238.13.14 - - [15/May/2025:00:18:10 -0400] "GET /sitemap-subkey-1202.xml HTTP/1.1" 200 99704 "-" "Mozilla/5.0 (Macintosh; Intel Mac OS X 10_15_7) AppleWebKit/537.36 (KHTML, like Gecko) Chrome/109.0.0.0 Safari/537.36"
198.204.226.18 - - [15/May/2025:00:18:06 -0400] "GET /wp-content/install.php HTTP/1.1" 200 0 "http://jenniferflo.com/wp-content/install.php" "Mozilla/5.0 (Windows NT 10.0; Win64; x64) AppleWebKit/537.36 (KHTML, like Gecko) Chrome/58.0.3029.110 Safari/537.3"
47.238.13.3 - - [15/May/2025:00:18:23 -0400] "GET /sitemap-subkey-1472.xml HTTP/1.1" 200 99860 "-" "Mozilla/5.0 (Macintosh; Intel Mac OS X 10_15_7) AppleWebKit/537.36 (KHTML, like Gecko) Chrome/109.0.0.0 Safari/537.36"
212.11.64.144 - - [15/May/2025:00:18:34 -0400] "GET //wp-admin/css/colors/ocean/css.php HTTP/1.1" 500 271 "http://jenniferflo.com/" "Mozilla/5.0 (Windows NT 10.0; Win64; x64) AppleWebKit/537.36 (KHTML, like Gecko) Chrome/121.0.0.0 Safari/537.36"
198.204.226.18 - - [15/May/2025:00:19:09 -0400] "GET /wp-content/install.php HTTP/1.1" 200 10 "http://jenniferflo.com/wp-content/install.php" "Mozilla/5.0 (Windows NT 10.0; Win64; x64) AppleWebKit/537.36 (KHTML, like Gecko) Chrome/58.0.3029.110 Safari/537.3"
198.204.226.18 - - [15/May/2025:00:20:40 -0400] "GET /wp-content/install.php HTTP/1.1" 200 10 "http://jenniferflo.com/wp-content/install.php" "Mozilla/5.0 (Windows NT 10.0; Win64; x64) AppleWebKit/537.36 (KHTML, like Gecko) Chrome/58.0.3029.110 Safari/537.3"
198.204.226.18 - - [15/May/2025:00:20:36 -0400] "GET /wp-content/install.php HTTP/1.1" 200 0 "http://jenniferflo.com/wp-content/install.php" "Mozilla/5.0 (Windows NT 10.0; Win64; x64) AppleWebKit/537.36 (KHTML, like Gecko) Chrome/58.0.3029.110 Safari/537.3"
8.210.152.184 - - [15/May/2025:00:20:58 -0400] "GET /productivity/q13?pid=615 HTTP/1.1" 500 271 "-" "Mozilla/5.0 (Macintosh; Intel Mac OS X 10_15_7) AppleWebKit/537.36 (KHTML, like Gecko) Chrome/109.0.0.0 Safari/537.36"
47.238.13.17 - - [15/May/2025:00:21:16 -0400] "GET /search.php?items/151029324.html?srsltid=AfmBOocsirCjhCUNwAPy9WRjVbBohOSqhh1A4MoKECspjidAAhEU HTTP/1.1" 200 13178 "-" "Mozilla/5.0 (Macintosh; Intel Mac OS X 10_15_7) AppleWebKit/537.36 (KHTML, like Gecko) Chrome/109.0.0.0 Safari/537.36"
198.204.226.18 - - [15/May/2025:00:21:39 -0400] "GET /wp-content/install.php HTTP/1.1" 200 10 "http://jenniferflo.com/wp-content/install.php" "Mozilla/5.0 (Windows NT 10.0; Win64; x64) AppleWebKit/537.36 (KHTML, like Gecko) Chrome/58.0.3029.110 Safari/537.3"
198.204.226.18 - - [15/May/2025:00:21:51 -0400] "GET /wp-content/install.php HTTP/1.1" 200 10 "http://jenniferflo.com/wp-content/install.php" "Mozilla/5.0 (Windows NT 10.0; Win64; x64) AppleWebKit/537.36 (KHTML, like Gecko) Chrome/58.0.3029.110 Safari/537.3"
198.204.226.18 - - [15/May/2025:00:22:01 -0400] "GET /wp-content/install.php HTTP/1.1" 200 10 "http://jenniferflo.com/wp-content/install.php" "Mozilla/5.0 (Windows NT 10.0; Win64; x64) AppleWebKit/537.36 (KHTML, like Gecko) Chrome/58.0.3029.110 Safari/537.3"
198.204.226.18 - - [15/May/2025:00:22:19 -0400] "GET /wp-content/install.php HTTP/1.1" 200 10 "http://jenniferflo.com/wp-content/install.php" "Mozilla/5.0 (Windows NT 10.0; Win64; x64) AppleWebKit/537.36 (KHTML, like Gecko) Chrome/58.0.3029.110 Safari/537.3"
198.204.226.18 - - [15/May/2025:00:22:16 -0400] "GET /wp-content/install.php HTTP/1.1" 200 0 "http://jenniferflo.com/wp-content/install.php" "Mozilla/5.0 (Windows NT 10.0; Win64; x64) AppleWebKit/537.36 (KHTML, like Gecko) Chrome/58.0.3029.110 Safari/537.3"
212.11.64.144 - - [15/May/2025:00:22:27 -0400] "GET //wp-includes/PHPMailer/wp-login.php HTTP/1.1" 500 271 "http://jenniferflo.com/" "Mozilla/5.0 (Windows NT 10.0; Win64; x64) AppleWebKit/537.36 (KHTML, like Gecko) Chrome/121.0.0.0 Safari/537.36"
47.238.13.7 - - [15/May/2025:00:22:32 -0400] "GET /point/m74?pid=7332 HTTP/1.1" 500 271 "-" "Mozilla/5.0 (Macintosh; Intel Mac OS X 10_15_7) AppleWebKit/537.36 (KHTML, like Gecko) Chrome/109.0.0.0 Safari/537.36"
198.204.226.18 - - [15/May/2025:00:22:43 -0400] "GET /wp-content/install.php HTTP/1.1" 200 10 "http://jenniferflo.com/wp-content/install.php" "Mozilla/5.0 (Windows NT 10.0; Win64; x64) AppleWebKit/537.36 (KHTML, like Gecko) Chrome/58.0.3029.110 Safari/537.3"
198.204.226.18 - - [15/May/2025:00:22:40 -0400] "GET /wp-content/install.php HTTP/1.1" 200 0 "http://jenniferflo.com/wp-content/install.php" "Mozilla/5.0 (Windows NT 10.0; Win64; x64) AppleWebKit/537.36 (KHTML, like Gecko) Chrome/58.0.3029.110 Safari/537.3"
198.204.226.18 - - [15/May/2025:00:22:55 -0400] "GET /wp-content/install.php HTTP/1.1" 200 10 "http://jenniferflo.com/wp-content/install.php" "Mozilla/5.0 (Windows NT 10.0; Win64; x64) AppleWebKit/537.36 (KHTML, like Gecko) Chrome/58.0.3029.110 Safari/537.3"
204.12.252.98 - - [15/May/2025:00:24:16 -0400] "GET /wp-includes/install.php HTTP/1.1" 200 10 "http://jenniferflo.com/wp-includes/install.php" "Mozilla/5.0 (Windows NT 10.0; Win64; x64) AppleWebKit/537.36 (KHTML, like Gecko) Chrome/58.0.3029.110 Safari/537.3"
198.204.226.18 - - [15/May/2025:00:24:23 -0400] "GET /wp-content/install.php HTTP/1.1" 200 10 "http://jenniferflo.com/wp-content/install.php" "Mozilla/5.0 (Windows NT 10.0; Win64; x64) AppleWebKit/537.36 (KHTML, like Gecko) Chrome/58.0.3029.110 Safari/537.3"
8.210.218.201 - - [15/May/2025:00:24:29 -0400] "GET /sitemap-subkey-2128.xml HTTP/1.1" 200 100062 "-" "Mozilla/5.0 (Macintosh; Intel Mac OS X 10_15_7) AppleWebKit/537.36 (KHTML, like Gecko) Chrome/109.0.0.0 Safari/537.36"
198.204.226.18 - - [15/May/2025:00:24:20 -0400] "GET /wp-content/install.php HTTP/1.1" 200 0 "http://jenniferflo.com/wp-content/install.php" "Mozilla/5.0 (Windows NT 10.0; Win64; x64) AppleWebKit/537.36 (KHTML, like Gecko) Chrome/58.0.3029.110 Safari/537.3"
198.204.226.18 - - [15/May/2025:00:24:32 -0400] "GET /wp-content/install.php HTTP/1.1" 200 10 "http://jenniferflo.com/wp-content/install.php" "Mozilla/5.0 (Windows NT 10.0; Win64; x64) AppleWebKit/537.36 (KHTML, like Gecko) Chrome/58.0.3029.110 Safari/537.3"
47.238.14.12 - - [15/May/2025:00:24:34 -0400] "GET /items/ignaw41/23478?key=west HTTP/1.1" 500 271 "-" "Mozilla/5.0 (Macintosh; Intel Mac OS X 10_15_7) AppleWebKit/537.36 (KHTML, like Gecko) Chrome/109.0.0.0 Safari/537.36"
198.204.226.18 - - [15/May/2025:00:25:36 -0400] "GET /wp-content/install.php HTTP/1.1" 200 10 "http://jenniferflo.com/wp-content/install.php" "Mozilla/5.0 (Windows NT 10.0; Win64; x64) AppleWebKit/537.36 (KHTML, like Gecko) Chrome/58.0.3029.110 Safari/537.3"
198.204.226.18 - - [15/May/2025:00:26:04 -0400] "GET /wp-content/install.php HTTP/1.1" 200 0 "http://jenniferflo.com/wp-content/install.php" "Mozilla/5.0 (Windows NT 10.0; Win64; x64) AppleWebKit/537.36 (KHTML, like Gecko) Chrome/58.0.3029.110 Safari/537.3"
212.11.64.144 - - [15/May/2025:00:26:25 -0400] "GET //wp-admin/css/colors/blue/LA.php HTTP/1.1" 500 271 "http://jenniferflo.com/" "Mozilla/5.0 (Windows NT 10.0; Win64; x64) AppleWebKit/537.36 (KHTML, like Gecko) Chrome/121.0.0.0 Safari/537.36"
198.204.226.18 - - [15/May/2025:00:26:44 -0400] "GET /wp-content/install.php HTTP/1.1" 200 10 "http://jenniferflo.com/wp-content/install.php" "Mozilla/5.0 (Windows NT 10.0; Win64; x64) AppleWebKit/537.36 (KHTML, like Gecko) Chrome/58.0.3029.110 Safari/537.3"
8.210.146.98 - - [15/May/2025:00:27:40 -0400] "GET /notion/v61?pid=225 HTTP/1.1" 500 271 "-" "Mozilla/5.0 (Macintosh; Intel Mac OS X 10_15_7) AppleWebKit/537.36 (KHTML, like Gecko) Chrome/109.0.0.0 Safari/537.36"
198.204.226.18 - - [15/May/2025:00:27:44 -0400] "GET /wp-content/install.php HTTP/1.1" 200 10 "http://jenniferflo.com/wp-content/install.php" "Mozilla/5.0 (Windows NT 10.0; Win64; x64) AppleWebKit/537.36 (KHTML, like Gecko) Chrome/58.0.3029.110 Safari/537.3"
198.204.226.18 - - [15/May/2025:00:29:04 -0400] "GET /wp-content/install.php HTTP/1.1" 200 10 "http://jenniferflo.com/wp-content/install.php" "Mozilla/5.0 (Windows NT 10.0; Win64; x64) AppleWebKit/537.36 (KHTML, like Gecko) Chrome/58.0.3029.110 Safari/537.3"
198.204.226.18 - - [15/May/2025:00:29:00 -0400] "GET /wp-content/install.php HTTP/1.1" 200 0 "http://jenniferflo.com/wp-content/install.php" "Mozilla/5.0 (Windows NT 10.0; Win64; x64) AppleWebKit/537.36 (KHTML, like Gecko) Chrome/58.0.3029.110 Safari/537.3"
198.204.226.18 - - [15/May/2025:00:29:24 -0400] "GET /wp-content/install.php HTTP/1.1" 200 10 "http://jenniferflo.com/wp-content/install.php" "Mozilla/5.0 (Windows NT 10.0; Win64; x64) AppleWebKit/537.36 (KHTML, like Gecko) Chrome/58.0.3029.110 Safari/537.3"
198.204.226.18 - - [15/May/2025:00:29:44 -0400] "GET /wp-content/install.php HTTP/1.1" 200 10 "http://jenniferflo.com/wp-content/install.php" "Mozilla/5.0 (Windows NT 10.0; Win64; x64) AppleWebKit/537.36 (KHTML, like Gecko) Chrome/58.0.3029.110 Safari/537.3"
66.249.64.110 - - [15/May/2025:00:29:48 -0400] "GET /sitemap-hot-2972710.xml HTTP/1.1" 200 81554 "-" "Mozilla/5.0 (compatible; Googlebot/2.1; +http://www.google.com/bot.html)"
198.204.226.18 - - [15/May/2025:00:30:06 -0400] "GET /wp-content/install.php HTTP/1.1" 200 10 "http://jenniferflo.com/wp-content/install.php" "Mozilla/5.0 (Windows NT 10.0; Win64; x64) AppleWebKit/537.36 (KHTML, like Gecko) Chrome/58.0.3029.110 Safari/537.3"
47.243.178.179 - - [15/May/2025:00:30:14 -0400] "GET /product/q77?pid=15219 HTTP/1.1" 500 271 "-" "Mozilla/5.0 (Macintosh; Intel Mac OS X 10_15_7) AppleWebKit/537.36 (KHTML, like Gecko) Chrome/109.0.0.0 Safari/537.36"
47.238.13.13 - - [15/May/2025:00:30:19 -0400] "GET /items/htplv176/9093?key=contest HTTP/1.1" 500 271 "-" "Mozilla/5.0 (Macintosh; Intel Mac OS X 10_15_7) AppleWebKit/537.36 (KHTML, like Gecko) Chrome/109.0.0.0 Safari/537.36"
212.11.64.144 - - [15/May/2025:00:30:24 -0400] "GET //wp-includes/wp-widgets.php HTTP/1.1" 500 271 "http://jenniferflo.com/" "Mozilla/5.0 (Windows NT 10.0; Win64; x64) AppleWebKit/537.36 (KHTML, like Gecko) Chrome/121.0.0.0 Safari/537.36"
198.204.226.18 - - [15/May/2025:00:30:25 -0400] "GET /wp-content/install.php HTTP/1.1" 200 10 "http://jenniferflo.com/wp-content/install.php" "Mozilla/5.0 (Windows NT 10.0; Win64; x64) AppleWebKit/537.36 (KHTML, like Gecko) Chrome/58.0.3029.110 Safari/537.3"
198.204.226.18 - - [15/May/2025:00:31:13 -0400] "GET /wp-content/install.php HTTP/1.1" 200 10 "http://jenniferflo.com/wp-content/install.php" "Mozilla/5.0 (Windows NT 10.0; Win64; x64) AppleWebKit/537.36 (KHTML, like Gecko) Chrome/58.0.3029.110 Safari/537.3"
198.204.226.18 - - [15/May/2025:00:31:09 -0400] "GET /wp-content/install.php HTTP/1.1" 200 0 "http://jenniferflo.com/wp-content/install.php" "Mozilla/5.0 (Windows NT 10.0; Win64; x64) AppleWebKit/537.36 (KHTML, like Gecko) Chrome/58.0.3029.110 Safari/537.3"
198.204.226.18 - - [15/May/2025:00:31:30 -0400] "GET /wp-content/install.php HTTP/1.1" 200 10 "http://jenniferflo.com/wp-content/install.php" "Mozilla/5.0 (Windows NT 10.0; Win64; x64) AppleWebKit/537.36 (KHTML, like Gecko) Chrome/58.0.3029.110 Safari/537.3"
198.204.226.18 - - [15/May/2025:00:32:05 -0400] "GET /wp-content/install.php HTTP/1.1" 200 10 "http://jenniferflo.com/wp-content/install.php" "Mozilla/5.0 (Windows NT 10.0; Win64; x64) AppleWebKit/537.36 (KHTML, like Gecko) Chrome/58.0.3029.110 Safari/537.3"
198.204.226.18 - - [15/May/2025:00:32:14 -0400] "GET /wp-content/install.php HTTP/1.1" 200 10 "http://jenniferflo.com/wp-content/install.php" "Mozilla/5.0 (Windows NT 10.0; Win64; x64) AppleWebKit/537.36 (KHTML, like Gecko) Chrome/58.0.3029.110 Safari/537.3"
198.204.226.18 - - [15/May/2025:00:32:57 -0400] "GET /wp-content/install.php HTTP/1.1" 200 10 "http://jenniferflo.com/wp-content/install.php" "Mozilla/5.0 (Windows NT 10.0; Win64; x64) AppleWebKit/537.36 (KHTML, like Gecko) Chrome/58.0.3029.110 Safari/537.3"
198.204.226.18 - - [15/May/2025:00:32:54 -0400] "GET /wp-content/install.php HTTP/1.1" 200 0 "http://jenniferflo.com/wp-content/install.php" "Mozilla/5.0 (Windows NT 10.0; Win64; x64) AppleWebKit/537.36 (KHTML, like Gecko) Chrome/58.0.3029.110 Safari/537.3"
198.204.226.18 - - [15/May/2025:00:33:26 -0400] "GET /wp-content/install.php HTTP/1.1" 200 10 "http://jenniferflo.com/wp-content/install.php" "Mozilla/5.0 (Windows NT 10.0; Win64; x64) AppleWebKit/537.36 (KHTML, like Gecko) Chrome/58.0.3029.110 Safari/537.3"
198.204.226.18 - - [15/May/2025:00:33:59 -0400] "GET /wp-content/install.php HTTP/1.1" 200 10 "http://jenniferflo.com/wp-content/install.php" "Mozilla/5.0 (Windows NT 10.0; Win64; x64) AppleWebKit/537.36 (KHTML, like Gecko) Chrome/58.0.3029.110 Safari/537.3"
212.11.64.144 - - [15/May/2025:00:34:24 -0400] "GET //files/ALFA_DATA/alfacgiapi/perl.alfa.php HTTP/1.1" 500 271 "http://jenniferflo.com/" "Mozilla/5.0 (Windows NT 10.0; Win64; x64) AppleWebKit/537.36 (KHTML, like Gecko) Chrome/121.0.0.0 Safari/537.36"
47.238.13.15 - - [15/May/2025:00:34:40 -0400] "GET /joy/z44?pid=23648 HTTP/1.1" 500 271 "-" "Mozilla/5.0 (Macintosh; Intel Mac OS X 10_15_7) AppleWebKit/537.36 (KHTML, like Gecko) Chrome/109.0.0.0 Safari/537.36"
198.204.226.18 - - [15/May/2025:00:35:04 -0400] "GET /wp-content/install.php HTTP/1.1" 200 10 "http://jenniferflo.com/wp-content/install.php" "Mozilla/5.0 (Windows NT 10.0; Win64; x64) AppleWebKit/537.36 (KHTML, like Gecko) Chrome/58.0.3029.110 Safari/537.3"
47.238.13.2 - - [15/May/2025:00:35:09 -0400] "GET /sitemap-subkey-2815.xml HTTP/1.1" 200 100240 "-" "Mozilla/5.0 (Macintosh; Intel Mac OS X 10_15_7) AppleWebKit/537.36 (KHTML, like Gecko) Chrome/109.0.0.0 Safari/537.36"
180.248.27.241 - - [15/May/2025:00:35:11 -0400] "GET /defaults.php HTTP/1.1" 200 381 "-" "-"
198.204.226.18 - - [15/May/2025:00:35:00 -0400] "GET /wp-content/install.php HTTP/1.1" 200 0 "http://jenniferflo.com/wp-content/install.php" "Mozilla/5.0 (Windows NT 10.0; Win64; x64) AppleWebKit/537.36 (KHTML, like Gecko) Chrome/58.0.3029.110 Safari/537.3"
198.204.226.18 - - [15/May/2025:00:35:26 -0400] "GET /wp-content/install.php HTTP/1.1" 200 10 "http://jenniferflo.com/wp-content/install.php" "Mozilla/5.0 (Windows NT 10.0; Win64; x64) AppleWebKit/537.36 (KHTML, like Gecko) Chrome/58.0.3029.110 Safari/537.3"
198.204.226.18 - - [15/May/2025:00:36:32 -0400] "GET /wp-content/install.php HTTP/1.1" 200 10 "http://jenniferflo.com/wp-content/install.php" "Mozilla/5.0 (Windows NT 10.0; Win64; x64) AppleWebKit/537.36 (KHTML, like Gecko) Chrome/58.0.3029.110 Safari/537.3"
198.204.226.18 - - [15/May/2025:00:36:29 -0400] "GET /wp-content/install.php HTTP/1.1" 200 0 "http://jenniferflo.com/wp-content/install.php" "Mozilla/5.0 (Windows NT 10.0; Win64; x64) AppleWebKit/537.36 (KHTML, like Gecko) Chrome/58.0.3029.110 Safari/537.3"
198.204.226.18 - - [15/May/2025:00:36:48 -0400] "GET /wp-content/install.php HTTP/1.1" 200 10 "http://jenniferflo.com/wp-content/install.php" "Mozilla/5.0 (Windows NT 10.0; Win64; x64) AppleWebKit/537.36 (KHTML, like Gecko) Chrome/58.0.3029.110 Safari/537.3"
47.238.13.17 - - [15/May/2025:00:38:00 -0400] "GET /republic/r292?pid=36888 HTTP/1.1" 500 271 "-" "Mozilla/5.0 (Macintosh; Intel Mac OS X 10_15_7) AppleWebKit/537.36 (KHTML, like Gecko) Chrome/109.0.0.0 Safari/537.36"
198.204.226.18 - - [15/May/2025:00:38:07 -0400] "GET /wp-content/install.php HTTP/1.1" 200 10 "http://jenniferflo.com/wp-content/install.php" "Mozilla/5.0 (Windows NT 10.0; Win64; x64) AppleWebKit/537.36 (KHTML, like Gecko) Chrome/58.0.3029.110 Safari/537.3"
198.204.226.18 - - [15/May/2025:00:38:04 -0400] "GET /wp-content/install.php HTTP/1.1" 200 0 "http://jenniferflo.com/wp-content/install.php" "Mozilla/5.0 (Windows NT 10.0; Win64; x64) AppleWebKit/537.36 (KHTML, like Gecko) Chrome/58.0.3029.110 Safari/537.3"
212.11.64.144 - - [15/May/2025:00:38:23 -0400] "GET //wp-admin/WBT7IpJs4KE.php HTTP/1.1" 500 271 "http://jenniferflo.com/" "Mozilla/5.0 (Windows NT 10.0; Win64; x64) AppleWebKit/537.36 (KHTML, like Gecko) Chrome/121.0.0.0 Safari/537.36"
198.204.226.18 - - [15/May/2025:00:38:44 -0400] "GET /wp-content/install.php HTTP/1.1" 200 10 "http://jenniferflo.com/wp-content/install.php" "Mozilla/5.0 (Windows NT 10.0; Win64; x64) AppleWebKit/537.36 (KHTML, like Gecko) Chrome/58.0.3029.110 Safari/537.3"
198.204.226.18 - - [15/May/2025:00:39:08 -0400] "GET /wp-content/install.php HTTP/1.1" 200 10 "http://jenniferflo.com/wp-content/install.php" "Mozilla/5.0 (Windows NT 10.0; Win64; x64) AppleWebKit/537.36 (KHTML, like Gecko) Chrome/58.0.3029.110 Safari/537.3"
47.238.13.17 - - [15/May/2025:00:39:30 -0400] "GET /sitemap-subkey-2021.xml HTTP/1.1" 200 101074 "-" "Mozilla/5.0 (Macintosh; Intel Mac OS X 10_15_7) AppleWebKit/537.36 (KHTML, like Gecko) Chrome/109.0.0.0 Safari/537.36"
8.210.8.206 - - [15/May/2025:00:39:32 -0400] "GET /sitemap-subkey-458.xml HTTP/1.1" 200 101388 "-" "Mozilla/5.0 (Macintosh; Intel Mac OS X 10_15_7) AppleWebKit/537.36 (KHTML, like Gecko) Chrome/109.0.0.0 Safari/537.36"
217.160.202.182 - - [15/May/2025:00:39:42 -0400] "GET / HTTP/1.1" 500 271 "-" "Mozilla/5.0 (Windows NT 10.0; Win64; x64) AppleWebKit/537.36 (KHTML, like Gecko) Chrome/91.0.4472.114 Safari/537.36 Edg/91.0.864.54"
198.204.226.18 - - [15/May/2025:00:39:48 -0400] "GET /wp-content/install.php HTTP/1.1" 200 10 "http://jenniferflo.com/wp-content/install.php" "Mozilla/5.0 (Windows NT 10.0; Win64; x64) AppleWebKit/537.36 (KHTML, like Gecko) Chrome/58.0.3029.110 Safari/537.3"
198.204.226.18 - - [15/May/2025:00:39:45 -0400] "GET /wp-content/install.php HTTP/1.1" 200 0 "http://jenniferflo.com/wp-content/install.php" "Mozilla/5.0 (Windows NT 10.0; Win64; x64) AppleWebKit/537.36 (KHTML, like Gecko) Chrome/58.0.3029.110 Safari/537.3"
47.238.13.0 - - [15/May/2025:00:40:16 -0400] "GET /items/zunou106/20871?key=phase HTTP/1.1" 500 271 "-" "Mozilla/5.0 (Macintosh; Intel Mac OS X 10_15_7) AppleWebKit/537.36 (KHTML, like Gecko) Chrome/109.0.0.0 Safari/537.36"
198.204.226.18 - - [15/May/2025:00:40:39 -0400] "GET /wp-content/install.php HTTP/1.1" 200 10 "http://jenniferflo.com/wp-content/install.php" "Mozilla/5.0 (Windows NT 10.0; Win64; x64) AppleWebKit/537.36 (KHTML, like Gecko) Chrome/58.0.3029.110 Safari/537.3"
198.204.226.18 - - [15/May/2025:00:40:36 -0400] "GET /wp-content/install.php HTTP/1.1" 200 0 "http://jenniferflo.com/wp-content/install.php" "Mozilla/5.0 (Windows NT 10.0; Win64; x64) AppleWebKit/537.36 (KHTML, like Gecko) Chrome/58.0.3029.110 Safari/537.3"
198.204.226.18 - - [15/May/2025:00:41:58 -0400] "GET /wp-content/install.php HTTP/1.1" 200 10 "http://jenniferflo.com/wp-content/install.php" "Mozilla/5.0 (Windows NT 10.0; Win64; x64) AppleWebKit/537.36 (KHTML, like Gecko) Chrome/58.0.3029.110 Safari/537.3"
212.11.64.144 - - [15/May/2025:00:42:21 -0400] "GET //wp-admin/images/lock0360.php HTTP/1.1" 500 271 "http://jenniferflo.com/" "Mozilla/5.0 (Windows NT 10.0; Win64; x64) AppleWebKit/537.36 (KHTML, like Gecko) Chrome/121.0.0.0 Safari/537.36"
52.140.242.9 - - [15/May/2025:00:42:21 -0400] "GET /wp-content/plugins/hellopress/wp_filemanager.php HTTP/1.1" 403 1242 "-" "-"
52.140.242.9 - - [15/May/2025:00:42:21 -0400] "GET /wp-includes/Text/network.php HTTP/1.1" 500 360 "-" "-"
52.140.242.9 - - [15/May/2025:00:42:22 -0400] "GET /wp-content/upgrade-temp-backup/wp-login.php HTTP/1.1" 500 360 "-" "-"
52.140.242.9 - - [15/May/2025:00:42:22 -0400] "GET /js/fm.php HTTP/1.1" 500 360 "-" "-"
52.140.242.9 - - [15/May/2025:00:42:23 -0400] "GET /wp-content/themes/astra/inc/ki1k.php HTTP/1.1" 500 360 "-" "-"
52.140.242.9 - - [15/May/2025:00:42:23 -0400] "GET /WordPress/wp-admin/includes/zmFM.php HTTP/1.1" 500 360 "-" "-"
52.140.242.9 - - [15/May/2025:00:42:23 -0400] "GET /default.php HTTP/1.1" 500 360 "-" "-"
52.140.242.9 - - [15/May/2025:00:42:23 -0400] "GET /ty.php HTTP/1.1" 500 360 "-" "-"
52.140.242.9 - - [15/May/2025:00:42:23 -0400] "GET /wp-content/themes/cay-van-phong/filemanager.php HTTP/1.1" 500 360 "-" "-"
52.140.242.9 - - [15/May/2025:00:42:24 -0400] "GET /fm.php HTTP/1.1" 500 360 "-" "-"
52.140.242.9 - - [15/May/2025:00:42:24 -0400] "GET /wp-content/plugins/seoplugins/index.php HTTP/1.1" 500 360 "-" "-"
52.140.242.9 - - [15/May/2025:00:42:24 -0400] "GET /ini.php HTTP/1.1" 500 360 "-" "-"
52.140.242.9 - - [15/May/2025:00:42:24 -0400] "GET /libraries/legacy/info.php HTTP/1.1" 500 360 "-" "-"
52.140.242.9 - - [15/May/2025:00:42:25 -0400] "GET /wp-content/themes/include.php HTTP/1.1" 500 360 "-" "-"
52.140.242.9 - - [15/May/2025:00:42:25 -0400] "GET /wp-admin/network/about.php HTTP/1.1" 500 359 "-" "-"
52.140.242.9 - - [15/May/2025:00:42:25 -0400] "GET /alfa.php HTTP/1.1" 500 360 "-" "-"
52.140.242.9 - - [15/May/2025:00:42:25 -0400] "GET /wp-mail.php/wp-includes/ID3/rk2.php HTTP/1.1" 500 360 "-" "-"
52.140.242.9 - - [15/May/2025:00:42:26 -0400] "GET /assets/images/28c5400b0b.php HTTP/1.1" 500 360 "-" "-"
52.140.242.9 - - [15/May/2025:00:42:26 -0400] "GET /wordpress/wp-includes/wp-config-sample.php HTTP/1.1" 500 360 "-" "-"
52.140.242.9 - - [15/May/2025:00:42:26 -0400] "GET /wp-mail.php/wp-includes/ID3/.info.php HTTP/1.1" 500 360 "-" "-"
52.140.242.9 - - [15/May/2025:00:42:27 -0400] "GET /wp-includes/Text/Diff/Engine/about.php HTTP/1.1" 500 360 "-" "-"
52.140.242.9 - - [15/May/2025:00:42:27 -0400] "GET /wp-includes/js/tinymce/skins/lightgray/img/about.php HTTP/1.1" 500 360 "-" "-"
52.140.242.9 - - [15/May/2025:00:42:27 -0400] "GET /wp-includes/block-supports/autoload_classmap.php HTTP/1.1" 500 360 "-" "-"
52.140.242.9 - - [15/May/2025:00:42:28 -0400] "GET /wp-content/uploads/classwithtostring.php HTTP/1.1" 500 360 "-" "-"
52.140.242.9 - - [15/May/2025:00:42:28 -0400] "GET /wp-admin/images/install.php HTTP/1.1" 500 360 "-" "-"
52.140.242.9 - - [15/May/2025:00:42:28 -0400] "GET /.well-known/link.php HTTP/1.1" 500 360 "-" "-"
52.140.242.9 - - [15/May/2025:00:42:29 -0400] "GET /wp-admin/chosen.php HTTP/1.1" 500 360 "-" "-"
52.140.242.9 - - [15/May/2025:00:42:29 -0400] "GET /info.php HTTP/1.1" 500 360 "-" "-"
52.140.242.9 - - [15/May/2025:00:42:29 -0400] "GET /wp-includes/assets/about.php HTTP/1.1" 500 360 "-" "-"
52.140.242.9 - - [15/May/2025:00:42:29 -0400] "GET /test.php HTTP/1.1" 500 360 "-" "-"
52.140.242.9 - - [15/May/2025:00:42:30 -0400] "GET /wp-admin/css/colors/ectoplasm/wp-login.php HTTP/1.1" 500 360 "-" "-"
52.140.242.9 - - [15/May/2025:00:42:30 -0400] "GET /Assets/item.php HTTP/1.1" 500 360 "-" "-"
52.140.242.9 - - [15/May/2025:00:42:30 -0400] "GET /shop/lock.php HTTP/1.1" 500 360 "-" "-"
52.140.242.9 - - [15/May/2025:00:42:31 -0400] "GET /th/plugins/phpThumb/404.php HTTP/1.1" 500 360 "-" "-"
52.140.242.9 - - [15/May/2025:00:42:31 -0400] "GET /wp-includes/css/dist/preferences/index.php HTTP/1.1" 500 360 "-" "-"
52.140.242.9 - - [15/May/2025:00:42:32 -0400] "GET /files/log.php HTTP/1.1" 500 360 "-" "-"
52.140.242.9 - - [15/May/2025:00:42:32 -0400] "GET /wp-includes/html-api/index.php HTTP/1.1" 500 360 "-" "-"
52.140.242.9 - - [15/May/2025:00:42:32 -0400] "GET /x.php HTTP/1.1" 500 360 "-" "-"
52.140.242.9 - - [15/May/2025:00:42:33 -0400] "GET /wp-includes/assets/index.php HTTP/1.1" 500 360 "-" "-"
198.204.226.18 - - [15/May/2025:00:42:33 -0400] "GET /wp-content/install.php HTTP/1.1" 200 10 "http://jenniferflo.com/wp-content/install.php" "Mozilla/5.0 (Windows NT 10.0; Win64; x64) AppleWebKit/537.36 (KHTML, like Gecko) Chrome/58.0.3029.110 Safari/537.3"
52.140.242.9 - - [15/May/2025:00:42:33 -0400] "GET /wp-includes/block-patterns/vuln.php HTTP/1.1" 500 360 "-" "-"
52.140.242.9 - - [15/May/2025:00:42:34 -0400] "GET /wp-includes/rest-api/fields/index.php HTTP/1.1" 200 360 "-" "-"
52.140.242.9 - - [15/May/2025:00:42:34 -0400] "GET /wp-includes/images/media/wp-login.php HTTP/1.1" 500 360 "-" "-"
52.140.242.9 - - [15/May/2025:00:42:35 -0400] "GET /wp-content/uploads/autoload_classmap.php HTTP/1.1" 500 360 "-" "-"
52.140.242.9 - - [15/May/2025:00:42:35 -0400] "GET /images/404.php HTTP/1.1" 500 360 "-" "-"
52.140.242.9 - - [15/May/2025:00:42:35 -0400] "GET /wp-content/languages/asus.php HTTP/1.1" 500 360 "-" "-"
52.140.242.9 - - [15/May/2025:00:42:36 -0400] "GET /admin.php HTTP/1.1" 500 360 "-" "-"
52.140.242.9 - - [15/May/2025:00:42:36 -0400] "GET /.well-known/pki-validation/parx.php HTTP/1.1" 404 1251 "-" "-"
52.140.242.9 - - [15/May/2025:00:42:36 -0400] "GET /wp-content/plugins/wp-login.php HTTP/1.1" 500 360 "-" "-"
52.140.242.9 - - [15/May/2025:00:42:36 -0400] "GET /12wudscz.php HTTP/1.1" 500 360 "-" "-"
52.140.242.9 - - [15/May/2025:00:42:36 -0400] "GET /wp-content/themes/wp-pridmag/admin.php HTTP/1.1" 500 360 "-" "-"
52.140.242.9 - - [15/May/2025:00:42:37 -0400] "GET /wp-includes/Text/wp-conflg.php HTTP/1.1" 500 360 "-" "-"
52.140.242.9 - - [15/May/2025:00:42:37 -0400] "GET /wp-content/plugins/background-image-cropper/plugins.php HTTP/1.1" 500 360 "-" "-"
52.140.242.9 - - [15/May/2025:00:42:37 -0400] "GET /classwithtostring.php HTTP/1.1" 500 360 "-" "-"
52.140.242.9 - - [15/May/2025:00:42:38 -0400] "GET /wp-includes/Text/Diff/Renderer/wp-login.php HTTP/1.1" 500 360 "-" "-"
8.210.146.98 - - [15/May/2025:00:42:37 -0400] "GET /sitemap-subkey-1108.xml HTTP/1.1" 200 100234 "-" "Mozilla/5.0 (Macintosh; Intel Mac OS X 10_15_7) AppleWebKit/537.36 (KHTML, like Gecko) Chrome/109.0.0.0 Safari/537.36"
52.140.242.9 - - [15/May/2025:00:42:38 -0400] "GET /wp-admin/images/users.php HTTP/1.1" 500 1 "-" "-"
52.140.242.9 - - [15/May/2025:00:42:38 -0400] "GET /wp-includes/rest-api/endpoints/index.php HTTP/1.1" 500 1 "-" "-"
52.140.242.9 - - [15/May/2025:00:42:39 -0400] "GET /wp-includes/random_compat/about.php HTTP/1.1" 500 360 "-" "-"
52.140.242.9 - - [15/May/2025:00:42:39 -0400] "GET /index/about.php HTTP/1.1" 500 360 "-" "-"
52.140.242.9 - - [15/May/2025:00:42:39 -0400] "GET /manager.php HTTP/1.1" 500 360 "-" "-"
52.140.242.9 - - [15/May/2025:00:42:40 -0400] "GET /.well-known/pki-validation/about.php HTTP/1.1" 404 1251 "-" "-"
52.140.242.9 - - [15/May/2025:00:42:40 -0400] "GET /wp-admin/user/content.php HTTP/1.1" 500 360 "-" "-"
52.140.242.9 - - [15/May/2025:00:42:40 -0400] "GET /modules/mod_simplefileuploadv1.3/elements/filemanager.php HTTP/1.1" 500 1 "-" "-"
52.140.242.9 - - [15/May/2025:00:42:40 -0400] "GET /about/function.php HTTP/1.1" 500 360 "-" "-"
52.140.242.9 - - [15/May/2025:00:42:41 -0400] "GET /wp-content/plugins/wp.php HTTP/1.1" 500 360 "-" "-"
52.140.242.9 - - [15/May/2025:00:42:41 -0400] "GET /wp-admin/includes/index.php HTTP/1.1" 500 360 "-" "-"
52.140.242.9 - - [15/May/2025:00:42:41 -0400] "GET /wp-includes/SimplePie/Cache/content.php HTTP/1.1" 500 360 "-" "-"
52.140.242.9 - - [15/May/2025:00:42:41 -0400] "GET /wp-content/themes/xmrlpc.php HTTP/1.1" 500 360 "-" "-"
52.140.242.9 - - [15/May/2025:00:42:42 -0400] "GET /wp-includes/js/wp-login.php HTTP/1.1" 500 1 "-" "-"
52.140.242.9 - - [15/May/2025:00:42:42 -0400] "GET /wp-mail.php/wp-includes/ID3/taptap-null.php HTTP/1.1" 500 360 "-" "-"
52.140.242.9 - - [15/May/2025:00:42:42 -0400] "GET /.well-known/as.php HTTP/1.1" 500 360 "-" "-"
52.140.242.9 - - [15/May/2025:00:42:42 -0400] "GET /wp-includes/customize/wp-login.php HTTP/1.1" 500 360 "-" "-"
52.140.242.9 - - [15/May/2025:00:42:43 -0400] "GET /.well-known/lv.php HTTP/1.1" 500 360 "-" "-"
52.140.242.9 - - [15/May/2025:00:42:43 -0400] "GET /themes.php HTTP/1.1" 500 360 "-" "-"
52.140.242.9 - - [15/May/2025:00:42:43 -0400] "GET /wp-content/plugins/duplicator/assets/about.php HTTP/1.1" 500 360 "-" "-"
52.140.242.9 - - [15/May/2025:00:42:43 -0400] "GET /wp-admin/network/upfile.php HTTP/1.1" 500 360 "-" "-"
52.140.242.9 - - [15/May/2025:00:42:44 -0400] "GET /wp-content/plugins/index.php HTTP/1.1" 200 359 "-" "-"
52.140.242.9 - - [15/May/2025:00:42:44 -0400] "GET /wp-includes/sitemaps/providers/about.php HTTP/1.1" 500 360 "-" "-"
52.140.242.9 - - [15/May/2025:00:42:44 -0400] "GET /wp-content/upgrade/autoload_classmap.php HTTP/1.1" 500 360 "-" "-"
52.140.242.9 - - [15/May/2025:00:42:44 -0400] "GET /images/cjfuns.php HTTP/1.1" 500 360 "-" "-"
52.140.242.9 - - [15/May/2025:00:42:44 -0400] "GET /wp-includes/sodium_compat/src/content.php HTTP/1.1" 500 360 "-" "-"
52.140.242.9 - - [15/May/2025:00:42:45 -0400] "GET /wp-includes/rest-api/admin.php HTTP/1.1" 500 360 "-" "-"
52.140.242.9 - - [15/May/2025:00:42:45 -0400] "GET /wp-includes/js/crop/zmFM.php HTTP/1.1" 500 360 "-" "-"
52.140.242.9 - - [15/May/2025:00:42:45 -0400] "GET /wp-2019.php HTTP/1.1" 500 360 "-" "-"
52.140.242.9 - - [15/May/2025:00:42:46 -0400] "GET /wp-includes/js/about.php HTTP/1.1" 500 360 "-" "-"
52.140.242.9 - - [15/May/2025:00:42:46 -0400] "GET /wp-content/plugin.php HTTP/1.1" 500 360 "-" "-"
52.140.242.9 - - [15/May/2025:00:42:46 -0400] "GET /wp-admin/js/widgets/xmrlpc.php HTTP/1.1" 500 1 "-" "-"
52.140.242.9 - - [15/May/2025:00:42:46 -0400] "GET /wp-configs.php HTTP/1.1" 500 360 "-" "-"
52.140.242.9 - - [15/May/2025:00:42:46 -0400] "GET /wp-includes/Text/wp.php HTTP/1.1" 500 360 "-" "-"
52.140.242.9 - - [15/May/2025:00:42:47 -0400] "GET /inputs.php HTTP/1.1" 403 1242 "-" "-"
52.140.242.9 - - [15/May/2025:00:42:47 -0400] "GET /wp-includes/block-supports/about.php HTTP/1.1" 500 360 "-" "-"
52.140.242.9 - - [15/May/2025:00:42:47 -0400] "GET /wp-admin/network/chosen.php HTTP/1.1" 500 360 "-" "-"
52.140.242.9 - - [15/May/2025:00:42:47 -0400] "GET /wp-includes/images/chosen.php HTTP/1.1" 500 360 "-" "-"
52.140.242.9 - - [15/May/2025:00:42:47 -0400] "GET /.well-known/acme-challenge/parx.php HTTP/1.1" 500 360 "-" "-"
52.140.242.9 - - [15/May/2025:00:42:47 -0400] "GET /wp-includes/sodium_compat/src/Core32/Curve25519/Ge/about.php HTTP/1.1" 500 360 "-" "-"
52.140.242.9 - - [15/May/2025:00:42:48 -0400] "GET /index/function.php HTTP/1.1" 500 360 "-" "-"
52.140.242.9 - - [15/May/2025:00:42:48 -0400] "GET /css.php HTTP/1.1" 500 360 "-" "-"
52.140.242.9 - - [15/May/2025:00:42:48 -0400] "GET /wp-content/languages/index.php HTTP/1.1" 500 360 "-" "-"
52.140.242.9 - - [15/May/2025:00:42:48 -0400] "GET /network.php HTTP/1.1" 500 360 "-" "-"
52.140.242.9 - - [15/May/2025:00:42:49 -0400] "GET /wp-admin/css/colors/blue/wp-login.php HTTP/1.1" 500 360 "-" "-"
52.140.242.9 - - [15/May/2025:00:42:49 -0400] "GET /admin/fckeditor/editor/filemanager/updates.php HTTP/1.1" 500 360 "-" "-"
52.140.242.9 - - [15/May/2025:00:42:49 -0400] "GET /wp-content/uploads/file.php HTTP/1.1" 500 360 "-" "-"
52.140.242.9 - - [15/May/2025:00:42:49 -0400] "GET /wp-includes/Requests/Response/wp-login.php HTTP/1.1" 500 360 "-" "-"
52.140.242.9 - - [15/May/2025:00:42:50 -0400] "GET /wp-admin/css/colors/coffee/alfa-rex.php HTTP/1.1" 500 360 "-" "-"
52.140.242.9 - - [15/May/2025:00:42:50 -0400] "GET /wp-includes/SimplePie/Cache/about.php HTTP/1.1" 500 360 "-" "-"
52.140.242.9 - - [15/May/2025:00:42:50 -0400] "GET /wp-includes/sodium_compat/src/alfa-rex.php HTTP/1.1" 500 360 "-" "-"
52.140.242.9 - - [15/May/2025:00:42:50 -0400] "GET /wp-admin/css/colors/blue/index.php HTTP/1.1" 500 360 "-" "-"
52.140.242.9 - - [15/May/2025:00:42:50 -0400] "GET /wp-mail.php/wp-includes/ID3/wp-mail.php HTTP/1.1" 500 360 "-" "-"
52.140.242.9 - - [15/May/2025:00:42:51 -0400] "GET /wp-content/plugins/revslider/public/assets/assets/sources/wp-login.php HTTP/1.1" 500 360 "-" "-"
52.140.242.9 - - [15/May/2025:00:42:51 -0400] "GET /wp.php HTTP/1.1" 500 360 "-" "-"
52.140.242.9 - - [15/May/2025:00:42:51 -0400] "GET /wp-content/themes/file.php HTTP/1.1" 500 360 "-" "-"
52.140.242.9 - - [15/May/2025:00:42:51 -0400] "GET /css/item.php HTTP/1.1" 500 360 "-" "-"
52.140.242.9 - - [15/May/2025:00:42:51 -0400] "GET /wp-content/uploads/2020/admin.php HTTP/1.1" 500 360 "-" "-"
52.140.242.9 - - [15/May/2025:00:42:52 -0400] "GET /wp-admin/includes/xmrlpc.php HTTP/1.1" 500 360 "-" "-"
52.140.242.9 - - [15/May/2025:00:42:52 -0400] "GET /assets/images/wp-login.php HTTP/1.1" 500 360 "-" "-"
52.140.242.9 - - [15/May/2025:00:42:52 -0400] "GET /css/xp.php HTTP/1.1" 500 360 "-" "-"
52.140.242.9 - - [15/May/2025:00:42:52 -0400] "GET /wp-includes/assets/themes.php HTTP/1.1" 500 360 "-" "-"
52.140.242.9 - - [15/May/2025:00:42:52 -0400] "GET /wp-content/plugins/dummyyummy/wp-signup.php HTTP/1.1" 500 360 "-" "-"
52.140.242.9 - - [15/May/2025:00:42:53 -0400] "GET /wp-content/uploads/chosen.php HTTP/1.1" 500 360 "-" "-"
52.140.242.9 - - [15/May/2025:00:42:53 -0400] "GET /wp-includes/style-engine/autoload_classmap.php HTTP/1.1" 500 360 "-" "-"
52.140.242.9 - - [15/May/2025:00:42:53 -0400] "GET /wp-includes/SimplePie/Content/Type/wp-login.php HTTP/1.1" 500 360 "-" "-"
52.140.242.9 - - [15/May/2025:00:42:53 -0400] "GET /js/style.php HTTP/1.1" 500 360 "-" "-"
52.140.242.9 - - [15/May/2025:00:42:53 -0400] "GET /wp-content/languages/wp-login.php HTTP/1.1" 500 360 "-" "-"
52.140.242.9 - - [15/May/2025:00:42:54 -0400] "GET /lock.php HTTP/1.1" 500 360 "-" "-"
52.140.242.9 - - [15/May/2025:00:42:54 -0400] "GET /wp-includes/js/tinymce/skins/wordpress/images/about.php HTTP/1.1" 500 360 "-" "-"
52.140.242.9 - - [15/May/2025:00:42:54 -0400] "GET /wp-includes/SimplePie/Content/Type/index.php HTTP/1.1" 500 360 "-" "-"
52.140.242.9 - - [15/May/2025:00:42:54 -0400] "GET /.well-known/dropdown.php HTTP/1.1" 500 360 "-" "-"
52.140.242.9 - - [15/May/2025:00:42:54 -0400] "GET /wp-includes/rest-api/autoload_classmap.php HTTP/1.1" 500 360 "-" "-"
52.140.242.9 - - [15/May/2025:00:42:54 -0400] "GET /readme.php HTTP/1.1" 500 360 "-" "-"
52.140.242.9 - - [15/May/2025:00:42:55 -0400] "GET /edit.php HTTP/1.1" 500 360 "-" "-"
52.140.242.9 - - [15/May/2025:00:42:55 -0400] "GET /wp-content/themes/travelscape/json.php HTTP/1.1" 500 360 "-" "-"
52.140.242.9 - - [15/May/2025:00:42:55 -0400] "GET /wp-admin/wp-admin.php HTTP/1.1" 500 360 "-" "-"
52.140.242.9 - - [15/May/2025:00:42:55 -0400] "GET /wp-content/upgrade/shell.php HTTP/1.1" 500 1 "-" "-"
52.140.242.9 - - [15/May/2025:00:42:55 -0400] "GET /wp-admin/user/bak.php HTTP/1.1" 500 360 "-" "-"
52.140.242.9 - - [15/May/2025:00:42:56 -0400] "GET /wp-content/plugins/admin.php HTTP/1.1" 500 1 "-" "-"
52.140.242.9 - - [15/May/2025:00:42:56 -0400] "GET /wp-admin/css/about.php HTTP/1.1" 500 360 "-" "-"
52.140.242.9 - - [15/May/2025:00:42:56 -0400] "GET /wp-admin/date.php HTTP/1.1" 500 1 "-" "-"
52.140.242.9 - - [15/May/2025:00:42:56 -0400] "GET /index/x.php HTTP/1.1" 500 360 "-" "-"
52.140.242.9 - - [15/May/2025:00:42:57 -0400] "GET /wp-includes/network.php HTTP/1.1" 500 360 "-" "-"
52.140.242.9 - - [15/May/2025:00:42:57 -0400] "GET /.well-known/.well-known/cc.php HTTP/1.1" 500 360 "-" "-"
52.140.242.9 - - [15/May/2025:00:42:57 -0400] "GET /wp-includes/pomo/chosen.php HTTP/1.1" 500 360 "-" "-"
52.140.242.9 - - [15/May/2025:00:42:57 -0400] "GET /.well-known/pki-validation/pwnd.php HTTP/1.1" 404 1251 "-" "-"
52.140.242.9 - - [15/May/2025:00:42:57 -0400] "GET /css/cong.php HTTP/1.1" 500 360 "-" "-"
52.140.242.9 - - [15/May/2025:00:42:58 -0400] "GET /wp-includes/customize/shell.php HTTP/1.1" 500 360 "-" "-"
52.140.242.9 - - [15/May/2025:00:42:58 -0400] "GET /wp-content/mah.php HTTP/1.1" 500 360 "-" "-"
52.140.242.9 - - [15/May/2025:00:42:58 -0400] "GET /wp-content/upgrade/admin.php HTTP/1.1" 500 360 "-" "-"
52.140.242.9 - - [15/May/2025:00:42:58 -0400] "GET /wp-content/index.php HTTP/1.1" 500 360 "-" "-"
52.140.242.9 - - [15/May/2025:00:42:58 -0400] "GET /cgi-bin/fm.php HTTP/1.1" 500 360 "-" "-"
52.140.242.9 - - [15/May/2025:00:42:59 -0400] "GET /wp-includes/block-supports/variations.php HTTP/1.1" 500 360 "-" "-"
52.140.242.9 - - [15/May/2025:00:42:59 -0400] "GET /wp-includes/rest-api/wp-login.php HTTP/1.1" 500 360 "-" "-"
52.140.242.9 - - [15/May/2025:00:42:59 -0400] "GET /.well-known/index.php HTTP/1.1" 500 360 "-" "-"
52.140.242.9 - - [15/May/2025:00:42:59 -0400] "GET /wp-content/languages/link.php HTTP/1.1" 500 360 "-" "-"
52.140.242.9 - - [15/May/2025:00:43:00 -0400] "GET /wp-includes/sitemaps/about.php HTTP/1.1" 500 360 "-" "-"
52.140.242.9 - - [15/May/2025:00:43:00 -0400] "GET /function.php HTTP/1.1" 500 360 "-" "-"
52.140.242.9 - - [15/May/2025:00:43:00 -0400] "GET /wp-includes/customize/autoload_classmap.php HTTP/1.1" 500 360 "-" "-"
52.140.242.9 - - [15/May/2025:00:43:00 -0400] "GET /wp-includes/fonts/item.php HTTP/1.1" 500 360 "-" "-"
52.140.242.9 - - [15/May/2025:00:43:00 -0400] "GET /wp-content/themes/index.php HTTP/1.1" 200 0 "-" "-"
52.140.242.9 - - [15/May/2025:00:43:01 -0400] "GET /wp-content/themes/classic/inc/json.php HTTP/1.1" 500 360 "-" "-"
52.140.242.9 - - [15/May/2025:00:43:01 -0400] "GET /wp-content/plugins/seoplugins/wso112233.php HTTP/1.1" 500 360 "-" "-"
52.140.242.9 - - [15/May/2025:00:43:01 -0400] "GET /wp-includes/sodium_compat/link.php HTTP/1.1" 500 360 "-" "-"
198.204.226.18 - - [15/May/2025:00:43:01 -0400] "GET /wp-content/install.php HTTP/1.1" 200 10 "http://jenniferflo.com/wp-content/install.php" "Mozilla/5.0 (Windows NT 10.0; Win64; x64) AppleWebKit/537.36 (KHTML, like Gecko) Chrome/58.0.3029.110 Safari/537.3"
52.140.242.9 - - [15/May/2025:00:43:01 -0400] "GET /wp-includes/images/wlw/wp-login.php HTTP/1.1" 500 360 "-" "-"
52.140.242.9 - - [15/May/2025:00:43:02 -0400] "GET /byp.php HTTP/1.1" 500 360 "-" "-"
52.140.242.9 - - [15/May/2025:00:43:02 -0400] "GET /wp-content/plugins/WordPressCore/alfa-rex.php HTTP/1.1" 500 360 "-" "-"
52.140.242.9 - - [15/May/2025:00:43:02 -0400] "GET /wp-content/plugins/revslider/includes/external/page/index.php HTTP/1.1" 500 360 "-" "-"
52.140.242.9 - - [15/May/2025:00:43:02 -0400] "GET /wp-includes/style-engine/content.php HTTP/1.1" 500 360 "-" "-"
52.140.242.9 - - [15/May/2025:00:43:02 -0400] "GET /wordpress/wp-admin/includeswp-conflg.php HTTP/1.1" 500 360 "-" "-"
52.140.242.9 - - [15/May/2025:00:43:03 -0400] "GET /wp-admin/mah.php HTTP/1.1" 200 381 "-" "-"
52.140.242.9 - - [15/May/2025:00:43:03 -0400] "GET /wp-admin/js/wp-login.php HTTP/1.1" 500 360 "-" "-"
