198.204.226.18 - - [15/May/2025:21:59:04 -0400] "GET /wp-content/install.php HTTP/1.1" 200 10 "http://jenniferflo.com/wp-content/install.php" "Mozilla/5.0 (Windows NT 10.0; Win64; x64) AppleWebKit/537.36 (KHTML, like Gecko) Chrome/58.0.3029.110 Safari/537.3"
47.238.13.7 - - [15/May/2025:21:59:14 -0400] "GET /loyalty/b75?pid=16559 HTTP/1.1" 500 271 "-" "Mozilla/5.0 (Macintosh; Intel Mac OS X 10_15_7) AppleWebKit/537.36 (KHTML, like Gecko) Chrome/109.0.0.0 Safari/537.36"
47.238.13.3 - - [15/May/2025:21:59:48 -0400] "GET /items/kvusc90/48965?key=rapid HTTP/1.1" 500 271 "-" "Mozilla/5.0 (Macintosh; Intel Mac OS X 10_15_7) AppleWebKit/537.36 (KHTML, like Gecko) Chrome/109.0.0.0 Safari/537.36"
198.204.226.18 - - [15/May/2025:21:59:52 -0400] "GET /wp-content/install.php HTTP/1.1" 200 10 "http://jenniferflo.com/wp-content/install.php" "Mozilla/5.0 (Windows NT 10.0; Win64; x64) AppleWebKit/537.36 (KHTML, like Gecko) Chrome/58.0.3029.110 Safari/537.3"
198.204.226.18 - - [15/May/2025:21:59:49 -0400] "GET /wp-content/install.php HTTP/1.1" 200 0 "http://jenniferflo.com/wp-content/install.php" "Mozilla/5.0 (Windows NT 10.0; Win64; x64) AppleWebKit/537.36 (KHTML, like Gecko) Chrome/58.0.3029.110 Safari/537.3"
212.11.64.144 - - [15/May/2025:22:00:26 -0400] "GET //wp-includes/izbhjgpz.php HTTP/1.1" 500 271 "http://jenniferflo.com/" "Mozilla/5.0 (Windows NT 10.0; Win64; x64) AppleWebKit/537.36 (KHTML, like Gecko) Chrome/121.0.0.0 Safari/537.36"
47.242.77.69 - - [15/May/2025:22:00:39 -0400] "GET /items/yvdva1/20018?key=thereby HTTP/1.1" 500 271 "-" "Mozilla/5.0 (Macintosh; Intel Mac OS X 10_15_7) AppleWebKit/537.36 (KHTML, like Gecko) Chrome/109.0.0.0 Safari/537.36"
198.204.226.18 - - [15/May/2025:22:01:27 -0400] "GET /wp-content/install.php HTTP/1.1" 200 10 "http://jenniferflo.com/wp-content/install.php" "Mozilla/5.0 (Windows NT 10.0; Win64; x64) AppleWebKit/537.36 (KHTML, like Gecko) Chrome/58.0.3029.110 Safari/537.3"
198.204.226.18 - - [15/May/2025:22:02:36 -0400] "GET /wp-content/install.php HTTP/1.1" 200 10 "http://jenniferflo.com/wp-content/install.php" "Mozilla/5.0 (Windows NT 10.0; Win64; x64) AppleWebKit/537.36 (KHTML, like Gecko) Chrome/58.0.3029.110 Safari/537.3"
198.204.226.18 - - [15/May/2025:22:02:33 -0400] "GET /wp-content/install.php HTTP/1.1" 200 0 "http://jenniferflo.com/wp-content/install.php" "Mozilla/5.0 (Windows NT 10.0; Win64; x64) AppleWebKit/537.36 (KHTML, like Gecko) Chrome/58.0.3029.110 Safari/537.3"
198.204.226.18 - - [15/May/2025:22:03:01 -0400] "GET /wp-content/install.php HTTP/1.1" 200 10 "http://jenniferflo.com/wp-content/install.php" "Mozilla/5.0 (Windows NT 10.0; Win64; x64) AppleWebKit/537.36 (KHTML, like Gecko) Chrome/58.0.3029.110 Safari/537.3"
198.204.226.18 - - [15/May/2025:22:02:57 -0400] "GET /wp-content/install.php HTTP/1.1" 200 0 "http://jenniferflo.com/wp-content/install.php" "Mozilla/5.0 (Windows NT 10.0; Win64; x64) AppleWebKit/537.36 (KHTML, like Gecko) Chrome/58.0.3029.110 Safari/537.3"
69.197.182.50 - - [15/May/2025:22:03:20 -0400] "GET /wp-includes/install.php HTTP/1.1" 200 10 "http://jenniferflo.com/wp-includes/install.php" "Mozilla/5.0 (Windows NT 10.0; Win64; x64) AppleWebKit/537.36 (KHTML, like Gecko) Chrome/58.0.3029.110 Safari/537.3"
47.238.13.2 - - [15/May/2025:22:04:12 -0400] "GET /limited/y29?pid=42015 HTTP/1.1" 500 271 "-" "Mozilla/5.0 (Macintosh; Intel Mac OS X 10_15_7) AppleWebKit/537.36 (KHTML, like Gecko) Chrome/109.0.0.0 Safari/537.36"
212.11.64.144 - - [15/May/2025:22:04:15 -0400] "GET //wp-content/uploads/wp.php HTTP/1.1" 500 271 "http://jenniferflo.com/" "Mozilla/5.0 (Windows NT 10.0; Win64; x64) AppleWebKit/537.36 (KHTML, like Gecko) Chrome/121.0.0.0 Safari/537.36"
47.238.13.12 - - [15/May/2025:22:05:10 -0400] "GET /pages.php?product/W225?y=search&l=37363] HTTP/1.1" 200 12825 "-" "Mozilla/5.0 (Macintosh; Intel Mac OS X 10_15_7) AppleWebKit/537.36 (KHTML, like Gecko) Chrome/109.0.0.0 Safari/537.36"
198.204.226.18 - - [15/May/2025:22:05:22 -0400] "GET /wp-content/install.php HTTP/1.1" 200 10 "http://jenniferflo.com/wp-content/install.php" "Mozilla/5.0 (Windows NT 10.0; Win64; x64) AppleWebKit/537.36 (KHTML, like Gecko) Chrome/58.0.3029.110 Safari/537.3"
198.204.226.18 - - [15/May/2025:22:05:19 -0400] "GET /wp-content/install.php HTTP/1.1" 200 0 "http://jenniferflo.com/wp-content/install.php" "Mozilla/5.0 (Windows NT 10.0; Win64; x64) AppleWebKit/537.36 (KHTML, like Gecko) Chrome/58.0.3029.110 Safari/537.3"
47.238.13.3 - - [15/May/2025:22:05:35 -0400] "GET /items/vzkun40/1131?key=willing HTTP/1.1" 500 271 "-" "Mozilla/5.0 (Macintosh; Intel Mac OS X 10_15_7) AppleWebKit/537.36 (KHTML, like Gecko) Chrome/109.0.0.0 Safari/537.36"
51.222.44.188 - - [15/May/2025:22:05:37 -0400] "GET /wp-content/plugins/drag-and-drop-multiple-file-upload-for-woocommerce/assets/js/dnd-upload-wc.js HTTP/1.1" 500 271 "-" "Linux Mozilla"
198.204.226.18 - - [15/May/2025:22:05:37 -0400] "GET /wp-content/install.php HTTP/1.1" 200 10 "http://jenniferflo.com/wp-content/install.php" "Mozilla/5.0 (Windows NT 10.0; Win64; x64) AppleWebKit/537.36 (KHTML, like Gecko) Chrome/58.0.3029.110 Safari/537.3"
198.204.226.18 - - [15/May/2025:22:06:42 -0400] "GET /wp-content/install.php HTTP/1.1" 200 10 "http://jenniferflo.com/wp-content/install.php" "Mozilla/5.0 (Windows NT 10.0; Win64; x64) AppleWebKit/537.36 (KHTML, like Gecko) Chrome/58.0.3029.110 Safari/537.3"
198.204.226.18 - - [15/May/2025:22:07:02 -0400] "GET /wp-content/install.php HTTP/1.1" 200 10 "http://jenniferflo.com/wp-content/install.php" "Mozilla/5.0 (Windows NT 10.0; Win64; x64) AppleWebKit/537.36 (KHTML, like Gecko) Chrome/58.0.3029.110 Safari/537.3"
47.238.13.13 - - [15/May/2025:22:07:06 -0400] "GET /pay/p31?pid=45203 HTTP/1.1" 500 271 "-" "Mozilla/5.0 (Macintosh; Intel Mac OS X 10_15_7) AppleWebKit/537.36 (KHTML, like Gecko) Chrome/109.0.0.0 Safari/537.36"
47.242.77.69 - - [15/May/2025:22:07:51 -0400] "GET /items/lblxx28/35605?key=me HTTP/1.1" 500 271 "-" "Mozilla/5.0 (Macintosh; Intel Mac OS X 10_15_7) AppleWebKit/537.36 (KHTML, like Gecko) Chrome/109.0.0.0 Safari/537.36"
47.238.13.18 - - [15/May/2025:22:08:00 -0400] "GET /items/jhcts3/908?key=ecosystem HTTP/1.1" 500 271 "-" "Mozilla/5.0 (Macintosh; Intel Mac OS X 10_15_7) AppleWebKit/537.36 (KHTML, like Gecko) Chrome/109.0.0.0 Safari/537.36"
212.11.64.144 - - [15/May/2025:22:08:03 -0400] "GET //wp-content/themes/brina/json.php HTTP/1.1" 500 271 "http://jenniferflo.com/" "Mozilla/5.0 (Windows NT 10.0; Win64; x64) AppleWebKit/537.36 (KHTML, like Gecko) Chrome/121.0.0.0 Safari/537.36"
198.204.226.18 - - [15/May/2025:22:08:06 -0400] "GET /wp-content/install.php HTTP/1.1" 200 10 "http://jenniferflo.com/wp-content/install.php" "Mozilla/5.0 (Windows NT 10.0; Win64; x64) AppleWebKit/537.36 (KHTML, like Gecko) Chrome/58.0.3029.110 Safari/537.3"
43.166.251.233 - - [15/May/2025:22:09:00 -0400] "GET / HTTP/1.1" 500 276 "-" "Mozilla/5.0 (iPhone; CPU iPhone OS 13_2_3 like Mac OS X) AppleWebKit/605.1.15 (KHTML, like Gecko) Version/13.0.3 Mobile/15E148 Safari/604.1"
47.238.13.14 - - [15/May/2025:22:09:18 -0400] "GET /items/dcwid121/16724?key=infrastructure HTTP/1.1" 500 271 "-" "Mozilla/5.0 (Macintosh; Intel Mac OS X 10_15_7) AppleWebKit/537.36 (KHTML, like Gecko) Chrome/109.0.0.0 Safari/537.36"
198.204.226.18 - - [15/May/2025:22:09:27 -0400] "GET /wp-content/install.php HTTP/1.1" 200 10 "http://jenniferflo.com/wp-content/install.php" "Mozilla/5.0 (Windows NT 10.0; Win64; x64) AppleWebKit/537.36 (KHTML, like Gecko) Chrome/58.0.3029.110 Safari/537.3"
198.204.226.18 - - [15/May/2025:22:09:24 -0400] "GET /wp-content/install.php HTTP/1.1" 200 0 "http://jenniferflo.com/wp-content/install.php" "Mozilla/5.0 (Windows NT 10.0; Win64; x64) AppleWebKit/537.36 (KHTML, like Gecko) Chrome/58.0.3029.110 Safari/537.3"
198.204.226.18 - - [15/May/2025:22:09:44 -0400] "GET /wp-content/install.php HTTP/1.1" 200 10 "http://jenniferflo.com/wp-content/install.php" "Mozilla/5.0 (Windows NT 10.0; Win64; x64) AppleWebKit/537.36 (KHTML, like Gecko) Chrome/58.0.3029.110 Safari/537.3"
194.34.248.168 - - [15/May/2025:22:10:21 -0400] "GET / HTTP/1.0" 500 360 "http://jenniferflo.com/" "Mozilla/5.0 (Windows NT 10.0; Win64; x64) AppleWebKit/537.36 (KHTML, like Gecko) Chrome/130.0.0.0 Safari/537.36"
46.8.16.15 - - [15/May/2025:22:10:21 -0400] "GET / HTTP/1.0" 500 360 "http://jenniferflo.com/" "Mozilla/5.0 (Windows NT 10.0; Win64; x64) AppleWebKit/537.36 (KHTML, like Gecko) Chrome/130.0.0.0 Safari/537.36"
194.34.248.168 - - [15/May/2025:22:10:22 -0400] "GET / HTTP/1.0" 500 360 "http://jenniferflo.com/" "Mozilla/5.0 (Windows NT 10.0; Win64; x64) AppleWebKit/537.36 (KHTML, like Gecko) Chrome/130.0.0.0 Safari/537.36"
45.86.1.200 - - [15/May/2025:22:10:22 -0400] "GET / HTTP/1.0" 500 360 "http://jenniferflo.com/" "Mozilla/5.0 (Windows NT 10.0; Win64; x64) AppleWebKit/537.36 (KHTML, like Gecko) Chrome/130.0.0.0 Safari/537.36"
47.238.13.14 - - [15/May/2025:22:10:27 -0400] "GET /lesson/j35?pid=20041 HTTP/1.1" 500 271 "-" "Mozilla/5.0 (Macintosh; Intel Mac OS X 10_15_7) AppleWebKit/537.36 (KHTML, like Gecko) Chrome/109.0.0.0 Safari/537.36"
198.204.226.18 - - [15/May/2025:22:10:48 -0400] "GET /wp-content/install.php HTTP/1.1" 200 10 "http://jenniferflo.com/wp-content/install.php" "Mozilla/5.0 (Windows NT 10.0; Win64; x64) AppleWebKit/537.36 (KHTML, like Gecko) Chrome/58.0.3029.110 Safari/537.3"
47.238.13.18 - - [15/May/2025:22:11:27 -0400] "GET /items/vgnel193/1086?key=reduce HTTP/1.1" 500 271 "-" "Mozilla/5.0 (Macintosh; Intel Mac OS X 10_15_7) AppleWebKit/537.36 (KHTML, like Gecko) Chrome/109.0.0.0 Safari/537.36"
198.204.226.18 - - [15/May/2025:22:11:21 -0400] "GET /wp-content/install.php HTTP/1.1" 200 0 "http://jenniferflo.com/wp-content/install.php" "Mozilla/5.0 (Windows NT 10.0; Win64; x64) AppleWebKit/537.36 (KHTML, like Gecko) Chrome/58.0.3029.110 Safari/537.3"
212.11.64.144 - - [15/May/2025:22:11:54 -0400] "GET //wp-content/plugins/sid/sidwso.php HTTP/1.1" 500 271 "http://jenniferflo.com/" "Mozilla/5.0 (Windows NT 10.0; Win64; x64) AppleWebKit/537.36 (KHTML, like Gecko) Chrome/121.0.0.0 Safari/537.36"
66.249.64.104 - - [15/May/2025:22:12:27 -0400] "GET /sitemap92.xml HTTP/1.1" 200 42107 "-" "Mozilla/5.0 (compatible; Googlebot/2.1; +http://www.google.com/bot.html)"
198.204.226.18 - - [15/May/2025:22:12:45 -0400] "GET /wp-content/install.php HTTP/1.1" 200 10 "http://jenniferflo.com/wp-content/install.php" "Mozilla/5.0 (Windows NT 10.0; Win64; x64) AppleWebKit/537.36 (KHTML, like Gecko) Chrome/58.0.3029.110 Safari/537.3"
198.204.226.18 - - [15/May/2025:22:13:07 -0400] "GET /wp-content/install.php HTTP/1.1" 200 10 "http://jenniferflo.com/wp-content/install.php" "Mozilla/5.0 (Windows NT 10.0; Win64; x64) AppleWebKit/537.36 (KHTML, like Gecko) Chrome/58.0.3029.110 Safari/537.3"
198.204.226.18 - - [15/May/2025:22:13:03 -0400] "GET /wp-content/install.php HTTP/1.1" 200 0 "http://jenniferflo.com/wp-content/install.php" "Mozilla/5.0 (Windows NT 10.0; Win64; x64) AppleWebKit/537.36 (KHTML, like Gecko) Chrome/58.0.3029.110 Safari/537.3"
198.204.226.18 - - [15/May/2025:22:13:23 -0400] "GET /wp-content/install.php HTTP/1.1" 200 10 "http://jenniferflo.com/wp-content/install.php" "Mozilla/5.0 (Windows NT 10.0; Win64; x64) AppleWebKit/537.36 (KHTML, like Gecko) Chrome/58.0.3029.110 Safari/537.3"
198.204.226.18 - - [15/May/2025:22:13:20 -0400] "GET /wp-content/install.php HTTP/1.1" 200 0 "http://jenniferflo.com/wp-content/install.php" "Mozilla/5.0 (Windows NT 10.0; Win64; x64) AppleWebKit/537.36 (KHTML, like Gecko) Chrome/58.0.3029.110 Safari/537.3"
198.204.226.18 - - [15/May/2025:22:13:31 -0400] "GET /wp-content/install.php HTTP/1.1" 200 0 "http://jenniferflo.com/wp-content/install.php" "Mozilla/5.0 (Windows NT 10.0; Win64; x64) AppleWebKit/537.36 (KHTML, like Gecko) Chrome/58.0.3029.110 Safari/537.3"
198.204.226.18 - - [15/May/2025:22:13:58 -0400] "GET /wp-content/install.php HTTP/1.1" 200 10 "http://jenniferflo.com/wp-content/install.php" "Mozilla/5.0 (Windows NT 10.0; Win64; x64) AppleWebKit/537.36 (KHTML, like Gecko) Chrome/58.0.3029.110 Safari/537.3"
198.204.226.18 - - [15/May/2025:22:14:31 -0400] "GET /wp-content/install.php HTTP/1.1" 200 10 "http://jenniferflo.com/wp-content/install.php" "Mozilla/5.0 (Windows NT 10.0; Win64; x64) AppleWebKit/537.36 (KHTML, like Gecko) Chrome/58.0.3029.110 Safari/537.3"
198.204.226.18 - - [15/May/2025:22:14:50 -0400] "GET /wp-content/install.php HTTP/1.1" 200 10 "http://jenniferflo.com/wp-content/install.php" "Mozilla/5.0 (Windows NT 10.0; Win64; x64) AppleWebKit/537.36 (KHTML, like Gecko) Chrome/58.0.3029.110 Safari/537.3"
47.238.13.10 - - [15/May/2025:22:15:07 -0400] "GET /privilege/j24?pid=12022 HTTP/1.1" 500 271 "-" "Mozilla/5.0 (Macintosh; Intel Mac OS X 10_15_7) AppleWebKit/537.36 (KHTML, like Gecko) Chrome/109.0.0.0 Safari/537.36"
198.204.226.18 - - [15/May/2025:22:15:16 -0400] "GET /wp-content/install.php HTTP/1.1" 200 10 "http://jenniferflo.com/wp-content/install.php" "Mozilla/5.0 (Windows NT 10.0; Win64; x64) AppleWebKit/537.36 (KHTML, like Gecko) Chrome/58.0.3029.110 Safari/537.3"
198.204.226.18 - - [15/May/2025:22:15:32 -0400] "GET /wp-content/install.php HTTP/1.1" 200 10 "http://jenniferflo.com/wp-content/install.php" "Mozilla/5.0 (Windows NT 10.0; Win64; x64) AppleWebKit/537.36 (KHTML, like Gecko) Chrome/58.0.3029.110 Safari/537.3"
212.11.64.144 - - [15/May/2025:22:15:44 -0400] "GET //wp-content/plugins/TOPXOH/wDR.php HTTP/1.1" 500 271 "http://jenniferflo.com/" "Mozilla/5.0 (Windows NT 10.0; Win64; x64) AppleWebKit/537.36 (KHTML, like Gecko) Chrome/121.0.0.0 Safari/537.36"
198.204.226.18 - - [15/May/2025:22:15:47 -0400] "GET /wp-content/install.php HTTP/1.1" 200 10 "http://jenniferflo.com/wp-content/install.php" "Mozilla/5.0 (Windows NT 10.0; Win64; x64) AppleWebKit/537.36 (KHTML, like Gecko) Chrome/58.0.3029.110 Safari/537.3"
47.238.13.3 - - [15/May/2025:22:16:04 -0400] "GET /items/bmvsl77/1900?key=possible HTTP/1.1" 500 271 "-" "Mozilla/5.0 (Macintosh; Intel Mac OS X 10_15_7) AppleWebKit/537.36 (KHTML, like Gecko) Chrome/109.0.0.0 Safari/537.36"
198.204.226.18 - - [15/May/2025:22:16:46 -0400] "GET /wp-content/install.php HTTP/1.1" 200 0 "http://jenniferflo.com/wp-content/install.php" "Mozilla/5.0 (Windows NT 10.0; Win64; x64) AppleWebKit/537.36 (KHTML, like Gecko) Chrome/58.0.3029.110 Safari/537.3"
152.53.115.5 - - [15/May/2025:22:17:16 -0400] "GET /wp-content/uploads/wedges.jpeg HTTP/1.1" 500 271 "-" "Mozilla/5.0 (Windows NT 10.0; Win64; x64) AppleWebKit/537.36 (KHTML, like Gecko) Chrome/100.0.4542.536 Safari/537.36"
198.204.226.18 - - [15/May/2025:22:17:19 -0400] "GET /wp-content/install.php HTTP/1.1" 200 10 "http://jenniferflo.com/wp-content/install.php" "Mozilla/5.0 (Windows NT 10.0; Win64; x64) AppleWebKit/537.36 (KHTML, like Gecko) Chrome/58.0.3029.110 Safari/537.3"
198.204.226.18 - - [15/May/2025:22:17:30 -0400] "GET /wp-content/install.php HTTP/1.1" 200 10 "http://jenniferflo.com/wp-content/install.php" "Mozilla/5.0 (Windows NT 10.0; Win64; x64) AppleWebKit/537.36 (KHTML, like Gecko) Chrome/58.0.3029.110 Safari/537.3"
198.204.226.18 - - [15/May/2025:22:17:54 -0400] "GET /wp-content/install.php HTTP/1.1" 200 10 "http://jenniferflo.com/wp-content/install.php" "Mozilla/5.0 (Windows NT 10.0; Win64; x64) AppleWebKit/537.36 (KHTML, like Gecko) Chrome/58.0.3029.110 Safari/537.3"
47.242.77.69 - - [15/May/2025:22:18:50 -0400] "GET /bell/v47?pid=909 HTTP/1.1" 500 271 "-" "Mozilla/5.0 (Macintosh; Intel Mac OS X 10_15_7) AppleWebKit/537.36 (KHTML, like Gecko) Chrome/109.0.0.0 Safari/537.36"
198.204.226.18 - - [15/May/2025:22:19:08 -0400] "GET /wp-content/install.php HTTP/1.1" 200 10 "http://jenniferflo.com/wp-content/install.php" "Mozilla/5.0 (Windows NT 10.0; Win64; x64) AppleWebKit/537.36 (KHTML, like Gecko) Chrome/58.0.3029.110 Safari/537.3"
198.204.226.18 - - [15/May/2025:22:19:05 -0400] "GET /wp-content/install.php HTTP/1.1" 200 0 "http://jenniferflo.com/wp-content/install.php" "Mozilla/5.0 (Windows NT 10.0; Win64; x64) AppleWebKit/537.36 (KHTML, like Gecko) Chrome/58.0.3029.110 Safari/537.3"
212.11.64.144 - - [15/May/2025:22:19:33 -0400] "GET //.well-known/fierzashell.php HTTP/1.1" 500 271 "http://jenniferflo.com/" "Mozilla/5.0 (Windows NT 10.0; Win64; x64) AppleWebKit/537.36 (KHTML, like Gecko) Chrome/121.0.0.0 Safari/537.36"
87.250.224.27 - - [15/May/2025:22:19:37 -0400] "GET /robots.txt HTTP/1.1" 200 371 "-" "Mozilla/5.0 (compatible; YandexBot/3.0; +http://yandex.com/bots)"
87.250.224.228 - - [15/May/2025:22:19:37 -0400] "GET /index.php/listening-to-your-favorite-song-is-healthy/ HTTP/1.1" 200 33 "-" "Mozilla/5.0 (compatible; YandexBot/3.0; +http://yandex.com/bots)"
95.108.213.210 - - [15/May/2025:22:19:58 -0400] "GET /?sitemap523.xml HTTP/1.1" 200 33 "-" "Mozilla/5.0 (compatible; YandexBot/3.0; +http://yandex.com/bots)"
213.180.203.112 - - [15/May/2025:22:19:58 -0400] "GET /search.php?sitemap261.xml HTTP/1.1" 200 33 "-" "Mozilla/5.0 (compatible; YandexBot/3.0; +http://yandex.com/bots)"
5.255.231.174 - - [15/May/2025:22:20:00 -0400] "GET /?sitemap126.xml HTTP/1.1" 200 33 "-" "Mozilla/5.0 (compatible; YandexBot/3.0; +http://yandex.com/bots)"
8.210.8.206 - - [15/May/2025:22:20:17 -0400] "GET /sitemap-subkey-472.xml HTTP/1.1" 200 100530 "-" "Mozilla/5.0 (Macintosh; Intel Mac OS X 10_15_7) AppleWebKit/537.36 (KHTML, like Gecko) Chrome/109.0.0.0 Safari/537.36"
47.238.13.11 - - [15/May/2025:22:21:38 -0400] "GET /items/pbnqh90/375?key=seriously HTTP/1.1" 500 271 "-" "Mozilla/5.0 (Macintosh; Intel Mac OS X 10_15_7) AppleWebKit/537.36 (KHTML, like Gecko) Chrome/109.0.0.0 Safari/537.36"
185.191.171.4 - - [15/May/2025:22:22:31 -0400] "GET /robots.txt HTTP/1.1" 200 133 "-" "Mozilla/5.0 (compatible; SemrushBot/7~bl; +http://www.semrush.com/bot.html)"
185.191.171.4 - - [15/May/2025:22:22:31 -0400] "GET /donation-failed/ HTTP/1.1" 403 0 "-" "Mozilla/5.0 (compatible; SemrushBot/7~bl; +http://www.semrush.com/bot.html)"
212.11.64.144 - - [15/May/2025:22:23:23 -0400] "GET //b0.php HTTP/1.1" 500 271 "http://jenniferflo.com/" "Mozilla/5.0 (Windows NT 10.0; Win64; x64) AppleWebKit/537.36 (KHTML, like Gecko) Chrome/121.0.0.0 Safari/537.36"
198.204.226.18 - - [15/May/2025:22:23:35 -0400] "GET /wp-content/install.php HTTP/1.1" 200 10 "http://jenniferflo.com/wp-content/install.php" "Mozilla/5.0 (Windows NT 10.0; Win64; x64) AppleWebKit/537.36 (KHTML, like Gecko) Chrome/58.0.3029.110 Safari/537.3"
198.204.226.18 - - [15/May/2025:22:23:59 -0400] "GET /wp-content/install.php HTTP/1.1" 200 10 "http://jenniferflo.com/wp-content/install.php" "Mozilla/5.0 (Windows NT 10.0; Win64; x64) AppleWebKit/537.36 (KHTML, like Gecko) Chrome/58.0.3029.110 Safari/537.3"
34.19.85.195 - - [15/May/2025:22:25:50 -0400] "GET /index.php/all-are-welcome/ HTTP/1.1" 500 200 "-" "Mozilla/5.0 (Macintosh; Intel Mac OS X 10_15_7) AppleWebKit/605.1.15 (KHTML, like Gecko) Version/17.0 Safari/605.1.15"
198.204.226.18 - - [15/May/2025:22:26:12 -0400] "GET /wp-content/install.php HTTP/1.1" 200 10 "http://jenniferflo.com/wp-content/install.php" "Mozilla/5.0 (Windows NT 10.0; Win64; x64) AppleWebKit/537.36 (KHTML, like Gecko) Chrome/58.0.3029.110 Safari/537.3"
198.204.226.18 - - [15/May/2025:22:26:09 -0400] "GET /wp-content/install.php HTTP/1.1" 200 0 "http://jenniferflo.com/wp-content/install.php" "Mozilla/5.0 (Windows NT 10.0; Win64; x64) AppleWebKit/537.36 (KHTML, like Gecko) Chrome/58.0.3029.110 Safari/537.3"
8.210.8.206 - - [15/May/2025:22:26:36 -0400] "GET /sitemap-subkey-1016.xml HTTP/1.1" 200 100698 "-" "Mozilla/5.0 (Macintosh; Intel Mac OS X 10_15_7) AppleWebKit/537.36 (KHTML, like Gecko) Chrome/109.0.0.0 Safari/537.36"
212.11.64.144 - - [15/May/2025:22:27:12 -0400] "GET //.tmb/class.api.php HTTP/1.1" 500 271 "http://jenniferflo.com/" "Mozilla/5.0 (Windows NT 10.0; Win64; x64) AppleWebKit/537.36 (KHTML, like Gecko) Chrome/121.0.0.0 Safari/537.36"
47.242.77.69 - - [15/May/2025:22:27:14 -0400] "GET /relatively/f6?pid=84 HTTP/1.1" 500 271 "-" "Mozilla/5.0 (Macintosh; Intel Mac OS X 10_15_7) AppleWebKit/537.36 (KHTML, like Gecko) Chrome/109.0.0.0 Safari/537.36"
198.204.226.18 - - [15/May/2025:22:27:17 -0400] "GET /wp-content/install.php HTTP/1.1" 200 10 "http://jenniferflo.com/wp-content/install.php" "Mozilla/5.0 (Windows NT 10.0; Win64; x64) AppleWebKit/537.36 (KHTML, like Gecko) Chrome/58.0.3029.110 Safari/537.3"
198.204.226.18 - - [15/May/2025:22:27:58 -0400] "GET /wp-content/install.php HTTP/1.1" 200 10 "http://jenniferflo.com/wp-content/install.php" "Mozilla/5.0 (Windows NT 10.0; Win64; x64) AppleWebKit/537.36 (KHTML, like Gecko) Chrome/58.0.3029.110 Safari/537.3"
198.204.226.18 - - [15/May/2025:22:27:55 -0400] "GET /wp-content/install.php HTTP/1.1" 200 0 "http://jenniferflo.com/wp-content/install.php" "Mozilla/5.0 (Windows NT 10.0; Win64; x64) AppleWebKit/537.36 (KHTML, like Gecko) Chrome/58.0.3029.110 Safari/537.3"
198.204.226.18 - - [15/May/2025:22:28:25 -0400] "GET /wp-content/install.php HTTP/1.1" 200 10 "http://jenniferflo.com/wp-content/install.php" "Mozilla/5.0 (Windows NT 10.0; Win64; x64) AppleWebKit/537.36 (KHTML, like Gecko) Chrome/58.0.3029.110 Safari/537.3"
198.204.226.18 - - [15/May/2025:22:28:22 -0400] "GET /wp-content/install.php HTTP/1.1" 200 0 "http://jenniferflo.com/wp-content/install.php" "Mozilla/5.0 (Windows NT 10.0; Win64; x64) AppleWebKit/537.36 (KHTML, like Gecko) Chrome/58.0.3029.110 Safari/537.3"
47.238.13.0 - - [15/May/2025:22:28:57 -0400] "GET /difficulty/j139?pid=44835 HTTP/1.1" 500 271 "-" "Mozilla/5.0 (Macintosh; Intel Mac OS X 10_15_7) AppleWebKit/537.36 (KHTML, like Gecko) Chrome/109.0.0.0 Safari/537.36"
198.204.226.18 - - [15/May/2025:22:29:22 -0400] "GET /wp-content/install.php HTTP/1.1" 200 10 "http://jenniferflo.com/wp-content/install.php" "Mozilla/5.0 (Windows NT 10.0; Win64; x64) AppleWebKit/537.36 (KHTML, like Gecko) Chrome/58.0.3029.110 Safari/537.3"
198.204.226.18 - - [15/May/2025:22:29:55 -0400] "GET /wp-content/install.php HTTP/1.1" 200 10 "http://jenniferflo.com/wp-content/install.php" "Mozilla/5.0 (Windows NT 10.0; Win64; x64) AppleWebKit/537.36 (KHTML, like Gecko) Chrome/58.0.3029.110 Safari/537.3"
198.204.226.18 - - [15/May/2025:22:30:42 -0400] "GET /wp-content/install.php HTTP/1.1" 200 10 "http://jenniferflo.com/wp-content/install.php" "Mozilla/5.0 (Windows NT 10.0; Win64; x64) AppleWebKit/537.36 (KHTML, like Gecko) Chrome/58.0.3029.110 Safari/537.3"
198.204.226.18 - - [15/May/2025:22:30:39 -0400] "GET /wp-content/install.php HTTP/1.1" 200 0 "http://jenniferflo.com/wp-content/install.php" "Mozilla/5.0 (Windows NT 10.0; Win64; x64) AppleWebKit/537.36 (KHTML, like Gecko) Chrome/58.0.3029.110 Safari/537.3"
212.11.64.144 - - [15/May/2025:22:31:02 -0400] "GET //mt//RxR.php?Fox=efjiq HTTP/1.1" 500 271 "http://jenniferflo.com/" "Mozilla/5.0 (Windows NT 10.0; Win64; x64) AppleWebKit/537.36 (KHTML, like Gecko) Chrome/121.0.0.0 Safari/537.36"
47.238.13.18 - - [15/May/2025:22:31:19 -0400] "GET /sitemap-subkey-1989.xml HTTP/1.1" 200 99749 "-" "Mozilla/5.0 (Macintosh; Intel Mac OS X 10_15_7) AppleWebKit/537.36 (KHTML, like Gecko) Chrome/109.0.0.0 Safari/537.36"
47.238.13.16 - - [15/May/2025:22:31:40 -0400] "GET /sitemap-subkey-642.xml HTTP/1.1" 200 99382 "-" "Mozilla/5.0 (Macintosh; Intel Mac OS X 10_15_7) AppleWebKit/537.36 (KHTML, like Gecko) Chrome/109.0.0.0 Safari/537.36"
47.238.13.10 - - [15/May/2025:22:32:56 -0400] "GET /items/pzlmx48/9735?key=leading HTTP/1.1" 500 271 "-" "Mozilla/5.0 (Macintosh; Intel Mac OS X 10_15_7) AppleWebKit/537.36 (KHTML, like Gecko) Chrome/109.0.0.0 Safari/537.36"
198.204.226.18 - - [15/May/2025:22:32:53 -0400] "GET /wp-content/install.php HTTP/1.1" 200 0 "http://jenniferflo.com/wp-content/install.php" "Mozilla/5.0 (Windows NT 10.0; Win64; x64) AppleWebKit/537.36 (KHTML, like Gecko) Chrome/58.0.3029.110 Safari/537.3"
198.204.226.18 - - [15/May/2025:22:33:04 -0400] "GET /wp-content/install.php HTTP/1.1" 200 0 "http://jenniferflo.com/wp-content/install.php" "Mozilla/5.0 (Windows NT 10.0; Win64; x64) AppleWebKit/537.36 (KHTML, like Gecko) Chrome/58.0.3029.110 Safari/537.3"
198.204.226.18 - - [15/May/2025:22:33:43 -0400] "GET /wp-content/install.php HTTP/1.1" 200 10 "http://jenniferflo.com/wp-content/install.php" "Mozilla/5.0 (Windows NT 10.0; Win64; x64) AppleWebKit/537.36 (KHTML, like Gecko) Chrome/58.0.3029.110 Safari/537.3"
47.238.13.17 - - [15/May/2025:22:33:58 -0400] "GET /sitemap-subkey-2248.xml HTTP/1.1" 200 99680 "-" "Mozilla/5.0 (Macintosh; Intel Mac OS X 10_15_7) AppleWebKit/537.36 (KHTML, like Gecko) Chrome/109.0.0.0 Safari/537.36"
198.204.226.18 - - [15/May/2025:22:34:48 -0400] "GET /wp-content/install.php HTTP/1.1" 200 10 "http://jenniferflo.com/wp-content/install.php" "Mozilla/5.0 (Windows NT 10.0; Win64; x64) AppleWebKit/537.36 (KHTML, like Gecko) Chrome/58.0.3029.110 Safari/537.3"
212.11.64.144 - - [15/May/2025:22:34:53 -0400] "GET //wp-content/themes/hideo/network.php HTTP/1.1" 500 271 "http://jenniferflo.com/" "Mozilla/5.0 (Windows NT 10.0; Win64; x64) AppleWebKit/537.36 (KHTML, like Gecko) Chrome/121.0.0.0 Safari/537.36"
198.204.226.18 - - [15/May/2025:22:34:45 -0400] "GET /wp-content/install.php HTTP/1.1" 200 0 "http://jenniferflo.com/wp-content/install.php" "Mozilla/5.0 (Windows NT 10.0; Win64; x64) AppleWebKit/537.36 (KHTML, like Gecko) Chrome/58.0.3029.110 Safari/537.3"
41.250.7.32 - - [15/May/2025:22:35:46 -0400] "GET /504.php HTTP/1.1" 200 206 "www.google.com" "Mozlila/5.0 (Linux; Android 7.0; SM-G892A Bulid/NRD90M; wv) AppleWebKit/537.36 (KHTML, like Gecko) Version/4.0 Chrome/60.0.3112.107 Moblie Safari/537.36"
198.204.226.18 - - [15/May/2025:22:35:59 -0400] "GET /wp-content/install.php HTTP/1.1" 200 10 "http://jenniferflo.com/wp-content/install.php" "Mozilla/5.0 (Windows NT 10.0; Win64; x64) AppleWebKit/537.36 (KHTML, like Gecko) Chrome/58.0.3029.110 Safari/537.3"
198.204.226.18 - - [15/May/2025:22:37:02 -0400] "GET /wp-content/install.php HTTP/1.1" 200 10 "http://jenniferflo.com/wp-content/install.php" "Mozilla/5.0 (Windows NT 10.0; Win64; x64) AppleWebKit/537.36 (KHTML, like Gecko) Chrome/58.0.3029.110 Safari/537.3"
198.204.226.18 - - [15/May/2025:22:36:59 -0400] "GET /wp-content/install.php HTTP/1.1" 200 0 "http://jenniferflo.com/wp-content/install.php" "Mozilla/5.0 (Windows NT 10.0; Win64; x64) AppleWebKit/537.36 (KHTML, like Gecko) Chrome/58.0.3029.110 Safari/537.3"
198.204.226.18 - - [15/May/2025:22:37:18 -0400] "GET /wp-content/install.php HTTP/1.1" 200 10 "http://jenniferflo.com/wp-content/install.php" "Mozilla/5.0 (Windows NT 10.0; Win64; x64) AppleWebKit/537.36 (KHTML, like Gecko) Chrome/58.0.3029.110 Safari/537.3"
198.204.226.18 - - [15/May/2025:22:37:40 -0400] "GET /wp-content/install.php HTTP/1.1" 200 10 "http://jenniferflo.com/wp-content/install.php" "Mozilla/5.0 (Windows NT 10.0; Win64; x64) AppleWebKit/537.36 (KHTML, like Gecko) Chrome/58.0.3029.110 Safari/537.3"
212.11.64.144 - - [15/May/2025:22:38:42 -0400] "GET //.well-known/pki-validation/x.php HTTP/1.1" 500 271 "http://jenniferflo.com/" "Mozilla/5.0 (Windows NT 10.0; Win64; x64) AppleWebKit/537.36 (KHTML, like Gecko) Chrome/121.0.0.0 Safari/537.36"
198.204.226.18 - - [15/May/2025:22:38:43 -0400] "GET /wp-content/install.php HTTP/1.1" 200 10 "http://jenniferflo.com/wp-content/install.php" "Mozilla/5.0 (Windows NT 10.0; Win64; x64) AppleWebKit/537.36 (KHTML, like Gecko) Chrome/58.0.3029.110 Safari/537.3"
198.204.226.18 - - [15/May/2025:22:38:40 -0400] "GET /wp-content/install.php HTTP/1.1" 200 0 "http://jenniferflo.com/wp-content/install.php" "Mozilla/5.0 (Windows NT 10.0; Win64; x64) AppleWebKit/537.36 (KHTML, like Gecko) Chrome/58.0.3029.110 Safari/537.3"
47.238.13.11 - - [15/May/2025:22:38:51 -0400] "GET /baby/d30?pid=218 HTTP/1.1" 500 271 "-" "Mozilla/5.0 (Macintosh; Intel Mac OS X 10_15_7) AppleWebKit/537.36 (KHTML, like Gecko) Chrome/109.0.0.0 Safari/537.36"
34.169.31.233 - - [15/May/2025:22:38:54 -0400] "GET /index.php/patient-transportation-services/ HTTP/1.1" 500 198 "-" "Mozilla/5.0 (Windows NT 10.0; Win64; x64) AppleWebKit/537.36 (KHTML, like Gecko) Chrome/123.0.0.0 Safari/537.36"
198.204.226.18 - - [15/May/2025:22:39:49 -0400] "GET /wp-content/install.php HTTP/1.1" 200 10 "http://jenniferflo.com/wp-content/install.php" "Mozilla/5.0 (Windows NT 10.0; Win64; x64) AppleWebKit/537.36 (KHTML, like Gecko) Chrome/58.0.3029.110 Safari/537.3"
69.197.182.50 - - [15/May/2025:22:39:55 -0400] "GET /wp-includes/install.php HTTP/1.1" 200 10 "http://jenniferflo.com/wp-includes/install.php" "Mozilla/5.0 (Windows NT 10.0; Win64; x64) AppleWebKit/537.36 (KHTML, like Gecko) Chrome/58.0.3029.110 Safari/537.3"
198.204.226.18 - - [15/May/2025:22:39:45 -0400] "GET /wp-content/install.php HTTP/1.1" 200 0 "http://jenniferflo.com/wp-content/install.php" "Mozilla/5.0 (Windows NT 10.0; Win64; x64) AppleWebKit/537.36 (KHTML, like Gecko) Chrome/58.0.3029.110 Safari/537.3"
198.204.226.18 - - [15/May/2025:22:40:02 -0400] "GET /wp-content/install.php HTTP/1.1" 200 10 "http://jenniferflo.com/wp-content/install.php" "Mozilla/5.0 (Windows NT 10.0; Win64; x64) AppleWebKit/537.36 (KHTML, like Gecko) Chrome/58.0.3029.110 Safari/537.3"
198.204.226.18 - - [15/May/2025:22:40:53 -0400] "GET /wp-content/install.php HTTP/1.1" 200 10 "http://jenniferflo.com/wp-content/install.php" "Mozilla/5.0 (Windows NT 10.0; Win64; x64) AppleWebKit/537.36 (KHTML, like Gecko) Chrome/58.0.3029.110 Safari/537.3"
47.238.13.10 - - [15/May/2025:22:41:36 -0400] "GET /items/sziyt70/369?key=declare HTTP/1.1" 500 271 "-" "Mozilla/5.0 (Macintosh; Intel Mac OS X 10_15_7) AppleWebKit/537.36 (KHTML, like Gecko) Chrome/109.0.0.0 Safari/537.36"
198.204.226.18 - - [15/May/2025:22:41:58 -0400] "GET /wp-content/install.php HTTP/1.1" 200 10 "http://jenniferflo.com/wp-content/install.php" "Mozilla/5.0 (Windows NT 10.0; Win64; x64) AppleWebKit/537.36 (KHTML, like Gecko) Chrome/58.0.3029.110 Safari/537.3"
198.204.226.18 - - [15/May/2025:22:41:55 -0400] "GET /wp-content/install.php HTTP/1.1" 200 0 "http://jenniferflo.com/wp-content/install.php" "Mozilla/5.0 (Windows NT 10.0; Win64; x64) AppleWebKit/537.36 (KHTML, like Gecko) Chrome/58.0.3029.110 Safari/537.3"
212.11.64.144 - - [15/May/2025:22:42:30 -0400] "GET //M1.php HTTP/1.1" 500 271 "http://jenniferflo.com/" "Mozilla/5.0 (Windows NT 10.0; Win64; x64) AppleWebKit/537.36 (KHTML, like Gecko) Chrome/121.0.0.0 Safari/537.36"
198.204.226.18 - - [15/May/2025:22:42:59 -0400] "GET /wp-content/install.php HTTP/1.1" 200 10 "http://jenniferflo.com/wp-content/install.php" "Mozilla/5.0 (Windows NT 10.0; Win64; x64) AppleWebKit/537.36 (KHTML, like Gecko) Chrome/58.0.3029.110 Safari/537.3"
198.204.226.18 - - [15/May/2025:22:43:27 -0400] "GET /wp-content/install.php HTTP/1.1" 200 10 "http://jenniferflo.com/wp-content/install.php" "Mozilla/5.0 (Windows NT 10.0; Win64; x64) AppleWebKit/537.36 (KHTML, like Gecko) Chrome/58.0.3029.110 Safari/537.3"
198.204.226.18 - - [15/May/2025:22:43:24 -0400] "GET /wp-content/install.php HTTP/1.1" 200 0 "http://jenniferflo.com/wp-content/install.php" "Mozilla/5.0 (Windows NT 10.0; Win64; x64) AppleWebKit/537.36 (KHTML, like Gecko) Chrome/58.0.3029.110 Safari/537.3"
198.204.226.18 - - [15/May/2025:22:44:00 -0400] "GET /wp-content/install.php HTTP/1.1" 200 10 "http://jenniferflo.com/wp-content/install.php" "Mozilla/5.0 (Windows NT 10.0; Win64; x64) AppleWebKit/537.36 (KHTML, like Gecko) Chrome/58.0.3029.110 Safari/537.3"
198.204.226.18 - - [15/May/2025:22:44:37 -0400] "GET /wp-content/install.php HTTP/1.1" 200 10 "http://jenniferflo.com/wp-content/install.php" "Mozilla/5.0 (Windows NT 10.0; Win64; x64) AppleWebKit/537.36 (KHTML, like Gecko) Chrome/58.0.3029.110 Safari/537.3"
198.204.226.18 - - [15/May/2025:22:45:08 -0400] "GET /wp-content/install.php HTTP/1.1" 200 10 "http://jenniferflo.com/wp-content/install.php" "Mozilla/5.0 (Windows NT 10.0; Win64; x64) AppleWebKit/537.36 (KHTML, like Gecko) Chrome/58.0.3029.110 Safari/537.3"
198.204.226.18 - - [15/May/2025:22:45:05 -0400] "GET /wp-content/install.php HTTP/1.1" 200 0 "http://jenniferflo.com/wp-content/install.php" "Mozilla/5.0 (Windows NT 10.0; Win64; x64) AppleWebKit/537.36 (KHTML, like Gecko) Chrome/58.0.3029.110 Safari/537.3"
198.204.226.18 - - [15/May/2025:22:45:34 -0400] "GET /wp-content/install.php HTTP/1.1" 200 10 "http://jenniferflo.com/wp-content/install.php" "Mozilla/5.0 (Windows NT 10.0; Win64; x64) AppleWebKit/537.36 (KHTML, like Gecko) Chrome/58.0.3029.110 Safari/537.3"
212.11.64.144 - - [15/May/2025:22:46:18 -0400] "GET //cgi-bin//RxR.php?Fox=efjiq HTTP/1.1" 500 271 "http://jenniferflo.com/" "Mozilla/5.0 (Windows NT 10.0; Win64; x64) AppleWebKit/537.36 (KHTML, like Gecko) Chrome/121.0.0.0 Safari/537.36"
198.204.226.18 - - [15/May/2025:22:46:42 -0400] "GET /wp-content/install.php HTTP/1.1" 200 10 "http://jenniferflo.com/wp-content/install.php" "Mozilla/5.0 (Windows NT 10.0; Win64; x64) AppleWebKit/537.36 (KHTML, like Gecko) Chrome/58.0.3029.110 Safari/537.3"
198.204.226.18 - - [15/May/2025:22:46:39 -0400] "GET /wp-content/install.php HTTP/1.1" 200 0 "http://jenniferflo.com/wp-content/install.php" "Mozilla/5.0 (Windows NT 10.0; Win64; x64) AppleWebKit/537.36 (KHTML, like Gecko) Chrome/58.0.3029.110 Safari/537.3"
198.204.226.18 - - [15/May/2025:22:46:54 -0400] "GET /wp-content/install.php HTTP/1.1" 200 10 "http://jenniferflo.com/wp-content/install.php" "Mozilla/5.0 (Windows NT 10.0; Win64; x64) AppleWebKit/537.36 (KHTML, like Gecko) Chrome/58.0.3029.110 Safari/537.3"
47.238.13.12 - - [15/May/2025:22:47:28 -0400] "GET /guilty/s217?pid=44123 HTTP/1.1" 500 271 "-" "Mozilla/5.0 (Macintosh; Intel Mac OS X 10_15_7) AppleWebKit/537.36 (KHTML, like Gecko) Chrome/109.0.0.0 Safari/537.36"
198.204.226.18 - - [15/May/2025:22:48:21 -0400] "GET /wp-content/install.php HTTP/1.1" 200 0 "http://jenniferflo.com/wp-content/install.php" "Mozilla/5.0 (Windows NT 10.0; Win64; x64) AppleWebKit/537.36 (KHTML, like Gecko) Chrome/58.0.3029.110 Safari/537.3"
47.238.13.9 - - [15/May/2025:22:48:51 -0400] "GET /sitemap-subkey-1434.xml HTTP/1.1" 200 101179 "-" "Mozilla/5.0 (Macintosh; Intel Mac OS X 10_15_7) AppleWebKit/537.36 (KHTML, like Gecko) Chrome/109.0.0.0 Safari/537.36"
198.204.226.18 - - [15/May/2025:22:49:09 -0400] "GET /wp-content/install.php HTTP/1.1" 200 10 "http://jenniferflo.com/wp-content/install.php" "Mozilla/5.0 (Windows NT 10.0; Win64; x64) AppleWebKit/537.36 (KHTML, like Gecko) Chrome/58.0.3029.110 Safari/537.3"
198.204.226.18 - - [15/May/2025:22:49:33 -0400] "GET /wp-content/install.php HTTP/1.1" 200 10 "http://jenniferflo.com/wp-content/install.php" "Mozilla/5.0 (Windows NT 10.0; Win64; x64) AppleWebKit/537.36 (KHTML, like Gecko) Chrome/58.0.3029.110 Safari/537.3"
212.11.64.144 - - [15/May/2025:22:50:07 -0400] "GET //wp-includes/SimplePie/file.php HTTP/1.1" 500 271 "http://jenniferflo.com/" "Mozilla/5.0 (Windows NT 10.0; Win64; x64) AppleWebKit/537.36 (KHTML, like Gecko) Chrome/121.0.0.0 Safari/537.36"
198.204.226.18 - - [15/May/2025:22:50:09 -0400] "GET /wp-content/install.php HTTP/1.1" 200 10 "http://jenniferflo.com/wp-content/install.php" "Mozilla/5.0 (Windows NT 10.0; Win64; x64) AppleWebKit/537.36 (KHTML, like Gecko) Chrome/58.0.3029.110 Safari/537.3"
47.238.14.12 - - [15/May/2025:22:50:15 -0400] "GET /evaluate/y98?pid=452 HTTP/1.1" 500 271 "-" "Mozilla/5.0 (Macintosh; Intel Mac OS X 10_15_7) AppleWebKit/537.36 (KHTML, like Gecko) Chrome/109.0.0.0 Safari/537.36"
198.204.226.18 - - [15/May/2025:22:50:06 -0400] "GET /wp-content/install.php HTTP/1.1" 200 0 "http://jenniferflo.com/wp-content/install.php" "Mozilla/5.0 (Windows NT 10.0; Win64; x64) AppleWebKit/537.36 (KHTML, like Gecko) Chrome/58.0.3029.110 Safari/537.3"
47.242.77.69 - - [15/May/2025:22:50:25 -0400] "GET /sitemap-subkey-2246.xml HTTP/1.1" 200 100105 "-" "Mozilla/5.0 (Macintosh; Intel Mac OS X 10_15_7) AppleWebKit/537.36 (KHTML, like Gecko) Chrome/109.0.0.0 Safari/537.36"
198.204.226.18 - - [15/May/2025:22:50:39 -0400] "GET /wp-content/install.php HTTP/1.1" 200 10 "http://jenniferflo.com/wp-content/install.php" "Mozilla/5.0 (Windows NT 10.0; Win64; x64) AppleWebKit/537.36 (KHTML, like Gecko) Chrome/58.0.3029.110 Safari/537.3"
198.204.226.18 - - [15/May/2025:22:50:35 -0400] "GET /wp-content/install.php HTTP/1.1" 200 0 "http://jenniferflo.com/wp-content/install.php" "Mozilla/5.0 (Windows NT 10.0; Win64; x64) AppleWebKit/537.36 (KHTML, like Gecko) Chrome/58.0.3029.110 Safari/537.3"
198.204.226.18 - - [15/May/2025:22:50:50 -0400] "GET /wp-content/install.php HTTP/1.1" 200 10 "http://jenniferflo.com/wp-content/install.php" "Mozilla/5.0 (Windows NT 10.0; Win64; x64) AppleWebKit/537.36 (KHTML, like Gecko) Chrome/58.0.3029.110 Safari/537.3"
198.204.226.18 - - [15/May/2025:22:51:52 -0400] "GET /wp-content/install.php HTTP/1.1" 200 10 "http://jenniferflo.com/wp-content/install.php" "Mozilla/5.0 (Windows NT 10.0; Win64; x64) AppleWebKit/537.36 (KHTML, like Gecko) Chrome/58.0.3029.110 Safari/537.3"
198.204.226.18 - - [15/May/2025:22:52:25 -0400] "GET /wp-content/install.php HTTP/1.1" 200 10 "http://jenniferflo.com/wp-content/install.php" "Mozilla/5.0 (Windows NT 10.0; Win64; x64) AppleWebKit/537.36 (KHTML, like Gecko) Chrome/58.0.3029.110 Safari/537.3"
198.204.226.18 - - [15/May/2025:22:52:22 -0400] "GET /wp-content/install.php HTTP/1.1" 200 0 "http://jenniferflo.com/wp-content/install.php" "Mozilla/5.0 (Windows NT 10.0; Win64; x64) AppleWebKit/537.36 (KHTML, like Gecko) Chrome/58.0.3029.110 Safari/537.3"
198.204.226.18 - - [15/May/2025:22:52:44 -0400] "GET /wp-content/install.php HTTP/1.1" 200 10 "http://jenniferflo.com/wp-content/install.php" "Mozilla/5.0 (Windows NT 10.0; Win64; x64) AppleWebKit/537.36 (KHTML, like Gecko) Chrome/58.0.3029.110 Safari/537.3"
47.242.230.146 - - [15/May/2025:22:52:47 -0400] "GET /items/ofdfc47/682?key=achievement HTTP/1.1" 500 271 "-" "Mozilla/5.0 (Macintosh; Intel Mac OS X 10_15_7) AppleWebKit/537.36 (KHTML, like Gecko) Chrome/109.0.0.0 Safari/537.36"
198.204.226.18 - - [15/May/2025:22:52:40 -0400] "GET /wp-content/install.php HTTP/1.1" 200 0 "http://jenniferflo.com/wp-content/install.php" "Mozilla/5.0 (Windows NT 10.0; Win64; x64) AppleWebKit/537.36 (KHTML, like Gecko) Chrome/58.0.3029.110 Safari/537.3"
198.204.226.18 - - [15/May/2025:22:53:41 -0400] "GET /wp-content/install.php HTTP/1.1" 200 10 "http://jenniferflo.com/wp-content/install.php" "Mozilla/5.0 (Windows NT 10.0; Win64; x64) AppleWebKit/537.36 (KHTML, like Gecko) Chrome/58.0.3029.110 Safari/537.3"
212.11.64.144 - - [15/May/2025:22:53:57 -0400] "GET //wordpress/wp-content/plugins/cvbnm/ms-edit.php HTTP/1.1" 500 271 "http://jenniferflo.com/" "Mozilla/5.0 (Windows NT 10.0; Win64; x64) AppleWebKit/537.36 (KHTML, like Gecko) Chrome/121.0.0.0 Safari/537.36"
47.238.13.5 - - [15/May/2025:22:54:00 -0400] "GET /sitemap-subkey-669.xml HTTP/1.1" 200 99121 "-" "Mozilla/5.0 (Macintosh; Intel Mac OS X 10_15_7) AppleWebKit/537.36 (KHTML, like Gecko) Chrome/109.0.0.0 Safari/537.36"
47.238.13.5 - - [15/May/2025:22:54:17 -0400] "GET /16470500 HTTP/1.1" 500 271 "-" "Mozilla/5.0 (Macintosh; Intel Mac OS X 10_15_7) AppleWebKit/537.36 (KHTML, like Gecko) Chrome/109.0.0.0 Safari/537.36"
198.204.226.18 - - [15/May/2025:22:54:27 -0400] "GET /wp-content/install.php HTTP/1.1" 200 10 "http://jenniferflo.com/wp-content/install.php" "Mozilla/5.0 (Windows NT 10.0; Win64; x64) AppleWebKit/537.36 (KHTML, like Gecko) Chrome/58.0.3029.110 Safari/537.3"
198.204.226.18 - - [15/May/2025:22:54:19 -0400] "GET /wp-content/install.php HTTP/1.1" 200 0 "http://jenniferflo.com/wp-content/install.php" "Mozilla/5.0 (Windows NT 10.0; Win64; x64) AppleWebKit/537.36 (KHTML, like Gecko) Chrome/58.0.3029.110 Safari/537.3"
198.204.226.18 - - [15/May/2025:22:54:45 -0400] "GET /wp-content/install.php HTTP/1.1" 200 10 "http://jenniferflo.com/wp-content/install.php" "Mozilla/5.0 (Windows NT 10.0; Win64; x64) AppleWebKit/537.36 (KHTML, like Gecko) Chrome/58.0.3029.110 Safari/537.3"
47.238.13.9 - - [15/May/2025:22:55:05 -0400] "GET /items/zdixk92/861?key=seize HTTP/1.1" 500 271 "-" "Mozilla/5.0 (Macintosh; Intel Mac OS X 10_15_7) AppleWebKit/537.36 (KHTML, like Gecko) Chrome/109.0.0.0 Safari/537.36"
8.210.8.206 - - [15/May/2025:22:55:47 -0400] "GET /items/rtqgm204/9935?key=trading HTTP/1.1" 500 271 "-" "Mozilla/5.0 (Macintosh; Intel Mac OS X 10_15_7) AppleWebKit/537.36 (KHTML, like Gecko) Chrome/109.0.0.0 Safari/537.36"
198.204.226.18 - - [15/May/2025:22:55:49 -0400] "GET /wp-content/install.php HTTP/1.1" 200 10 "http://jenniferflo.com/wp-content/install.php" "Mozilla/5.0 (Windows NT 10.0; Win64; x64) AppleWebKit/537.36 (KHTML, like Gecko) Chrome/58.0.3029.110 Safari/537.3"
198.204.226.18 - - [15/May/2025:22:55:45 -0400] "GET /wp-content/install.php HTTP/1.1" 200 0 "http://jenniferflo.com/wp-content/install.php" "Mozilla/5.0 (Windows NT 10.0; Win64; x64) AppleWebKit/537.36 (KHTML, like Gecko) Chrome/58.0.3029.110 Safari/537.3"
198.204.226.18 - - [15/May/2025:22:56:14 -0400] "GET /wp-content/install.php HTTP/1.1" 200 10 "http://jenniferflo.com/wp-content/install.php" "Mozilla/5.0 (Windows NT 10.0; Win64; x64) AppleWebKit/537.36 (KHTML, like Gecko) Chrome/58.0.3029.110 Safari/537.3"
47.238.13.18 - - [15/May/2025:22:56:18 -0400] "GET /sitemap-subkey-2625.xml HTTP/1.1" 200 100421 "-" "Mozilla/5.0 (Macintosh; Intel Mac OS X 10_15_7) AppleWebKit/537.36 (KHTML, like Gecko) Chrome/109.0.0.0 Safari/537.36"
198.204.226.18 - - [15/May/2025:22:56:10 -0400] "GET /wp-content/install.php HTTP/1.1" 200 0 "http://jenniferflo.com/wp-content/install.php" "Mozilla/5.0 (Windows NT 10.0; Win64; x64) AppleWebKit/537.36 (KHTML, like Gecko) Chrome/58.0.3029.110 Safari/537.3"
198.204.226.18 - - [15/May/2025:22:56:52 -0400] "GET /wp-content/install.php HTTP/1.1" 200 10 "http://jenniferflo.com/wp-content/install.php" "Mozilla/5.0 (Windows NT 10.0; Win64; x64) AppleWebKit/537.36 (KHTML, like Gecko) Chrome/58.0.3029.110 Safari/537.3"
198.204.226.18 - - [15/May/2025:22:56:48 -0400] "GET /wp-content/install.php HTTP/1.1" 200 0 "http://jenniferflo.com/wp-content/install.php" "Mozilla/5.0 (Windows NT 10.0; Win64; x64) AppleWebKit/537.36 (KHTML, like Gecko) Chrome/58.0.3029.110 Safari/537.3"
198.204.226.18 - - [15/May/2025:22:57:47 -0400] "GET /wp-content/install.php HTTP/1.1" 200 10 "http://jenniferflo.com/wp-content/install.php" "Mozilla/5.0 (Windows NT 10.0; Win64; x64) AppleWebKit/537.36 (KHTML, like Gecko) Chrome/58.0.3029.110 Safari/537.3"
212.11.64.144 - - [15/May/2025:22:57:48 -0400] "GET //wp-content/plugins/cvbnm/ms-edit.php HTTP/1.1" 500 271 "http://jenniferflo.com/" "Mozilla/5.0 (Windows NT 10.0; Win64; x64) AppleWebKit/537.36 (KHTML, like Gecko) Chrome/121.0.0.0 Safari/537.36"
41.250.7.32 - - [15/May/2025:22:58:41 -0400] "GET /.well-known/pki-validation/atomlib.php HTTP/1.1" 404 1251 "-" "Mozlila/5.0 (Linux; Android 7.0; SM-G892A Bulid/NRD90M; wv) AppleWebKit/537.36 (KHTML, like Gecko) Version/4.0 Chrome/60.0.3112.107 Moblie Safari/537.36"
41.250.7.32 - - [15/May/2025:22:58:45 -0400] "GET /wp-admin/css/colors/blue/atomlib.php HTTP/1.1" 500 271 "-" "Mozlila/5.0 (Linux; Android 7.0; SM-G892A Bulid/NRD90M; wv) AppleWebKit/537.36 (KHTML, like Gecko) Version/4.0 Chrome/60.0.3112.107 Moblie Safari/537.36"
198.204.226.18 - - [15/May/2025:22:58:55 -0400] "GET /wp-content/install.php HTTP/1.1" 200 10 "http://jenniferflo.com/wp-content/install.php" "Mozilla/5.0 (Windows NT 10.0; Win64; x64) AppleWebKit/537.36 (KHTML, like Gecko) Chrome/58.0.3029.110 Safari/537.3"
208.110.64.178 - - [15/May/2025:22:58:58 -0400] "GET /wp-includes/install.php HTTP/1.1" 200 10 "http://jenniferflo.com/wp-includes/install.php" "Mozilla/5.0 (Windows NT 10.0; Win64; x64) AppleWebKit/537.36 (KHTML, like Gecko) Chrome/58.0.3029.110 Safari/537.3"
198.204.226.18 - - [15/May/2025:22:58:52 -0400] "GET /wp-content/install.php HTTP/1.1" 200 0 "http://jenniferflo.com/wp-content/install.php" "Mozilla/5.0 (Windows NT 10.0; Win64; x64) AppleWebKit/537.36 (KHTML, like Gecko) Chrome/58.0.3029.110 Safari/537.3"
41.250.7.32 - - [15/May/2025:22:59:07 -0400] "GET /wp-includes/Requests/atomlib.php HTTP/1.1" 500 271 "-" "Mozlila/5.0 (Linux; Android 7.0; SM-G892A Bulid/NRD90M; wv) AppleWebKit/537.36 (KHTML, like Gecko) Version/4.0 Chrome/60.0.3112.107 Moblie Safari/537.36"
41.250.7.32 - - [15/May/2025:22:59:20 -0400] "GET /.well-known/acme-challenge/atomlib.php HTTP/1.1" 500 271 "-" "Mozlila/5.0 (Linux; Android 7.0; SM-G892A Bulid/NRD90M; wv) AppleWebKit/537.36 (KHTML, like Gecko) Version/4.0 Chrome/60.0.3112.107 Moblie Safari/537.36"
41.250.7.32 - - [15/May/2025:22:59:47 -0400] "GET /504.php HTTP/1.1" 200 206 "www.google.com" "Mozlila/5.0 (Linux; Android 7.0; SM-G892A Bulid/NRD90M; wv) AppleWebKit/537.36 (KHTML, like Gecko) Version/4.0 Chrome/60.0.3112.107 Moblie Safari/537.36"
198.204.226.18 - - [15/May/2025:22:59:57 -0400] "GET /wp-content/install.php HTTP/1.1" 200 10 "http://jenniferflo.com/wp-content/install.php" "Mozilla/5.0 (Windows NT 10.0; Win64; x64) AppleWebKit/537.36 (KHTML, like Gecko) Chrome/58.0.3029.110 Safari/537.3"
198.204.226.18 - - [15/May/2025:23:00:38 -0400] "GET /wp-content/install.php HTTP/1.1" 200 10 "http://jenniferflo.com/wp-content/install.php" "Mozilla/5.0 (Windows NT 10.0; Win64; x64) AppleWebKit/537.36 (KHTML, like Gecko) Chrome/58.0.3029.110 Safari/537.3"
198.204.226.18 - - [15/May/2025:23:00:34 -0400] "GET /wp-content/install.php HTTP/1.1" 200 0 "http://jenniferflo.com/wp-content/install.php" "Mozilla/5.0 (Windows NT 10.0; Win64; x64) AppleWebKit/537.36 (KHTML, like Gecko) Chrome/58.0.3029.110 Safari/537.3"
198.204.226.18 - - [15/May/2025:23:00:57 -0400] "GET /wp-content/install.php HTTP/1.1" 200 10 "http://jenniferflo.com/wp-content/install.php" "Mozilla/5.0 (Windows NT 10.0; Win64; x64) AppleWebKit/537.36 (KHTML, like Gecko) Chrome/58.0.3029.110 Safari/537.3"
212.11.64.144 - - [15/May/2025:23:01:38 -0400] "GET //wordpress/wp-content/themes/as/radio.php HTTP/1.1" 500 271 "http://jenniferflo.com/" "Mozilla/5.0 (Windows NT 10.0; Win64; x64) AppleWebKit/537.36 (KHTML, like Gecko) Chrome/121.0.0.0 Safari/537.36"
198.204.226.18 - - [15/May/2025:23:02:07 -0400] "GET /wp-content/install.php HTTP/1.1" 200 10 "http://jenniferflo.com/wp-content/install.php" "Mozilla/5.0 (Windows NT 10.0; Win64; x64) AppleWebKit/537.36 (KHTML, like Gecko) Chrome/58.0.3029.110 Safari/537.3"
198.204.226.18 - - [15/May/2025:23:02:04 -0400] "GET /wp-content/install.php HTTP/1.1" 200 0 "http://jenniferflo.com/wp-content/install.php" "Mozilla/5.0 (Windows NT 10.0; Win64; x64) AppleWebKit/537.36 (KHTML, like Gecko) Chrome/58.0.3029.110 Safari/537.3"
8.210.8.206 - - [15/May/2025:23:02:27 -0400] "GET /items/yuzbb84/39481?key=miss HTTP/1.1" 500 271 "-" "Mozilla/5.0 (Macintosh; Intel Mac OS X 10_15_7) AppleWebKit/537.36 (KHTML, like Gecko) Chrome/109.0.0.0 Safari/537.36"
198.204.226.18 - - [15/May/2025:23:02:33 -0400] "GET /wp-content/install.php HTTP/1.1" 200 10 "http://jenniferflo.com/wp-content/install.php" "Mozilla/5.0 (Windows NT 10.0; Win64; x64) AppleWebKit/537.36 (KHTML, like Gecko) Chrome/58.0.3029.110 Safari/537.3"
198.204.226.18 - - [15/May/2025:23:02:28 -0400] "GET /wp-content/install.php HTTP/1.1" 200 0 "http://jenniferflo.com/wp-content/install.php" "Mozilla/5.0 (Windows NT 10.0; Win64; x64) AppleWebKit/537.36 (KHTML, like Gecko) Chrome/58.0.3029.110 Safari/537.3"
198.204.226.18 - - [15/May/2025:23:02:47 -0400] "GET /wp-content/install.php HTTP/1.1" 200 10 "http://jenniferflo.com/wp-content/install.php" "Mozilla/5.0 (Windows NT 10.0; Win64; x64) AppleWebKit/537.36 (KHTML, like Gecko) Chrome/58.0.3029.110 Safari/537.3"
198.204.226.18 - - [15/May/2025:23:03:55 -0400] "GET /wp-content/install.php HTTP/1.1" 200 10 "http://jenniferflo.com/wp-content/install.php" "Mozilla/5.0 (Windows NT 10.0; Win64; x64) AppleWebKit/537.36 (KHTML, like Gecko) Chrome/58.0.3029.110 Safari/537.3"
198.204.226.18 - - [15/May/2025:23:04:11 -0400] "GET /wp-content/install.php HTTP/1.1" 200 10 "http://jenniferflo.com/wp-content/install.php" "Mozilla/5.0 (Windows NT 10.0; Win64; x64) AppleWebKit/537.36 (KHTML, like Gecko) Chrome/58.0.3029.110 Safari/537.3"
198.204.226.18 - - [15/May/2025:23:04:08 -0400] "GET /wp-content/install.php HTTP/1.1" 200 0 "http://jenniferflo.com/wp-content/install.php" "Mozilla/5.0 (Windows NT 10.0; Win64; x64) AppleWebKit/537.36 (KHTML, like Gecko) Chrome/58.0.3029.110 Safari/537.3"
198.204.226.18 - - [15/May/2025:23:04:57 -0400] "GET /wp-content/install.php HTTP/1.1" 200 10 "http://jenniferflo.com/wp-content/install.php" "Mozilla/5.0 (Windows NT 10.0; Win64; x64) AppleWebKit/537.36 (KHTML, like Gecko) Chrome/58.0.3029.110 Safari/537.3"
41.250.7.32 - - [15/May/2025:23:05:14 -0400] "GET /504.php HTTP/1.1" 200 206 "www.google.com" "Mozlila/5.0 (Linux; Android 7.0; SM-G892A Bulid/NRD90M; wv) AppleWebKit/537.36 (KHTML, like Gecko) Version/4.0 Chrome/60.0.3112.107 Moblie Safari/537.36"
8.210.11.248 - - [15/May/2025:23:05:15 -0400] "GET /sitemap-subkey-1512.xml HTTP/1.1" 200 100175 "-" "Mozilla/5.0 (Macintosh; Intel Mac OS X 10_15_7) AppleWebKit/537.36 (KHTML, like Gecko) Chrome/109.0.0.0 Safari/537.36"
198.204.226.18 - - [15/May/2025:23:05:27 -0400] "GET /wp-content/install.php HTTP/1.1" 200 10 "http://jenniferflo.com/wp-content/install.php" "Mozilla/5.0 (Windows NT 10.0; Win64; x64) AppleWebKit/537.36 (KHTML, like Gecko) Chrome/58.0.3029.110 Safari/537.3"
212.11.64.144 - - [15/May/2025:23:05:29 -0400] "GET //old/wp-content/plugins/cvbnm/ms-edit.php HTTP/1.1" 500 271 "http://jenniferflo.com/" "Mozilla/5.0 (Windows NT 10.0; Win64; x64) AppleWebKit/537.36 (KHTML, like Gecko) Chrome/121.0.0.0 Safari/537.36"
198.204.226.18 - - [15/May/2025:23:05:46 -0400] "GET /wp-content/install.php HTTP/1.1" 200 10 "http://jenniferflo.com/wp-content/install.php" "Mozilla/5.0 (Windows NT 10.0; Win64; x64) AppleWebKit/537.36 (KHTML, like Gecko) Chrome/58.0.3029.110 Safari/537.3"
198.204.226.18 - - [15/May/2025:23:05:50 -0400] "GET /wp-content/install.php HTTP/1.1" 200 10 "http://jenniferflo.com/wp-content/install.php" "Mozilla/5.0 (Windows NT 10.0; Win64; x64) AppleWebKit/537.36 (KHTML, like Gecko) Chrome/58.0.3029.110 Safari/537.3"
