Server IP : 192.158.238.246 / Your IP : 216.73.216.40 Web Server : LiteSpeed System : Linux uniform.iwebfusion.net 4.18.0-553.27.1.lve.1.el8.x86_64 #1 SMP Wed Nov 20 15:58:00 UTC 2024 x86_64 User : jenniferflocom ( 1321) PHP Version : 8.1.32 Disable Function : NONE MySQL : OFF | cURL : ON | WGET : ON | Perl : ON | Python : ON | Sudo : OFF | Pkexec : OFF Directory : /proc/self/root/proc/self/root/proc/self/root/home/jenniferflocom/access-logs/ |
Upload File : |
198.204.226.18 - - [23/May/2025:20:39:03 -0400] "GET /wp-content/install.php HTTP/1.1" 200 10 "http://jenniferflo.com/wp-content/install.php" "Mozilla/5.0 (Windows NT 10.0; Win64; x64) AppleWebKit/537.36 (KHTML, like Gecko) Chrome/58.0.3029.110 Safari/537.3"
47.238.13.16 - - [23/May/2025:20:39:19 -0400] "GET /so-called/e77?pid=1127 HTTP/1.1" 500 271 "-" "Mozilla/5.0 (Macintosh; Intel Mac OS X 10_15_7) AppleWebKit/537.36 (KHTML, like Gecko) Chrome/109.0.0.0 Safari/537.36"
47.242.77.69 - - [23/May/2025:20:39:23 -0400] "GET /items/tswpc257/33500?key=dynamics HTTP/1.1" 500 271 "-" "Mozilla/5.0 (Macintosh; Intel Mac OS X 10_15_7) AppleWebKit/537.36 (KHTML, like Gecko) Chrome/109.0.0.0 Safari/537.36"
198.204.226.18 - - [23/May/2025:20:39:38 -0400] "GET /wp-content/install.php HTTP/1.1" 200 10 "http://jenniferflo.com/wp-content/install.php" "Mozilla/5.0 (Windows NT 10.0; Win64; x64) AppleWebKit/537.36 (KHTML, like Gecko) Chrome/58.0.3029.110 Safari/537.3"
198.204.226.18 - - [23/May/2025:20:39:33 -0400] "GET /wp-content/install.php HTTP/1.1" 200 0 "http://jenniferflo.com/wp-content/install.php" "Mozilla/5.0 (Windows NT 10.0; Win64; x64) AppleWebKit/537.36 (KHTML, like Gecko) Chrome/58.0.3029.110 Safari/537.3"
198.204.226.18 - - [23/May/2025:20:40:02 -0400] "GET /wp-content/install.php HTTP/1.1" 200 10 "http://jenniferflo.com/wp-content/install.php" "Mozilla/5.0 (Windows NT 10.0; Win64; x64) AppleWebKit/537.36 (KHTML, like Gecko) Chrome/58.0.3029.110 Safari/537.3"
47.242.230.146 - - [23/May/2025:20:40:05 -0400] "GET /sitemap-subkey-2733.xml HTTP/1.1" 200 84139 "-" "Mozilla/5.0 (Macintosh; Intel Mac OS X 10_15_7) AppleWebKit/537.36 (KHTML, like Gecko) Chrome/109.0.0.0 Safari/537.36"
198.204.226.18 - - [23/May/2025:20:40:29 -0400] "GET /wp-content/install.php HTTP/1.1" 200 10 "http://jenniferflo.com/wp-content/install.php" "Mozilla/5.0 (Windows NT 10.0; Win64; x64) AppleWebKit/537.36 (KHTML, like Gecko) Chrome/58.0.3029.110 Safari/537.3"
47.238.13.8 - - [23/May/2025:20:40:57 -0400] "GET /white/d273?pid=30929 HTTP/1.1" 500 21 "-" "Mozilla/5.0 (Macintosh; Intel Mac OS X 10_15_7) AppleWebKit/537.36 (KHTML, like Gecko) Chrome/109.0.0.0 Safari/537.36"
212.11.64.144 - - [23/May/2025:20:41:13 -0400] "GET //wp-content/uploads/2022/duck.php HTTP/1.1" 500 271 "http://jenniferflo.com/" "Mozilla/5.0 (Windows NT 10.0; Win64; x64) AppleWebKit/537.36 (KHTML, like Gecko) Chrome/121.0.0.0 Safari/537.36"
198.204.226.18 - - [23/May/2025:20:41:42 -0400] "GET /wp-content/install.php HTTP/1.1" 200 10 "http://jenniferflo.com/wp-content/install.php" "Mozilla/5.0 (Windows NT 10.0; Win64; x64) AppleWebKit/537.36 (KHTML, like Gecko) Chrome/58.0.3029.110 Safari/537.3"
198.204.226.18 - - [23/May/2025:20:41:39 -0400] "GET /wp-content/install.php HTTP/1.1" 200 0 "http://jenniferflo.com/wp-content/install.php" "Mozilla/5.0 (Windows NT 10.0; Win64; x64) AppleWebKit/537.36 (KHTML, like Gecko) Chrome/58.0.3029.110 Safari/537.3"
47.238.13.15 - - [23/May/2025:20:42:13 -0400] "GET /sitemap-subkey-2389.xml HTTP/1.1" 200 100159 "-" "Mozilla/5.0 (Macintosh; Intel Mac OS X 10_15_7) AppleWebKit/537.36 (KHTML, like Gecko) Chrome/109.0.0.0 Safari/537.36"
198.204.226.18 - - [23/May/2025:20:42:58 -0400] "GET /wp-content/install.php HTTP/1.1" 200 10 "http://jenniferflo.com/wp-content/install.php" "Mozilla/5.0 (Windows NT 10.0; Win64; x64) AppleWebKit/537.36 (KHTML, like Gecko) Chrome/58.0.3029.110 Safari/537.3"
8.210.10.143 - - [23/May/2025:20:43:17 -0400] "GET /items/vzkun40/1131?key=freshman HTTP/1.1" 500 271 "-" "Mozilla/5.0 (Macintosh; Intel Mac OS X 10_15_7) AppleWebKit/537.36 (KHTML, like Gecko) Chrome/109.0.0.0 Safari/537.36"
198.204.226.18 - - [23/May/2025:20:43:26 -0400] "GET /wp-content/install.php HTTP/1.1" 200 10 "http://jenniferflo.com/wp-content/install.php" "Mozilla/5.0 (Windows NT 10.0; Win64; x64) AppleWebKit/537.36 (KHTML, like Gecko) Chrome/58.0.3029.110 Safari/537.3"
198.204.226.18 - - [23/May/2025:20:43:23 -0400] "GET /wp-content/install.php HTTP/1.1" 200 0 "http://jenniferflo.com/wp-content/install.php" "Mozilla/5.0 (Windows NT 10.0; Win64; x64) AppleWebKit/537.36 (KHTML, like Gecko) Chrome/58.0.3029.110 Safari/537.3"
47.242.77.69 - - [23/May/2025:20:44:06 -0400] "GET /items/qfvnr32/747?key=pretty HTTP/1.1" 500 271 "-" "Mozilla/5.0 (Macintosh; Intel Mac OS X 10_15_7) AppleWebKit/537.36 (KHTML, like Gecko) Chrome/109.0.0.0 Safari/537.36"
198.204.226.18 - - [23/May/2025:20:44:43 -0400] "GET /wp-content/install.php HTTP/1.1" 200 10 "http://jenniferflo.com/wp-content/install.php" "Mozilla/5.0 (Windows NT 10.0; Win64; x64) AppleWebKit/537.36 (KHTML, like Gecko) Chrome/58.0.3029.110 Safari/537.3"
212.11.64.144 - - [23/May/2025:20:44:59 -0400] "GET //wp-content/uploads/2022/cl.php HTTP/1.1" 500 271 "http://jenniferflo.com/" "Mozilla/5.0 (Windows NT 10.0; Win64; x64) AppleWebKit/537.36 (KHTML, like Gecko) Chrome/121.0.0.0 Safari/537.36"
47.238.13.12 - - [23/May/2025:20:45:13 -0400] "GET /sitemap-subkey-2676.xml HTTP/1.1" 200 101201 "-" "Mozilla/5.0 (Macintosh; Intel Mac OS X 10_15_7) AppleWebKit/537.36 (KHTML, like Gecko) Chrome/109.0.0.0 Safari/537.36"
198.204.226.18 - - [23/May/2025:20:45:43 -0400] "GET /wp-content/install.php HTTP/1.1" 200 10 "http://jenniferflo.com/wp-content/install.php" "Mozilla/5.0 (Windows NT 10.0; Win64; x64) AppleWebKit/537.36 (KHTML, like Gecko) Chrome/58.0.3029.110 Safari/537.3"
47.242.77.69 - - [23/May/2025:20:45:48 -0400] "GET /pages.php?products/93sk45056 HTTP/1.1" 200 13151 "-" "Mozilla/5.0 (Macintosh; Intel Mac OS X 10_15_7) AppleWebKit/537.36 (KHTML, like Gecko) Chrome/109.0.0.0 Safari/537.36"
198.204.226.18 - - [23/May/2025:20:45:40 -0400] "GET /wp-content/install.php HTTP/1.1" 200 0 "http://jenniferflo.com/wp-content/install.php" "Mozilla/5.0 (Windows NT 10.0; Win64; x64) AppleWebKit/537.36 (KHTML, like Gecko) Chrome/58.0.3029.110 Safari/537.3"
198.204.226.18 - - [23/May/2025:20:46:45 -0400] "GET /wp-content/install.php HTTP/1.1" 200 10 "http://jenniferflo.com/wp-content/install.php" "Mozilla/5.0 (Windows NT 10.0; Win64; x64) AppleWebKit/537.36 (KHTML, like Gecko) Chrome/58.0.3029.110 Safari/537.3"
198.204.226.18 - - [23/May/2025:20:47:21 -0400] "GET /wp-content/install.php HTTP/1.1" 200 10 "http://jenniferflo.com/wp-content/install.php" "Mozilla/5.0 (Windows NT 10.0; Win64; x64) AppleWebKit/537.36 (KHTML, like Gecko) Chrome/58.0.3029.110 Safari/537.3"
198.204.226.18 - - [23/May/2025:20:47:18 -0400] "GET /wp-content/install.php HTTP/1.1" 200 0 "http://jenniferflo.com/wp-content/install.php" "Mozilla/5.0 (Windows NT 10.0; Win64; x64) AppleWebKit/537.36 (KHTML, like Gecko) Chrome/58.0.3029.110 Safari/537.3"
198.204.226.18 - - [23/May/2025:20:47:53 -0400] "GET /wp-content/install.php HTTP/1.1" 200 10 "http://jenniferflo.com/wp-content/install.php" "Mozilla/5.0 (Windows NT 10.0; Win64; x64) AppleWebKit/537.36 (KHTML, like Gecko) Chrome/58.0.3029.110 Safari/537.3"
198.204.226.18 - - [23/May/2025:20:47:50 -0400] "GET /wp-content/install.php HTTP/1.1" 200 0 "http://jenniferflo.com/wp-content/install.php" "Mozilla/5.0 (Windows NT 10.0; Win64; x64) AppleWebKit/537.36 (KHTML, like Gecko) Chrome/58.0.3029.110 Safari/537.3"
198.235.24.8 - - [23/May/2025:20:48:10 -0400] "GET / HTTP/1.1" 403 0 "-" "Expanse, a Palo Alto Networks company, searches across the global IPv4 space multiple times per day to identify customers' presences on the Internet. If you would like to be excluded from our scans, please send IP addresses/domains to: scaninfo@paloaltonetworks.com"
212.11.64.144 - - [23/May/2025:20:48:43 -0400] "GET //wp-content/uploads/2022/atomlib.php HTTP/1.1" 500 271 "http://jenniferflo.com/" "Mozilla/5.0 (Windows NT 10.0; Win64; x64) AppleWebKit/537.36 (KHTML, like Gecko) Chrome/121.0.0.0 Safari/537.36"
198.204.226.18 - - [23/May/2025:20:48:53 -0400] "GET /wp-content/install.php HTTP/1.1" 200 10 "http://jenniferflo.com/wp-content/install.php" "Mozilla/5.0 (Windows NT 10.0; Win64; x64) AppleWebKit/537.36 (KHTML, like Gecko) Chrome/58.0.3029.110 Safari/537.3"
198.204.226.18 - - [23/May/2025:20:49:05 -0400] "GET /wp-content/install.php HTTP/1.1" 200 10 "http://jenniferflo.com/wp-content/install.php" "Mozilla/5.0 (Windows NT 10.0; Win64; x64) AppleWebKit/537.36 (KHTML, like Gecko) Chrome/58.0.3029.110 Safari/537.3"
47.238.13.17 - - [23/May/2025:20:49:12 -0400] "GET /sitemap-subkey-1064.xml HTTP/1.1" 200 99116 "-" "Mozilla/5.0 (Macintosh; Intel Mac OS X 10_15_7) AppleWebKit/537.36 (KHTML, like Gecko) Chrome/109.0.0.0 Safari/537.36"
47.238.13.16 - - [23/May/2025:20:49:18 -0400] "GET /hungry/z206?pid=41058 HTTP/1.1" 500 21 "-" "Mozilla/5.0 (Macintosh; Intel Mac OS X 10_15_7) AppleWebKit/537.36 (KHTML, like Gecko) Chrome/109.0.0.0 Safari/537.36"
107.151.208.210 - - [23/May/2025:20:49:28 -0400] "GET / HTTP/1.1" 500 1 "-" "Mozilla/5.0 (Windows NT 10.0; Win64; x64) AppleWebKit/537.36 (KHTML, like Gecko) Chrome/80.0.3987.149 Safari/537.36"
107.151.208.210 - - [23/May/2025:20:49:30 -0400] "GET / HTTP/1.1" 500 360 "-" "Mozilla/5.0 (Windows NT 10.0; Win64; x64) AppleWebKit/537.36 (KHTML, like Gecko) Chrome/80.0.3987.149 Safari/537.36"
107.151.208.210 - - [23/May/2025:20:49:33 -0400] "GET /wp-includes/wlwmanifest.xml HTTP/1.1" 500 1 "-" "Mozilla/5.0 (Windows NT 10.0; Win64; x64) AppleWebKit/537.36 (KHTML, like Gecko) Chrome/80.0.3987.149 Safari/537.36"
107.151.208.210 - - [23/May/2025:20:49:35 -0400] "GET /xmlrpc.php?rsd HTTP/1.1" 500 360 "-" "Mozilla/5.0 (Windows NT 10.0; Win64; x64) AppleWebKit/537.36 (KHTML, like Gecko) Chrome/80.0.3987.149 Safari/537.36"
107.151.208.210 - - [23/May/2025:20:49:39 -0400] "GET / HTTP/1.1" 500 1 "-" "Mozilla/5.0 (Windows NT 10.0; Win64; x64) AppleWebKit/537.36 (KHTML, like Gecko) Chrome/80.0.3987.149 Safari/537.36"
8.210.8.206 - - [23/May/2025:20:49:39 -0400] "GET /items/quufx108/32183?key=junior HTTP/1.1" 500 21 "-" "Mozilla/5.0 (Macintosh; Intel Mac OS X 10_15_7) AppleWebKit/537.36 (KHTML, like Gecko) Chrome/109.0.0.0 Safari/537.36"
107.151.208.210 - - [23/May/2025:20:49:43 -0400] "GET /blog/wp-includes/wlwmanifest.xml HTTP/1.1" 500 1 "-" "Mozilla/5.0 (Windows NT 10.0; Win64; x64) AppleWebKit/537.36 (KHTML, like Gecko) Chrome/80.0.3987.149 Safari/537.36"
107.151.208.210 - - [23/May/2025:20:49:46 -0400] "GET /web/wp-includes/wlwmanifest.xml HTTP/1.1" 500 360 "-" "Mozilla/5.0 (Windows NT 10.0; Win64; x64) AppleWebKit/537.36 (KHTML, like Gecko) Chrome/80.0.3987.149 Safari/537.36"
107.151.208.210 - - [23/May/2025:20:49:50 -0400] "GET /wordpress/wp-includes/wlwmanifest.xml HTTP/1.1" 500 360 "-" "Mozilla/5.0 (Windows NT 10.0; Win64; x64) AppleWebKit/537.36 (KHTML, like Gecko) Chrome/80.0.3987.149 Safari/537.36"
198.204.226.18 - - [23/May/2025:20:49:53 -0400] "GET /wp-content/install.php HTTP/1.1" 200 10 "http://jenniferflo.com/wp-content/install.php" "Mozilla/5.0 (Windows NT 10.0; Win64; x64) AppleWebKit/537.36 (KHTML, like Gecko) Chrome/58.0.3029.110 Safari/537.3"
107.151.208.210 - - [23/May/2025:20:49:53 -0400] "GET /website/wp-includes/wlwmanifest.xml HTTP/1.1" 500 360 "-" "Mozilla/5.0 (Windows NT 10.0; Win64; x64) AppleWebKit/537.36 (KHTML, like Gecko) Chrome/80.0.3987.149 Safari/537.36"
107.151.208.210 - - [23/May/2025:20:49:56 -0400] "GET /wp/wp-includes/wlwmanifest.xml HTTP/1.1" 500 1 "-" "Mozilla/5.0 (Windows NT 10.0; Win64; x64) AppleWebKit/537.36 (KHTML, like Gecko) Chrome/80.0.3987.149 Safari/537.36"
107.151.208.210 - - [23/May/2025:20:49:58 -0400] "GET /news/wp-includes/wlwmanifest.xml HTTP/1.1" 500 1 "-" "Mozilla/5.0 (Windows NT 10.0; Win64; x64) AppleWebKit/537.36 (KHTML, like Gecko) Chrome/80.0.3987.149 Safari/537.36"
107.151.208.210 - - [23/May/2025:20:50:00 -0400] "GET /2018/wp-includes/wlwmanifest.xml HTTP/1.1" 500 360 "-" "Mozilla/5.0 (Windows NT 10.0; Win64; x64) AppleWebKit/537.36 (KHTML, like Gecko) Chrome/80.0.3987.149 Safari/537.36"
107.151.208.210 - - [23/May/2025:20:50:01 -0400] "GET /2019/wp-includes/wlwmanifest.xml HTTP/1.1" 500 360 "-" "Mozilla/5.0 (Windows NT 10.0; Win64; x64) AppleWebKit/537.36 (KHTML, like Gecko) Chrome/80.0.3987.149 Safari/537.36"
198.204.226.18 - - [23/May/2025:20:49:52 -0400] "GET /wp-content/install.php HTTP/1.1" 200 0 "http://jenniferflo.com/wp-content/install.php" "Mozilla/5.0 (Windows NT 10.0; Win64; x64) AppleWebKit/537.36 (KHTML, like Gecko) Chrome/58.0.3029.110 Safari/537.3"
107.151.208.210 - - [23/May/2025:20:50:03 -0400] "GET /shop/wp-includes/wlwmanifest.xml HTTP/1.1" 500 360 "-" "Mozilla/5.0 (Windows NT 10.0; Win64; x64) AppleWebKit/537.36 (KHTML, like Gecko) Chrome/80.0.3987.149 Safari/537.36"
107.151.208.210 - - [23/May/2025:20:50:04 -0400] "GET /wp1/wp-includes/wlwmanifest.xml HTTP/1.1" 500 360 "-" "Mozilla/5.0 (Windows NT 10.0; Win64; x64) AppleWebKit/537.36 (KHTML, like Gecko) Chrome/80.0.3987.149 Safari/537.36"
107.151.208.210 - - [23/May/2025:20:50:05 -0400] "GET /test/wp-includes/wlwmanifest.xml HTTP/1.1" 500 360 "-" "Mozilla/5.0 (Windows NT 10.0; Win64; x64) AppleWebKit/537.36 (KHTML, like Gecko) Chrome/80.0.3987.149 Safari/537.36"
107.151.208.210 - - [23/May/2025:20:50:08 -0400] "GET /media/wp-includes/wlwmanifest.xml HTTP/1.1" 500 360 "-" "Mozilla/5.0 (Windows NT 10.0; Win64; x64) AppleWebKit/537.36 (KHTML, like Gecko) Chrome/80.0.3987.149 Safari/537.36"
107.151.208.210 - - [23/May/2025:20:50:11 -0400] "GET /wp2/wp-includes/wlwmanifest.xml HTTP/1.1" 500 360 "-" "Mozilla/5.0 (Windows NT 10.0; Win64; x64) AppleWebKit/537.36 (KHTML, like Gecko) Chrome/80.0.3987.149 Safari/537.36"
107.151.208.210 - - [23/May/2025:20:50:13 -0400] "GET /site/wp-includes/wlwmanifest.xml HTTP/1.1" 500 360 "-" "Mozilla/5.0 (Windows NT 10.0; Win64; x64) AppleWebKit/537.36 (KHTML, like Gecko) Chrome/80.0.3987.149 Safari/537.36"
107.151.208.210 - - [23/May/2025:20:50:15 -0400] "GET /cms/wp-includes/wlwmanifest.xml HTTP/1.1" 500 360 "-" "Mozilla/5.0 (Windows NT 10.0; Win64; x64) AppleWebKit/537.36 (KHTML, like Gecko) Chrome/80.0.3987.149 Safari/537.36"
107.151.208.210 - - [23/May/2025:20:50:17 -0400] "GET /sito/wp-includes/wlwmanifest.xml HTTP/1.1" 500 360 "-" "Mozilla/5.0 (Windows NT 10.0; Win64; x64) AppleWebKit/537.36 (KHTML, like Gecko) Chrome/80.0.3987.149 Safari/537.36"
47.238.13.17 - - [23/May/2025:20:51:14 -0400] "GET /mind/q82?pid=546 HTTP/1.1" 500 271 "-" "Mozilla/5.0 (Macintosh; Intel Mac OS X 10_15_7) AppleWebKit/537.36 (KHTML, like Gecko) Chrome/109.0.0.0 Safari/537.36"
198.204.226.18 - - [23/May/2025:20:51:51 -0400] "GET /wp-content/install.php HTTP/1.1" 200 10 "http://jenniferflo.com/wp-content/install.php" "Mozilla/5.0 (Windows NT 10.0; Win64; x64) AppleWebKit/537.36 (KHTML, like Gecko) Chrome/58.0.3029.110 Safari/537.3"
198.204.226.18 - - [23/May/2025:20:51:48 -0400] "GET /wp-content/install.php HTTP/1.1" 200 0 "http://jenniferflo.com/wp-content/install.php" "Mozilla/5.0 (Windows NT 10.0; Win64; x64) AppleWebKit/537.36 (KHTML, like Gecko) Chrome/58.0.3029.110 Safari/537.3"
212.11.64.144 - - [23/May/2025:20:52:28 -0400] "GET //wp-content/uploads/2020/09/install.php HTTP/1.1" 500 21 "http://jenniferflo.com/" "Mozilla/5.0 (Windows NT 10.0; Win64; x64) AppleWebKit/537.36 (KHTML, like Gecko) Chrome/121.0.0.0 Safari/537.36"
198.204.226.18 - - [23/May/2025:20:52:53 -0400] "GET /wp-content/install.php HTTP/1.1" 200 10 "http://jenniferflo.com/wp-content/install.php" "Mozilla/5.0 (Windows NT 10.0; Win64; x64) AppleWebKit/537.36 (KHTML, like Gecko) Chrome/58.0.3029.110 Safari/537.3"
198.204.226.18 - - [23/May/2025:20:53:53 -0400] "GET /wp-content/install.php HTTP/1.1" 200 10 "http://jenniferflo.com/wp-content/install.php" "Mozilla/5.0 (Windows NT 10.0; Win64; x64) AppleWebKit/537.36 (KHTML, like Gecko) Chrome/58.0.3029.110 Safari/537.3"
204.12.252.98 - - [23/May/2025:20:53:55 -0400] "GET /wp-includes/install.php HTTP/1.1" 200 10 "http://jenniferflo.com/wp-includes/install.php" "Mozilla/5.0 (Windows NT 10.0; Win64; x64) AppleWebKit/537.36 (KHTML, like Gecko) Chrome/58.0.3029.110 Safari/537.3"
198.204.226.18 - - [23/May/2025:20:54:11 -0400] "GET /wp-content/install.php HTTP/1.1" 200 10 "http://jenniferflo.com/wp-content/install.php" "Mozilla/5.0 (Windows NT 10.0; Win64; x64) AppleWebKit/537.36 (KHTML, like Gecko) Chrome/58.0.3029.110 Safari/537.3"
152.42.255.42 - - [23/May/2025:20:54:29 -0400] "GET /wp-content/uploads/2023/03/GermanStudy.jpg HTTP/1.1" 403 1242 "-" "Mozilla/5.0 (Windows NT 10.0; Win64; x64) AppleWebKit/537.36 (KHTML, like Gecko) Chrome/121.0.0.0 Safari/537.36 Edg/121.0.0.0"
152.42.255.42 - - [23/May/2025:20:55:09 -0400] "GET /wp-content/uploads/2023/02/Does-Drinking-Collagen-Powder.png HTTP/1.1" 403 1242 "-" "Mozilla/5.0 (Android 11; Mobile; rv:123.0) Gecko/123.0 Firefox/123.0"
47.238.13.17 - - [23/May/2025:20:55:36 -0400] "GET /carbohydrate/s51?pid=581 HTTP/1.1" 500 271 "-" "Mozilla/5.0 (Macintosh; Intel Mac OS X 10_15_7) AppleWebKit/537.36 (KHTML, like Gecko) Chrome/109.0.0.0 Safari/537.36"
212.11.64.144 - - [23/May/2025:20:56:14 -0400] "GET //wp-content/uploads/2018/lYWmdiQ/txswisjz.php?action=768776e296b6f286f2a72607e276b62666c6d286 HTTP/1.1" 500 21 "http://jenniferflo.com/" "Mozilla/5.0 (Windows NT 10.0; Win64; x64) AppleWebKit/537.36 (KHTML, like Gecko) Chrome/121.0.0.0 Safari/537.36"
47.238.13.16 - - [23/May/2025:20:56:16 -0400] "GET /sitemap-subkey-990.xml HTTP/1.1" 200 99999 "-" "Mozilla/5.0 (Macintosh; Intel Mac OS X 10_15_7) AppleWebKit/537.36 (KHTML, like Gecko) Chrome/109.0.0.0 Safari/537.36"
198.204.226.18 - - [23/May/2025:20:56:24 -0400] "GET /wp-content/install.php HTTP/1.1" 200 10 "http://jenniferflo.com/wp-content/install.php" "Mozilla/5.0 (Windows NT 10.0; Win64; x64) AppleWebKit/537.36 (KHTML, like Gecko) Chrome/58.0.3029.110 Safari/537.3"
198.204.226.18 - - [23/May/2025:20:56:20 -0400] "GET /wp-content/install.php HTTP/1.1" 200 0 "http://jenniferflo.com/wp-content/install.php" "Mozilla/5.0 (Windows NT 10.0; Win64; x64) AppleWebKit/537.36 (KHTML, like Gecko) Chrome/58.0.3029.110 Safari/537.3"
198.204.226.18 - - [23/May/2025:20:57:30 -0400] "GET /wp-content/install.php HTTP/1.1" 200 10 "http://jenniferflo.com/wp-content/install.php" "Mozilla/5.0 (Windows NT 10.0; Win64; x64) AppleWebKit/537.36 (KHTML, like Gecko) Chrome/58.0.3029.110 Safari/537.3"
204.12.252.98 - - [23/May/2025:20:57:34 -0400] "GET /wp-includes/install.php HTTP/1.1" 200 10 "http://jenniferflo.com/wp-includes/install.php" "Mozilla/5.0 (Windows NT 10.0; Win64; x64) AppleWebKit/537.36 (KHTML, like Gecko) Chrome/58.0.3029.110 Safari/537.3"
198.204.226.18 - - [23/May/2025:20:57:50 -0400] "GET /wp-content/install.php HTTP/1.1" 200 10 "http://jenniferflo.com/wp-content/install.php" "Mozilla/5.0 (Windows NT 10.0; Win64; x64) AppleWebKit/537.36 (KHTML, like Gecko) Chrome/58.0.3029.110 Safari/537.3"
198.204.226.18 - - [23/May/2025:20:57:47 -0400] "GET /wp-content/install.php HTTP/1.1" 200 0 "http://jenniferflo.com/wp-content/install.php" "Mozilla/5.0 (Windows NT 10.0; Win64; x64) AppleWebKit/537.36 (KHTML, like Gecko) Chrome/58.0.3029.110 Safari/537.3"
198.204.226.18 - - [23/May/2025:20:58:04 -0400] "GET /wp-content/install.php HTTP/1.1" 200 10 "http://jenniferflo.com/wp-content/install.php" "Mozilla/5.0 (Windows NT 10.0; Win64; x64) AppleWebKit/537.36 (KHTML, like Gecko) Chrome/58.0.3029.110 Safari/537.3"
198.204.226.18 - - [23/May/2025:20:58:18 -0400] "GET /wp-content/install.php HTTP/1.1" 200 10 "http://jenniferflo.com/wp-content/install.php" "Mozilla/5.0 (Windows NT 10.0; Win64; x64) AppleWebKit/537.36 (KHTML, like Gecko) Chrome/58.0.3029.110 Safari/537.3"
198.204.226.18 - - [23/May/2025:20:59:31 -0400] "GET /wp-content/install.php HTTP/1.1" 200 10 "http://jenniferflo.com/wp-content/install.php" "Mozilla/5.0 (Windows NT 10.0; Win64; x64) AppleWebKit/537.36 (KHTML, like Gecko) Chrome/58.0.3029.110 Safari/537.3"
198.204.226.18 - - [23/May/2025:20:59:27 -0400] "GET /wp-content/install.php HTTP/1.1" 200 0 "http://jenniferflo.com/wp-content/install.php" "Mozilla/5.0 (Windows NT 10.0; Win64; x64) AppleWebKit/537.36 (KHTML, like Gecko) Chrome/58.0.3029.110 Safari/537.3"
198.204.226.18 - - [23/May/2025:20:59:51 -0400] "GET /wp-content/install.php HTTP/1.1" 200 10 "http://jenniferflo.com/wp-content/install.php" "Mozilla/5.0 (Windows NT 10.0; Win64; x64) AppleWebKit/537.36 (KHTML, like Gecko) Chrome/58.0.3029.110 Safari/537.3"
212.11.64.144 - - [23/May/2025:20:59:58 -0400] "GET //wp-content/uploads/.wp-themes.php HTTP/1.1" 500 271 "http://jenniferflo.com/" "Mozilla/5.0 (Windows NT 10.0; Win64; x64) AppleWebKit/537.36 (KHTML, like Gecko) Chrome/121.0.0.0 Safari/537.36"
198.204.226.18 - - [23/May/2025:21:00:30 -0400] "GET /wp-content/install.php HTTP/1.1" 200 10 "http://jenniferflo.com/wp-content/install.php" "Mozilla/5.0 (Windows NT 10.0; Win64; x64) AppleWebKit/537.36 (KHTML, like Gecko) Chrome/58.0.3029.110 Safari/537.3"
198.204.226.18 - - [23/May/2025:21:01:12 -0400] "GET /wp-content/install.php HTTP/1.1" 200 10 "http://jenniferflo.com/wp-content/install.php" "Mozilla/5.0 (Windows NT 10.0; Win64; x64) AppleWebKit/537.36 (KHTML, like Gecko) Chrome/58.0.3029.110 Safari/537.3"
198.204.226.18 - - [23/May/2025:21:01:09 -0400] "GET /wp-content/install.php HTTP/1.1" 200 0 "http://jenniferflo.com/wp-content/install.php" "Mozilla/5.0 (Windows NT 10.0; Win64; x64) AppleWebKit/537.36 (KHTML, like Gecko) Chrome/58.0.3029.110 Safari/537.3"
198.204.226.18 - - [23/May/2025:21:01:42 -0400] "GET /wp-content/install.php HTTP/1.1" 200 10 "http://jenniferflo.com/wp-content/install.php" "Mozilla/5.0 (Windows NT 10.0; Win64; x64) AppleWebKit/537.36 (KHTML, like Gecko) Chrome/58.0.3029.110 Safari/537.3"
8.210.218.201 - - [23/May/2025:21:03:23 -0400] "GET /origin/f61?pid=293 HTTP/1.1" 500 271 "-" "Mozilla/5.0 (Macintosh; Intel Mac OS X 10_15_7) AppleWebKit/537.36 (KHTML, like Gecko) Chrome/109.0.0.0 Safari/537.36"
212.11.64.144 - - [23/May/2025:21:03:49 -0400] "GET //wp-content/upgrade/wp-login.php HTTP/1.1" 500 271 "http://jenniferflo.com/" "Mozilla/5.0 (Windows NT 10.0; Win64; x64) AppleWebKit/537.36 (KHTML, like Gecko) Chrome/121.0.0.0 Safari/537.36"
198.204.226.18 - - [23/May/2025:21:04:11 -0400] "GET /wp-content/install.php HTTP/1.1" 200 10 "http://jenniferflo.com/wp-content/install.php" "Mozilla/5.0 (Windows NT 10.0; Win64; x64) AppleWebKit/537.36 (KHTML, like Gecko) Chrome/58.0.3029.110 Safari/537.3"
198.204.226.18 - - [23/May/2025:21:04:08 -0400] "GET /wp-content/install.php HTTP/1.1" 200 0 "http://jenniferflo.com/wp-content/install.php" "Mozilla/5.0 (Windows NT 10.0; Win64; x64) AppleWebKit/537.36 (KHTML, like Gecko) Chrome/58.0.3029.110 Safari/537.3"
198.204.226.18 - - [23/May/2025:21:04:30 -0400] "GET /wp-content/install.php HTTP/1.1" 200 10 "http://jenniferflo.com/wp-content/install.php" "Mozilla/5.0 (Windows NT 10.0; Win64; x64) AppleWebKit/537.36 (KHTML, like Gecko) Chrome/58.0.3029.110 Safari/537.3"
198.204.226.18 - - [23/May/2025:21:04:26 -0400] "GET /wp-content/install.php HTTP/1.1" 200 0 "http://jenniferflo.com/wp-content/install.php" "Mozilla/5.0 (Windows NT 10.0; Win64; x64) AppleWebKit/537.36 (KHTML, like Gecko) Chrome/58.0.3029.110 Safari/537.3"
8.210.8.206 - - [23/May/2025:21:04:39 -0400] "GET /pages.php?products/1rk27424 HTTP/1.1" 200 9594 "-" "Mozilla/5.0 (Macintosh; Intel Mac OS X 10_15_7) AppleWebKit/537.36 (KHTML, like Gecko) Chrome/109.0.0.0 Safari/537.36"
47.242.77.69 - - [23/May/2025:21:04:56 -0400] "GET /accuse/t61?pid=1951 HTTP/1.1" 500 21 "-" "Mozilla/5.0 (Macintosh; Intel Mac OS X 10_15_7) AppleWebKit/537.36 (KHTML, like Gecko) Chrome/109.0.0.0 Safari/537.36"
8.210.230.104 - - [23/May/2025:21:05:06 -0400] "GET /10154540 HTTP/1.1" 500 271 "-" "Mozilla/5.0 (Macintosh; Intel Mac OS X 10_15_7) AppleWebKit/537.36 (KHTML, like Gecko) Chrome/109.0.0.0 Safari/537.36"
8.210.218.201 - - [23/May/2025:21:05:17 -0400] "GET /search.php?items/089037738.html?srsltid=AfmBOolayYmcEOwlgnhNfLk6WDnSjowm76NNG6Q0oPAsBzp0T4rR HTTP/1.1" 200 10693 "-" "Mozilla/5.0 (Macintosh; Intel Mac OS X 10_15_7) AppleWebKit/537.36 (KHTML, like Gecko) Chrome/109.0.0.0 Safari/537.36"
198.204.226.18 - - [23/May/2025:21:05:55 -0400] "GET /wp-content/install.php HTTP/1.1" 200 10 "http://jenniferflo.com/wp-content/install.php" "Mozilla/5.0 (Windows NT 10.0; Win64; x64) AppleWebKit/537.36 (KHTML, like Gecko) Chrome/58.0.3029.110 Safari/537.3"
198.204.226.18 - - [23/May/2025:21:05:50 -0400] "GET /wp-content/install.php HTTP/1.1" 200 0 "http://jenniferflo.com/wp-content/install.php" "Mozilla/5.0 (Windows NT 10.0; Win64; x64) AppleWebKit/537.36 (KHTML, like Gecko) Chrome/58.0.3029.110 Safari/537.3"
198.204.226.18 - - [23/May/2025:21:07:14 -0400] "GET /wp-content/install.php HTTP/1.1" 200 10 "http://jenniferflo.com/wp-content/install.php" "Mozilla/5.0 (Windows NT 10.0; Win64; x64) AppleWebKit/537.36 (KHTML, like Gecko) Chrome/58.0.3029.110 Safari/537.3"
47.243.56.196 - - [23/May/2025:21:07:22 -0400] "GET /items/ycjiq32/1441?key=kill HTTP/1.1" 500 271 "-" "Mozilla/5.0 (Macintosh; Intel Mac OS X 10_15_7) AppleWebKit/537.36 (KHTML, like Gecko) Chrome/109.0.0.0 Safari/537.36"
198.204.226.18 - - [23/May/2025:21:07:23 -0400] "GET /wp-content/install.php HTTP/1.1" 200 10 "http://jenniferflo.com/wp-content/install.php" "Mozilla/5.0 (Windows NT 10.0; Win64; x64) AppleWebKit/537.36 (KHTML, like Gecko) Chrome/58.0.3029.110 Safari/537.3"
66.249.64.131 - - [23/May/2025:21:07:27 -0400] "GET /sitemap-hot-2974710.xml HTTP/1.1" 200 81889 "-" "Mozilla/5.0 (compatible; Googlebot/2.1; +http://www.google.com/bot.html)"
198.204.226.18 - - [23/May/2025:21:07:20 -0400] "GET /wp-content/install.php HTTP/1.1" 200 0 "http://jenniferflo.com/wp-content/install.php" "Mozilla/5.0 (Windows NT 10.0; Win64; x64) AppleWebKit/537.36 (KHTML, like Gecko) Chrome/58.0.3029.110 Safari/537.3"
47.238.14.12 - - [23/May/2025:21:07:34 -0400] "GET /search.php?items/117030238.html?srsltid=AfmBOooxhmJWSPWyIWkCF36eWHonECndp1OG0f92mmQVnChV1MVQ HTTP/1.1" 200 12219 "-" "Mozilla/5.0 (Macintosh; Intel Mac OS X 10_15_7) AppleWebKit/537.36 (KHTML, like Gecko) Chrome/109.0.0.0 Safari/537.36"
212.11.64.144 - - [23/May/2025:21:07:44 -0400] "GET //wp-content/upgrade/tiny.php HTTP/1.1" 500 271 "http://jenniferflo.com/" "Mozilla/5.0 (Windows NT 10.0; Win64; x64) AppleWebKit/537.36 (KHTML, like Gecko) Chrome/121.0.0.0 Safari/537.36"
198.204.226.18 - - [23/May/2025:21:07:59 -0400] "GET /wp-content/install.php HTTP/1.1" 200 10 "http://jenniferflo.com/wp-content/install.php" "Mozilla/5.0 (Windows NT 10.0; Win64; x64) AppleWebKit/537.36 (KHTML, like Gecko) Chrome/58.0.3029.110 Safari/537.3"
198.204.226.18 - - [23/May/2025:21:08:29 -0400] "GET /wp-content/install.php HTTP/1.1" 200 10 "http://jenniferflo.com/wp-content/install.php" "Mozilla/5.0 (Windows NT 10.0; Win64; x64) AppleWebKit/537.36 (KHTML, like Gecko) Chrome/58.0.3029.110 Safari/537.3"
47.243.56.196 - - [23/May/2025:21:09:08 -0400] "GET /sitemap-subkey-596.xml HTTP/1.1" 200 99301 "-" "Mozilla/5.0 (Macintosh; Intel Mac OS X 10_15_7) AppleWebKit/537.36 (KHTML, like Gecko) Chrome/109.0.0.0 Safari/537.36"
198.204.226.18 - - [23/May/2025:21:09:25 -0400] "GET /wp-content/install.php HTTP/1.1" 200 10 "http://jenniferflo.com/wp-content/install.php" "Mozilla/5.0 (Windows NT 10.0; Win64; x64) AppleWebKit/537.36 (KHTML, like Gecko) Chrome/58.0.3029.110 Safari/537.3"
198.204.226.18 - - [23/May/2025:21:09:21 -0400] "GET /wp-content/install.php HTTP/1.1" 200 0 "http://jenniferflo.com/wp-content/install.php" "Mozilla/5.0 (Windows NT 10.0; Win64; x64) AppleWebKit/537.36 (KHTML, like Gecko) Chrome/58.0.3029.110 Safari/537.3"
198.204.226.18 - - [23/May/2025:21:10:22 -0400] "GET /wp-content/install.php HTTP/1.1" 200 10 "http://jenniferflo.com/wp-content/install.php" "Mozilla/5.0 (Windows NT 10.0; Win64; x64) AppleWebKit/537.36 (KHTML, like Gecko) Chrome/58.0.3029.110 Safari/537.3"
198.204.226.18 - - [23/May/2025:21:10:58 -0400] "GET /wp-content/install.php HTTP/1.1" 200 10 "http://jenniferflo.com/wp-content/install.php" "Mozilla/5.0 (Windows NT 10.0; Win64; x64) AppleWebKit/537.36 (KHTML, like Gecko) Chrome/58.0.3029.110 Safari/537.3"
47.238.13.16 - - [23/May/2025:21:11:15 -0400] "GET /items/abyby17/20244?key=performance HTTP/1.1" 500 271 "-" "Mozilla/5.0 (Macintosh; Intel Mac OS X 10_15_7) AppleWebKit/537.36 (KHTML, like Gecko) Chrome/109.0.0.0 Safari/537.36"
198.204.226.18 - - [23/May/2025:21:11:23 -0400] "GET /wp-content/install.php HTTP/1.1" 200 10 "http://jenniferflo.com/wp-content/install.php" "Mozilla/5.0 (Windows NT 10.0; Win64; x64) AppleWebKit/537.36 (KHTML, like Gecko) Chrome/58.0.3029.110 Safari/537.3"
212.11.64.144 - - [23/May/2025:21:11:38 -0400] "GET //wp-content/upgrade/shell20211028.php HTTP/1.1" 500 271 "http://jenniferflo.com/" "Mozilla/5.0 (Windows NT 10.0; Win64; x64) AppleWebKit/537.36 (KHTML, like Gecko) Chrome/121.0.0.0 Safari/537.36"
198.204.226.18 - - [23/May/2025:21:12:37 -0400] "GET /wp-content/install.php HTTP/1.1" 200 10 "http://jenniferflo.com/wp-content/install.php" "Mozilla/5.0 (Windows NT 10.0; Win64; x64) AppleWebKit/537.36 (KHTML, like Gecko) Chrome/58.0.3029.110 Safari/537.3"
198.204.226.18 - - [23/May/2025:21:12:33 -0400] "GET /wp-content/install.php HTTP/1.1" 200 0 "http://jenniferflo.com/wp-content/install.php" "Mozilla/5.0 (Windows NT 10.0; Win64; x64) AppleWebKit/537.36 (KHTML, like Gecko) Chrome/58.0.3029.110 Safari/537.3"
198.204.226.18 - - [23/May/2025:21:13:37 -0400] "GET /wp-content/install.php HTTP/1.1" 200 10 "http://jenniferflo.com/wp-content/install.php" "Mozilla/5.0 (Windows NT 10.0; Win64; x64) AppleWebKit/537.36 (KHTML, like Gecko) Chrome/58.0.3029.110 Safari/537.3"
47.238.13.11 - - [23/May/2025:21:13:43 -0400] "GET /items/zjxxk67/16344?key=traveler HTTP/1.1" 500 271 "-" "Mozilla/5.0 (Macintosh; Intel Mac OS X 10_15_7) AppleWebKit/537.36 (KHTML, like Gecko) Chrome/109.0.0.0 Safari/537.36"
198.204.226.18 - - [23/May/2025:21:14:13 -0400] "GET /wp-content/install.php HTTP/1.1" 200 10 "http://jenniferflo.com/wp-content/install.php" "Mozilla/5.0 (Windows NT 10.0; Win64; x64) AppleWebKit/537.36 (KHTML, like Gecko) Chrome/58.0.3029.110 Safari/537.3"
47.243.56.196 - - [23/May/2025:21:14:15 -0400] "GET /supposedly/b201?pid=29779 HTTP/1.1" 500 271 "-" "Mozilla/5.0 (Macintosh; Intel Mac OS X 10_15_7) AppleWebKit/537.36 (KHTML, like Gecko) Chrome/109.0.0.0 Safari/537.36"
198.204.226.18 - - [23/May/2025:21:14:10 -0400] "GET /wp-content/install.php HTTP/1.1" 200 0 "http://jenniferflo.com/wp-content/install.php" "Mozilla/5.0 (Windows NT 10.0; Win64; x64) AppleWebKit/537.36 (KHTML, like Gecko) Chrome/58.0.3029.110 Safari/537.3"
198.204.226.18 - - [23/May/2025:21:14:54 -0400] "GET /wp-content/install.php HTTP/1.1" 200 10 "http://jenniferflo.com/wp-content/install.php" "Mozilla/5.0 (Windows NT 10.0; Win64; x64) AppleWebKit/537.36 (KHTML, like Gecko) Chrome/58.0.3029.110 Safari/537.3"
194.87.29.57 - - [23/May/2025:21:15:14 -0400] "GET /wp-content/plugins/give/readme.txt HTTP/1.1" 403 1242 "-" "Mozilla/5.0 (Macintosh; Intel Mac OS X 10.12; rv:45.0) Gecko/20100101 Firefox/45.0"
198.204.226.18 - - [23/May/2025:21:15:16 -0400] "GET /wp-content/install.php HTTP/1.1" 200 10 "http://jenniferflo.com/wp-content/install.php" "Mozilla/5.0 (Windows NT 10.0; Win64; x64) AppleWebKit/537.36 (KHTML, like Gecko) Chrome/58.0.3029.110 Safari/537.3"
194.87.29.57 - - [23/May/2025:21:15:28 -0400] "GET /wp-json/wp/v2/give_forms/ HTTP/1.1" 500 271 "http://jenniferflo.com/wp-content/plugins/give/readme.txt" "Mozilla/5.0 (Macintosh; Intel Mac OS X 10.12; rv:45.0) Gecko/20100101 Firefox/45.0"
194.87.29.57 - - [23/May/2025:21:15:28 -0400] "POST /wp-admin/admin-ajax.php HTTP/1.1" 500 271 "http://jenniferflo.com/wp-json/wp/v2/give_forms/" "Mozilla/5.0 (Macintosh; Intel Mac OS X 10.12; rv:45.0) Gecko/20100101 Firefox/45.0"
212.11.64.144 - - [23/May/2025:21:15:33 -0400] "GET //wp-content/upgrade/shell.php?p= HTTP/1.1" 500 271 "http://jenniferflo.com/" "Mozilla/5.0 (Windows NT 10.0; Win64; x64) AppleWebKit/537.36 (KHTML, like Gecko) Chrome/121.0.0.0 Safari/537.36"
198.204.226.18 - - [23/May/2025:21:15:54 -0400] "GET /wp-content/install.php HTTP/1.1" 200 10 "http://jenniferflo.com/wp-content/install.php" "Mozilla/5.0 (Windows NT 10.0; Win64; x64) AppleWebKit/537.36 (KHTML, like Gecko) Chrome/58.0.3029.110 Safari/537.3"
198.204.226.18 - - [23/May/2025:21:15:51 -0400] "GET /wp-content/install.php HTTP/1.1" 200 0 "http://jenniferflo.com/wp-content/install.php" "Mozilla/5.0 (Windows NT 10.0; Win64; x64) AppleWebKit/537.36 (KHTML, like Gecko) Chrome/58.0.3029.110 Safari/537.3"
47.238.13.17 - - [23/May/2025:21:16:11 -0400] "GET /pages.php?products/191sz17540 HTTP/1.1" 200 11054 "-" "Mozilla/5.0 (Macintosh; Intel Mac OS X 10_15_7) AppleWebKit/537.36 (KHTML, like Gecko) Chrome/109.0.0.0 Safari/537.36"
198.204.226.18 - - [23/May/2025:21:16:55 -0400] "GET /wp-content/install.php HTTP/1.1" 200 10 "http://jenniferflo.com/wp-content/install.php" "Mozilla/5.0 (Windows NT 10.0; Win64; x64) AppleWebKit/537.36 (KHTML, like Gecko) Chrome/58.0.3029.110 Safari/537.3"
198.204.226.18 - - [23/May/2025:21:17:26 -0400] "GET /wp-content/install.php HTTP/1.1" 200 10 "http://jenniferflo.com/wp-content/install.php" "Mozilla/5.0 (Windows NT 10.0; Win64; x64) AppleWebKit/537.36 (KHTML, like Gecko) Chrome/58.0.3029.110 Safari/537.3"
198.204.226.18 - - [23/May/2025:21:17:22 -0400] "GET /wp-content/install.php HTTP/1.1" 200 0 "http://jenniferflo.com/wp-content/install.php" "Mozilla/5.0 (Windows NT 10.0; Win64; x64) AppleWebKit/537.36 (KHTML, like Gecko) Chrome/58.0.3029.110 Safari/537.3"
40.69.209.246 - - [23/May/2025:21:17:57 -0400] "GET /wp-content/plugins/hellopress/wp_filemanager.php HTTP/1.1" 403 1242 "-" "-"
40.69.209.246 - - [23/May/2025:21:17:57 -0400] "GET /wp-includes/Text/network.php HTTP/1.1" 500 360 "-" "-"
40.69.209.246 - - [23/May/2025:21:17:58 -0400] "GET /wp-content/upgrade-temp-backup/wp-login.php HTTP/1.1" 500 360 "-" "-"
40.69.209.246 - - [23/May/2025:21:17:58 -0400] "GET /js/fm.php HTTP/1.1" 500 360 "-" "-"
40.69.209.246 - - [23/May/2025:21:17:58 -0400] "GET /wp-content/themes/astra/inc/ki1k.php HTTP/1.1" 500 360 "-" "-"
40.69.209.246 - - [23/May/2025:21:17:58 -0400] "GET /WordPress/wp-admin/includes/zmFM.php HTTP/1.1" 500 360 "-" "-"
40.69.209.246 - - [23/May/2025:21:17:58 -0400] "GET /default.php HTTP/1.1" 500 360 "-" "-"
40.69.209.246 - - [23/May/2025:21:17:58 -0400] "GET /ty.php HTTP/1.1" 500 360 "-" "-"
40.69.209.246 - - [23/May/2025:21:17:58 -0400] "GET /wp-content/themes/cay-van-phong/filemanager.php HTTP/1.1" 500 360 "-" "-"
40.69.209.246 - - [23/May/2025:21:17:58 -0400] "GET /fm.php HTTP/1.1" 500 360 "-" "-"
40.69.209.246 - - [23/May/2025:21:17:58 -0400] "GET /wp-content/plugins/seoplugins/index.php HTTP/1.1" 500 360 "-" "-"
40.69.209.246 - - [23/May/2025:21:17:58 -0400] "GET /ini.php HTTP/1.1" 500 360 "-" "-"
40.69.209.246 - - [23/May/2025:21:17:59 -0400] "GET /libraries/legacy/info.php HTTP/1.1" 500 360 "-" "-"
40.69.209.246 - - [23/May/2025:21:17:59 -0400] "GET /wp-content/themes/include.php HTTP/1.1" 500 360 "-" "-"
40.69.209.246 - - [23/May/2025:21:17:59 -0400] "GET /wp-admin/network/about.php HTTP/1.1" 500 359 "-" "-"
40.69.209.246 - - [23/May/2025:21:17:59 -0400] "GET /alfa.php HTTP/1.1" 500 360 "-" "-"
40.69.209.246 - - [23/May/2025:21:17:59 -0400] "GET /wp-mail.php/wp-includes/ID3/rk2.php HTTP/1.1" 500 360 "-" "-"
40.69.209.246 - - [23/May/2025:21:17:59 -0400] "GET /assets/images/28c5400b0b.php HTTP/1.1" 500 360 "-" "-"
40.69.209.246 - - [23/May/2025:21:17:59 -0400] "GET /wordpress/wp-includes/wp-config-sample.php HTTP/1.1" 500 360 "-" "-"
40.69.209.246 - - [23/May/2025:21:17:59 -0400] "GET /wp-mail.php/wp-includes/ID3/.info.php HTTP/1.1" 500 360 "-" "-"
40.69.209.246 - - [23/May/2025:21:17:59 -0400] "GET /wp-includes/Text/Diff/Engine/about.php HTTP/1.1" 500 360 "-" "-"
40.69.209.246 - - [23/May/2025:21:17:59 -0400] "GET /wp-includes/js/tinymce/skins/lightgray/img/about.php HTTP/1.1" 500 360 "-" "-"
40.69.209.246 - - [23/May/2025:21:18:00 -0400] "GET /wp-includes/block-supports/autoload_classmap.php HTTP/1.1" 500 360 "-" "-"
40.69.209.246 - - [23/May/2025:21:18:00 -0400] "GET /wp-content/uploads/classwithtostring.php HTTP/1.1" 500 360 "-" "-"
40.69.209.246 - - [23/May/2025:21:18:00 -0400] "GET /wp-admin/images/install.php HTTP/1.1" 500 360 "-" "-"
40.69.209.246 - - [23/May/2025:21:18:00 -0400] "GET /.well-known/link.php HTTP/1.1" 500 360 "-" "-"
40.69.209.246 - - [23/May/2025:21:18:00 -0400] "GET /wp-admin/chosen.php HTTP/1.1" 500 360 "-" "-"
40.69.209.246 - - [23/May/2025:21:18:00 -0400] "GET /info.php HTTP/1.1" 500 360 "-" "-"
40.69.209.246 - - [23/May/2025:21:18:00 -0400] "GET /wp-includes/assets/about.php HTTP/1.1" 500 360 "-" "-"
40.69.209.246 - - [23/May/2025:21:18:00 -0400] "GET /test.php HTTP/1.1" 500 360 "-" "-"
40.69.209.246 - - [23/May/2025:21:18:00 -0400] "GET /wp-admin/css/colors/ectoplasm/wp-login.php HTTP/1.1" 500 360 "-" "-"
40.69.209.246 - - [23/May/2025:21:18:01 -0400] "GET /Assets/item.php HTTP/1.1" 500 360 "-" "-"
40.69.209.246 - - [23/May/2025:21:18:01 -0400] "GET /shop/lock.php HTTP/1.1" 500 360 "-" "-"
40.69.209.246 - - [23/May/2025:21:18:01 -0400] "GET /th/plugins/phpThumb/404.php HTTP/1.1" 500 360 "-" "-"
40.69.209.246 - - [23/May/2025:21:18:01 -0400] "GET /wp-includes/css/dist/preferences/index.php HTTP/1.1" 500 360 "-" "-"
40.69.209.246 - - [23/May/2025:21:18:01 -0400] "GET /files/log.php HTTP/1.1" 500 360 "-" "-"
40.69.209.246 - - [23/May/2025:21:18:01 -0400] "GET /wp-includes/html-api/index.php HTTP/1.1" 500 360 "-" "-"
40.69.209.246 - - [23/May/2025:21:18:01 -0400] "GET /x.php HTTP/1.1" 500 360 "-" "-"
40.69.209.246 - - [23/May/2025:21:18:01 -0400] "GET /wp-includes/assets/index.php HTTP/1.1" 500 360 "-" "-"
40.69.209.246 - - [23/May/2025:21:18:01 -0400] "GET /wp-includes/block-patterns/vuln.php HTTP/1.1" 500 360 "-" "-"
40.69.209.246 - - [23/May/2025:21:18:02 -0400] "GET /wp-includes/rest-api/fields/index.php HTTP/1.1" 200 360 "-" "-"
40.69.209.246 - - [23/May/2025:21:18:02 -0400] "GET /wp-includes/images/media/wp-login.php HTTP/1.1" 500 360 "-" "-"
40.69.209.246 - - [23/May/2025:21:18:02 -0400] "GET /wp-content/uploads/autoload_classmap.php HTTP/1.1" 500 360 "-" "-"
40.69.209.246 - - [23/May/2025:21:18:02 -0400] "GET /images/404.php HTTP/1.1" 500 360 "-" "-"
40.69.209.246 - - [23/May/2025:21:18:02 -0400] "GET /wp-content/languages/asus.php HTTP/1.1" 500 360 "-" "-"
40.69.209.246 - - [23/May/2025:21:18:02 -0400] "GET /admin.php HTTP/1.1" 500 360 "-" "-"
40.69.209.246 - - [23/May/2025:21:18:02 -0400] "GET /.well-known/pki-validation/parx.php HTTP/1.1" 404 1251 "-" "-"
40.69.209.246 - - [23/May/2025:21:18:02 -0400] "GET /wp-content/plugins/wp-login.php HTTP/1.1" 500 360 "-" "-"
40.69.209.246 - - [23/May/2025:21:18:02 -0400] "GET /12wudscz.php HTTP/1.1" 500 360 "-" "-"
40.69.209.246 - - [23/May/2025:21:18:03 -0400] "GET /wp-content/themes/wp-pridmag/admin.php HTTP/1.1" 500 360 "-" "-"
40.69.209.246 - - [23/May/2025:21:18:03 -0400] "GET /wp-includes/Text/wp-conflg.php HTTP/1.1" 500 360 "-" "-"
40.69.209.246 - - [23/May/2025:21:18:03 -0400] "GET /wp-content/plugins/background-image-cropper/plugins.php HTTP/1.1" 500 360 "-" "-"
40.69.209.246 - - [23/May/2025:21:18:03 -0400] "GET /classwithtostring.php HTTP/1.1" 500 360 "-" "-"
40.69.209.246 - - [23/May/2025:21:18:03 -0400] "GET /wp-includes/Text/Diff/Renderer/wp-login.php HTTP/1.1" 500 360 "-" "-"
40.69.209.246 - - [23/May/2025:21:18:03 -0400] "GET /wp-admin/images/users.php HTTP/1.1" 500 360 "-" "-"
40.69.209.246 - - [23/May/2025:21:18:03 -0400] "GET /wp-includes/rest-api/endpoints/index.php HTTP/1.1" 500 360 "-" "-"
40.69.209.246 - - [23/May/2025:21:18:03 -0400] "GET /wp-includes/random_compat/about.php HTTP/1.1" 500 360 "-" "-"
40.69.209.246 - - [23/May/2025:21:18:03 -0400] "GET /index/about.php HTTP/1.1" 500 360 "-" "-"
40.69.209.246 - - [23/May/2025:21:18:03 -0400] "GET /manager.php HTTP/1.1" 500 360 "-" "-"
40.69.209.246 - - [23/May/2025:21:18:04 -0400] "GET /.well-known/pki-validation/about.php HTTP/1.1" 404 1251 "-" "-"
40.69.209.246 - - [23/May/2025:21:18:04 -0400] "GET /wp-admin/user/content.php HTTP/1.1" 500 360 "-" "-"
40.69.209.246 - - [23/May/2025:21:18:04 -0400] "GET /modules/mod_simplefileuploadv1.3/elements/filemanager.php HTTP/1.1" 500 360 "-" "-"
40.69.209.246 - - [23/May/2025:21:18:04 -0400] "GET /about/function.php HTTP/1.1" 500 360 "-" "-"
40.69.209.246 - - [23/May/2025:21:18:04 -0400] "GET /wp-content/plugins/wp.php HTTP/1.1" 500 360 "-" "-"
40.69.209.246 - - [23/May/2025:21:18:04 -0400] "GET /wp-admin/includes/index.php HTTP/1.1" 500 360 "-" "-"
40.69.209.246 - - [23/May/2025:21:18:04 -0400] "GET /wp-includes/SimplePie/Cache/content.php HTTP/1.1" 500 360 "-" "-"
40.69.209.246 - - [23/May/2025:21:18:04 -0400] "GET /wp-content/themes/xmrlpc.php HTTP/1.1" 500 360 "-" "-"
40.69.209.246 - - [23/May/2025:21:18:04 -0400] "GET /wp-includes/js/wp-login.php HTTP/1.1" 500 360 "-" "-"
40.69.209.246 - - [23/May/2025:21:18:04 -0400] "GET /wp-mail.php/wp-includes/ID3/taptap-null.php HTTP/1.1" 500 360 "-" "-"
40.69.209.246 - - [23/May/2025:21:18:04 -0400] "GET /.well-known/as.php HTTP/1.1" 500 360 "-" "-"
40.69.209.246 - - [23/May/2025:21:18:05 -0400] "GET /wp-includes/customize/wp-login.php HTTP/1.1" 500 360 "-" "-"
40.69.209.246 - - [23/May/2025:21:18:05 -0400] "GET /.well-known/lv.php HTTP/1.1" 500 360 "-" "-"
40.69.209.246 - - [23/May/2025:21:18:05 -0400] "GET /themes.php HTTP/1.1" 500 360 "-" "-"
40.69.209.246 - - [23/May/2025:21:18:05 -0400] "GET /wp-content/plugins/duplicator/assets/about.php HTTP/1.1" 500 360 "-" "-"
40.69.209.246 - - [23/May/2025:21:18:05 -0400] "GET /wp-admin/network/upfile.php HTTP/1.1" 500 360 "-" "-"
40.69.209.246 - - [23/May/2025:21:18:05 -0400] "GET /wp-content/plugins/index.php HTTP/1.1" 200 359 "-" "-"
40.69.209.246 - - [23/May/2025:21:18:05 -0400] "GET /wp-includes/sitemaps/providers/about.php HTTP/1.1" 500 360 "-" "-"
40.69.209.246 - - [23/May/2025:21:18:05 -0400] "GET /wp-content/upgrade/autoload_classmap.php HTTP/1.1" 500 360 "-" "-"
40.69.209.246 - - [23/May/2025:21:18:05 -0400] "GET /images/cjfuns.php HTTP/1.1" 500 360 "-" "-"
40.69.209.246 - - [23/May/2025:21:18:05 -0400] "GET /wp-includes/sodium_compat/src/content.php HTTP/1.1" 500 360 "-" "-"
40.69.209.246 - - [23/May/2025:21:18:06 -0400] "GET /wp-includes/rest-api/admin.php HTTP/1.1" 500 360 "-" "-"
40.69.209.246 - - [23/May/2025:21:18:06 -0400] "GET /wp-includes/js/crop/zmFM.php HTTP/1.1" 500 360 "-" "-"
40.69.209.246 - - [23/May/2025:21:18:06 -0400] "GET /wp-2019.php HTTP/1.1" 500 360 "-" "-"
40.69.209.246 - - [23/May/2025:21:18:06 -0400] "GET /wp-includes/js/about.php HTTP/1.1" 500 360 "-" "-"
40.69.209.246 - - [23/May/2025:21:18:06 -0400] "GET /wp-content/plugin.php HTTP/1.1" 500 360 "-" "-"
40.69.209.246 - - [23/May/2025:21:18:06 -0400] "GET /wp-admin/js/widgets/xmrlpc.php HTTP/1.1" 500 360 "-" "-"
40.69.209.246 - - [23/May/2025:21:18:06 -0400] "GET /wp-configs.php HTTP/1.1" 500 360 "-" "-"
40.69.209.246 - - [23/May/2025:21:18:06 -0400] "GET /wp-includes/Text/wp.php HTTP/1.1" 500 360 "-" "-"
40.69.209.246 - - [23/May/2025:21:18:06 -0400] "GET /inputs.php HTTP/1.1" 403 1242 "-" "-"
40.69.209.246 - - [23/May/2025:21:18:06 -0400] "GET /wp-includes/block-supports/about.php HTTP/1.1" 500 360 "-" "-"
40.69.209.246 - - [23/May/2025:21:18:07 -0400] "GET /wp-admin/network/chosen.php HTTP/1.1" 500 360 "-" "-"
40.69.209.246 - - [23/May/2025:21:18:07 -0400] "GET /wp-includes/images/chosen.php HTTP/1.1" 500 360 "-" "-"
40.69.209.246 - - [23/May/2025:21:18:07 -0400] "GET /.well-known/acme-challenge/parx.php HTTP/1.1" 500 360 "-" "-"
40.69.209.246 - - [23/May/2025:21:18:07 -0400] "GET /wp-includes/sodium_compat/src/Core32/Curve25519/Ge/about.php HTTP/1.1" 500 360 "-" "-"
40.69.209.246 - - [23/May/2025:21:18:07 -0400] "GET /index/function.php HTTP/1.1" 500 360 "-" "-"
40.69.209.246 - - [23/May/2025:21:18:07 -0400] "GET /css.php HTTP/1.1" 500 360 "-" "-"
40.69.209.246 - - [23/May/2025:21:18:07 -0400] "GET /wp-content/languages/index.php HTTP/1.1" 500 360 "-" "-"
40.69.209.246 - - [23/May/2025:21:18:07 -0400] "GET /network.php HTTP/1.1" 500 360 "-" "-"
40.69.209.246 - - [23/May/2025:21:18:07 -0400] "GET /wp-admin/css/colors/blue/wp-login.php HTTP/1.1" 500 360 "-" "-"
40.69.209.246 - - [23/May/2025:21:18:07 -0400] "GET /admin/fckeditor/editor/filemanager/updates.php HTTP/1.1" 500 360 "-" "-"
40.69.209.246 - - [23/May/2025:21:18:08 -0400] "GET /wp-content/uploads/file.php HTTP/1.1" 500 360 "-" "-"
40.69.209.246 - - [23/May/2025:21:18:08 -0400] "GET /wp-includes/Requests/Response/wp-login.php HTTP/1.1" 500 360 "-" "-"
40.69.209.246 - - [23/May/2025:21:18:08 -0400] "GET /wp-admin/css/colors/coffee/alfa-rex.php HTTP/1.1" 500 360 "-" "-"
40.69.209.246 - - [23/May/2025:21:18:08 -0400] "GET /wp-includes/SimplePie/Cache/about.php HTTP/1.1" 500 360 "-" "-"
40.69.209.246 - - [23/May/2025:21:18:08 -0400] "GET /wp-includes/sodium_compat/src/alfa-rex.php HTTP/1.1" 500 360 "-" "-"
40.69.209.246 - - [23/May/2025:21:18:08 -0400] "GET /wp-admin/css/colors/blue/index.php HTTP/1.1" 500 360 "-" "-"
40.69.209.246 - - [23/May/2025:21:18:08 -0400] "GET /wp-mail.php/wp-includes/ID3/wp-mail.php HTTP/1.1" 500 360 "-" "-"
40.69.209.246 - - [23/May/2025:21:18:08 -0400] "GET /wp-content/plugins/revslider/public/assets/assets/sources/wp-login.php HTTP/1.1" 500 360 "-" "-"
40.69.209.246 - - [23/May/2025:21:18:08 -0400] "GET /wp.php HTTP/1.1" 500 360 "-" "-"
40.69.209.246 - - [23/May/2025:21:18:08 -0400] "GET /wp-content/themes/file.php HTTP/1.1" 500 360 "-" "-"
40.69.209.246 - - [23/May/2025:21:18:09 -0400] "GET /css/item.php HTTP/1.1" 500 360 "-" "-"
40.69.209.246 - - [23/May/2025:21:18:09 -0400] "GET /wp-content/uploads/2020/admin.php HTTP/1.1" 500 360 "-" "-"
40.69.209.246 - - [23/May/2025:21:18:09 -0400] "GET /wp-admin/includes/xmrlpc.php HTTP/1.1" 500 360 "-" "-"
40.69.209.246 - - [23/May/2025:21:18:09 -0400] "GET /assets/images/wp-login.php HTTP/1.1" 500 360 "-" "-"
40.69.209.246 - - [23/May/2025:21:18:09 -0400] "GET /css/xp.php HTTP/1.1" 500 360 "-" "-"
40.69.209.246 - - [23/May/2025:21:18:09 -0400] "GET /wp-includes/assets/themes.php HTTP/1.1" 500 360 "-" "-"
40.69.209.246 - - [23/May/2025:21:18:09 -0400] "GET /wp-content/plugins/dummyyummy/wp-signup.php HTTP/1.1" 500 360 "-" "-"
40.69.209.246 - - [23/May/2025:21:18:09 -0400] "GET /wp-content/uploads/chosen.php HTTP/1.1" 500 360 "-" "-"
40.69.209.246 - - [23/May/2025:21:18:09 -0400] "GET /wp-includes/style-engine/autoload_classmap.php HTTP/1.1" 500 360 "-" "-"
40.69.209.246 - - [23/May/2025:21:18:09 -0400] "GET /wp-includes/SimplePie/Content/Type/wp-login.php HTTP/1.1" 500 360 "-" "-"
40.69.209.246 - - [23/May/2025:21:18:10 -0400] "GET /js/style.php HTTP/1.1" 500 360 "-" "-"
40.69.209.246 - - [23/May/2025:21:18:10 -0400] "GET /wp-content/languages/wp-login.php HTTP/1.1" 500 360 "-" "-"
40.69.209.246 - - [23/May/2025:21:18:10 -0400] "GET /lock.php HTTP/1.1" 500 360 "-" "-"
40.69.209.246 - - [23/May/2025:21:18:10 -0400] "GET /wp-includes/js/tinymce/skins/wordpress/images/about.php HTTP/1.1" 500 360 "-" "-"
40.69.209.246 - - [23/May/2025:21:18:10 -0400] "GET /wp-includes/SimplePie/Content/Type/index.php HTTP/1.1" 500 360 "-" "-"
40.69.209.246 - - [23/May/2025:21:18:10 -0400] "GET /.well-known/dropdown.php HTTP/1.1" 500 360 "-" "-"
40.69.209.246 - - [23/May/2025:21:18:10 -0400] "GET /wp-includes/rest-api/autoload_classmap.php HTTP/1.1" 500 360 "-" "-"
40.69.209.246 - - [23/May/2025:21:18:10 -0400] "GET /readme.php HTTP/1.1" 500 360 "-" "-"
40.69.209.246 - - [23/May/2025:21:18:10 -0400] "GET /edit.php HTTP/1.1" 500 360 "-" "-"
40.69.209.246 - - [23/May/2025:21:18:10 -0400] "GET /wp-content/themes/travelscape/json.php HTTP/1.1" 500 360 "-" "-"
40.69.209.246 - - [23/May/2025:21:18:11 -0400] "GET /wp-admin/wp-admin.php HTTP/1.1" 500 360 "-" "-"
40.69.209.246 - - [23/May/2025:21:18:11 -0400] "GET /wp-content/upgrade/shell.php HTTP/1.1" 500 360 "-" "-"
40.69.209.246 - - [23/May/2025:21:18:11 -0400] "GET /wp-admin/user/bak.php HTTP/1.1" 500 360 "-" "-"
40.69.209.246 - - [23/May/2025:21:18:11 -0400] "GET /wp-content/plugins/admin.php HTTP/1.1" 500 360 "-" "-"
40.69.209.246 - - [23/May/2025:21:18:11 -0400] "GET /wp-admin/css/about.php HTTP/1.1" 500 360 "-" "-"
40.69.209.246 - - [23/May/2025:21:18:11 -0400] "GET /wp-admin/date.php HTTP/1.1" 500 360 "-" "-"
40.69.209.246 - - [23/May/2025:21:18:11 -0400] "GET /index/x.php HTTP/1.1" 500 360 "-" "-"
40.69.209.246 - - [23/May/2025:21:18:11 -0400] "GET /wp-includes/network.php HTTP/1.1" 500 360 "-" "-"
40.69.209.246 - - [23/May/2025:21:18:11 -0400] "GET /.well-known/.well-known/cc.php HTTP/1.1" 500 360 "-" "-"
40.69.209.246 - - [23/May/2025:21:18:12 -0400] "GET /wp-includes/pomo/chosen.php HTTP/1.1" 500 360 "-" "-"
40.69.209.246 - - [23/May/2025:21:18:12 -0400] "GET /.well-known/pki-validation/pwnd.php HTTP/1.1" 404 1251 "-" "-"
40.69.209.246 - - [23/May/2025:21:18:12 -0400] "GET /css/cong.php HTTP/1.1" 500 360 "-" "-"
40.69.209.246 - - [23/May/2025:21:18:12 -0400] "GET /wp-includes/customize/shell.php HTTP/1.1" 500 360 "-" "-"
40.69.209.246 - - [23/May/2025:21:18:12 -0400] "GET /wp-content/mah.php HTTP/1.1" 500 360 "-" "-"
40.69.209.246 - - [23/May/2025:21:18:12 -0400] "GET /wp-content/upgrade/admin.php HTTP/1.1" 500 360 "-" "-"
40.69.209.246 - - [23/May/2025:21:18:12 -0400] "GET /wp-content/index.php HTTP/1.1" 500 360 "-" "-"
40.69.209.246 - - [23/May/2025:21:18:12 -0400] "GET /cgi-bin/fm.php HTTP/1.1" 500 360 "-" "-"
40.69.209.246 - - [23/May/2025:21:18:12 -0400] "GET /wp-includes/block-supports/variations.php HTTP/1.1" 500 360 "-" "-"
40.69.209.246 - - [23/May/2025:21:18:13 -0400] "GET /wp-includes/rest-api/wp-login.php HTTP/1.1" 500 360 "-" "-"
40.69.209.246 - - [23/May/2025:21:18:13 -0400] "GET /.well-known/index.php HTTP/1.1" 500 360 "-" "-"
