198.204.226.18 - - [23/May/2025:22:43:04 -0400] "GET /wp-content/install.php HTTP/1.1" 200 0 "http://jenniferflo.com/wp-content/install.php" "Mozilla/5.0 (Windows NT 10.0; Win64; x64) AppleWebKit/537.36 (KHTML, like Gecko) Chrome/58.0.3029.110 Safari/537.3"
198.204.226.18 - - [23/May/2025:22:44:54 -0400] "GET /wp-content/install.php HTTP/1.1" 200 10 "http://jenniferflo.com/wp-content/install.php" "Mozilla/5.0 (Windows NT 10.0; Win64; x64) AppleWebKit/537.36 (KHTML, like Gecko) Chrome/58.0.3029.110 Safari/537.3"
198.204.226.18 - - [23/May/2025:22:44:51 -0400] "GET /wp-content/install.php HTTP/1.1" 200 0 "http://jenniferflo.com/wp-content/install.php" "Mozilla/5.0 (Windows NT 10.0; Win64; x64) AppleWebKit/537.36 (KHTML, like Gecko) Chrome/58.0.3029.110 Safari/537.3"
212.11.64.144 - - [23/May/2025:22:45:26 -0400] "GET //wp-content/themes/twentytwentytwo/assets/fonts/cl.php HTTP/1.1" 500 271 "http://jenniferflo.com/" "Mozilla/5.0 (Windows NT 10.0; Win64; x64) AppleWebKit/537.36 (KHTML, like Gecko) Chrome/121.0.0.0 Safari/537.36"
198.204.226.18 - - [23/May/2025:22:45:39 -0400] "GET /wp-content/install.php HTTP/1.1" 200 10 "http://jenniferflo.com/wp-content/install.php" "Mozilla/5.0 (Windows NT 10.0; Win64; x64) AppleWebKit/537.36 (KHTML, like Gecko) Chrome/58.0.3029.110 Safari/537.3"
198.204.226.18 - - [23/May/2025:22:45:52 -0400] "GET /wp-content/install.php HTTP/1.1" 200 10 "http://jenniferflo.com/wp-content/install.php" "Mozilla/5.0 (Windows NT 10.0; Win64; x64) AppleWebKit/537.36 (KHTML, like Gecko) Chrome/58.0.3029.110 Safari/537.3"
198.204.226.18 - - [23/May/2025:22:46:44 -0400] "GET /wp-content/install.php HTTP/1.1" 200 10 "http://jenniferflo.com/wp-content/install.php" "Mozilla/5.0 (Windows NT 10.0; Win64; x64) AppleWebKit/537.36 (KHTML, like Gecko) Chrome/58.0.3029.110 Safari/537.3"
198.204.226.18 - - [23/May/2025:22:46:40 -0400] "GET /wp-content/install.php HTTP/1.1" 200 0 "http://jenniferflo.com/wp-content/install.php" "Mozilla/5.0 (Windows NT 10.0; Win64; x64) AppleWebKit/537.36 (KHTML, like Gecko) Chrome/58.0.3029.110 Safari/537.3"
8.210.230.104 - - [23/May/2025:22:46:52 -0400] "GET /category/124/1/listing HTTP/1.1" 500 271 "-" "Mozilla/5.0 (Macintosh; Intel Mac OS X 10_15_7) AppleWebKit/537.36 (KHTML, like Gecko) Chrome/109.0.0.0 Safari/537.36"
47.242.77.69 - - [23/May/2025:22:46:59 -0400] "GET /items/gttvv206/19861?key=mail HTTP/1.1" 500 271 "-" "Mozilla/5.0 (Macintosh; Intel Mac OS X 10_15_7) AppleWebKit/537.36 (KHTML, like Gecko) Chrome/109.0.0.0 Safari/537.36"
47.238.13.15 - - [23/May/2025:22:47:19 -0400] "GET /pages.php?products/2eg47849] HTTP/1.1" 200 12217 "-" "Mozilla/5.0 (Macintosh; Intel Mac OS X 10_15_7) AppleWebKit/537.36 (KHTML, like Gecko) Chrome/109.0.0.0 Safari/537.36"
8.218.186.1 - - [23/May/2025:22:48:11 -0400] "GET /pages.php?products/2du499 HTTP/1.1" 200 9835 "-" "Mozilla/5.0 (Macintosh; Intel Mac OS X 10_15_7) AppleWebKit/537.36 (KHTML, like Gecko) Chrome/109.0.0.0 Safari/537.36"
198.204.226.18 - - [23/May/2025:22:48:36 -0400] "GET /wp-content/install.php HTTP/1.1" 200 10 "http://jenniferflo.com/wp-content/install.php" "Mozilla/5.0 (Windows NT 10.0; Win64; x64) AppleWebKit/537.36 (KHTML, like Gecko) Chrome/58.0.3029.110 Safari/537.3"
198.204.226.18 - - [23/May/2025:22:48:26 -0400] "GET /wp-content/install.php HTTP/1.1" 200 0 "http://jenniferflo.com/wp-content/install.php" "Mozilla/5.0 (Windows NT 10.0; Win64; x64) AppleWebKit/537.36 (KHTML, like Gecko) Chrome/58.0.3029.110 Safari/537.3"
198.204.226.18 - - [23/May/2025:22:48:50 -0400] "GET /wp-content/install.php HTTP/1.1" 200 10 "http://jenniferflo.com/wp-content/install.php" "Mozilla/5.0 (Windows NT 10.0; Win64; x64) AppleWebKit/537.36 (KHTML, like Gecko) Chrome/58.0.3029.110 Safari/537.3"
212.11.64.144 - - [23/May/2025:22:49:04 -0400] "GET //wp-content/themes/twentytwentytwo/assets/fonts/amaxx.php HTTP/1.1" 500 271 "http://jenniferflo.com/" "Mozilla/5.0 (Windows NT 10.0; Win64; x64) AppleWebKit/537.36 (KHTML, like Gecko) Chrome/121.0.0.0 Safari/537.36"
198.204.226.18 - - [23/May/2025:22:49:40 -0400] "GET /wp-content/install.php HTTP/1.1" 200 10 "http://jenniferflo.com/wp-content/install.php" "Mozilla/5.0 (Windows NT 10.0; Win64; x64) AppleWebKit/537.36 (KHTML, like Gecko) Chrome/58.0.3029.110 Safari/537.3"
198.204.226.18 - - [23/May/2025:22:50:22 -0400] "GET /wp-content/install.php HTTP/1.1" 200 10 "http://jenniferflo.com/wp-content/install.php" "Mozilla/5.0 (Windows NT 10.0; Win64; x64) AppleWebKit/537.36 (KHTML, like Gecko) Chrome/58.0.3029.110 Safari/537.3"
198.204.226.18 - - [23/May/2025:22:50:14 -0400] "GET /wp-content/install.php HTTP/1.1" 200 0 "http://jenniferflo.com/wp-content/install.php" "Mozilla/5.0 (Windows NT 10.0; Win64; x64) AppleWebKit/537.36 (KHTML, like Gecko) Chrome/58.0.3029.110 Safari/537.3"
47.238.13.10 - - [23/May/2025:22:50:41 -0400] "GET /brain/z253?pid=18467 HTTP/1.1" 500 271 "-" "Mozilla/5.0 (Macintosh; Intel Mac OS X 10_15_7) AppleWebKit/537.36 (KHTML, like Gecko) Chrome/109.0.0.0 Safari/537.36"
198.204.226.18 - - [23/May/2025:22:51:37 -0400] "GET /wp-content/install.php HTTP/1.1" 200 10 "http://jenniferflo.com/wp-content/install.php" "Mozilla/5.0 (Windows NT 10.0; Win64; x64) AppleWebKit/537.36 (KHTML, like Gecko) Chrome/58.0.3029.110 Safari/537.3"
198.204.226.18 - - [23/May/2025:22:51:58 -0400] "GET /wp-content/install.php HTTP/1.1" 200 10 "http://jenniferflo.com/wp-content/install.php" "Mozilla/5.0 (Windows NT 10.0; Win64; x64) AppleWebKit/537.36 (KHTML, like Gecko) Chrome/58.0.3029.110 Safari/537.3"
198.204.226.18 - - [23/May/2025:22:51:55 -0400] "GET /wp-content/install.php HTTP/1.1" 200 0 "http://jenniferflo.com/wp-content/install.php" "Mozilla/5.0 (Windows NT 10.0; Win64; x64) AppleWebKit/537.36 (KHTML, like Gecko) Chrome/58.0.3029.110 Safari/537.3"
212.11.64.144 - - [23/May/2025:22:52:43 -0400] "GET //wp-content/themes/twentytwentythree/parts/alfanew.php HTTP/1.1" 500 271 "http://jenniferflo.com/" "Mozilla/5.0 (Windows NT 10.0; Win64; x64) AppleWebKit/537.36 (KHTML, like Gecko) Chrome/121.0.0.0 Safari/537.36"
198.204.226.18 - - [23/May/2025:22:52:43 -0400] "GET /wp-content/install.php HTTP/1.1" 200 10 "http://jenniferflo.com/wp-content/install.php" "Mozilla/5.0 (Windows NT 10.0; Win64; x64) AppleWebKit/537.36 (KHTML, like Gecko) Chrome/58.0.3029.110 Safari/537.3"
198.204.226.18 - - [23/May/2025:22:53:02 -0400] "GET /wp-content/install.php HTTP/1.1" 200 10 "http://jenniferflo.com/wp-content/install.php" "Mozilla/5.0 (Windows NT 10.0; Win64; x64) AppleWebKit/537.36 (KHTML, like Gecko) Chrome/58.0.3029.110 Safari/537.3"
198.204.226.18 - - [23/May/2025:22:53:38 -0400] "GET /wp-content/install.php HTTP/1.1" 200 10 "http://jenniferflo.com/wp-content/install.php" "Mozilla/5.0 (Windows NT 10.0; Win64; x64) AppleWebKit/537.36 (KHTML, like Gecko) Chrome/58.0.3029.110 Safari/537.3"
198.204.226.18 - - [23/May/2025:22:53:35 -0400] "GET /wp-content/install.php HTTP/1.1" 200 0 "http://jenniferflo.com/wp-content/install.php" "Mozilla/5.0 (Windows NT 10.0; Win64; x64) AppleWebKit/537.36 (KHTML, like Gecko) Chrome/58.0.3029.110 Safari/537.3"
47.238.13.17 - - [23/May/2025:22:54:19 -0400] "GET /items/akaiw41/19672?key=dozen HTTP/1.1" 500 271 "-" "Mozilla/5.0 (Macintosh; Intel Mac OS X 10_15_7) AppleWebKit/537.36 (KHTML, like Gecko) Chrome/109.0.0.0 Safari/537.36"
47.238.14.12 - - [23/May/2025:22:54:39 -0400] "GET /kid/p60?pid=46562 HTTP/1.1" 500 271 "-" "Mozilla/5.0 (Macintosh; Intel Mac OS X 10_15_7) AppleWebKit/537.36 (KHTML, like Gecko) Chrome/109.0.0.0 Safari/537.36"
198.204.226.18 - - [23/May/2025:22:55:06 -0400] "GET /wp-content/install.php HTTP/1.1" 200 10 "http://jenniferflo.com/wp-content/install.php" "Mozilla/5.0 (Windows NT 10.0; Win64; x64) AppleWebKit/537.36 (KHTML, like Gecko) Chrome/58.0.3029.110 Safari/537.3"
198.204.226.18 - - [23/May/2025:22:55:03 -0400] "GET /wp-content/install.php HTTP/1.1" 200 0 "http://jenniferflo.com/wp-content/install.php" "Mozilla/5.0 (Windows NT 10.0; Win64; x64) AppleWebKit/537.36 (KHTML, like Gecko) Chrome/58.0.3029.110 Safari/537.3"
198.204.226.18 - - [23/May/2025:22:55:23 -0400] "GET /wp-content/install.php HTTP/1.1" 200 10 "http://jenniferflo.com/wp-content/install.php" "Mozilla/5.0 (Windows NT 10.0; Win64; x64) AppleWebKit/537.36 (KHTML, like Gecko) Chrome/58.0.3029.110 Safari/537.3"
198.204.226.18 - - [23/May/2025:22:55:20 -0400] "GET /wp-content/install.php HTTP/1.1" 200 0 "http://jenniferflo.com/wp-content/install.php" "Mozilla/5.0 (Windows NT 10.0; Win64; x64) AppleWebKit/537.36 (KHTML, like Gecko) Chrome/58.0.3029.110 Safari/537.3"
198.204.226.18 - - [23/May/2025:22:55:44 -0400] "GET /wp-content/install.php HTTP/1.1" 200 10 "http://jenniferflo.com/wp-content/install.php" "Mozilla/5.0 (Windows NT 10.0; Win64; x64) AppleWebKit/537.36 (KHTML, like Gecko) Chrome/58.0.3029.110 Safari/537.3"
212.11.64.144 - - [23/May/2025:22:56:21 -0400] "GET //wp-content/themes/twentytwentythree/parts/about.php HTTP/1.1" 500 271 "http://jenniferflo.com/" "Mozilla/5.0 (Windows NT 10.0; Win64; x64) AppleWebKit/537.36 (KHTML, like Gecko) Chrome/121.0.0.0 Safari/537.36"
198.204.226.18 - - [23/May/2025:22:57:14 -0400] "GET /wp-content/install.php HTTP/1.1" 200 10 "http://jenniferflo.com/wp-content/install.php" "Mozilla/5.0 (Windows NT 10.0; Win64; x64) AppleWebKit/537.36 (KHTML, like Gecko) Chrome/58.0.3029.110 Safari/537.3"
198.204.226.18 - - [23/May/2025:22:57:11 -0400] "GET /wp-content/install.php HTTP/1.1" 200 0 "http://jenniferflo.com/wp-content/install.php" "Mozilla/5.0 (Windows NT 10.0; Win64; x64) AppleWebKit/537.36 (KHTML, like Gecko) Chrome/58.0.3029.110 Safari/537.3"
198.204.226.18 - - [23/May/2025:22:57:37 -0400] "GET /wp-content/install.php HTTP/1.1" 200 10 "http://jenniferflo.com/wp-content/install.php" "Mozilla/5.0 (Windows NT 10.0; Win64; x64) AppleWebKit/537.36 (KHTML, like Gecko) Chrome/58.0.3029.110 Safari/537.3"
198.204.226.18 - - [23/May/2025:22:57:32 -0400] "GET /wp-content/install.php HTTP/1.1" 200 0 "http://jenniferflo.com/wp-content/install.php" "Mozilla/5.0 (Windows NT 10.0; Win64; x64) AppleWebKit/537.36 (KHTML, like Gecko) Chrome/58.0.3029.110 Safari/537.3"
198.204.226.18 - - [23/May/2025:22:57:53 -0400] "GET /wp-content/install.php HTTP/1.1" 200 10 "http://jenniferflo.com/wp-content/install.php" "Mozilla/5.0 (Windows NT 10.0; Win64; x64) AppleWebKit/537.36 (KHTML, like Gecko) Chrome/58.0.3029.110 Safari/537.3"
198.204.226.18 - - [23/May/2025:22:57:49 -0400] "GET /wp-content/install.php HTTP/1.1" 200 0 "http://jenniferflo.com/wp-content/install.php" "Mozilla/5.0 (Windows NT 10.0; Win64; x64) AppleWebKit/537.36 (KHTML, like Gecko) Chrome/58.0.3029.110 Safari/537.3"
180.248.18.232 - - [23/May/2025:22:58:36 -0400] "GET /wp-includes/widgets/ HTTP/1.1" 200 42924 "-" "-"
180.248.18.232 - - [23/May/2025:22:58:37 -0400] "POST /wp-includes/widgets/ HTTP/1.1" 200 42924 "-" "-"
180.248.18.232 - - [23/May/2025:22:58:38 -0400] "POST /wp-includes/widgets/ HTTP/1.1" 200 42924 "-" "-"
180.248.18.232 - - [23/May/2025:22:58:38 -0400] "POST /wp-includes/widgets/ HTTP/1.1" 200 42924 "-" "-"
180.248.18.232 - - [23/May/2025:22:58:38 -0400] "POST /wp-includes/widgets/ HTTP/1.1" 200 42924 "-" "-"
180.248.18.232 - - [23/May/2025:22:58:39 -0400] "POST /wp-includes/widgets/ HTTP/1.1" 200 42924 "-" "-"
180.248.18.232 - - [23/May/2025:22:58:39 -0400] "POST /wp-includes/widgets/ HTTP/1.1" 200 42924 "-" "-"
180.248.18.232 - - [23/May/2025:22:58:39 -0400] "POST /wp-includes/widgets/ HTTP/1.1" 200 42924 "-" "-"
180.248.18.232 - - [23/May/2025:22:58:40 -0400] "POST /wp-includes/widgets/ HTTP/1.1" 200 42924 "-" "-"
180.248.18.232 - - [23/May/2025:22:58:40 -0400] "POST /wp-includes/widgets/ HTTP/1.1" 200 42924 "-" "-"
180.248.18.232 - - [23/May/2025:22:58:40 -0400] "POST /wp-includes/widgets/ HTTP/1.1" 200 42924 "-" "-"
180.248.18.232 - - [23/May/2025:22:58:40 -0400] "POST /wp-includes/widgets/ HTTP/1.1" 200 42924 "-" "-"
180.248.18.232 - - [23/May/2025:22:58:41 -0400] "POST /wp-includes/widgets/ HTTP/1.1" 200 42924 "-" "-"
180.248.18.232 - - [23/May/2025:22:58:41 -0400] "POST /wp-includes/widgets/ HTTP/1.1" 200 42924 "-" "-"
180.248.18.232 - - [23/May/2025:22:58:41 -0400] "POST /wp-includes/widgets/ HTTP/1.1" 200 42924 "-" "-"
180.248.18.232 - - [23/May/2025:22:58:42 -0400] "POST /wp-includes/widgets/ HTTP/1.1" 200 42924 "-" "-"
180.248.18.232 - - [23/May/2025:22:58:42 -0400] "POST /wp-includes/widgets/ HTTP/1.1" 200 42924 "-" "-"
180.248.18.232 - - [23/May/2025:22:58:42 -0400] "POST /wp-includes/widgets/ HTTP/1.1" 200 42924 "-" "-"
180.248.18.232 - - [23/May/2025:22:58:43 -0400] "POST /wp-includes/widgets/ HTTP/1.1" 200 42924 "-" "-"
180.248.18.232 - - [23/May/2025:22:58:43 -0400] "POST /wp-includes/widgets/ HTTP/1.1" 200 42924 "-" "-"
180.248.18.232 - - [23/May/2025:22:58:43 -0400] "POST /wp-includes/widgets/ HTTP/1.1" 200 42924 "-" "-"
180.248.18.232 - - [23/May/2025:22:58:44 -0400] "POST /wp-includes/widgets/ HTTP/1.1" 200 42924 "-" "-"
180.248.18.232 - - [23/May/2025:22:58:44 -0400] "POST /wp-includes/widgets/ HTTP/1.1" 200 42924 "-" "-"
180.248.18.232 - - [23/May/2025:22:58:44 -0400] "POST /wp-includes/widgets/ HTTP/1.1" 200 42924 "-" "-"
180.248.18.232 - - [23/May/2025:22:58:44 -0400] "POST /wp-includes/widgets/ HTTP/1.1" 200 42924 "-" "-"
180.248.18.232 - - [23/May/2025:22:58:45 -0400] "POST /wp-includes/widgets/ HTTP/1.1" 200 42924 "-" "-"
47.238.13.10 - - [23/May/2025:22:58:45 -0400] "GET /drill/b168?pid=5546 HTTP/1.1" 500 271 "-" "Mozilla/5.0 (Macintosh; Intel Mac OS X 10_15_7) AppleWebKit/537.36 (KHTML, like Gecko) Chrome/109.0.0.0 Safari/537.36"
180.248.18.232 - - [23/May/2025:22:58:45 -0400] "POST /wp-includes/widgets/ HTTP/1.1" 200 42924 "-" "-"
180.248.18.232 - - [23/May/2025:22:58:45 -0400] "POST /wp-includes/widgets/ HTTP/1.1" 200 42924 "-" "-"
180.248.18.232 - - [23/May/2025:22:58:46 -0400] "POST /wp-includes/widgets/ HTTP/1.1" 200 42924 "-" "-"
180.248.18.232 - - [23/May/2025:22:58:46 -0400] "POST /wp-includes/widgets/ HTTP/1.1" 200 42924 "-" "-"
180.248.18.232 - - [23/May/2025:22:58:46 -0400] "POST /wp-includes/widgets/ HTTP/1.1" 200 42924 "-" "-"
180.248.18.232 - - [23/May/2025:22:58:47 -0400] "POST /wp-includes/widgets/ HTTP/1.1" 200 42924 "-" "-"
180.248.18.232 - - [23/May/2025:22:58:47 -0400] "POST /wp-includes/widgets/ HTTP/1.1" 200 42924 "-" "-"
180.248.18.232 - - [23/May/2025:22:58:47 -0400] "POST /wp-includes/widgets/ HTTP/1.1" 200 42924 "-" "-"
180.248.18.232 - - [23/May/2025:22:58:48 -0400] "POST /wp-includes/widgets/ HTTP/1.1" 200 42924 "-" "-"
180.248.18.232 - - [23/May/2025:22:58:48 -0400] "POST /wp-includes/widgets/ HTTP/1.1" 200 42924 "-" "-"
180.248.18.232 - - [23/May/2025:22:58:48 -0400] "POST /wp-includes/widgets/ HTTP/1.1" 200 42924 "-" "-"
180.248.18.232 - - [23/May/2025:22:58:49 -0400] "POST /wp-includes/widgets/ HTTP/1.1" 200 42924 "-" "-"
180.248.18.232 - - [23/May/2025:22:58:49 -0400] "POST /wp-includes/widgets/ HTTP/1.1" 200 42924 "-" "-"
180.248.18.232 - - [23/May/2025:22:58:49 -0400] "POST /wp-includes/widgets/ HTTP/1.1" 200 42924 "-" "-"
180.248.18.232 - - [23/May/2025:22:58:50 -0400] "POST /wp-includes/widgets/ HTTP/1.1" 200 42924 "-" "-"
180.248.18.232 - - [23/May/2025:22:58:50 -0400] "POST /wp-includes/widgets/ HTTP/1.1" 200 42924 "-" "-"
180.248.18.232 - - [23/May/2025:22:58:50 -0400] "POST /wp-includes/widgets/ HTTP/1.1" 200 42924 "-" "-"
180.248.18.232 - - [23/May/2025:22:58:50 -0400] "POST /wp-includes/widgets/ HTTP/1.1" 200 42924 "-" "-"
180.248.18.232 - - [23/May/2025:22:58:51 -0400] "POST /wp-includes/widgets/ HTTP/1.1" 200 42924 "-" "-"
180.248.18.232 - - [23/May/2025:22:58:51 -0400] "POST /wp-includes/widgets/ HTTP/1.1" 200 42924 "-" "-"
180.248.18.232 - - [23/May/2025:22:58:51 -0400] "POST /wp-includes/widgets/ HTTP/1.1" 200 42924 "-" "-"
180.248.18.232 - - [23/May/2025:22:58:52 -0400] "POST /wp-includes/widgets/ HTTP/1.1" 200 42924 "-" "-"
180.248.18.232 - - [23/May/2025:22:58:52 -0400] "POST /wp-includes/widgets/ HTTP/1.1" 200 42924 "-" "-"
180.248.18.232 - - [23/May/2025:22:58:52 -0400] "POST /wp-includes/widgets/ HTTP/1.1" 200 42924 "-" "-"
180.248.18.232 - - [23/May/2025:22:58:52 -0400] "POST /wp-includes/widgets/ HTTP/1.1" 200 42924 "-" "-"
180.248.18.232 - - [23/May/2025:22:58:53 -0400] "POST /wp-includes/widgets/ HTTP/1.1" 200 42924 "-" "-"
180.248.18.232 - - [23/May/2025:22:58:53 -0400] "POST /wp-includes/widgets/ HTTP/1.1" 200 42924 "-" "-"
180.248.18.232 - - [23/May/2025:22:58:53 -0400] "POST /wp-includes/widgets/ HTTP/1.1" 200 42924 "-" "-"
180.248.18.232 - - [23/May/2025:22:58:54 -0400] "POST /wp-includes/widgets/ HTTP/1.1" 200 42924 "-" "-"
180.248.18.232 - - [23/May/2025:22:58:54 -0400] "POST /wp-includes/widgets/ HTTP/1.1" 200 42924 "-" "-"
180.248.18.232 - - [23/May/2025:22:58:54 -0400] "POST /wp-includes/widgets/ HTTP/1.1" 200 42924 "-" "-"
180.248.18.232 - - [23/May/2025:22:58:54 -0400] "POST /wp-includes/widgets/ HTTP/1.1" 200 42924 "-" "-"
180.248.18.232 - - [23/May/2025:22:58:55 -0400] "POST /wp-includes/widgets/ HTTP/1.1" 200 42924 "-" "-"
198.204.226.18 - - [23/May/2025:22:58:55 -0400] "GET /wp-content/install.php HTTP/1.1" 200 10 "http://jenniferflo.com/wp-content/install.php" "Mozilla/5.0 (Windows NT 10.0; Win64; x64) AppleWebKit/537.36 (KHTML, like Gecko) Chrome/58.0.3029.110 Safari/537.3"
180.248.18.232 - - [23/May/2025:22:58:55 -0400] "POST /wp-includes/widgets/ HTTP/1.1" 200 42924 "-" "-"
180.248.18.232 - - [23/May/2025:22:58:55 -0400] "POST /wp-includes/widgets/ HTTP/1.1" 200 42924 "-" "-"
180.248.18.232 - - [23/May/2025:22:58:56 -0400] "POST /wp-includes/widgets/ HTTP/1.1" 200 42924 "-" "-"
180.248.18.232 - - [23/May/2025:22:58:56 -0400] "POST /wp-includes/widgets/ HTTP/1.1" 200 42924 "-" "-"
180.248.18.232 - - [23/May/2025:22:58:56 -0400] "POST /wp-includes/widgets/ HTTP/1.1" 200 42924 "-" "-"
180.248.18.232 - - [23/May/2025:22:58:57 -0400] "POST /wp-includes/widgets/ HTTP/1.1" 200 42924 "-" "-"
180.248.18.232 - - [23/May/2025:22:58:57 -0400] "POST /wp-includes/widgets/ HTTP/1.1" 200 42924 "-" "-"
180.248.18.232 - - [23/May/2025:22:58:57 -0400] "POST /wp-includes/widgets/ HTTP/1.1" 200 42924 "-" "-"
180.248.18.232 - - [23/May/2025:22:58:57 -0400] "POST /wp-includes/widgets/ HTTP/1.1" 200 42924 "-" "-"
180.248.18.232 - - [23/May/2025:22:58:58 -0400] "POST /wp-includes/widgets/ HTTP/1.1" 200 42924 "-" "-"
180.248.18.232 - - [23/May/2025:22:58:58 -0400] "POST /wp-includes/widgets/ HTTP/1.1" 200 42924 "-" "-"
180.248.18.232 - - [23/May/2025:22:58:58 -0400] "POST /wp-includes/widgets/ HTTP/1.1" 200 42924 "-" "-"
180.248.18.232 - - [23/May/2025:22:58:59 -0400] "POST /wp-includes/widgets/ HTTP/1.1" 200 42924 "-" "-"
180.248.18.232 - - [23/May/2025:22:58:59 -0400] "POST /wp-includes/widgets/ HTTP/1.1" 200 42924 "-" "-"
180.248.18.232 - - [23/May/2025:22:58:59 -0400] "POST /wp-includes/widgets/ HTTP/1.1" 200 42924 "-" "-"
180.248.18.232 - - [23/May/2025:22:58:59 -0400] "POST /wp-includes/widgets/ HTTP/1.1" 200 42924 "-" "-"
180.248.18.232 - - [23/May/2025:22:59:00 -0400] "POST /wp-includes/widgets/ HTTP/1.1" 200 42924 "-" "-"
180.248.18.232 - - [23/May/2025:22:59:00 -0400] "POST /wp-includes/widgets/ HTTP/1.1" 200 42924 "-" "-"
180.248.18.232 - - [23/May/2025:22:59:00 -0400] "POST /wp-includes/widgets/ HTTP/1.1" 200 42924 "-" "-"
180.248.18.232 - - [23/May/2025:22:59:01 -0400] "POST /wp-includes/widgets/ HTTP/1.1" 200 42924 "-" "-"
180.248.18.232 - - [23/May/2025:22:59:01 -0400] "POST /wp-includes/widgets/ HTTP/1.1" 200 42924 "-" "-"
180.248.18.232 - - [23/May/2025:22:59:01 -0400] "POST /wp-includes/widgets/ HTTP/1.1" 200 42924 "-" "-"
180.248.18.232 - - [23/May/2025:22:59:01 -0400] "POST /wp-includes/widgets/ HTTP/1.1" 200 42924 "-" "-"
180.248.18.232 - - [23/May/2025:22:59:02 -0400] "POST /wp-includes/widgets/ HTTP/1.1" 200 42924 "-" "-"
198.204.226.18 - - [23/May/2025:22:58:52 -0400] "GET /wp-content/install.php HTTP/1.1" 200 0 "http://jenniferflo.com/wp-content/install.php" "Mozilla/5.0 (Windows NT 10.0; Win64; x64) AppleWebKit/537.36 (KHTML, like Gecko) Chrome/58.0.3029.110 Safari/537.3"
198.204.226.18 - - [23/May/2025:22:59:57 -0400] "GET /wp-content/install.php HTTP/1.1" 200 10 "http://jenniferflo.com/wp-content/install.php" "Mozilla/5.0 (Windows NT 10.0; Win64; x64) AppleWebKit/537.36 (KHTML, like Gecko) Chrome/58.0.3029.110 Safari/537.3"
212.11.64.144 - - [23/May/2025:23:00:00 -0400] "GET //wp-content/themes/twentytwentythree/parts/Mshell.php HTTP/1.1" 500 271 "http://jenniferflo.com/" "Mozilla/5.0 (Windows NT 10.0; Win64; x64) AppleWebKit/537.36 (KHTML, like Gecko) Chrome/121.0.0.0 Safari/537.36"
198.204.226.18 - - [23/May/2025:23:00:31 -0400] "GET /wp-content/install.php HTTP/1.1" 200 10 "http://jenniferflo.com/wp-content/install.php" "Mozilla/5.0 (Windows NT 10.0; Win64; x64) AppleWebKit/537.36 (KHTML, like Gecko) Chrome/58.0.3029.110 Safari/537.3"
198.204.226.18 - - [23/May/2025:23:00:28 -0400] "GET /wp-content/install.php HTTP/1.1" 200 0 "http://jenniferflo.com/wp-content/install.php" "Mozilla/5.0 (Windows NT 10.0; Win64; x64) AppleWebKit/537.36 (KHTML, like Gecko) Chrome/58.0.3029.110 Safari/537.3"
198.204.226.18 - - [23/May/2025:23:00:46 -0400] "GET /wp-content/install.php HTTP/1.1" 200 10 "http://jenniferflo.com/wp-content/install.php" "Mozilla/5.0 (Windows NT 10.0; Win64; x64) AppleWebKit/537.36 (KHTML, like Gecko) Chrome/58.0.3029.110 Safari/537.3"
198.204.226.18 - - [23/May/2025:23:01:05 -0400] "GET /wp-content/install.php HTTP/1.1" 200 10 "http://jenniferflo.com/wp-content/install.php" "Mozilla/5.0 (Windows NT 10.0; Win64; x64) AppleWebKit/537.36 (KHTML, like Gecko) Chrome/58.0.3029.110 Safari/537.3"
198.204.226.18 - - [23/May/2025:23:01:21 -0400] "GET /wp-content/install.php HTTP/1.1" 200 10 "http://jenniferflo.com/wp-content/install.php" "Mozilla/5.0 (Windows NT 10.0; Win64; x64) AppleWebKit/537.36 (KHTML, like Gecko) Chrome/58.0.3029.110 Safari/537.3"
47.238.13.15 - - [23/May/2025:23:01:24 -0400] "GET /elevator/t190?pid=7422 HTTP/1.1" 500 271 "-" "Mozilla/5.0 (Macintosh; Intel Mac OS X 10_15_7) AppleWebKit/537.36 (KHTML, like Gecko) Chrome/109.0.0.0 Safari/537.36"
69.197.135.226 - - [23/May/2025:23:01:59 -0400] "GET /wp-includes/install.php HTTP/1.1" 200 10 "http://jenniferflo.com/wp-includes/install.php" "Mozilla/5.0 (Windows NT 10.0; Win64; x64) AppleWebKit/537.36 (KHTML, like Gecko) Chrome/58.0.3029.110 Safari/537.3"
198.204.226.18 - - [23/May/2025:23:02:01 -0400] "GET /wp-content/install.php HTTP/1.1" 200 10 "http://jenniferflo.com/wp-content/install.php" "Mozilla/5.0 (Windows NT 10.0; Win64; x64) AppleWebKit/537.36 (KHTML, like Gecko) Chrome/58.0.3029.110 Safari/537.3"
198.204.226.18 - - [23/May/2025:23:01:58 -0400] "GET /wp-content/install.php HTTP/1.1" 200 0 "http://jenniferflo.com/wp-content/install.php" "Mozilla/5.0 (Windows NT 10.0; Win64; x64) AppleWebKit/537.36 (KHTML, like Gecko) Chrome/58.0.3029.110 Safari/537.3"
198.204.226.18 - - [23/May/2025:23:03:01 -0400] "GET /wp-content/install.php HTTP/1.1" 200 10 "http://jenniferflo.com/wp-content/install.php" "Mozilla/5.0 (Windows NT 10.0; Win64; x64) AppleWebKit/537.36 (KHTML, like Gecko) Chrome/58.0.3029.110 Safari/537.3"
212.11.64.144 - - [23/May/2025:23:03:38 -0400] "GET //wp-content/themes/twentytwentythree/parts/.wp-themes.php HTTP/1.1" 500 21 "http://jenniferflo.com/" "Mozilla/5.0 (Windows NT 10.0; Win64; x64) AppleWebKit/537.36 (KHTML, like Gecko) Chrome/121.0.0.0 Safari/537.36"
8.210.108.0 - - [23/May/2025:23:03:48 -0400] "GET /sitemap-subkey-2217.xml HTTP/1.1" 200 99975 "-" "Mozilla/5.0 (Macintosh; Intel Mac OS X 10_15_7) AppleWebKit/537.36 (KHTML, like Gecko) Chrome/109.0.0.0 Safari/537.36"
47.238.13.11 - - [23/May/2025:23:03:51 -0400] "GET /sitemap-subkey-1907.xml HTTP/1.1" 200 100658 "-" "Mozilla/5.0 (Macintosh; Intel Mac OS X 10_15_7) AppleWebKit/537.36 (KHTML, like Gecko) Chrome/109.0.0.0 Safari/537.36"
152.42.201.120 - - [23/May/2025:23:03:55 -0400] "GET /wp-content/uploads/2023/03/GermanStudy.jpg HTTP/1.1" 403 1242 "-" "Mozilla/5.0 (Windows NT 10.0; Win64; x64) AppleWebKit/537.36 (KHTML, like Gecko) Chrome/122.0.0.0 Safari/537.36"
47.238.13.18 - - [23/May/2025:23:04:30 -0400] "GET /veteran/q179?pid=7103 HTTP/1.1" 500 271 "-" "Mozilla/5.0 (Macintosh; Intel Mac OS X 10_15_7) AppleWebKit/537.36 (KHTML, like Gecko) Chrome/109.0.0.0 Safari/537.36"
198.204.226.18 - - [23/May/2025:23:05:36 -0400] "GET /wp-content/install.php HTTP/1.1" 200 10 "http://jenniferflo.com/wp-content/install.php" "Mozilla/5.0 (Windows NT 10.0; Win64; x64) AppleWebKit/537.36 (KHTML, like Gecko) Chrome/58.0.3029.110 Safari/537.3"
198.204.226.18 - - [23/May/2025:23:05:33 -0400] "GET /wp-content/install.php HTTP/1.1" 200 0 "http://jenniferflo.com/wp-content/install.php" "Mozilla/5.0 (Windows NT 10.0; Win64; x64) AppleWebKit/537.36 (KHTML, like Gecko) Chrome/58.0.3029.110 Safari/537.3"
8.210.8.206 - - [23/May/2025:23:05:53 -0400] "GET /sitemap-subkey-2714.xml HTTP/1.1" 200 99442 "-" "Mozilla/5.0 (Macintosh; Intel Mac OS X 10_15_7) AppleWebKit/537.36 (KHTML, like Gecko) Chrome/109.0.0.0 Safari/537.36"
198.204.226.18 - - [23/May/2025:23:05:54 -0400] "GET /wp-content/install.php HTTP/1.1" 200 10 "http://jenniferflo.com/wp-content/install.php" "Mozilla/5.0 (Windows NT 10.0; Win64; x64) AppleWebKit/537.36 (KHTML, like Gecko) Chrome/58.0.3029.110 Safari/537.3"
198.204.226.18 - - [23/May/2025:23:05:51 -0400] "GET /wp-content/install.php HTTP/1.1" 200 0 "http://jenniferflo.com/wp-content/install.php" "Mozilla/5.0 (Windows NT 10.0; Win64; x64) AppleWebKit/537.36 (KHTML, like Gecko) Chrome/58.0.3029.110 Safari/537.3"
198.204.226.18 - - [23/May/2025:23:06:16 -0400] "GET /wp-content/install.php HTTP/1.1" 200 10 "http://jenniferflo.com/wp-content/install.php" "Mozilla/5.0 (Windows NT 10.0; Win64; x64) AppleWebKit/537.36 (KHTML, like Gecko) Chrome/58.0.3029.110 Safari/537.3"
198.204.226.18 - - [23/May/2025:23:06:13 -0400] "GET /wp-content/install.php HTTP/1.1" 200 0 "http://jenniferflo.com/wp-content/install.php" "Mozilla/5.0 (Windows NT 10.0; Win64; x64) AppleWebKit/537.36 (KHTML, like Gecko) Chrome/58.0.3029.110 Safari/537.3"
47.238.13.13 - - [23/May/2025:23:06:44 -0400] "GET /sitemap-subkey-1586.xml HTTP/1.1" 200 99941 "-" "Mozilla/5.0 (Macintosh; Intel Mac OS X 10_15_7) AppleWebKit/537.36 (KHTML, like Gecko) Chrome/109.0.0.0 Safari/537.36"
204.12.252.98 - - [23/May/2025:23:07:05 -0400] "GET /wp-includes/install.php HTTP/1.1" 200 10 "http://jenniferflo.com/wp-includes/install.php" "Mozilla/5.0 (Windows NT 10.0; Win64; x64) AppleWebKit/537.36 (KHTML, like Gecko) Chrome/58.0.3029.110 Safari/537.3"
212.11.64.144 - - [23/May/2025:23:07:16 -0400] "GET //wp-content/themes/twentytwentythree/parts/.seo.php HTTP/1.1" 500 271 "http://jenniferflo.com/" "Mozilla/5.0 (Windows NT 10.0; Win64; x64) AppleWebKit/537.36 (KHTML, like Gecko) Chrome/121.0.0.0 Safari/537.36"
152.42.201.120 - - [23/May/2025:23:07:56 -0400] "GET /wp-content/uploads/2023/02/Does-Drinking-Collagen-Powder.png HTTP/1.1" 403 1242 "-" "Mozilla/5.0 (iPhone; CPU iPhone OS 17_0_3 like Mac OS X) AppleWebKit/605.1.15 (KHTML, like Gecko) Version/17.0.1 Mobile/15E148 Safari/604.1"
47.238.13.15 - - [23/May/2025:23:08:31 -0400] "GET /sitemap-subkey-1075.xml HTTP/1.1" 200 99921 "-" "Mozilla/5.0 (Macintosh; Intel Mac OS X 10_15_7) AppleWebKit/537.36 (KHTML, like Gecko) Chrome/109.0.0.0 Safari/537.36"
8.210.152.184 - - [23/May/2025:23:08:44 -0400] "GET /sitemap-subkey-388.xml HTTP/1.1" 200 100688 "-" "Mozilla/5.0 (Macintosh; Intel Mac OS X 10_15_7) AppleWebKit/537.36 (KHTML, like Gecko) Chrome/109.0.0.0 Safari/537.36"
47.238.14.12 - - [23/May/2025:23:09:01 -0400] "GET /sitemap-subkey-2861.xml HTTP/1.1" 200 99557 "-" "Mozilla/5.0 (Macintosh; Intel Mac OS X 10_15_7) AppleWebKit/537.36 (KHTML, like Gecko) Chrome/109.0.0.0 Safari/537.36"
47.243.178.179 - - [23/May/2025:23:09:17 -0400] "GET /cook/g216?pid=36806 HTTP/1.1" 500 271 "-" "Mozilla/5.0 (Macintosh; Intel Mac OS X 10_15_7) AppleWebKit/537.36 (KHTML, like Gecko) Chrome/109.0.0.0 Safari/537.36"
47.238.13.9 - - [23/May/2025:23:09:27 -0400] "GET /developmental/w179?pid=48133 HTTP/1.1" 500 271 "-" "Mozilla/5.0 (Macintosh; Intel Mac OS X 10_15_7) AppleWebKit/537.36 (KHTML, like Gecko) Chrome/109.0.0.0 Safari/537.36"
198.204.226.18 - - [23/May/2025:23:09:27 -0400] "GET /wp-content/install.php HTTP/1.1" 200 10 "http://jenniferflo.com/wp-content/install.php" "Mozilla/5.0 (Windows NT 10.0; Win64; x64) AppleWebKit/537.36 (KHTML, like Gecko) Chrome/58.0.3029.110 Safari/537.3"
198.204.226.18 - - [23/May/2025:23:09:24 -0400] "GET /wp-content/install.php HTTP/1.1" 200 0 "http://jenniferflo.com/wp-content/install.php" "Mozilla/5.0 (Windows NT 10.0; Win64; x64) AppleWebKit/537.36 (KHTML, like Gecko) Chrome/58.0.3029.110 Safari/537.3"
198.204.226.18 - - [23/May/2025:23:09:37 -0400] "GET /wp-content/install.php HTTP/1.1" 200 10 "http://jenniferflo.com/wp-content/install.php" "Mozilla/5.0 (Windows NT 10.0; Win64; x64) AppleWebKit/537.36 (KHTML, like Gecko) Chrome/58.0.3029.110 Safari/537.3"
212.11.64.144 - - [23/May/2025:23:10:54 -0400] "GET //wp-content/themes/twentytwentythree/assets/fonts/source-serif-pro/.wp-themes.php HTTP/1.1" 500 271 "http://jenniferflo.com/" "Mozilla/5.0 (Windows NT 10.0; Win64; x64) AppleWebKit/537.36 (KHTML, like Gecko) Chrome/121.0.0.0 Safari/537.36"
47.238.13.4 - - [23/May/2025:23:10:56 -0400] "GET /sitemap-subkey-2035.xml HTTP/1.1" 200 99146 "-" "Mozilla/5.0 (Macintosh; Intel Mac OS X 10_15_7) AppleWebKit/537.36 (KHTML, like Gecko) Chrome/109.0.0.0 Safari/537.36"
66.249.64.162 - - [23/May/2025:23:11:42 -0400] "GET /?_g=18989191 HTTP/1.1" 200 81516 "-" "Mozilla/5.0 (Linux; Android 6.0.1; Nexus 5X Build/MMB29P) AppleWebKit/537.36 (KHTML, like Gecko) Chrome/136.0.7103.113 Mobile Safari/537.36 (compatible; Googlebot/2.1; +http://www.google.com/bot.html)"
47.238.13.15 - - [23/May/2025:23:12:07 -0400] "GET /sometimes/i22?pid=1148 HTTP/1.1" 500 271 "-" "Mozilla/5.0 (Macintosh; Intel Mac OS X 10_15_7) AppleWebKit/537.36 (KHTML, like Gecko) Chrome/109.0.0.0 Safari/537.36"
198.204.226.18 - - [23/May/2025:23:12:39 -0400] "GET /wp-content/install.php HTTP/1.1" 200 10 "http://jenniferflo.com/wp-content/install.php" "Mozilla/5.0 (Windows NT 10.0; Win64; x64) AppleWebKit/537.36 (KHTML, like Gecko) Chrome/58.0.3029.110 Safari/537.3"
47.238.14.12 - - [23/May/2025:23:13:13 -0400] "GET /items/kwaaj164/38465?key=him HTTP/1.1" 500 271 "-" "Mozilla/5.0 (Macintosh; Intel Mac OS X 10_15_7) AppleWebKit/537.36 (KHTML, like Gecko) Chrome/109.0.0.0 Safari/537.36"
47.238.13.10 - - [23/May/2025:23:13:20 -0400] "GET /pack/l62?pid=40716 HTTP/1.1" 500 271 "-" "Mozilla/5.0 (Macintosh; Intel Mac OS X 10_15_7) AppleWebKit/537.36 (KHTML, like Gecko) Chrome/109.0.0.0 Safari/537.36"
8.210.108.0 - - [23/May/2025:23:13:27 -0400] "GET /items/dnlqz70/269?key=shock HTTP/1.1" 500 271 "-" "Mozilla/5.0 (Macintosh; Intel Mac OS X 10_15_7) AppleWebKit/537.36 (KHTML, like Gecko) Chrome/109.0.0.0 Safari/537.36"
47.238.13.17 - - [23/May/2025:23:13:33 -0400] "GET /pages.php?product/F67?y=search&l=40855 HTTP/1.1" 200 10917 "-" "Mozilla/5.0 (Macintosh; Intel Mac OS X 10_15_7) AppleWebKit/537.36 (KHTML, like Gecko) Chrome/109.0.0.0 Safari/537.36"
198.204.226.18 - - [23/May/2025:23:13:43 -0400] "GET /wp-content/install.php HTTP/1.1" 200 10 "http://jenniferflo.com/wp-content/install.php" "Mozilla/5.0 (Windows NT 10.0; Win64; x64) AppleWebKit/537.36 (KHTML, like Gecko) Chrome/58.0.3029.110 Safari/537.3"
47.238.13.11 - - [23/May/2025:23:13:45 -0400] "GET /sitemap-subkey-2263.xml HTTP/1.1" 200 100519 "-" "Mozilla/5.0 (Macintosh; Intel Mac OS X 10_15_7) AppleWebKit/537.36 (KHTML, like Gecko) Chrome/109.0.0.0 Safari/537.36"
198.204.226.18 - - [23/May/2025:23:14:03 -0400] "GET /wp-content/install.php HTTP/1.1" 200 0 "http://jenniferflo.com/wp-content/install.php" "Mozilla/5.0 (Windows NT 10.0; Win64; x64) AppleWebKit/537.36 (KHTML, like Gecko) Chrome/58.0.3029.110 Safari/537.3"
212.11.64.144 - - [23/May/2025:23:14:33 -0400] "GET //wp-content/themes/twentytwentythree/assets/fonts/about.php HTTP/1.1" 500 271 "http://jenniferflo.com/" "Mozilla/5.0 (Windows NT 10.0; Win64; x64) AppleWebKit/537.36 (KHTML, like Gecko) Chrome/121.0.0.0 Safari/537.36"
8.210.8.206 - - [23/May/2025:23:14:52 -0400] "GET /pages.php?product/I165?y=search&l=42153] HTTP/1.1" 200 10007 "-" "Mozilla/5.0 (Macintosh; Intel Mac OS X 10_15_7) AppleWebKit/537.36 (KHTML, like Gecko) Chrome/109.0.0.0 Safari/537.36"
198.204.226.18 - - [23/May/2025:23:15:14 -0400] "GET /wp-content/install.php HTTP/1.1" 200 10 "http://jenniferflo.com/wp-content/install.php" "Mozilla/5.0 (Windows NT 10.0; Win64; x64) AppleWebKit/537.36 (KHTML, like Gecko) Chrome/58.0.3029.110 Safari/537.3"
198.204.226.18 - - [23/May/2025:23:16:20 -0400] "GET /wp-content/install.php HTTP/1.1" 200 10 "http://jenniferflo.com/wp-content/install.php" "Mozilla/5.0 (Windows NT 10.0; Win64; x64) AppleWebKit/537.36 (KHTML, like Gecko) Chrome/58.0.3029.110 Safari/537.3"
198.204.226.18 - - [23/May/2025:23:16:17 -0400] "GET /wp-content/install.php HTTP/1.1" 200 0 "http://jenniferflo.com/wp-content/install.php" "Mozilla/5.0 (Windows NT 10.0; Win64; x64) AppleWebKit/537.36 (KHTML, like Gecko) Chrome/58.0.3029.110 Safari/537.3"
198.204.226.18 - - [23/May/2025:23:16:30 -0400] "GET /wp-content/install.php HTTP/1.1" 200 0 "http://jenniferflo.com/wp-content/install.php" "Mozilla/5.0 (Windows NT 10.0; Win64; x64) AppleWebKit/537.36 (KHTML, like Gecko) Chrome/58.0.3029.110 Safari/537.3"
47.238.13.16 - - [23/May/2025:23:17:19 -0400] "GET /items/fpdtf28/14341?key=grandparent HTTP/1.1" 500 21 "-" "Mozilla/5.0 (Macintosh; Intel Mac OS X 10_15_7) AppleWebKit/537.36 (KHTML, like Gecko) Chrome/109.0.0.0 Safari/537.36"
194.87.29.57 - - [23/May/2025:23:17:23 -0400] "GET / HTTP/1.1" 500 271 "-" "Mozilla/5.0 (Macintosh; Intel Mac OS X 10_8_4) AppleWebKit/537.36 (KHTML, like Gecko) Chrome/52.0.2744.66 Safari/537.36"
198.204.226.18 - - [23/May/2025:23:17:28 -0400] "GET /wp-content/install.php HTTP/1.1" 200 10 "http://jenniferflo.com/wp-content/install.php" "Mozilla/5.0 (Windows NT 10.0; Win64; x64) AppleWebKit/537.36 (KHTML, like Gecko) Chrome/58.0.3029.110 Safari/537.3"
194.87.29.57 - - [23/May/2025:23:17:37 -0400] "POST /wp-json/hc/v1/themehunk-import HTTP/1.1" 500 271 "http://jenniferflo.com/" "Mozilla/5.0 (Macintosh; Intel Mac OS X 10_8_4) AppleWebKit/537.36 (KHTML, like Gecko) Chrome/52.0.2744.66 Safari/537.36"
194.87.29.57 - - [23/May/2025:23:17:42 -0400] "POST /wp-json/hc/v1/themehunk-import HTTP/1.1" 500 271 "http://jenniferflo.com/wp-json/hc/v1/themehunk-import" "Mozilla/5.0 (Macintosh; Intel Mac OS X 10_8_4) AppleWebKit/537.36 (KHTML, like Gecko) Chrome/52.0.2744.66 Safari/537.36"
194.87.29.57 - - [23/May/2025:23:17:42 -0400] "POST /?rest_route=/wqc/v1/query HTTP/1.1" 500 271 "http://jenniferflo.com/wp-json/hc/v1/themehunk-import" "Mozilla/5.0 (Macintosh; Intel Mac OS X 10_8_4) AppleWebKit/537.36 (KHTML, like Gecko) Chrome/52.0.2744.66 Safari/537.36"
194.87.29.57 - - [23/May/2025:23:17:43 -0400] "GET /a53df048ff60.php HTTP/1.1" 500 21 "http://jenniferflo.com/?rest_route=/wqc/v1/query" "Mozilla/5.0 (Macintosh; Intel Mac OS X 10_8_4) AppleWebKit/537.36 (KHTML, like Gecko) Chrome/52.0.2744.66 Safari/537.36"
47.238.13.11 - - [23/May/2025:23:18:11 -0400] "GET /trash/c55?pid=49659 HTTP/1.1" 500 271 "-" "Mozilla/5.0 (Macintosh; Intel Mac OS X 10_15_7) AppleWebKit/537.36 (KHTML, like Gecko) Chrome/109.0.0.0 Safari/537.36"
212.11.64.144 - - [23/May/2025:23:18:11 -0400] "GET //wp-content/themes/twentytwentyone/template-parts/post/about.php HTTP/1.1" 500 271 "http://jenniferflo.com/" "Mozilla/5.0 (Windows NT 10.0; Win64; x64) AppleWebKit/537.36 (KHTML, like Gecko) Chrome/121.0.0.0 Safari/537.36"
198.204.226.18 - - [23/May/2025:23:18:16 -0400] "GET /wp-content/install.php HTTP/1.1" 200 10 "http://jenniferflo.com/wp-content/install.php" "Mozilla/5.0 (Windows NT 10.0; Win64; x64) AppleWebKit/537.36 (KHTML, like Gecko) Chrome/58.0.3029.110 Safari/537.3"
198.204.226.18 - - [23/May/2025:23:18:12 -0400] "GET /wp-content/install.php HTTP/1.1" 200 0 "http://jenniferflo.com/wp-content/install.php" "Mozilla/5.0 (Windows NT 10.0; Win64; x64) AppleWebKit/537.36 (KHTML, like Gecko) Chrome/58.0.3029.110 Safari/537.3"
47.238.13.10 - - [23/May/2025:23:19:07 -0400] "GET /this/t39?pid=24273 HTTP/1.1" 500 271 "-" "Mozilla/5.0 (Macintosh; Intel Mac OS X 10_15_7) AppleWebKit/537.36 (KHTML, like Gecko) Chrome/109.0.0.0 Safari/537.36"
198.204.226.18 - - [23/May/2025:23:19:24 -0400] "GET /wp-content/install.php HTTP/1.1" 200 10 "http://jenniferflo.com/wp-content/install.php" "Mozilla/5.0 (Windows NT 10.0; Win64; x64) AppleWebKit/537.36 (KHTML, like Gecko) Chrome/58.0.3029.110 Safari/537.3"
47.238.14.0 - - [23/May/2025:23:20:09 -0400] "GET /surgery/q103?pid=29927 HTTP/1.1" 500 271 "-" "Mozilla/5.0 (Macintosh; Intel Mac OS X 10_15_7) AppleWebKit/537.36 (KHTML, like Gecko) Chrome/109.0.0.0 Safari/537.36"
198.204.226.18 - - [23/May/2025:23:20:52 -0400] "GET /wp-content/install.php HTTP/1.1" 200 10 "http://jenniferflo.com/wp-content/install.php" "Mozilla/5.0 (Windows NT 10.0; Win64; x64) AppleWebKit/537.36 (KHTML, like Gecko) Chrome/58.0.3029.110 Safari/537.3"
198.204.226.18 - - [23/May/2025:23:20:49 -0400] "GET /wp-content/install.php HTTP/1.1" 200 0 "http://jenniferflo.com/wp-content/install.php" "Mozilla/5.0 (Windows NT 10.0; Win64; x64) AppleWebKit/537.36 (KHTML, like Gecko) Chrome/58.0.3029.110 Safari/537.3"
47.238.13.14 - - [23/May/2025:23:21:06 -0400] "GET /category/2882/1/listing HTTP/1.1" 500 271 "-" "Mozilla/5.0 (Macintosh; Intel Mac OS X 10_15_7) AppleWebKit/537.36 (KHTML, like Gecko) Chrome/109.0.0.0 Safari/537.36"
212.11.64.144 - - [23/May/2025:23:21:50 -0400] "GET //wp-content/themes/twentytwentyone/ioxi2.php HTTP/1.1" 500 270 "http://jenniferflo.com/" "Mozilla/5.0 (Windows NT 10.0; Win64; x64) AppleWebKit/537.36 (KHTML, like Gecko) Chrome/121.0.0.0 Safari/537.36"
47.238.13.6 - - [23/May/2025:23:22:21 -0400] "GET /arrange/a217?pid=19843 HTTP/1.1" 500 271 "-" "Mozilla/5.0 (Macintosh; Intel Mac OS X 10_15_7) AppleWebKit/537.36 (KHTML, like Gecko) Chrome/109.0.0.0 Safari/537.36"
198.204.226.18 - - [23/May/2025:23:22:25 -0400] "GET /wp-content/install.php HTTP/1.1" 200 10 "http://jenniferflo.com/wp-content/install.php" "Mozilla/5.0 (Windows NT 10.0; Win64; x64) AppleWebKit/537.36 (KHTML, like Gecko) Chrome/58.0.3029.110 Safari/537.3"
198.204.226.18 - - [23/May/2025:23:22:22 -0400] "GET /wp-content/install.php HTTP/1.1" 200 0 "http://jenniferflo.com/wp-content/install.php" "Mozilla/5.0 (Windows NT 10.0; Win64; x64) AppleWebKit/537.36 (KHTML, like Gecko) Chrome/58.0.3029.110 Safari/537.3"
47.238.13.11 - - [23/May/2025:23:23:02 -0400] "GET /elementary/z163?pid=14467 HTTP/1.1" 500 271 "-" "Mozilla/5.0 (Macintosh; Intel Mac OS X 10_15_7) AppleWebKit/537.36 (KHTML, like Gecko) Chrome/109.0.0.0 Safari/537.36"
198.204.226.18 - - [23/May/2025:23:23:28 -0400] "GET /wp-content/install.php HTTP/1.1" 200 10 "http://jenniferflo.com/wp-content/install.php" "Mozilla/5.0 (Windows NT 10.0; Win64; x64) AppleWebKit/537.36 (KHTML, like Gecko) Chrome/58.0.3029.110 Safari/537.3"
47.242.77.69 - - [23/May/2025:23:24:10 -0400] "GET /pages.php?products/14es17029 HTTP/1.1" 200 10465 "-" "Mozilla/5.0 (Macintosh; Intel Mac OS X 10_15_7) AppleWebKit/537.36 (KHTML, like Gecko) Chrome/109.0.0.0 Safari/537.36"
198.204.226.18 - - [23/May/2025:23:24:59 -0400] "GET /wp-content/install.php HTTP/1.1" 200 10 "http://jenniferflo.com/wp-content/install.php" "Mozilla/5.0 (Windows NT 10.0; Win64; x64) AppleWebKit/537.36 (KHTML, like Gecko) Chrome/58.0.3029.110 Safari/537.3"
8.210.8.206 - - [23/May/2025:23:25:03 -0400] "GET /search.php?065045563.htm HTTP/1.1" 200 11540 "-" "Mozilla/5.0 (Macintosh; Intel Mac OS X 10_15_7) AppleWebKit/537.36 (KHTML, like Gecko) Chrome/109.0.0.0 Safari/537.36"
198.204.226.18 - - [23/May/2025:23:24:56 -0400] "GET /wp-content/install.php HTTP/1.1" 200 0 "http://jenniferflo.com/wp-content/install.php" "Mozilla/5.0 (Windows NT 10.0; Win64; x64) AppleWebKit/537.36 (KHTML, like Gecko) Chrome/58.0.3029.110 Safari/537.3"
212.11.64.144 - - [23/May/2025:23:25:29 -0400] "GET //wp-content/themes/twentytwentyone/assets/sass/tlvdzswr.php?action=768776e296b6f286f2a72607e276b62666c6d286 HTTP/1.1" 500 271 "http://jenniferflo.com/" "Mozilla/5.0 (Windows NT 10.0; Win64; x64) AppleWebKit/537.36 (KHTML, like Gecko) Chrome/121.0.0.0 Safari/537.36"
198.204.226.18 - - [23/May/2025:23:25:45 -0400] "GET /wp-content/install.php HTTP/1.1" 200 10 "http://jenniferflo.com/wp-content/install.php" "Mozilla/5.0 (Windows NT 10.0; Win64; x64) AppleWebKit/537.36 (KHTML, like Gecko) Chrome/58.0.3029.110 Safari/537.3"
198.204.226.18 - - [23/May/2025:23:26:19 -0400] "GET /wp-content/install.php HTTP/1.1" 200 10 "http://jenniferflo.com/wp-content/install.php" "Mozilla/5.0 (Windows NT 10.0; Win64; x64) AppleWebKit/537.36 (KHTML, like Gecko) Chrome/58.0.3029.110 Safari/537.3"
198.204.226.18 - - [23/May/2025:23:26:40 -0400] "GET /wp-content/install.php HTTP/1.1" 200 10 "http://jenniferflo.com/wp-content/install.php" "Mozilla/5.0 (Windows NT 10.0; Win64; x64) AppleWebKit/537.36 (KHTML, like Gecko) Chrome/58.0.3029.110 Safari/537.3"
198.204.226.18 - - [23/May/2025:23:26:37 -0400] "GET /wp-content/install.php HTTP/1.1" 200 0 "http://jenniferflo.com/wp-content/install.php" "Mozilla/5.0 (Windows NT 10.0; Win64; x64) AppleWebKit/537.36 (KHTML, like Gecko) Chrome/58.0.3029.110 Safari/537.3"
198.204.226.18 - - [23/May/2025:23:27:12 -0400] "GET /wp-content/install.php HTTP/1.1" 200 10 "http://jenniferflo.com/wp-content/install.php" "Mozilla/5.0 (Windows NT 10.0; Win64; x64) AppleWebKit/537.36 (KHTML, like Gecko) Chrome/58.0.3029.110 Safari/537.3"
198.204.226.18 - - [23/May/2025:23:27:34 -0400] "GET /wp-content/install.php HTTP/1.1" 200 10 "http://jenniferflo.com/wp-content/install.php" "Mozilla/5.0 (Windows NT 10.0; Win64; x64) AppleWebKit/537.36 (KHTML, like Gecko) Chrome/58.0.3029.110 Safari/537.3"
47.238.13.7 - - [23/May/2025:23:27:35 -0400] "GET /sitemap-subkey-1744.xml HTTP/1.1" 200 100301 "-" "Mozilla/5.0 (Macintosh; Intel Mac OS X 10_15_7) AppleWebKit/537.36 (KHTML, like Gecko) Chrome/109.0.0.0 Safari/537.36"
47.238.13.10 - - [23/May/2025:23:27:44 -0400] "GET /pages.php?product/K229?t=search&l=45615] HTTP/1.1" 200 9069 "-" "Mozilla/5.0 (Macintosh; Intel Mac OS X 10_15_7) AppleWebKit/537.36 (KHTML, like Gecko) Chrome/109.0.0.0 Safari/537.36"
198.204.226.18 - - [23/May/2025:23:28:13 -0400] "GET /wp-content/install.php HTTP/1.1" 200 0 "http://jenniferflo.com/wp-content/install.php" "Mozilla/5.0 (Windows NT 10.0; Win64; x64) AppleWebKit/537.36 (KHTML, like Gecko) Chrome/58.0.3029.110 Safari/537.3"
198.204.226.18 - - [23/May/2025:23:28:38 -0400] "GET /wp-content/install.php HTTP/1.1" 200 10 "http://jenniferflo.com/wp-content/install.php" "Mozilla/5.0 (Windows NT 10.0; Win64; x64) AppleWebKit/537.36 (KHTML, like Gecko) Chrome/58.0.3029.110 Safari/537.3"
47.238.13.15 - - [23/May/2025:23:28:48 -0400] "GET /pages.php?category/10431_52069/1/listing HTTP/1.1" 200 10512 "-" "Mozilla/5.0 (Macintosh; Intel Mac OS X 10_15_7) AppleWebKit/537.36 (KHTML, like Gecko) Chrome/109.0.0.0 Safari/537.36"
47.238.13.13 - - [23/May/2025:23:29:04 -0400] "GET /search.php?items/064015845.html?srsltid=AfmBOozizoYqxZPSNzldqYIKZAqNSIsRaTzGJkIbos0PASgAUYF8 HTTP/1.1" 200 12821 "-" "Mozilla/5.0 (Macintosh; Intel Mac OS X 10_15_7) AppleWebKit/537.36 (KHTML, like Gecko) Chrome/109.0.0.0 Safari/537.36"
212.11.64.144 - - [23/May/2025:23:29:08 -0400] "GET //wp-content/themes/twentytwentyone/assets/sass/about.php HTTP/1.1" 500 271 "http://jenniferflo.com/" "Mozilla/5.0 (Windows NT 10.0; Win64; x64) AppleWebKit/537.36 (KHTML, like Gecko) Chrome/121.0.0.0 Safari/537.36"
43.157.82.252 - - [23/May/2025:23:29:47 -0400] "GET / HTTP/1.1" 500 275 "-" "Mozilla/5.0 (iPhone; CPU iPhone OS 13_2_3 like Mac OS X) AppleWebKit/605.1.15 (KHTML, like Gecko) Version/13.0.3 Mobile/15E148 Safari/604.1"
198.204.226.18 - - [23/May/2025:23:30:00 -0400] "GET /wp-content/install.php HTTP/1.1" 200 10 "http://jenniferflo.com/wp-content/install.php" "Mozilla/5.0 (Windows NT 10.0; Win64; x64) AppleWebKit/537.36 (KHTML, like Gecko) Chrome/58.0.3029.110 Safari/537.3"
198.204.226.18 - - [23/May/2025:23:29:56 -0400] "GET /wp-content/install.php HTTP/1.1" 200 0 "http://jenniferflo.com/wp-content/install.php" "Mozilla/5.0 (Windows NT 10.0; Win64; x64) AppleWebKit/537.36 (KHTML, like Gecko) Chrome/58.0.3029.110 Safari/537.3"
198.204.226.18 - - [23/May/2025:23:31:20 -0400] "GET /wp-content/install.php HTTP/1.1" 200 10 "http://jenniferflo.com/wp-content/install.php" "Mozilla/5.0 (Windows NT 10.0; Win64; x64) AppleWebKit/537.36 (KHTML, like Gecko) Chrome/58.0.3029.110 Safari/537.3"
212.11.64.144 - - [23/May/2025:23:32:46 -0400] "GET //wp-content/themes/twentytwentyone/assets/sass/06-components/alfa-rex.php HTTP/1.1" 500 271 "http://jenniferflo.com/" "Mozilla/5.0 (Windows NT 10.0; Win64; x64) AppleWebKit/537.36 (KHTML, like Gecko) Chrome/121.0.0.0 Safari/537.36"
198.204.226.18 - - [23/May/2025:23:33:14 -0400] "GET /wp-content/install.php HTTP/1.1" 200 10 "http://jenniferflo.com/wp-content/install.php" "Mozilla/5.0 (Windows NT 10.0; Win64; x64) AppleWebKit/537.36 (KHTML, like Gecko) Chrome/58.0.3029.110 Safari/537.3"
198.204.226.18 - - [23/May/2025:23:33:11 -0400] "GET /wp-content/install.php HTTP/1.1" 200 0 "http://jenniferflo.com/wp-content/install.php" "Mozilla/5.0 (Windows NT 10.0; Win64; x64) AppleWebKit/537.36 (KHTML, like Gecko) Chrome/58.0.3029.110 Safari/537.3"
47.82.61.71 - - [23/May/2025:23:33:29 -0400] "GET /index.php/emergency-number-day-and-helpful-hints HTTP/1.1" 500 271 "http://jenniferflo.com/index.php/emergency-number-day-and-helpful-hints" "Mozilla/5.0 (Windows NT 10.0; Win64; x64) AppleWebKit/537.36 (KHTML, like Gecko) Chrome/114.0.0.0 Safari/537.36 Edg/114.0.1823.43"
47.238.13.15 - - [23/May/2025:23:34:45 -0400] "GET /snap/m48?pid=924 HTTP/1.1" 500 21 "-" "Mozilla/5.0 (Macintosh; Intel Mac OS X 10_15_7) AppleWebKit/537.36 (KHTML, like Gecko) Chrome/109.0.0.0 Safari/537.36"
198.204.226.18 - - [23/May/2025:23:34:51 -0400] "GET /wp-content/install.php HTTP/1.1" 200 10 "http://jenniferflo.com/wp-content/install.php" "Mozilla/5.0 (Windows NT 10.0; Win64; x64) AppleWebKit/537.36 (KHTML, like Gecko) Chrome/58.0.3029.110 Safari/537.3"
198.204.226.18 - - [23/May/2025:23:34:48 -0400] "GET /wp-content/install.php HTTP/1.1" 200 0 "http://jenniferflo.com/wp-content/install.php" "Mozilla/5.0 (Windows NT 10.0; Win64; x64) AppleWebKit/537.36 (KHTML, like Gecko) Chrome/58.0.3029.110 Safari/537.3"
208.110.64.178 - - [23/May/2025:23:35:03 -0400] "GET /wp-includes/install.php HTTP/1.1" 200 10 "http://jenniferflo.com/wp-includes/install.php" "Mozilla/5.0 (Windows NT 10.0; Win64; x64) AppleWebKit/537.36 (KHTML, like Gecko) Chrome/58.0.3029.110 Safari/537.3"
198.204.226.18 - - [23/May/2025:23:36:01 -0400] "GET /wp-content/install.php HTTP/1.1" 200 10 "http://jenniferflo.com/wp-content/install.php" "Mozilla/5.0 (Windows NT 10.0; Win64; x64) AppleWebKit/537.36 (KHTML, like Gecko) Chrome/58.0.3029.110 Safari/537.3"
47.243.56.196 - - [23/May/2025:23:36:11 -0400] "GET /town/j55?pid=113 HTTP/1.1" 500 271 "-" "Mozilla/5.0 (Macintosh; Intel Mac OS X 10_15_7) AppleWebKit/537.36 (KHTML, like Gecko) Chrome/109.0.0.0 Safari/537.36"
198.204.226.18 - - [23/May/2025:23:36:21 -0400] "GET /wp-content/install.php HTTP/1.1" 200 10 "http://jenniferflo.com/wp-content/install.php" "Mozilla/5.0 (Windows NT 10.0; Win64; x64) AppleWebKit/537.36 (KHTML, like Gecko) Chrome/58.0.3029.110 Safari/537.3"
212.11.64.144 - - [23/May/2025:23:36:25 -0400] "GET //wp-content/themes/twentytwentyone/assets/js/duck.php HTTP/1.1" 500 271 "http://jenniferflo.com/" "Mozilla/5.0 (Windows NT 10.0; Win64; x64) AppleWebKit/537.36 (KHTML, like Gecko) Chrome/121.0.0.0 Safari/537.36"
198.204.226.18 - - [23/May/2025:23:36:18 -0400] "GET /wp-content/install.php HTTP/1.1" 200 0 "http://jenniferflo.com/wp-content/install.php" "Mozilla/5.0 (Windows NT 10.0; Win64; x64) AppleWebKit/537.36 (KHTML, like Gecko) Chrome/58.0.3029.110 Safari/537.3"
198.204.226.18 - - [23/May/2025:23:36:36 -0400] "GET /wp-content/install.php HTTP/1.1" 200 10 "http://jenniferflo.com/wp-content/install.php" "Mozilla/5.0 (Windows NT 10.0; Win64; x64) AppleWebKit/537.36 (KHTML, like Gecko) Chrome/58.0.3029.110 Safari/537.3"
198.204.226.18 - - [23/May/2025:23:36:33 -0400] "GET /wp-content/install.php HTTP/1.1" 200 0 "http://jenniferflo.com/wp-content/install.php" "Mozilla/5.0 (Windows NT 10.0; Win64; x64) AppleWebKit/537.36 (KHTML, like Gecko) Chrome/58.0.3029.110 Safari/537.3"
198.204.226.18 - - [23/May/2025:23:36:51 -0400] "GET /wp-content/install.php HTTP/1.1" 200 10 "http://jenniferflo.com/wp-content/install.php" "Mozilla/5.0 (Windows NT 10.0; Win64; x64) AppleWebKit/537.36 (KHTML, like Gecko) Chrome/58.0.3029.110 Safari/537.3"
198.204.226.18 - - [23/May/2025:23:37:09 -0400] "GET /wp-content/install.php HTTP/1.1" 200 10 "http://jenniferflo.com/wp-content/install.php" "Mozilla/5.0 (Windows NT 10.0; Win64; x64) AppleWebKit/537.36 (KHTML, like Gecko) Chrome/58.0.3029.110 Safari/537.3"
194.87.29.57 - - [23/May/2025:23:37:24 -0400] "GET /wp-content/plugins/give/readme.txt HTTP/1.1" 403 1242 "-" "Mozilla/5.0 (Macintosh; Intel Mac OS X 10.12; rv:46.0) Gecko/20100101 Firefox/46.0"
194.87.29.57 - - [23/May/2025:23:37:25 -0400] "GET /wp-json/wp/v2/give_forms/ HTTP/1.1" 500 271 "http://jenniferflo.com/wp-content/plugins/give/readme.txt" "Mozilla/5.0 (Macintosh; Intel Mac OS X 10.12; rv:46.0) Gecko/20100101 Firefox/46.0"
194.87.29.57 - - [23/May/2025:23:37:25 -0400] "POST /wp-admin/admin-ajax.php HTTP/1.1" 500 271 "http://jenniferflo.com/wp-json/wp/v2/give_forms/" "Mozilla/5.0 (Macintosh; Intel Mac OS X 10.12; rv:46.0) Gecko/20100101 Firefox/46.0"
198.204.226.18 - - [23/May/2025:23:37:46 -0400] "GET /wp-content/install.php HTTP/1.1" 200 10 "http://jenniferflo.com/wp-content/install.php" "Mozilla/5.0 (Windows NT 10.0; Win64; x64) AppleWebKit/537.36 (KHTML, like Gecko) Chrome/58.0.3029.110 Safari/537.3"
