35.181.43.16 - - [18/May/2025:18:56:44 -0400] "GET /wp-content/themes/seotheme/mar.php HTTP/1.1" 200 205 "www.google.com" "Mozlila/5.0 (Linux; Android 7.0; SM-G892A Bulid/NRD90M; wv) AppleWebKit/537.36 (KHTML, like Gecko) Version/4.0 Chrome/60.0.3112.107 Moblie Safari/537.36"
51.44.20.102 - - [18/May/2025:18:56:47 -0400] "GET /chosen.php?p= HTTP/1.1" 500 275 "-" "Mozlila/5.0 (Linux; Android 7.0; SM-G892A Bulid/NRD90M; wv) AppleWebKit/537.36 (KHTML, like Gecko) Version/4.0 Chrome/60.0.3112.107 Moblie Safari/537.36Team Anon Force"
51.44.20.102 - - [18/May/2025:18:56:49 -0400] "GET /mah.php HTTP/1.1" 200 248 "-" "Mozlila/5.0 (Linux; Android 7.0; SM-G892A Bulid/NRD90M; wv) AppleWebKit/537.36 (KHTML, like Gecko) Version/4.0 Chrome/60.0.3112.107 Moblie Safari/537.36Team Anon Force"
51.44.20.102 - - [18/May/2025:18:56:50 -0400] "GET /wp-admin/about.php HTTP/1.1" 500 275 "-" "Mozlila/5.0 (Linux; Android 7.0; SM-G892A Bulid/NRD90M; wv) AppleWebKit/537.36 (KHTML, like Gecko) Version/4.0 Chrome/60.0.3112.107 Moblie Safari/537.36Team Anon Force"
51.44.20.102 - - [18/May/2025:18:56:51 -0400] "GET /wp-content/about.php HTTP/1.1" 500 276 "-" "Mozlila/5.0 (Linux; Android 7.0; SM-G892A Bulid/NRD90M; wv) AppleWebKit/537.36 (KHTML, like Gecko) Version/4.0 Chrome/60.0.3112.107 Moblie Safari/537.36Team Anon Force"
35.181.43.16 - - [18/May/2025:18:56:51 -0400] "GET /wp-content/themes/twentyfive/include.php HTTP/1.1" 500 276 "-" "Mozlila/5.0 (Linux; Android 7.0; SM-G892A Bulid/NRD90M; wv) AppleWebKit/537.36 (KHTML, like Gecko) Version/4.0 Chrome/60.0.3112.107 Moblie Safari/537.36"
51.44.20.102 - - [18/May/2025:18:56:51 -0400] "GET /wp-admin/install.php HTTP/1.1" 500 276 "-" "Mozlila/5.0 (Linux; Android 7.0; SM-G892A Bulid/NRD90M; wv) AppleWebKit/537.36 (KHTML, like Gecko) Version/4.0 Chrome/60.0.3112.107 Moblie Safari/537.36Team Anon Force"
51.44.20.102 - - [18/May/2025:18:56:52 -0400] "GET /wp-admin/js/about.php7 HTTP/1.1" 500 276 "-" "Mozlila/5.0 (Linux; Android 7.0; SM-G892A Bulid/NRD90M; wv) AppleWebKit/537.36 (KHTML, like Gecko) Version/4.0 Chrome/60.0.3112.107 Moblie Safari/537.36Team Anon Force"
35.181.43.16 - - [18/May/2025:18:57:05 -0400] "GET /wp-includes/Requests/Text/index.php HTTP/1.1" 200 207 "www.google.com" "Mozlila/5.0 (Linux; Android 7.0; SM-G892A Bulid/NRD90M; wv) AppleWebKit/537.36 (KHTML, like Gecko) Version/4.0 Chrome/60.0.3112.107 Moblie Safari/537.36"
51.44.20.102 - - [18/May/2025:18:57:08 -0400] "GET /wp-content/plugins/core/include.php HTTP/1.1" 500 276 "-" "Mozilla/5.0 (Linux; Android 7.0; SM-G892A Build/NRD90M; wv) AppleWebKit/537.36 (KHTML, like Gecko) Version/4.0 Chrome/60.0.3112.107 Mobile Safari/537.36"
51.44.20.102 - - [18/May/2025:18:57:08 -0400] "GET /ws.php HTTP/1.1" 500 276 "-" "Mozilla/5.0 (Linux; Android 7.0; SM-G892A Build/NRD90M; wv) AppleWebKit/537.36 (KHTML, like Gecko) Version/4.0 Chrome/60.0.3112.107 Mobile Safari/537.36"
51.44.20.102 - - [18/May/2025:18:57:10 -0400] "GET /wp-content/plugins/index.php HTTP/1.1" 200 276 "-" "Mozilla/5.0 (Linux; Android 7.0; SM-G892A Build/NRD90M; wv) AppleWebKit/537.36 (KHTML, like Gecko) Version/4.0 Chrome/60.0.3112.107 Mobile Safari/537.36"
51.44.20.102 - - [18/May/2025:18:57:10 -0400] "GET /wp-config-sample.php HTTP/1.1" 500 21 "-" "Mozilla/5.0 (Linux; Android 7.0; SM-G892A Build/NRD90M; wv) AppleWebKit/537.36 (KHTML, like Gecko) Version/4.0 Chrome/60.0.3112.107 Mobile Safari/537.36"
51.44.20.102 - - [18/May/2025:18:57:11 -0400] "GET /wp-content/pm.php HTTP/1.1" 500 276 "-" "Mozilla/5.0 (Linux; Android 7.0; SM-G892A Build/NRD90M; wv) AppleWebKit/537.36 (KHTML, like Gecko) Version/4.0 Chrome/60.0.3112.107 Mobile Safari/537.36"
51.44.20.102 - - [18/May/2025:18:57:12 -0400] "GET /.well-known/about.php HTTP/1.1" 500 276 "-" "Mozilla/5.0 (Linux; Android 7.0; SM-G892A Build/NRD90M; wv) AppleWebKit/537.36 (KHTML, like Gecko) Version/4.0 Chrome/60.0.3112.107 Mobile Safari/537.36"
51.44.20.102 - - [18/May/2025:18:57:12 -0400] "GET /worm0.PhP7 HTTP/1.1" 500 276 "-" "Mozilla/5.0 (Linux; Android 7.0; SM-G892A Build/NRD90M; wv) AppleWebKit/537.36 (KHTML, like Gecko) Version/4.0 Chrome/60.0.3112.107 Mobile Safari/537.36"
51.44.20.102 - - [18/May/2025:18:57:12 -0400] "GET /alfanew.PhP7 HTTP/1.1" 500 21 "-" "Mozilla/5.0 (Linux; Android 7.0; SM-G892A Build/NRD90M; wv) AppleWebKit/537.36 (KHTML, like Gecko) Version/4.0 Chrome/60.0.3112.107 Mobile Safari/537.36"
51.44.20.102 - - [18/May/2025:18:57:13 -0400] "GET /gawean.PhP7 HTTP/1.1" 500 276 "-" "Mozilla/5.0 (Linux; Android 7.0; SM-G892A Build/NRD90M; wv) AppleWebKit/537.36 (KHTML, like Gecko) Version/4.0 Chrome/60.0.3112.107 Mobile Safari/537.36"
51.44.20.102 - - [18/May/2025:18:57:13 -0400] "GET /404.php HTTP/1.1" 500 276 "-" "Mozilla/5.0 (Linux; Android 7.0; SM-G892A Build/NRD90M; wv) AppleWebKit/537.36 (KHTML, like Gecko) Version/4.0 Chrome/60.0.3112.107 Mobile Safari/537.36"
51.44.20.102 - - [18/May/2025:18:57:13 -0400] "GET /wp.php HTTP/1.1" 500 276 "-" "Mozilla/5.0 (Linux; Android 7.0; SM-G892A Build/NRD90M; wv) AppleWebKit/537.36 (KHTML, like Gecko) Version/4.0 Chrome/60.0.3112.107 Mobile Safari/537.36"
51.44.20.102 - - [18/May/2025:18:57:14 -0400] "GET /wp-head.php HTTP/1.1" 500 276 "-" "Mozilla/5.0 (Linux; Android 7.0; SM-G892A Build/NRD90M; wv) AppleWebKit/537.36 (KHTML, like Gecko) Version/4.0 Chrome/60.0.3112.107 Mobile Safari/537.36"
51.44.20.102 - - [18/May/2025:18:57:14 -0400] "GET /wp-includes/wp-class.php HTTP/1.1" 500 276 "-" "Mozilla/5.0 (Linux; Android 7.0; SM-G892A Build/NRD90M; wv) AppleWebKit/537.36 (KHTML, like Gecko) Version/4.0 Chrome/60.0.3112.107 Mobile Safari/537.36"
51.44.20.102 - - [18/May/2025:18:57:14 -0400] "GET /fm1.php HTTP/1.1" 500 276 "-" "Mozilla/5.0 (Linux; Android 7.0; SM-G892A Build/NRD90M; wv) AppleWebKit/537.36 (KHTML, like Gecko) Version/4.0 Chrome/60.0.3112.107 Mobile Safari/537.36"
51.44.20.102 - - [18/May/2025:18:57:15 -0400] "GET /alfadheat.php HTTP/1.1" 500 276 "-" "Mozilla/5.0 (Linux; Android 7.0; SM-G892A Build/NRD90M; wv) AppleWebKit/537.36 (KHTML, like Gecko) Version/4.0 Chrome/60.0.3112.107 Mobile Safari/537.36"
51.44.20.102 - - [18/May/2025:18:57:16 -0400] "GET /M1.php HTTP/1.1" 500 276 "-" "Mozilla/5.0 (Linux; Android 7.0; SM-G892A Build/NRD90M; wv) AppleWebKit/537.36 (KHTML, like Gecko) Version/4.0 Chrome/60.0.3112.107 Mobile Safari/537.36"
51.44.20.102 - - [18/May/2025:18:57:16 -0400] "GET /admin.php HTTP/1.1" 500 21 "-" "Mozilla/5.0 (Linux; Android 7.0; SM-G892A Build/NRD90M; wv) AppleWebKit/537.36 (KHTML, like Gecko) Version/4.0 Chrome/60.0.3112.107 Mobile Safari/537.36"
51.44.20.102 - - [18/May/2025:18:57:16 -0400] "GET /wp-admin/images/admin.php HTTP/1.1" 500 276 "-" "Mozilla/5.0 (Linux; Android 7.0; SM-G892A Build/NRD90M; wv) AppleWebKit/537.36 (KHTML, like Gecko) Version/4.0 Chrome/60.0.3112.107 Mobile Safari/537.36"
51.44.20.102 - - [18/May/2025:18:57:16 -0400] "GET /about.php HTTP/1.1" 500 276 "-" "Mozilla/5.0 (Linux; Android 7.0; SM-G892A Build/NRD90M; wv) AppleWebKit/537.36 (KHTML, like Gecko) Version/4.0 Chrome/60.0.3112.107 Mobile Safari/537.36"
51.44.20.102 - - [18/May/2025:18:57:17 -0400] "GET /dropdown.php HTTP/1.1" 500 275 "-" "Mozilla/5.0 (Linux; Android 7.0; SM-G892A Build/NRD90M; wv) AppleWebKit/537.36 (KHTML, like Gecko) Version/4.0 Chrome/60.0.3112.107 Mobile Safari/537.36"
51.44.20.102 - - [18/May/2025:18:57:17 -0400] "GET /wp-admin/dropdown.php HTTP/1.1" 500 275 "-" "Mozilla/5.0 (Linux; Android 7.0; SM-G892A Build/NRD90M; wv) AppleWebKit/537.36 (KHTML, like Gecko) Version/4.0 Chrome/60.0.3112.107 Mobile Safari/537.36"
51.44.20.102 - - [18/May/2025:18:57:17 -0400] "GET /wp-includes/IXR/themes.php HTTP/1.1" 500 275 "-" "Mozilla/5.0 (Linux; Android 7.0; SM-G892A Build/NRD90M; wv) AppleWebKit/537.36 (KHTML, like Gecko) Version/4.0 Chrome/60.0.3112.107 Mobile Safari/537.36"
51.44.20.102 - - [18/May/2025:18:57:17 -0400] "GET /autoload_classmap.php HTTP/1.1" 500 275 "-" "Mozilla/5.0 (Linux; Android 7.0; SM-G892A Build/NRD90M; wv) AppleWebKit/537.36 (KHTML, like Gecko) Version/4.0 Chrome/60.0.3112.107 Mobile Safari/537.36"
51.44.20.102 - - [18/May/2025:18:57:17 -0400] "GET /wp-includes/ID3/wp-login.php HTTP/1.1" 500 276 "-" "Mozilla/5.0 (Linux; Android 7.0; SM-G892A Build/NRD90M; wv) AppleWebKit/537.36 (KHTML, like Gecko) Version/4.0 Chrome/60.0.3112.107 Mobile Safari/537.36"
51.44.20.102 - - [18/May/2025:18:57:18 -0400] "GET /wp-includes/SimplePie/plugins.php HTTP/1.1" 500 21 "-" "Mozilla/5.0 (Linux; Android 7.0; SM-G892A Build/NRD90M; wv) AppleWebKit/537.36 (KHTML, like Gecko) Version/4.0 Chrome/60.0.3112.107 Mobile Safari/537.36"
51.44.20.102 - - [18/May/2025:18:57:18 -0400] "GET /wp-content/plugins/alfa-rex.php HTTP/1.1" 500 276 "-" "Mozilla/5.0 (Linux; Android 7.0; SM-G892A Build/NRD90M; wv) AppleWebKit/537.36 (KHTML, like Gecko) Version/4.0 Chrome/60.0.3112.107 Mobile Safari/537.36"
51.44.20.102 - - [18/May/2025:18:57:18 -0400] "GET /wp-content/plugins/about.php HTTP/1.1" 500 276 "-" "Mozilla/5.0 (Linux; Android 7.0; SM-G892A Build/NRD90M; wv) AppleWebKit/537.36 (KHTML, like Gecko) Version/4.0 Chrome/60.0.3112.107 Mobile Safari/537.36"
51.44.20.102 - - [18/May/2025:18:56:53 -0400] "GET /wp-content/install.php HTTP/1.1" 200 0 "-" "Mozlila/5.0 (Linux; Android 7.0; SM-G892A Bulid/NRD90M; wv) AppleWebKit/537.36 (KHTML, like Gecko) Version/4.0 Chrome/60.0.3112.107 Moblie Safari/537.36Team Anon Force"
51.44.20.102 - - [18/May/2025:18:57:19 -0400] "GET /wp-content/themes/about.php HTTP/1.1" 500 21 "-" "Mozilla/5.0 (Linux; Android 7.0; SM-G892A Build/NRD90M; wv) AppleWebKit/537.36 (KHTML, like Gecko) Version/4.0 Chrome/60.0.3112.107 Mobile Safari/537.36"
198.204.226.18 - - [18/May/2025:18:57:19 -0400] "GET /wp-content/install.php HTTP/1.1" 200 10 "http://jenniferflo.com/wp-content/install.php" "Mozilla/5.0 (Windows NT 10.0; Win64; x64) AppleWebKit/537.36 (KHTML, like Gecko) Chrome/58.0.3029.110 Safari/537.3"
51.44.20.102 - - [18/May/2025:18:57:19 -0400] "GET /wp-content/plugins/wp-help/admin/wp-fclass.php HTTP/1.1" 500 276 "-" "Mozilla/5.0 (Linux; Android 7.0; SM-G892A Build/NRD90M; wv) AppleWebKit/537.36 (KHTML, like Gecko) Version/4.0 Chrome/60.0.3112.107 Mobile Safari/537.36"
51.44.20.102 - - [18/May/2025:18:57:19 -0400] "GET /wp-content/plugins/wp-help/index.php HTTP/1.1" 500 276 "-" "Mozilla/5.0 (Linux; Android 7.0; SM-G892A Build/NRD90M; wv) AppleWebKit/537.36 (KHTML, like Gecko) Version/4.0 Chrome/60.0.3112.107 Mobile Safari/537.36"
51.44.20.102 - - [18/May/2025:18:57:20 -0400] "GET /wp-content/themes/travel/issue.php HTTP/1.1" 500 275 "-" "Mozilla/5.0 (Linux; Android 7.0; SM-G892A Build/NRD90M; wv) AppleWebKit/537.36 (KHTML, like Gecko) Version/4.0 Chrome/60.0.3112.107 Mobile Safari/537.36"
47.238.13.8 - - [18/May/2025:18:57:20 -0400] "GET /specify/k84?pid=900 HTTP/1.1" 500 271 "-" "Mozilla/5.0 (Macintosh; Intel Mac OS X 10_15_7) AppleWebKit/537.36 (KHTML, like Gecko) Chrome/109.0.0.0 Safari/537.36"
51.44.20.102 - - [18/May/2025:18:57:20 -0400] "GET /wp-content/updraft/themes.php HTTP/1.1" 500 275 "-" "Mozilla/5.0 (Linux; Android 7.0; SM-G892A Build/NRD90M; wv) AppleWebKit/537.36 (KHTML, like Gecko) Version/4.0 Chrome/60.0.3112.107 Mobile Safari/537.36"
51.44.20.102 - - [18/May/2025:18:57:21 -0400] "GET /wp-content/themes/intense/block-css.php?mode=upload HTTP/1.1" 500 275 "-" "Mozilla/5.0 (Linux; Android 7.0; SM-G892A Build/NRD90M; wv) AppleWebKit/537.36 (KHTML, like Gecko) Version/4.0 Chrome/60.0.3112.107 Mobile Safari/537.36"
51.44.20.102 - - [18/May/2025:18:57:21 -0400] "GET /wp-content/themes/hideo/network.php HTTP/1.1" 500 275 "-" "Mozilla/5.0 (Linux; Android 7.0; SM-G892A Build/NRD90M; wv) AppleWebKit/537.36 (KHTML, like Gecko) Version/4.0 Chrome/60.0.3112.107 Mobile Safari/537.36"
51.44.20.102 - - [18/May/2025:18:57:21 -0400] "GET /simple.php HTTP/1.1" 500 275 "-" "Mozilla/5.0 (Linux; Android 7.0; SM-G892A Build/NRD90M; wv) AppleWebKit/537.36 (KHTML, like Gecko) Version/4.0 Chrome/60.0.3112.107 Mobile Safari/537.36"
51.44.20.102 - - [18/May/2025:18:57:21 -0400] "GET /chosen.php HTTP/1.1" 500 275 "-" "Mozilla/5.0 (Linux; Android 7.0; SM-G892A Build/NRD90M; wv) AppleWebKit/537.36 (KHTML, like Gecko) Version/4.0 Chrome/60.0.3112.107 Mobile Safari/537.36"
51.44.20.102 - - [18/May/2025:18:57:22 -0400] "GET /wp-apxupx.php?apx=upx HTTP/1.1" 500 276 "-" "Mozilla/5.0 (Linux; Android 7.0; SM-G892A Build/NRD90M; wv) AppleWebKit/537.36 (KHTML, like Gecko) Version/4.0 Chrome/60.0.3112.107 Mobile Safari/537.36"
51.44.20.102 - - [18/May/2025:18:57:22 -0400] "GET /xl2023.php HTTP/1.1" 500 276 "-" "Mozilla/5.0 (Linux; Android 7.0; SM-G892A Build/NRD90M; wv) AppleWebKit/537.36 (KHTML, like Gecko) Version/4.0 Chrome/60.0.3112.107 Mobile Safari/537.36"
51.44.20.102 - - [18/May/2025:18:57:23 -0400] "GET /wp-pano.php HTTP/1.1" 500 276 "-" "Mozilla/5.0 (Linux; Android 7.0; SM-G892A Build/NRD90M; wv) AppleWebKit/537.36 (KHTML, like Gecko) Version/4.0 Chrome/60.0.3112.107 Mobile Safari/537.36"
41.251.167.172 - - [18/May/2025:18:57:32 -0400] "GET /.well-known/pki-validation/cloud.php HTTP/1.1" 404 1251 "www.google.com" "Mozlila/5.0 (Linux; Android 7.0; SM-G892A Build/NRD90M; wv) AppleWebKit/537.36 (KHTML, like Gecko) Version/4.0 Chrome/60.0.3112.107 Mobile Safari/537.36"
41.251.167.172 - - [18/May/2025:18:57:33 -0400] "GET /.well-known/acme-challenge/cloud.php HTTP/1.1" 200 204 "www.google.com" "Mozlila/5.0 (Linux; Android 7.0; SM-G892A Build/NRD90M; wv) AppleWebKit/537.36 (KHTML, like Gecko) Version/4.0 Chrome/60.0.3112.107 Mobile Safari/537.36"
41.251.167.172 - - [18/May/2025:18:57:33 -0400] "GET /wp-admin/network/cloud.php HTTP/1.1" 200 205 "www.google.com" "Mozlila/5.0 (Linux; Android 7.0; SM-G892A Build/NRD90M; wv) AppleWebKit/537.36 (KHTML, like Gecko) Version/4.0 Chrome/60.0.3112.107 Mobile Safari/537.36"
41.251.167.172 - - [18/May/2025:18:57:34 -0400] "GET /cloud.php HTTP/1.1" 200 206 "www.google.com" "Mozlila/5.0 (Linux; Android 7.0; SM-G892A Build/NRD90M; wv) AppleWebKit/537.36 (KHTML, like Gecko) Version/4.0 Chrome/60.0.3112.107 Mobile Safari/537.36"
41.251.167.172 - - [18/May/2025:18:57:34 -0400] "GET /cgi-bin/cloud.php HTTP/1.1" 200 206 "www.google.com" "Mozlila/5.0 (Linux; Android 7.0; SM-G892A Build/NRD90M; wv) AppleWebKit/537.36 (KHTML, like Gecko) Version/4.0 Chrome/60.0.3112.107 Mobile Safari/537.36"
41.251.167.172 - - [18/May/2025:18:57:35 -0400] "GET /css/cloud.php HTTP/1.1" 200 206 "www.google.com" "Mozlila/5.0 (Linux; Android 7.0; SM-G892A Build/NRD90M; wv) AppleWebKit/537.36 (KHTML, like Gecko) Version/4.0 Chrome/60.0.3112.107 Mobile Safari/537.36"
41.251.167.172 - - [18/May/2025:18:57:35 -0400] "GET /wp-admin/user/cloud.php HTTP/1.1" 200 206 "www.google.com" "Mozlila/5.0 (Linux; Android 7.0; SM-G892A Build/NRD90M; wv) AppleWebKit/537.36 (KHTML, like Gecko) Version/4.0 Chrome/60.0.3112.107 Mobile Safari/537.36"
41.251.167.172 - - [18/May/2025:18:57:36 -0400] "GET /img/cloud.php HTTP/1.1" 200 205 "www.google.com" "Mozlila/5.0 (Linux; Android 7.0; SM-G892A Build/NRD90M; wv) AppleWebKit/537.36 (KHTML, like Gecko) Version/4.0 Chrome/60.0.3112.107 Mobile Safari/537.36"
41.251.167.172 - - [18/May/2025:18:57:37 -0400] "GET /wp-admin/css/colors/coffee/cloud.php HTTP/1.1" 200 208 "www.google.com" "Mozlila/5.0 (Linux; Android 7.0; SM-G892A Build/NRD90M; wv) AppleWebKit/537.36 (KHTML, like Gecko) Version/4.0 Chrome/60.0.3112.107 Mobile Safari/537.36"
41.251.167.172 - - [18/May/2025:18:57:37 -0400] "GET /wp-admin/images/cloud.php HTTP/1.1" 200 206 "www.google.com" "Mozlila/5.0 (Linux; Android 7.0; SM-G892A Build/NRD90M; wv) AppleWebKit/537.36 (KHTML, like Gecko) Version/4.0 Chrome/60.0.3112.107 Mobile Safari/537.36"
41.251.167.172 - - [18/May/2025:18:57:38 -0400] "GET /images/cloud.php HTTP/1.1" 200 206 "www.google.com" "Mozlila/5.0 (Linux; Android 7.0; SM-G892A Build/NRD90M; wv) AppleWebKit/537.36 (KHTML, like Gecko) Version/4.0 Chrome/60.0.3112.107 Mobile Safari/537.36"
41.251.167.172 - - [18/May/2025:18:57:38 -0400] "GET /wp-admin/js/widgets/cloud.php HTTP/1.1" 200 205 "www.google.com" "Mozlila/5.0 (Linux; Android 7.0; SM-G892A Build/NRD90M; wv) AppleWebKit/537.36 (KHTML, like Gecko) Version/4.0 Chrome/60.0.3112.107 Mobile Safari/537.36"
41.251.167.172 - - [18/May/2025:18:57:38 -0400] "GET /wp-admin/css/colors/cloud.php HTTP/1.1" 200 206 "www.google.com" "Mozlila/5.0 (Linux; Android 7.0; SM-G892A Build/NRD90M; wv) AppleWebKit/537.36 (KHTML, like Gecko) Version/4.0 Chrome/60.0.3112.107 Mobile Safari/537.36"
41.251.167.172 - - [18/May/2025:18:57:39 -0400] "GET /wp-admin/includes/cloud.php HTTP/1.1" 200 205 "www.google.com" "Mozlila/5.0 (Linux; Android 7.0; SM-G892A Build/NRD90M; wv) AppleWebKit/537.36 (KHTML, like Gecko) Version/4.0 Chrome/60.0.3112.107 Mobile Safari/537.36"
41.251.167.172 - - [18/May/2025:18:57:39 -0400] "GET /wp-admin/css/colors/blue/cloud.php HTTP/1.1" 200 205 "www.google.com" "Mozlila/5.0 (Linux; Android 7.0; SM-G892A Build/NRD90M; wv) AppleWebKit/537.36 (KHTML, like Gecko) Version/4.0 Chrome/60.0.3112.107 Mobile Safari/537.36"
41.251.167.172 - - [18/May/2025:18:57:40 -0400] "GET /wp-admin/cloud.php HTTP/1.1" 200 206 "www.google.com" "Mozlila/5.0 (Linux; Android 7.0; SM-G892A Build/NRD90M; wv) AppleWebKit/537.36 (KHTML, like Gecko) Version/4.0 Chrome/60.0.3112.107 Mobile Safari/537.36"
47.242.230.146 - - [18/May/2025:18:57:40 -0400] "GET /items/vdgds139/25750?key=T-shirt HTTP/1.1" 500 271 "-" "Mozilla/5.0 (Macintosh; Intel Mac OS X 10_15_7) AppleWebKit/537.36 (KHTML, like Gecko) Chrome/109.0.0.0 Safari/537.36"
41.251.167.172 - - [18/May/2025:18:57:40 -0400] "GET /wp-login.php HTTP/1.1" 200 205 "www.google.com" "Mozlila/5.0 (Linux; Android 7.0; SM-G892A Build/NRD90M; wv) AppleWebKit/537.36 (KHTML, like Gecko) Version/4.0 Chrome/60.0.3112.107 Mobile Safari/537.36"
41.251.167.172 - - [18/May/2025:18:57:41 -0400] "GET /wp-cron.php HTTP/1.1" 200 207 "www.google.com" "Mozlila/5.0 (Linux; Android 7.0; SM-G892A Build/NRD90M; wv) AppleWebKit/537.36 (KHTML, like Gecko) Version/4.0 Chrome/60.0.3112.107 Mobile Safari/537.36"
41.251.167.172 - - [18/May/2025:18:57:41 -0400] "GET /wp-admin/about.php HTTP/1.1" 200 206 "www.google.com" "Mozlila/5.0 (Linux; Android 7.0; SM-G892A Build/NRD90M; wv) AppleWebKit/537.36 (KHTML, like Gecko) Version/4.0 Chrome/60.0.3112.107 Mobile Safari/537.36"
41.251.167.172 - - [18/May/2025:18:57:42 -0400] "GET /revision.php HTTP/1.1" 200 205 "www.google.com" "Mozlila/5.0 (Linux; Android 7.0; SM-G892A Build/NRD90M; wv) AppleWebKit/537.36 (KHTML, like Gecko) Version/4.0 Chrome/60.0.3112.107 Mobile Safari/537.36"
41.251.167.172 - - [18/May/2025:18:57:43 -0400] "GET /max.php HTTP/1.1" 200 206 "www.google.com" "Mozlila/5.0 (Linux; Android 7.0; SM-G892A Build/NRD90M; wv) AppleWebKit/537.36 (KHTML, like Gecko) Version/4.0 Chrome/60.0.3112.107 Mobile Safari/537.36"
41.251.167.172 - - [18/May/2025:18:57:44 -0400] "GET /wso-x569.php HTTP/1.1" 200 206 "www.google.com" "Mozlila/5.0 (Linux; Android 7.0; SM-G892A Build/NRD90M; wv) AppleWebKit/537.36 (KHTML, like Gecko) Version/4.0 Chrome/60.0.3112.107 Mobile Safari/537.36"
41.251.167.172 - - [18/May/2025:18:57:52 -0400] "GET /fm1.php HTTP/1.1" 200 206 "www.google.com" "Mozlila/5.0 (Linux; Android 7.0; SM-G892A Build/NRD90M; wv) AppleWebKit/537.36 (KHTML, like Gecko) Version/4.0 Chrome/60.0.3112.107 Mobile Safari/537.36"
41.251.167.172 - - [18/May/2025:18:57:52 -0400] "GET /4price3.php HTTP/1.1" 200 206 "www.google.com" "Mozlila/5.0 (Linux; Android 7.0; SM-G892A Build/NRD90M; wv) AppleWebKit/537.36 (KHTML, like Gecko) Version/4.0 Chrome/60.0.3112.107 Mobile Safari/537.36"
41.251.167.172 - - [18/May/2025:18:57:52 -0400] "GET /ioxi-rex.php HTTP/1.1" 200 205 "www.google.com" "Mozlila/5.0 (Linux; Android 7.0; SM-G892A Build/NRD90M; wv) AppleWebKit/537.36 (KHTML, like Gecko) Version/4.0 Chrome/60.0.3112.107 Mobile Safari/537.36"
41.251.167.172 - - [18/May/2025:18:57:53 -0400] "GET /wp-admin/css/colors/blue/ioxi1.php HTTP/1.1" 200 205 "www.google.com" "Mozlila/5.0 (Linux; Android 7.0; SM-G892A Build/NRD90M; wv) AppleWebKit/537.36 (KHTML, like Gecko) Version/4.0 Chrome/60.0.3112.107 Mobile Safari/537.36"
41.251.167.172 - - [18/May/2025:18:57:53 -0400] "GET /ioxi2.php HTTP/1.1" 200 205 "www.google.com" "Mozlila/5.0 (Linux; Android 7.0; SM-G892A Build/NRD90M; wv) AppleWebKit/537.36 (KHTML, like Gecko) Version/4.0 Chrome/60.0.3112.107 Mobile Safari/537.36"
41.251.167.172 - - [18/May/2025:18:57:54 -0400] "GET /wp-includes/js/js.php HTTP/1.1" 200 207 "www.google.com" "Mozlila/5.0 (Linux; Android 7.0; SM-G892A Build/NRD90M; wv) AppleWebKit/537.36 (KHTML, like Gecko) Version/4.0 Chrome/60.0.3112.107 Mobile Safari/537.36"
41.251.167.172 - - [18/May/2025:18:57:54 -0400] "GET /wp-content/style-css.php HTTP/1.1" 200 207 "www.google.com" "Mozlila/5.0 (Linux; Android 7.0; SM-G892A Build/NRD90M; wv) AppleWebKit/537.36 (KHTML, like Gecko) Version/4.0 Chrome/60.0.3112.107 Mobile Safari/537.36"
41.251.167.172 - - [18/May/2025:18:57:55 -0400] "GET /million.php HTTP/1.1" 200 206 "www.google.com" "Mozlila/5.0 (Linux; Android 7.0; SM-G892A Build/NRD90M; wv) AppleWebKit/537.36 (KHTML, like Gecko) Version/4.0 Chrome/60.0.3112.107 Mobile Safari/537.36"
41.251.167.172 - - [18/May/2025:18:57:56 -0400] "GET /4pric.php HTTP/1.1" 200 205 "www.google.com" "Mozlila/5.0 (Linux; Android 7.0; SM-G892A Build/NRD90M; wv) AppleWebKit/537.36 (KHTML, like Gecko) Version/4.0 Chrome/60.0.3112.107 Mobile Safari/537.36"
41.251.167.172 - - [18/May/2025:18:57:57 -0400] "GET /404.php HTTP/1.1" 200 205 "www.google.com" "Mozlila/5.0 (Linux; Android 7.0; SM-G892A Build/NRD90M; wv) AppleWebKit/537.36 (KHTML, like Gecko) Version/4.0 Chrome/60.0.3112.107 Mobile Safari/537.36"
41.251.167.172 - - [18/May/2025:18:57:57 -0400] "GET /wp-content/themes/twenty/twenty.php HTTP/1.1" 200 206 "www.google.com" "Mozlila/5.0 (Linux; Android 7.0; SM-G892A Build/NRD90M; wv) AppleWebKit/537.36 (KHTML, like Gecko) Version/4.0 Chrome/60.0.3112.107 Mobile Safari/537.36"
41.251.167.172 - - [18/May/2025:18:57:57 -0400] "GET /.well-knownold/bala.php HTTP/1.1" 200 207 "www.google.com" "Mozlila/5.0 (Linux; Android 7.0; SM-G892A Build/NRD90M; wv) AppleWebKit/537.36 (KHTML, like Gecko) Version/4.0 Chrome/60.0.3112.107 Mobile Safari/537.36"
41.251.167.172 - - [18/May/2025:18:57:58 -0400] "GET /.well-known/acme-challenge/bala.php HTTP/1.1" 200 206 "www.google.com" "Mozlila/5.0 (Linux; Android 7.0; SM-G892A Build/NRD90M; wv) AppleWebKit/537.36 (KHTML, like Gecko) Version/4.0 Chrome/60.0.3112.107 Mobile Safari/537.36"
41.251.167.172 - - [18/May/2025:18:57:58 -0400] "GET /.well-known/pkivalidation/bala.php HTTP/1.1" 200 205 "www.google.com" "Mozlila/5.0 (Linux; Android 7.0; SM-G892A Build/NRD90M; wv) AppleWebKit/537.36 (KHTML, like Gecko) Version/4.0 Chrome/60.0.3112.107 Mobile Safari/537.36"
41.251.167.172 - - [18/May/2025:18:57:59 -0400] "GET /wp-content/plugins/bala.php HTTP/1.1" 200 206 "www.google.com" "Mozlila/5.0 (Linux; Android 7.0; SM-G892A Build/NRD90M; wv) AppleWebKit/537.36 (KHTML, like Gecko) Version/4.0 Chrome/60.0.3112.107 Mobile Safari/537.36"
212.11.64.144 - - [18/May/2025:18:57:59 -0400] "GET //wp-includes/js/tinymce/plugins/tabfocus/alfa-rex.php HTTP/1.1" 500 271 "http://jenniferflo.com/" "Mozilla/5.0 (Windows NT 10.0; Win64; x64) AppleWebKit/537.36 (KHTML, like Gecko) Chrome/121.0.0.0 Safari/537.36"
41.251.167.172 - - [18/May/2025:18:57:59 -0400] "GET /wp-content/uploads/bala.php HTTP/1.1" 200 204 "www.google.com" "Mozlila/5.0 (Linux; Android 7.0; SM-G892A Build/NRD90M; wv) AppleWebKit/537.36 (KHTML, like Gecko) Version/4.0 Chrome/60.0.3112.107 Mobile Safari/537.36"
41.251.167.172 - - [18/May/2025:18:58:00 -0400] "GET /wp-content/bala.php HTTP/1.1" 200 205 "www.google.com" "Mozlila/5.0 (Linux; Android 7.0; SM-G892A Build/NRD90M; wv) AppleWebKit/537.36 (KHTML, like Gecko) Version/4.0 Chrome/60.0.3112.107 Mobile Safari/537.36"
41.251.167.172 - - [18/May/2025:18:58:00 -0400] "GET /wp-includes/bala.php HTTP/1.1" 200 204 "www.google.com" "Mozlila/5.0 (Linux; Android 7.0; SM-G892A Build/NRD90M; wv) AppleWebKit/537.36 (KHTML, like Gecko) Version/4.0 Chrome/60.0.3112.107 Mobile Safari/537.36"
41.251.167.172 - - [18/May/2025:18:58:00 -0400] "GET /wp-admin/bala.php HTTP/1.1" 200 205 "www.google.com" "Mozlila/5.0 (Linux; Android 7.0; SM-G892A Build/NRD90M; wv) AppleWebKit/537.36 (KHTML, like Gecko) Version/4.0 Chrome/60.0.3112.107 Mobile Safari/537.36"
41.251.167.172 - - [18/May/2025:18:58:02 -0400] "GET /wp-content/themes/bala.php HTTP/1.1" 200 205 "www.google.com" "Mozlila/5.0 (Linux; Android 7.0; SM-G892A Build/NRD90M; wv) AppleWebKit/537.36 (KHTML, like Gecko) Version/4.0 Chrome/60.0.3112.107 Mobile Safari/537.36"
41.251.167.172 - - [18/May/2025:18:58:02 -0400] "GET /.well-known/bala.php HTTP/1.1" 200 205 "www.google.com" "Mozlila/5.0 (Linux; Android 7.0; SM-G892A Build/NRD90M; wv) AppleWebKit/537.36 (KHTML, like Gecko) Version/4.0 Chrome/60.0.3112.107 Mobile Safari/537.36"
41.251.167.172 - - [18/May/2025:18:58:03 -0400] "GET /wp-content/themes/shell20211028.php HTTP/1.1" 200 205 "www.google.com" "Mozlila/5.0 (Linux; Android 7.0; SM-G892A Build/NRD90M; wv) AppleWebKit/537.36 (KHTML, like Gecko) Version/4.0 Chrome/60.0.3112.107 Mobile Safari/537.36"
41.251.167.172 - - [18/May/2025:18:58:03 -0400] "GET /wp-admin/shell20211028.php HTTP/1.1" 200 204 "www.google.com" "Mozlila/5.0 (Linux; Android 7.0; SM-G892A Build/NRD90M; wv) AppleWebKit/537.36 (KHTML, like Gecko) Version/4.0 Chrome/60.0.3112.107 Mobile Safari/537.36"
41.251.167.172 - - [18/May/2025:18:58:04 -0400] "GET /wp-includes/shell20211028.php HTTP/1.1" 200 206 "www.google.com" "Mozlila/5.0 (Linux; Android 7.0; SM-G892A Build/NRD90M; wv) AppleWebKit/537.36 (KHTML, like Gecko) Version/4.0 Chrome/60.0.3112.107 Mobile Safari/537.36"
41.251.167.172 - - [18/May/2025:18:58:04 -0400] "GET /wp-content/shell20211028.php HTTP/1.1" 200 207 "www.google.com" "Mozlila/5.0 (Linux; Android 7.0; SM-G892A Build/NRD90M; wv) AppleWebKit/537.36 (KHTML, like Gecko) Version/4.0 Chrome/60.0.3112.107 Mobile Safari/537.36"
41.251.167.172 - - [18/May/2025:18:58:05 -0400] "GET /wp-content/uploads/shell20211028.php HTTP/1.1" 200 206 "www.google.com" "Mozlila/5.0 (Linux; Android 7.0; SM-G892A Build/NRD90M; wv) AppleWebKit/537.36 (KHTML, like Gecko) Version/4.0 Chrome/60.0.3112.107 Mobile Safari/537.36"
41.251.167.172 - - [18/May/2025:18:58:05 -0400] "GET /wp-content/plugins/shell20211028.php HTTP/1.1" 200 206 "www.google.com" "Mozlila/5.0 (Linux; Android 7.0; SM-G892A Build/NRD90M; wv) AppleWebKit/537.36 (KHTML, like Gecko) Version/4.0 Chrome/60.0.3112.107 Mobile Safari/537.36"
47.238.13.3 - - [18/May/2025:18:58:06 -0400] "GET /sitemap-subkey-1961.xml HTTP/1.1" 200 99879 "-" "Mozilla/5.0 (Macintosh; Intel Mac OS X 10_15_7) AppleWebKit/537.36 (KHTML, like Gecko) Chrome/109.0.0.0 Safari/537.36"
41.251.167.172 - - [18/May/2025:18:58:07 -0400] "GET /.well-known/pkivalidation/shell20211028.php HTTP/1.1" 200 205 "www.google.com" "Mozlila/5.0 (Linux; Android 7.0; SM-G892A Build/NRD90M; wv) AppleWebKit/537.36 (KHTML, like Gecko) Version/4.0 Chrome/60.0.3112.107 Mobile Safari/537.36"
41.251.167.172 - - [18/May/2025:18:58:07 -0400] "GET /.well-known/acme-challenge/shell20211028.php HTTP/1.1" 200 206 "www.google.com" "Mozlila/5.0 (Linux; Android 7.0; SM-G892A Build/NRD90M; wv) AppleWebKit/537.36 (KHTML, like Gecko) Version/4.0 Chrome/60.0.3112.107 Mobile Safari/537.36"
41.251.167.172 - - [18/May/2025:18:58:07 -0400] "GET /.well-knownold/shell20211028.php HTTP/1.1" 200 205 "www.google.com" "Mozlila/5.0 (Linux; Android 7.0; SM-G892A Build/NRD90M; wv) AppleWebKit/537.36 (KHTML, like Gecko) Version/4.0 Chrome/60.0.3112.107 Mobile Safari/537.36"
41.251.167.172 - - [18/May/2025:18:58:23 -0400] "GET /.well-known/shell20211028.php HTTP/1.1" 200 205 "www.google.com" "Mozlila/5.0 (Linux; Android 7.0; SM-G892A Build/NRD90M; wv) AppleWebKit/537.36 (KHTML, like Gecko) Version/4.0 Chrome/60.0.3112.107 Mobile Safari/537.36"
41.251.167.172 - - [18/May/2025:18:58:26 -0400] "GET /wp-content/themes/wso112233.php HTTP/1.1" 200 205 "www.google.com" "Mozlila/5.0 (Linux; Android 7.0; SM-G892A Build/NRD90M; wv) AppleWebKit/537.36 (KHTML, like Gecko) Version/4.0 Chrome/60.0.3112.107 Mobile Safari/537.36"
41.251.167.172 - - [18/May/2025:18:58:27 -0400] "GET /wp-admin/wso112233.php HTTP/1.1" 200 205 "www.google.com" "Mozlila/5.0 (Linux; Android 7.0; SM-G892A Build/NRD90M; wv) AppleWebKit/537.36 (KHTML, like Gecko) Version/4.0 Chrome/60.0.3112.107 Mobile Safari/537.36"
41.251.167.172 - - [18/May/2025:18:58:27 -0400] "GET /wp-includes/wso112233.php HTTP/1.1" 200 206 "www.google.com" "Mozlila/5.0 (Linux; Android 7.0; SM-G892A Build/NRD90M; wv) AppleWebKit/537.36 (KHTML, like Gecko) Version/4.0 Chrome/60.0.3112.107 Mobile Safari/537.36"
198.204.226.18 - - [18/May/2025:18:58:27 -0400] "GET /wp-content/install.php HTTP/1.1" 200 10 "http://jenniferflo.com/wp-content/install.php" "Mozilla/5.0 (Windows NT 10.0; Win64; x64) AppleWebKit/537.36 (KHTML, like Gecko) Chrome/58.0.3029.110 Safari/537.3"
41.251.167.172 - - [18/May/2025:18:58:27 -0400] "GET /wp-content/wso112233.php HTTP/1.1" 200 206 "www.google.com" "Mozlila/5.0 (Linux; Android 7.0; SM-G892A Build/NRD90M; wv) AppleWebKit/537.36 (KHTML, like Gecko) Version/4.0 Chrome/60.0.3112.107 Mobile Safari/537.36"
41.251.167.172 - - [18/May/2025:18:58:28 -0400] "GET /wp-content/uploads/wso112233.php HTTP/1.1" 200 205 "www.google.com" "Mozlila/5.0 (Linux; Android 7.0; SM-G892A Build/NRD90M; wv) AppleWebKit/537.36 (KHTML, like Gecko) Version/4.0 Chrome/60.0.3112.107 Mobile Safari/537.36"
41.251.167.172 - - [18/May/2025:18:58:28 -0400] "GET /wp-content/plugins/wso112233.php HTTP/1.1" 200 205 "www.google.com" "Mozlila/5.0 (Linux; Android 7.0; SM-G892A Build/NRD90M; wv) AppleWebKit/537.36 (KHTML, like Gecko) Version/4.0 Chrome/60.0.3112.107 Mobile Safari/537.36"
41.251.167.172 - - [18/May/2025:18:58:29 -0400] "GET /.well-known/pkivalidation/wso112233.php HTTP/1.1" 200 205 "www.google.com" "Mozlila/5.0 (Linux; Android 7.0; SM-G892A Build/NRD90M; wv) AppleWebKit/537.36 (KHTML, like Gecko) Version/4.0 Chrome/60.0.3112.107 Mobile Safari/537.36"
41.251.167.172 - - [18/May/2025:18:58:29 -0400] "GET /.well-known/acme-challenge/wso112233.php HTTP/1.1" 200 206 "www.google.com" "Mozlila/5.0 (Linux; Android 7.0; SM-G892A Build/NRD90M; wv) AppleWebKit/537.36 (KHTML, like Gecko) Version/4.0 Chrome/60.0.3112.107 Mobile Safari/537.36"
41.251.167.172 - - [18/May/2025:18:58:30 -0400] "GET /.well-knownold/wso112233.php HTTP/1.1" 200 205 "www.google.com" "Mozlila/5.0 (Linux; Android 7.0; SM-G892A Build/NRD90M; wv) AppleWebKit/537.36 (KHTML, like Gecko) Version/4.0 Chrome/60.0.3112.107 Mobile Safari/537.36"
41.251.167.172 - - [18/May/2025:18:58:30 -0400] "GET /wso112233.php HTTP/1.1" 200 205 "www.google.com" "Mozlila/5.0 (Linux; Android 7.0; SM-G892A Build/NRD90M; wv) AppleWebKit/537.36 (KHTML, like Gecko) Version/4.0 Chrome/60.0.3112.107 Mobile Safari/537.36"
41.251.167.172 - - [18/May/2025:18:58:30 -0400] "GET /.well-known/wso112233.php HTTP/1.1" 200 205 "www.google.com" "Mozlila/5.0 (Linux; Android 7.0; SM-G892A Build/NRD90M; wv) AppleWebKit/537.36 (KHTML, like Gecko) Version/4.0 Chrome/60.0.3112.107 Mobile Safari/537.36"
41.251.167.172 - - [18/May/2025:18:58:31 -0400] "GET /about.php HTTP/1.1" 200 206 "www.google.com" "Mozlila/5.0 (Linux; Android 7.0; SM-G892A Build/NRD90M; wv) AppleWebKit/537.36 (KHTML, like Gecko) Version/4.0 Chrome/60.0.3112.107 Mobile Safari/537.36"
41.251.167.172 - - [18/May/2025:18:58:31 -0400] "GET /index.php?3x=3x HTTP/1.1" 200 207 "www.google.com" "Mozlila/5.0 (Linux; Android 7.0; SM-G892A Build/NRD90M; wv) AppleWebKit/537.36 (KHTML, like Gecko) Version/4.0 Chrome/60.0.3112.107 Mobile Safari/537.36"
41.251.167.172 - - [18/May/2025:18:58:35 -0400] "GET /wp-content/plugins/wordpress-three/miin.php HTTP/1.1" 200 205 "www.google.com" "Mozlila/5.0 (Linux; Android 7.0; SM-G892A Build/NRD90M; wv) AppleWebKit/537.36 (KHTML, like Gecko) Version/4.0 Chrome/60.0.3112.107 Mobile Safari/537.36"
198.204.226.18 - - [18/May/2025:18:58:24 -0400] "GET /wp-content/install.php HTTP/1.1" 200 0 "http://jenniferflo.com/wp-content/install.php" "Mozilla/5.0 (Windows NT 10.0; Win64; x64) AppleWebKit/537.36 (KHTML, like Gecko) Chrome/58.0.3029.110 Safari/537.3"
41.251.167.172 - - [18/May/2025:18:58:36 -0400] "GET /wp-load.php HTTP/1.1" 403 1242 "www.google.com" "Mozlila/5.0 (Linux; Android 7.0; SM-G892A Build/NRD90M; wv) AppleWebKit/537.36 (KHTML, like Gecko) Version/4.0 Chrome/60.0.3112.107 Mobile Safari/537.36"
41.251.167.172 - - [18/May/2025:18:58:36 -0400] "GET /wp-content/plugins/wp-daft/miin.php HTTP/1.1" 200 206 "www.google.com" "Mozlila/5.0 (Linux; Android 7.0; SM-G892A Build/NRD90M; wv) AppleWebKit/537.36 (KHTML, like Gecko) Version/4.0 Chrome/60.0.3112.107 Mobile Safari/537.36"
41.251.167.172 - - [18/May/2025:18:58:37 -0400] "GET /css.php HTTP/1.1" 200 205 "www.google.com" "Mozlila/5.0 (Linux; Android 7.0; SM-G892A Build/NRD90M; wv) AppleWebKit/537.36 (KHTML, like Gecko) Version/4.0 Chrome/60.0.3112.107 Mobile Safari/537.36"
41.251.167.172 - - [18/May/2025:18:58:37 -0400] "GET /wp-content/plugins/column/miin.php HTTP/1.1" 200 207 "www.google.com" "Mozlila/5.0 (Linux; Android 7.0; SM-G892A Build/NRD90M; wv) AppleWebKit/537.36 (KHTML, like Gecko) Version/4.0 Chrome/60.0.3112.107 Mobile Safari/537.36"
41.251.167.172 - - [18/May/2025:18:58:37 -0400] "GET /wp-content/themes/hello-element/footer.php HTTP/1.1" 200 205 "www.google.com" "Mozlila/5.0 (Linux; Android 7.0; SM-G892A Build/NRD90M; wv) AppleWebKit/537.36 (KHTML, like Gecko) Version/4.0 Chrome/60.0.3112.107 Mobile Safari/537.36"
41.251.167.172 - - [18/May/2025:18:58:41 -0400] "GET /edit-form.php HTTP/1.1" 200 206 "www.google.com" "Mozlila/5.0 (Linux; Android 7.0; SM-G892A Build/NRD90M; wv) AppleWebKit/537.36 (KHTML, like Gecko) Version/4.0 Chrome/60.0.3112.107 Mobile Safari/537.36"
41.251.167.172 - - [18/May/2025:18:58:41 -0400] "GET /wp-includes/class-wp-recovery-mode-cookiie-service.php HTTP/1.1" 200 206 "www.google.com" "Mozlila/5.0 (Linux; Android 7.0; SM-G892A Build/NRD90M; wv) AppleWebKit/537.36 (KHTML, like Gecko) Version/4.0 Chrome/60.0.3112.107 Mobile Safari/537.36"
41.251.167.172 - - [18/May/2025:18:58:42 -0400] "GET /wp-includes/class-wp-upgrade.php HTTP/1.1" 200 206 "www.google.com" "Mozlila/5.0 (Linux; Android 7.0; SM-G892A Build/NRD90M; wv) AppleWebKit/537.36 (KHTML, like Gecko) Version/4.0 Chrome/60.0.3112.107 Mobile Safari/537.36"
41.251.167.172 - - [18/May/2025:18:58:49 -0400] "GET /images/horuxshell2.php HTTP/1.1" 200 205 "www.google.com" "Mozlila/5.0 (Linux; Android 7.0; SM-G892A Build/NRD90M; wv) AppleWebKit/537.36 (KHTML, like Gecko) Version/4.0 Chrome/60.0.3112.107 Mobile Safari/537.36"
41.251.167.172 - - [18/May/2025:18:58:52 -0400] "GET /images/jinx.php HTTP/1.1" 200 205 "www.google.com" "Mozlila/5.0 (Linux; Android 7.0; SM-G892A Build/NRD90M; wv) AppleWebKit/537.36 (KHTML, like Gecko) Version/4.0 Chrome/60.0.3112.107 Mobile Safari/537.36"
41.251.167.172 - - [18/May/2025:18:58:53 -0400] "GET /images/batm.php HTTP/1.1" 200 204 "www.google.com" "Mozlila/5.0 (Linux; Android 7.0; SM-G892A Build/NRD90M; wv) AppleWebKit/537.36 (KHTML, like Gecko) Version/4.0 Chrome/60.0.3112.107 Mobile Safari/537.36"
41.251.167.172 - - [18/May/2025:18:58:53 -0400] "GET /wp-class.php HTTP/1.1" 200 207 "www.google.com" "Mozlila/5.0 (Linux; Android 7.0; SM-G892A Build/NRD90M; wv) AppleWebKit/537.36 (KHTML, like Gecko) Version/4.0 Chrome/60.0.3112.107 Mobile Safari/537.36"
41.251.167.172 - - [18/May/2025:18:58:55 -0400] "GET /wp-content/plugins/sid/sidwso.php HTTP/1.1" 200 205 "www.google.com" "Mozlila/5.0 (Linux; Android 7.0; SM-G892A Build/NRD90M; wv) AppleWebKit/537.36 (KHTML, like Gecko) Version/4.0 Chrome/60.0.3112.107 Mobile Safari/537.36"
41.251.167.172 - - [18/May/2025:18:58:55 -0400] "GET /libraries/phpmailer/updates.php HTTP/1.1" 200 207 "www.google.com" "Mozlila/5.0 (Linux; Android 7.0; SM-G892A Build/NRD90M; wv) AppleWebKit/537.36 (KHTML, like Gecko) Version/4.0 Chrome/60.0.3112.107 Mobile Safari/537.36"
41.251.167.172 - - [18/May/2025:18:58:56 -0400] "GET /wp-content/plugins/TOPXOH/wDR.php HTTP/1.1" 200 206 "www.google.com" "Mozlila/5.0 (Linux; Android 7.0; SM-G892A Build/NRD90M; wv) AppleWebKit/537.36 (KHTML, like Gecko) Version/4.0 Chrome/60.0.3112.107 Mobile Safari/537.36"
41.251.167.172 - - [18/May/2025:18:58:56 -0400] "GET /batm.php HTTP/1.1" 200 205 "www.google.com" "Mozlila/5.0 (Linux; Android 7.0; SM-G892A Build/NRD90M; wv) AppleWebKit/537.36 (KHTML, like Gecko) Version/4.0 Chrome/60.0.3112.107 Mobile Safari/537.36"
41.251.167.172 - - [18/May/2025:18:58:56 -0400] "GET /radio.php HTTP/1.1" 200 206 "www.google.com" "Mozlila/5.0 (Linux; Android 7.0; SM-G892A Build/NRD90M; wv) AppleWebKit/537.36 (KHTML, like Gecko) Version/4.0 Chrome/60.0.3112.107 Mobile Safari/537.36"
41.251.167.172 - - [18/May/2025:18:58:58 -0400] "GET /wp-includes/wp-class.php HTTP/1.1" 200 205 "www.google.com" "Mozlila/5.0 (Linux; Android 7.0; SM-G892A Build/NRD90M; wv) AppleWebKit/537.36 (KHTML, like Gecko) Version/4.0 Chrome/60.0.3112.107 Mobile Safari/537.36"
41.251.167.172 - - [18/May/2025:18:58:58 -0400] "GET /xltavrat.php HTTP/1.1" 200 207 "www.google.com" "Mozlila/5.0 (Linux; Android 7.0; SM-G892A Build/NRD90M; wv) AppleWebKit/537.36 (KHTML, like Gecko) Version/4.0 Chrome/60.0.3112.107 Mobile Safari/537.36"
41.251.167.172 - - [18/May/2025:18:59:06 -0400] "GET /wp-commentin.php?pass=f0aab4595a024d626315fb786dce8282 HTTP/1.1" 200 207 "www.google.com" "Mozlila/5.0 (Linux; Android 7.0; SM-G892A Build/NRD90M; wv) AppleWebKit/537.36 (KHTML, like Gecko) Version/4.0 Chrome/60.0.3112.107 Mobile Safari/537.36"
41.251.167.172 - - [18/May/2025:18:59:09 -0400] "GET /wp-admin/maint/wso.php HTTP/1.1" 200 205 "www.google.com" "Mozlila/5.0 (Linux; Android 7.0; SM-G892A Build/NRD90M; wv) AppleWebKit/537.36 (KHTML, like Gecko) Version/4.0 Chrome/60.0.3112.107 Mobile Safari/537.36"
41.251.167.172 - - [18/May/2025:18:59:10 -0400] "GET /wp-admin/css/wso.php HTTP/1.1" 200 205 "www.google.com" "Mozlila/5.0 (Linux; Android 7.0; SM-G892A Build/NRD90M; wv) AppleWebKit/537.36 (KHTML, like Gecko) Version/4.0 Chrome/60.0.3112.107 Mobile Safari/537.36"
47.238.13.12 - - [18/May/2025:18:59:21 -0400] "GET /search.php?001000339.htm HTTP/1.1" 200 13069 "-" "Mozilla/5.0 (Macintosh; Intel Mac OS X 10_15_7) AppleWebKit/537.36 (KHTML, like Gecko) Chrome/109.0.0.0 Safari/537.36"
47.238.13.11 - - [18/May/2025:18:59:20 -0400] "GET /sitemap-subkey-663.xml HTTP/1.1" 200 100141 "-" "Mozilla/5.0 (Macintosh; Intel Mac OS X 10_15_7) AppleWebKit/537.36 (KHTML, like Gecko) Chrome/109.0.0.0 Safari/537.36"
41.251.167.172 - - [18/May/2025:18:59:25 -0400] "GET /images/wso.php HTTP/1.1" 200 205 "www.google.com" "Mozlila/5.0 (Linux; Android 7.0; SM-G892A Build/NRD90M; wv) AppleWebKit/537.36 (KHTML, like Gecko) Version/4.0 Chrome/60.0.3112.107 Mobile Safari/537.36"
198.204.226.18 - - [18/May/2025:18:59:30 -0400] "GET /wp-content/install.php HTTP/1.1" 200 10 "http://jenniferflo.com/wp-content/install.php" "Mozilla/5.0 (Windows NT 10.0; Win64; x64) AppleWebKit/537.36 (KHTML, like Gecko) Chrome/58.0.3029.110 Safari/537.3"
35.181.43.16 - - [18/May/2025:18:59:35 -0400] "GET /wp-content/plugins/woocommerce-payments/readme.txt HTTP/1.1" 200 207 "www.google.com" "Mozlila/5.0 (Linux; Android 7.0; SM-G892A Bulid/NRD90M; wv) AppleWebKit/537.36 (KHTML, like Gecko) Version/4.0 Chrome/60.0.3112.107 Moblie Safari/537.36"
41.251.167.172 - - [18/May/2025:18:59:40 -0400] "GET /wp-admin/css/fw.php HTTP/1.1" 200 207 "www.google.com" "Mozlila/5.0 (Linux; Android 7.0; SM-G892A Build/NRD90M; wv) AppleWebKit/537.36 (KHTML, like Gecko) Version/4.0 Chrome/60.0.3112.107 Mobile Safari/537.36"
41.251.167.172 - - [18/May/2025:18:59:41 -0400] "GET /images/fw.php HTTP/1.1" 200 207 "www.google.com" "Mozlila/5.0 (Linux; Android 7.0; SM-G892A Build/NRD90M; wv) AppleWebKit/537.36 (KHTML, like Gecko) Version/4.0 Chrome/60.0.3112.107 Mobile Safari/537.36"
41.251.167.172 - - [18/May/2025:18:59:44 -0400] "GET /ALFA_DATA/alfacgiapi/fw.php HTTP/1.1" 200 205 "www.google.com" "Mozlila/5.0 (Linux; Android 7.0; SM-G892A Build/NRD90M; wv) AppleWebKit/537.36 (KHTML, like Gecko) Version/4.0 Chrome/60.0.3112.107 Mobile Safari/537.36"
41.251.167.172 - - [18/May/2025:18:59:46 -0400] "GET /wp-content/wso112233.php HTTP/1.1" 200 206 "www.google.com" "Mozlila/5.0 (Linux; Android 7.0; SM-G892A Build/NRD90M; wv) AppleWebKit/537.36 (KHTML, like Gecko) Version/4.0 Chrome/60.0.3112.107 Mobile Safari/537.36"
208.110.64.178 - - [18/May/2025:18:59:49 -0400] "GET /wp-includes/install.php HTTP/1.1" 200 10 "http://jenniferflo.com/wp-includes/install.php" "Mozilla/5.0 (Windows NT 10.0; Win64; x64) AppleWebKit/537.36 (KHTML, like Gecko) Chrome/58.0.3029.110 Safari/537.3"
41.251.167.172 - - [18/May/2025:18:59:49 -0400] "GET /wp-includes/wso112233.php HTTP/1.1" 200 206 "www.google.com" "Mozlila/5.0 (Linux; Android 7.0; SM-G892A Build/NRD90M; wv) AppleWebKit/537.36 (KHTML, like Gecko) Version/4.0 Chrome/60.0.3112.107 Mobile Safari/537.36"
47.242.77.69 - - [18/May/2025:18:59:51 -0400] "GET /stability/n157?pid=42763 HTTP/1.1" 500 271 "-" "Mozilla/5.0 (Macintosh; Intel Mac OS X 10_15_7) AppleWebKit/537.36 (KHTML, like Gecko) Chrome/109.0.0.0 Safari/537.36"
35.181.43.16 - - [18/May/2025:18:59:52 -0400] "GET /my1.php HTTP/1.1" 200 205 "www.google.com" "Mozlila/5.0 (Linux; Android 7.0; SM-G892A Bulid/NRD90M; wv) AppleWebKit/537.36 (KHTML, like Gecko) Version/4.0 Chrome/60.0.3112.107 Moblie Safari/537.36"
41.251.167.172 - - [18/May/2025:18:59:53 -0400] "GET /wp-admin/wso112233.php HTTP/1.1" 200 205 "www.google.com" "Mozlila/5.0 (Linux; Android 7.0; SM-G892A Build/NRD90M; wv) AppleWebKit/537.36 (KHTML, like Gecko) Version/4.0 Chrome/60.0.3112.107 Mobile Safari/537.36"
41.251.167.172 - - [18/May/2025:18:59:53 -0400] "GET /wso112233.php HTTP/1.1" 200 205 "www.google.com" "Mozlila/5.0 (Linux; Android 7.0; SM-G892A Build/NRD90M; wv) AppleWebKit/537.36 (KHTML, like Gecko) Version/4.0 Chrome/60.0.3112.107 Mobile Safari/537.36"
41.251.167.172 - - [18/May/2025:18:59:56 -0400] "GET /cgi-bin/wp-2019.php HTTP/1.1" 200 206 "www.google.com" "Mozlila/5.0 (Linux; Android 7.0; SM-G892A Build/NRD90M; wv) AppleWebKit/537.36 (KHTML, like Gecko) Version/4.0 Chrome/60.0.3112.107 Mobile Safari/537.36"
41.251.167.172 - - [18/May/2025:18:59:57 -0400] "GET /ALFA_DATA/wp-2019.php HTTP/1.1" 200 205 "www.google.com" "Mozlila/5.0 (Linux; Android 7.0; SM-G892A Build/NRD90M; wv) AppleWebKit/537.36 (KHTML, like Gecko) Version/4.0 Chrome/60.0.3112.107 Mobile Safari/537.36"
41.251.167.172 - - [18/May/2025:18:59:57 -0400] "GET /.well-known/wp-2019.php HTTP/1.1" 200 205 "www.google.com" "Mozlila/5.0 (Linux; Android 7.0; SM-G892A Build/NRD90M; wv) AppleWebKit/537.36 (KHTML, like Gecko) Version/4.0 Chrome/60.0.3112.107 Mobile Safari/537.36"
41.251.167.172 - - [18/May/2025:18:59:58 -0400] "GET /wp-includes/wp-2019.php HTTP/1.1" 200 207 "www.google.com" "Mozlila/5.0 (Linux; Android 7.0; SM-G892A Build/NRD90M; wv) AppleWebKit/537.36 (KHTML, like Gecko) Version/4.0 Chrome/60.0.3112.107 Mobile Safari/537.36"
41.251.167.172 - - [18/May/2025:18:59:58 -0400] "GET /wp-admin/wp-2019.php HTTP/1.1" 200 206 "www.google.com" "Mozlila/5.0 (Linux; Android 7.0; SM-G892A Build/NRD90M; wv) AppleWebKit/537.36 (KHTML, like Gecko) Version/4.0 Chrome/60.0.3112.107 Mobile Safari/537.36"
41.251.167.172 - - [18/May/2025:18:59:58 -0400] "GET /wp-content/wp-2019.php HTTP/1.1" 200 205 "www.google.com" "Mozlila/5.0 (Linux; Android 7.0; SM-G892A Build/NRD90M; wv) AppleWebKit/537.36 (KHTML, like Gecko) Version/4.0 Chrome/60.0.3112.107 Mobile Safari/537.36"
41.251.167.172 - - [18/May/2025:18:59:59 -0400] "GET /wp-2019.php HTTP/1.1" 200 205 "www.google.com" "Mozlila/5.0 (Linux; Android 7.0; SM-G892A Build/NRD90M; wv) AppleWebKit/537.36 (KHTML, like Gecko) Version/4.0 Chrome/60.0.3112.107 Mobile Safari/537.36"
35.181.43.16 - - [18/May/2025:18:59:59 -0400] "GET /wp-admin/css/colors/blue/atomlib.php HTTP/1.1" 500 275 "-" "Mozlila/5.0 (Linux; Android 7.0; SM-G892A Bulid/NRD90M; wv) AppleWebKit/537.36 (KHTML, like Gecko) Version/4.0 Chrome/60.0.3112.107 Moblie Safari/537.36"
41.251.167.172 - - [18/May/2025:18:59:59 -0400] "GET /images/wp-2019.php HTTP/1.1" 200 206 "www.google.com" "Mozlila/5.0 (Linux; Android 7.0; SM-G892A Build/NRD90M; wv) AppleWebKit/537.36 (KHTML, like Gecko) Version/4.0 Chrome/60.0.3112.107 Mobile Safari/537.36"
41.251.167.172 - - [18/May/2025:19:00:03 -0400] "GET /wp-includes/wp-atom.php HTTP/1.1" 200 206 "www.google.com" "Mozlila/5.0 (Linux; Android 7.0; SM-G892A Build/NRD90M; wv) AppleWebKit/537.36 (KHTML, like Gecko) Version/4.0 Chrome/60.0.3112.107 Mobile Safari/537.36"
41.251.167.172 - - [18/May/2025:19:00:03 -0400] "GET /wp-content/wp-atom.php HTTP/1.1" 200 205 "www.google.com" "Mozlila/5.0 (Linux; Android 7.0; SM-G892A Build/NRD90M; wv) AppleWebKit/537.36 (KHTML, like Gecko) Version/4.0 Chrome/60.0.3112.107 Mobile Safari/537.36"
41.251.167.172 - - [18/May/2025:19:00:04 -0400] "GET /wp-atom.php HTTP/1.1" 200 207 "www.google.com" "Mozlila/5.0 (Linux; Android 7.0; SM-G892A Build/NRD90M; wv) AppleWebKit/537.36 (KHTML, like Gecko) Version/4.0 Chrome/60.0.3112.107 Mobile Safari/537.36"
41.251.167.172 - - [18/May/2025:19:00:04 -0400] "GET /wp-admin/wp-atom.php HTTP/1.1" 200 206 "www.google.com" "Mozlila/5.0 (Linux; Android 7.0; SM-G892A Build/NRD90M; wv) AppleWebKit/537.36 (KHTML, like Gecko) Version/4.0 Chrome/60.0.3112.107 Mobile Safari/537.36"
41.251.167.172 - - [18/May/2025:19:00:05 -0400] "GET /bala.php HTTP/1.1" 200 206 "www.google.com" "Mozlila/5.0 (Linux; Android 7.0; SM-G892A Build/NRD90M; wv) AppleWebKit/537.36 (KHTML, like Gecko) Version/4.0 Chrome/60.0.3112.107 Mobile Safari/537.36"
41.251.167.172 - - [18/May/2025:19:00:05 -0400] "GET /ws.php HTTP/1.1" 200 207 "www.google.com" "Mozlila/5.0 (Linux; Android 7.0; SM-G892A Build/NRD90M; wv) AppleWebKit/537.36 (KHTML, like Gecko) Version/4.0 Chrome/60.0.3112.107 Mobile Safari/537.36"
41.251.167.172 - - [18/May/2025:19:00:05 -0400] "GET /ws.php7 HTTP/1.1" 200 203 "www.google.com" "Mozlila/5.0 (Linux; Android 7.0; SM-G892A Build/NRD90M; wv) AppleWebKit/537.36 (KHTML, like Gecko) Version/4.0 Chrome/60.0.3112.107 Mobile Safari/537.36"
8.218.186.1 - - [18/May/2025:19:00:06 -0400] "GET /risk/a93?pid=10519 HTTP/1.1" 500 271 "-" "Mozilla/5.0 (Macintosh; Intel Mac OS X 10_15_7) AppleWebKit/537.36 (KHTML, like Gecko) Chrome/109.0.0.0 Safari/537.36"
41.251.167.172 - - [18/May/2025:19:00:06 -0400] "GET /shell.php HTTP/1.1" 200 206 "www.google.com" "Mozlila/5.0 (Linux; Android 7.0; SM-G892A Build/NRD90M; wv) AppleWebKit/537.36 (KHTML, like Gecko) Version/4.0 Chrome/60.0.3112.107 Mobile Safari/537.36"
41.251.167.172 - - [18/May/2025:19:00:07 -0400] "GET /shells.php HTTP/1.1" 200 206 "www.google.com" "Mozlila/5.0 (Linux; Android 7.0; SM-G892A Build/NRD90M; wv) AppleWebKit/537.36 (KHTML, like Gecko) Version/4.0 Chrome/60.0.3112.107 Mobile Safari/537.36"
41.251.167.172 - - [18/May/2025:19:00:08 -0400] "GET /shell20211028.php HTTP/1.1" 200 204 "www.google.com" "Mozlila/5.0 (Linux; Android 7.0; SM-G892A Build/NRD90M; wv) AppleWebKit/537.36 (KHTML, like Gecko) Version/4.0 Chrome/60.0.3112.107 Mobile Safari/537.36"
41.251.167.172 - - [18/May/2025:19:00:08 -0400] "GET /fw.php HTTP/1.1" 200 205 "www.google.com" "Mozlila/5.0 (Linux; Android 7.0; SM-G892A Build/NRD90M; wv) AppleWebKit/537.36 (KHTML, like Gecko) Version/4.0 Chrome/60.0.3112.107 Mobile Safari/537.36"
41.251.167.172 - - [18/May/2025:19:00:09 -0400] "GET /wso.php HTTP/1.1" 200 205 "www.google.com" "Mozlila/5.0 (Linux; Android 7.0; SM-G892A Build/NRD90M; wv) AppleWebKit/537.36 (KHTML, like Gecko) Version/4.0 Chrome/60.0.3112.107 Mobile Safari/537.36"
41.251.167.172 - - [18/May/2025:19:00:09 -0400] "GET /wp-admin/wso.php HTTP/1.1" 200 206 "www.google.com" "Mozlila/5.0 (Linux; Android 7.0; SM-G892A Build/NRD90M; wv) AppleWebKit/537.36 (KHTML, like Gecko) Version/4.0 Chrome/60.0.3112.107 Mobile Safari/537.36"
41.251.167.172 - - [18/May/2025:19:00:10 -0400] "GET /wp-content/wso.php HTTP/1.1" 200 204 "www.google.com" "Mozlila/5.0 (Linux; Android 7.0; SM-G892A Build/NRD90M; wv) AppleWebKit/537.36 (KHTML, like Gecko) Version/4.0 Chrome/60.0.3112.107 Mobile Safari/537.36"
51.44.20.102 - - [18/May/2025:19:00:12 -0400] "GET /simple.php HTTP/1.1" 500 276 "-" "Mozlila/5.0 (Linux; Android 7.0; SM-G892A Bulid/NRD90M; wv) AppleWebKit/537.36 (KHTML, like Gecko) Version/4.0 Chrome/60.0.3112.107 Moblie Safari/537.36Team Anon Force"
51.44.20.102 - - [18/May/2025:19:00:13 -0400] "GET /about.php HTTP/1.1" 500 276 "-" "Mozlila/5.0 (Linux; Android 7.0; SM-G892A Bulid/NRD90M; wv) AppleWebKit/537.36 (KHTML, like Gecko) Version/4.0 Chrome/60.0.3112.107 Moblie Safari/537.36Team Anon Force"
51.44.20.102 - - [18/May/2025:19:00:13 -0400] "GET /install.php HTTP/1.1" 500 276 "-" "Mozlila/5.0 (Linux; Android 7.0; SM-G892A Bulid/NRD90M; wv) AppleWebKit/537.36 (KHTML, like Gecko) Version/4.0 Chrome/60.0.3112.107 Moblie Safari/537.36Team Anon Force"
41.251.167.172 - - [18/May/2025:19:00:14 -0400] "GET /wp-includes/wso.php HTTP/1.1" 200 207 "www.google.com" "Mozlila/5.0 (Linux; Android 7.0; SM-G892A Build/NRD90M; wv) AppleWebKit/537.36 (KHTML, like Gecko) Version/4.0 Chrome/60.0.3112.107 Mobile Safari/537.36"
51.44.20.102 - - [18/May/2025:19:00:14 -0400] "GET /dropdown.php HTTP/1.1" 500 276 "-" "Mozlila/5.0 (Linux; Android 7.0; SM-G892A Bulid/NRD90M; wv) AppleWebKit/537.36 (KHTML, like Gecko) Version/4.0 Chrome/60.0.3112.107 Moblie Safari/537.36Team Anon Force"
41.251.167.172 - - [18/May/2025:19:00:14 -0400] "GET /wp-content/fw.php HTTP/1.1" 200 205 "www.google.com" "Mozlila/5.0 (Linux; Android 7.0; SM-G892A Build/NRD90M; wv) AppleWebKit/537.36 (KHTML, like Gecko) Version/4.0 Chrome/60.0.3112.107 Mobile Safari/537.36"
51.44.20.102 - - [18/May/2025:19:00:14 -0400] "GET /chosen.php?p= HTTP/1.1" 500 276 "-" "Mozlila/5.0 (Linux; Android 7.0; SM-G892A Bulid/NRD90M; wv) AppleWebKit/537.36 (KHTML, like Gecko) Version/4.0 Chrome/60.0.3112.107 Moblie Safari/537.36Team Anon Force"
