47.238.13.14 - - [18/May/2025:18:43:48 -0400] "GET /items/zsbxi34/22519?key=restore HTTP/1.1" 500 271 "-" "Mozilla/5.0 (Macintosh; Intel Mac OS X 10_15_7) AppleWebKit/537.36 (KHTML, like Gecko) Chrome/109.0.0.0 Safari/537.36"
47.238.13.18 - - [18/May/2025:18:43:54 -0400] "GET /sitemap-subkey-2328.xml HTTP/1.1" 200 99681 "-" "Mozilla/5.0 (Macintosh; Intel Mac OS X 10_15_7) AppleWebKit/537.36 (KHTML, like Gecko) Chrome/109.0.0.0 Safari/537.36"
35.181.43.16 - - [18/May/2025:18:43:57 -0400] "GET /wp-includes/js/tinymce/skins/lightgray/img/index.php?p= HTTP/1.1" 200 205 "www.google.com" "Mozlila/5.0 (Linux; Android 7.0; SM-G892A Bulid/NRD90M; wv) AppleWebKit/537.36 (KHTML, like Gecko) Version/4.0 Chrome/60.0.3112.107 Moblie Safari/537.36"
47.238.13.9 - - [18/May/2025:18:44:18 -0400] "GET /sitemap-subkey-1243.xml HTTP/1.1" 200 100274 "-" "Mozilla/5.0 (Macintosh; Intel Mac OS X 10_15_7) AppleWebKit/537.36 (KHTML, like Gecko) Chrome/109.0.0.0 Safari/537.36"
51.44.20.102 - - [18/May/2025:18:44:21 -0400] "GET /classwithtostring.php HTTP/1.1" 500 276 "-" "Mozlila/5.0 (Linux; Android 7.0; SM-G892A Bulid/NRD90M; wv) AppleWebKit/537.36 (KHTML, like Gecko) Version/4.0 Chrome/60.0.3112.107 Moblie Safari/537.36"
198.204.226.18 - - [18/May/2025:18:44:22 -0400] "GET /wp-content/install.php HTTP/1.1" 200 10 "http://jenniferflo.com/wp-content/install.php" "Mozilla/5.0 (Windows NT 10.0; Win64; x64) AppleWebKit/537.36 (KHTML, like Gecko) Chrome/58.0.3029.110 Safari/537.3"
198.204.226.18 - - [18/May/2025:18:44:19 -0400] "GET /wp-content/install.php HTTP/1.1" 200 0 "http://jenniferflo.com/wp-content/install.php" "Mozilla/5.0 (Windows NT 10.0; Win64; x64) AppleWebKit/537.36 (KHTML, like Gecko) Chrome/58.0.3029.110 Safari/537.3"
51.44.20.102 - - [18/May/2025:18:44:40 -0400] "GET /wp-admin/images/wp-login.php HTTP/1.1" 500 276 "-" "Mozlila/5.0 (Linux; Android 7.0; SM-G892A Bulid/NRD90M; wv) AppleWebKit/537.36 (KHTML, like Gecko) Version/4.0 Chrome/60.0.3112.107 Moblie Safari/537.36"
51.44.20.102 - - [18/May/2025:18:44:48 -0400] "GET /jp.php HTTP/1.1" 500 275 "-" "Mozlila/5.0 (Linux; Android 7.0; SM-G892A Bulid/NRD90M; wv) AppleWebKit/537.36 (KHTML, like Gecko) Version/4.0 Chrome/60.0.3112.107 Moblie Safari/537.36"
51.44.20.102 - - [18/May/2025:18:44:51 -0400] "GET /wp-content/languages/themes/wp-login.php HTTP/1.1" 500 276 "-" "Mozlila/5.0 (Linux; Android 7.0; SM-G892A Bulid/NRD90M; wv) AppleWebKit/537.36 (KHTML, like Gecko) Version/4.0 Chrome/60.0.3112.107 Moblie Safari/537.36"
51.44.20.102 - - [18/May/2025:18:44:53 -0400] "GET /wp-includes/fonts/wp-login.php HTTP/1.1" 500 276 "-" "Mozlila/5.0 (Linux; Android 7.0; SM-G892A Bulid/NRD90M; wv) AppleWebKit/537.36 (KHTML, like Gecko) Version/4.0 Chrome/60.0.3112.107 Moblie Safari/537.36"
51.44.20.102 - - [18/May/2025:18:44:58 -0400] "GET /wp-admin/js/about.php7 HTTP/1.1" 500 276 "-" "Mozlila/5.0 (Linux; Android 7.0; SM-G892A Bulid/NRD90M; wv) AppleWebKit/537.36 (KHTML, like Gecko) Version/4.0 Chrome/60.0.3112.107 Moblie Safari/537.36"
51.44.20.102 - - [18/May/2025:18:45:07 -0400] "GET /wp-login.php HTTP/1.1" 500 275 "-" "Mozlila/5.0 (Linux; Android 7.0; SM-G892A Bulid/NRD90M; wv) AppleWebKit/537.36 (KHTML, like Gecko) Version/4.0 Chrome/60.0.3112.107 Moblie Safari/537.36"
47.238.13.14 - - [18/May/2025:18:45:11 -0400] "GET /sitemap-subkey-2594.xml HTTP/1.1" 200 98867 "-" "Mozilla/5.0 (Macintosh; Intel Mac OS X 10_15_7) AppleWebKit/537.36 (KHTML, like Gecko) Chrome/109.0.0.0 Safari/537.36"
51.44.20.102 - - [18/May/2025:18:45:12 -0400] "POST /wp-content/themes/RightNow/includes/uploadify/upload_settings_image.php HTTP/1.1" 200 207 "www.google.com" "Mozlila/5.0 (Linux; Android 7.0; SM-G892A Bulid/NRD90M; wv) AppleWebKit/537.36 (KHTML, like Gecko) Version/4.0 Chrome/60.0.3112.107 Moblie Safari/537.36"
51.44.20.102 - - [18/May/2025:18:45:12 -0400] "GET /wp-content/uploads/settingsimages/db.php HTTP/1.1" 403 0 "-" "python-requests/2.32.3"
198.204.226.18 - - [18/May/2025:18:45:12 -0400] "GET /wp-content/install.php HTTP/1.1" 200 10 "http://jenniferflo.com/wp-content/install.php" "Mozilla/5.0 (Windows NT 10.0; Win64; x64) AppleWebKit/537.36 (KHTML, like Gecko) Chrome/58.0.3029.110 Safari/537.3"
51.44.20.102 - - [18/May/2025:18:45:17 -0400] "GET /wp-login.php HTTP/1.1" 500 275 "-" "Mozlila/5.0 (Linux; Android 7.0; SM-G892A Bulid/NRD90M; wv) AppleWebKit/537.36 (KHTML, like Gecko) Version/4.0 Chrome/60.0.3112.107 Moblie Safari/537.36"
51.44.20.102 - - [18/May/2025:18:45:22 -0400] "GET /radio.php HTTP/1.1" 500 276 "-" "Mozlila/5.0 (Linux; Android 7.0; SM-G892A Bulid/NRD90M; wv) AppleWebKit/537.36 (KHTML, like Gecko) Version/4.0 Chrome/60.0.3112.107 Moblie Safari/537.36"
47.238.13.6 - - [18/May/2025:18:45:28 -0400] "GET /sitemap-subkey-1090.xml HTTP/1.1" 200 99717 "-" "Mozilla/5.0 (Macintosh; Intel Mac OS X 10_15_7) AppleWebKit/537.36 (KHTML, like Gecko) Chrome/109.0.0.0 Safari/537.36"
47.238.13.11 - - [18/May/2025:18:45:35 -0400] "GET /items/dnlqz82/257?key=sneak HTTP/1.1" 500 271 "-" "Mozilla/5.0 (Macintosh; Intel Mac OS X 10_15_7) AppleWebKit/537.36 (KHTML, like Gecko) Chrome/109.0.0.0 Safari/537.36"
51.44.20.102 - - [18/May/2025:18:45:37 -0400] "GET /wp-admin/dropdown.php HTTP/1.1" 500 275 "-" "Mozlila/5.0 (Linux; Android 7.0; SM-G892A Bulid/NRD90M; wv) AppleWebKit/537.36 (KHTML, like Gecko) Version/4.0 Chrome/60.0.3112.107 Moblie Safari/537.36"
51.44.20.102 - - [18/May/2025:18:45:39 -0400] "GET /wp-includes/pomo/wp-login.php HTTP/1.1" 500 276 "-" "Mozlila/5.0 (Linux; Android 7.0; SM-G892A Bulid/NRD90M; wv) AppleWebKit/537.36 (KHTML, like Gecko) Version/4.0 Chrome/60.0.3112.107 Moblie Safari/537.36"
51.44.20.102 - - [18/May/2025:18:45:39 -0400] "GET /ticket/vendor/htmlawed/htmlawed/gel4y.php HTTP/1.1" 500 276 "-" "Mozilla/5.0 (Windows NT 10.0; Win64; x64) AppleWebKit/537.36 (KHTML, like Gecko) Chrome/85.0.4183.102 Safari/537.36"
51.44.20.102 - - [18/May/2025:18:45:40 -0400] "GET /vendor/htmlawed/htmlawed/gel4y.php HTTP/1.1" 500 276 "-" "Mozilla/5.0 (Windows NT 10.0; Win64; x64) AppleWebKit/537.36 (KHTML, like Gecko) Chrome/85.0.4183.102 Safari/537.36"
51.44.20.102 - - [18/May/2025:18:45:40 -0400] "GET /glpi/vendor/network.php HTTP/1.1" 500 276 "-" "Mozilla/5.0 (Windows NT 10.0; Win64; x64) AppleWebKit/537.36 (KHTML, like Gecko) Chrome/85.0.4183.102 Safari/537.36"
51.44.20.102 - - [18/May/2025:18:45:41 -0400] "GET /vendor/htmlawed/htmlawed/gel4y.php HTTP/1.1" 500 276 "-" "Mozilla/5.0 (Windows NT 10.0; Win64; x64) AppleWebKit/537.36 (KHTML, like Gecko) Chrome/85.0.4183.102 Safari/537.36"
51.44.20.102 - - [18/May/2025:18:45:41 -0400] "GET /helpdesk//vendor/htmlawed/htmlawed/gel4y.php HTTP/1.1" 500 276 "-" "Mozilla/5.0 (Windows NT 10.0; Win64; x64) AppleWebKit/537.36 (KHTML, like Gecko) Chrome/85.0.4183.102 Safari/537.36"
51.44.20.102 - - [18/May/2025:18:45:42 -0400] "GET /wp-includes/sodium_compat/src/Core/Curve25519/Ge/network.php HTTP/1.1" 500 276 "-" "Mozilla/5.0 (Windows NT 10.0; Win64; x64) AppleWebKit/537.36 (KHTML, like Gecko) Chrome/85.0.4183.102 Safari/537.36"
51.44.20.102 - - [18/May/2025:18:45:42 -0400] "GET /test.php HTTP/1.1" 500 276 "-" "Mozilla/5.0 (Windows NT 10.0; Win64; x64) AppleWebKit/537.36 (KHTML, like Gecko) Chrome/85.0.4183.102 Safari/537.36"
51.44.20.102 - - [18/May/2025:18:45:43 -0400] "GET /themes.php HTTP/1.1" 500 276 "-" "Mozilla/5.0 (Windows NT 10.0; Win64; x64) AppleWebKit/537.36 (KHTML, like Gecko) Chrome/85.0.4183.102 Safari/537.36"
51.44.20.102 - - [18/May/2025:18:45:44 -0400] "GET /wp-includes/css/dist/niil.php HTTP/1.1" 500 276 "-" "Mozilla/5.0 (Windows NT 10.0; Win64; x64) AppleWebKit/537.36 (KHTML, like Gecko) Chrome/85.0.4183.102 Safari/537.36"
51.44.20.102 - - [18/May/2025:18:45:46 -0400] "GET /content.php HTTP/1.1" 500 276 "-" "Mozlila/5.0 (Linux; Android 7.0; SM-G892A Bulid/NRD90M; wv) AppleWebKit/537.36 (KHTML, like Gecko) Version/4.0 Chrome/60.0.3112.107 Moblie Safari/537.36"
51.44.20.102 - - [18/May/2025:18:45:47 -0400] "GET /index.php?3x=3x HTTP/1.1" 500 276 "-" "Mozilla/5.0 (Windows NT 10.0; Win64; x64) AppleWebKit/537.36 (KHTML, like Gecko) Chrome/85.0.4183.102 Safari/537.36"
51.44.20.102 - - [18/May/2025:18:45:47 -0400] "GET /wp-admin/network/theme-inshpvx.php HTTP/1.1" 500 276 "-" "Mozilla/5.0 (Windows NT 10.0; Win64; x64) AppleWebKit/537.36 (KHTML, like Gecko) Chrome/85.0.4183.102 Safari/537.36"
51.44.20.102 - - [18/May/2025:18:45:48 -0400] "GET /theme-inshpvx.php HTTP/1.1" 500 276 "-" "Mozilla/5.0 (Windows NT 10.0; Win64; x64) AppleWebKit/537.36 (KHTML, like Gecko) Chrome/85.0.4183.102 Safari/537.36"
35.181.43.16 - - [18/May/2025:18:46:01 -0400] "GET /.well-known/acme-challenge/index.php HTTP/1.1" 200 206 "www.google.com" "Mozlila/5.0 (Linux; Android 7.0; SM-G892A Bulid/NRD90M; wv) AppleWebKit/537.36 (KHTML, like Gecko) Version/4.0 Chrome/60.0.3112.107 Moblie Safari/537.36"
198.204.226.18 - - [18/May/2025:18:46:00 -0400] "GET /wp-content/install.php HTTP/1.1" 200 10 "http://jenniferflo.com/wp-content/install.php" "Mozilla/5.0 (Windows NT 10.0; Win64; x64) AppleWebKit/537.36 (KHTML, like Gecko) Chrome/58.0.3029.110 Safari/537.3"
51.44.20.102 - - [18/May/2025:18:46:05 -0400] "GET /wp-content/plugins/w0rdpr3ssnew/wp-login.php HTTP/1.1" 500 276 "-" "Mozilla/5.0 (Windows NT 10.0; Win64; x64) AppleWebKit/537.36 (KHTML, like Gecko) Chrome/85.0.4183.102 Safari/537.36"
51.44.20.102 - - [18/May/2025:18:46:07 -0400] "GET /wp-content/plugins/w0rdpr3ssnew/about.phpp HTTP/1.1" 500 275 "-" "Mozilla/5.0 (Windows NT 10.0; Win64; x64) AppleWebKit/537.36 (KHTML, like Gecko) Chrome/85.0.4183.102 Safari/537.36"
198.204.226.18 - - [18/May/2025:18:45:57 -0400] "GET /wp-content/install.php HTTP/1.1" 200 0 "http://jenniferflo.com/wp-content/install.php" "Mozilla/5.0 (Windows NT 10.0; Win64; x64) AppleWebKit/537.36 (KHTML, like Gecko) Chrome/58.0.3029.110 Safari/537.3"
51.44.20.102 - - [18/May/2025:18:46:08 -0400] "GET /wp-content/plugins/ccx/index.php HTTP/1.1" 500 276 "-" "Mozilla/5.0 (Windows NT 10.0; Win64; x64) AppleWebKit/537.36 (KHTML, like Gecko) Chrome/85.0.4183.102 Safari/537.36"
198.204.226.18 - - [18/May/2025:18:46:11 -0400] "GET /wp-content/install.php HTTP/1.1" 200 10 "http://jenniferflo.com/wp-content/install.php" "Mozilla/5.0 (Windows NT 10.0; Win64; x64) AppleWebKit/537.36 (KHTML, like Gecko) Chrome/58.0.3029.110 Safari/537.3"
51.44.20.102 - - [18/May/2025:18:46:11 -0400] "GET /wp-admin/includes/xleet-shell.php HTTP/1.1" 500 275 "-" "Mozilla/5.0 (Windows NT 10.0; Win64; x64) AppleWebKit/537.36 (KHTML, like Gecko) Chrome/85.0.4183.102 Safari/537.36"
51.44.20.102 - - [18/May/2025:18:46:11 -0400] "GET /fosil.php HTTP/1.1" 500 275 "-" "Mozilla/5.0 (Windows NT 10.0; Win64; x64) AppleWebKit/537.36 (KHTML, like Gecko) Chrome/85.0.4183.102 Safari/537.36"
51.44.20.102 - - [18/May/2025:18:46:12 -0400] "GET /wp-content/plugins/content-management/content.php HTTP/1.1" 500 276 "-" "Mozilla/5.0 (Windows NT 10.0; Win64; x64) AppleWebKit/537.36 (KHTML, like Gecko) Chrome/85.0.4183.102 Safari/537.36"
51.44.20.102 - - [18/May/2025:18:46:12 -0400] "GET /ws.php HTTP/1.1" 500 276 "-" "Mozilla/5.0 (Windows NT 10.0; Win64; x64) AppleWebKit/537.36 (KHTML, like Gecko) Chrome/85.0.4183.102 Safari/537.36"
51.44.20.102 - - [18/May/2025:18:46:12 -0400] "GET /wp-admin/user/wp-login.php HTTP/1.1" 500 276 "-" "Mozilla/5.0 (Windows NT 10.0; Win64; x64) AppleWebKit/537.36 (KHTML, like Gecko) Chrome/85.0.4183.102 Safari/537.36"
51.44.20.102 - - [18/May/2025:18:46:12 -0400] "GET /wp-includes/images/wp-login.php HTTP/1.1" 500 21 "-" "Mozilla/5.0 (Windows NT 10.0; Win64; x64) AppleWebKit/537.36 (KHTML, like Gecko) Chrome/85.0.4183.102 Safari/537.36"
51.44.20.102 - - [18/May/2025:18:46:17 -0400] "GET /xt/index.php HTTP/1.1" 500 275 "-" "Mozilla/5.0 (Windows NT 10.0; Win64; x64) AppleWebKit/537.36 (KHTML, like Gecko) Chrome/85.0.4183.102 Safari/537.36"
51.44.20.102 - - [18/May/2025:18:46:17 -0400] "GET /xleet-shell.php HTTP/1.1" 500 275 "-" "Mozilla/5.0 (Windows NT 10.0; Win64; x64) AppleWebKit/537.36 (KHTML, like Gecko) Chrome/85.0.4183.102 Safari/537.36"
51.44.20.102 - - [18/May/2025:18:46:20 -0400] "GET /xleet.php HTTP/1.1" 500 276 "-" "Mozilla/5.0 (Windows NT 10.0; Win64; x64) AppleWebKit/537.36 (KHTML, like Gecko) Chrome/85.0.4183.102 Safari/537.36"
51.44.20.102 - - [18/May/2025:18:46:20 -0400] "GET /.well-known/pki-validation/wp-login.php HTTP/1.1" 404 1251 "-" "Mozilla/5.0 (Windows NT 10.0; Win64; x64) AppleWebKit/537.36 (KHTML, like Gecko) Chrome/85.0.4183.102 Safari/537.36"
51.44.20.102 - - [18/May/2025:18:46:21 -0400] "GET /wp-admin/wp-login.php HTTP/1.1" 500 276 "-" "Mozilla/5.0 (Windows NT 10.0; Win64; x64) AppleWebKit/537.36 (KHTML, like Gecko) Chrome/85.0.4183.102 Safari/537.36"
69.171.230.5 - - [18/May/2025:18:46:21 -0400] "GET /robots.txt HTTP/1.1" 206 371 "-" "facebookexternalhit/1.1 (+http://www.facebook.com/externalhit_uatext.php)"
57.141.6.8 - - [18/May/2025:18:46:21 -0400] "GET /?sitemap523.xml HTTP/1.1" 200 13 "-" "meta-externalagent/1.1 (+https://developers.facebook.com/docs/sharing/webmasters/crawler)"
51.44.20.102 - - [18/May/2025:18:46:24 -0400] "GET /wp-includes/wp-login.php HTTP/1.1" 500 276 "-" "Mozilla/5.0 (Windows NT 10.0; Win64; x64) AppleWebKit/537.36 (KHTML, like Gecko) Chrome/85.0.4183.102 Safari/537.36"
51.44.20.102 - - [18/May/2025:18:46:24 -0400] "GET /cgi-bin/wp-login.php HTTP/1.1" 500 276 "-" "Mozilla/5.0 (Windows NT 10.0; Win64; x64) AppleWebKit/537.36 (KHTML, like Gecko) Chrome/85.0.4183.102 Safari/537.36"
51.44.20.102 - - [18/May/2025:18:46:25 -0400] "GET /.wp-cli/wp-login.php HTTP/1.1" 500 276 "-" "Mozilla/5.0 (Windows NT 10.0; Win64; x64) AppleWebKit/537.36 (KHTML, like Gecko) Chrome/85.0.4183.102 Safari/537.36"
51.44.20.102 - - [18/May/2025:18:46:26 -0400] "GET /wp-content/uploads/wp-login.php HTTP/1.1" 500 276 "-" "Mozilla/5.0 (Windows NT 10.0; Win64; x64) AppleWebKit/537.36 (KHTML, like Gecko) Chrome/85.0.4183.102 Safari/537.36"
198.204.226.18 - - [18/May/2025:18:46:45 -0400] "GET /wp-content/install.php HTTP/1.1" 200 10 "http://jenniferflo.com/wp-content/install.php" "Mozilla/5.0 (Windows NT 10.0; Win64; x64) AppleWebKit/537.36 (KHTML, like Gecko) Chrome/58.0.3029.110 Safari/537.3"
208.110.64.178 - - [18/May/2025:18:46:57 -0400] "GET /wp-includes/install.php HTTP/1.1" 200 10 "http://jenniferflo.com/wp-includes/install.php" "Mozilla/5.0 (Windows NT 10.0; Win64; x64) AppleWebKit/537.36 (KHTML, like Gecko) Chrome/58.0.3029.110 Safari/537.3"
198.204.226.18 - - [18/May/2025:18:47:02 -0400] "GET /wp-content/install.php HTTP/1.1" 200 10 "http://jenniferflo.com/wp-content/install.php" "Mozilla/5.0 (Windows NT 10.0; Win64; x64) AppleWebKit/537.36 (KHTML, like Gecko) Chrome/58.0.3029.110 Safari/537.3"
212.11.64.144 - - [18/May/2025:18:47:04 -0400] "GET //wp-content/plugins/wpforms-lite/templates/admin/forms/about.php HTTP/1.1" 500 271 "http://jenniferflo.com/" "Mozilla/5.0 (Windows NT 10.0; Win64; x64) AppleWebKit/537.36 (KHTML, like Gecko) Chrome/121.0.0.0 Safari/537.36"
47.238.13.18 - - [18/May/2025:18:47:04 -0400] "GET /pages.php?products/281wz40084] HTTP/1.1" 200 9328 "-" "Mozilla/5.0 (Macintosh; Intel Mac OS X 10_15_7) AppleWebKit/537.36 (KHTML, like Gecko) Chrome/109.0.0.0 Safari/537.36"
198.204.226.18 - - [18/May/2025:18:47:43 -0400] "GET /wp-content/install.php HTTP/1.1" 200 10 "http://jenniferflo.com/wp-content/install.php" "Mozilla/5.0 (Windows NT 10.0; Win64; x64) AppleWebKit/537.36 (KHTML, like Gecko) Chrome/58.0.3029.110 Safari/537.3"
198.204.226.18 - - [18/May/2025:18:47:40 -0400] "GET /wp-content/install.php HTTP/1.1" 200 0 "http://jenniferflo.com/wp-content/install.php" "Mozilla/5.0 (Windows NT 10.0; Win64; x64) AppleWebKit/537.36 (KHTML, like Gecko) Chrome/58.0.3029.110 Safari/537.3"
43.166.237.57 - - [18/May/2025:18:48:01 -0400] "GET / HTTP/1.1" 500 276 "-" "Mozilla/5.0 (iPhone; CPU iPhone OS 13_2_3 like Mac OS X) AppleWebKit/605.1.15 (KHTML, like Gecko) Version/13.0.3 Mobile/15E148 Safari/604.1"
198.204.226.18 - - [18/May/2025:18:48:17 -0400] "GET /wp-content/install.php HTTP/1.1" 200 10 "http://jenniferflo.com/wp-content/install.php" "Mozilla/5.0 (Windows NT 10.0; Win64; x64) AppleWebKit/537.36 (KHTML, like Gecko) Chrome/58.0.3029.110 Safari/537.3"
47.238.13.3 - - [18/May/2025:18:48:20 -0400] "GET /items/lpnse27/710?key=skirt HTTP/1.1" 500 271 "-" "Mozilla/5.0 (Macintosh; Intel Mac OS X 10_15_7) AppleWebKit/537.36 (KHTML, like Gecko) Chrome/109.0.0.0 Safari/537.36"
51.44.20.102 - - [18/May/2025:18:48:25 -0400] "GET /wp-content/themes/westand/include/lang_upload.php HTTP/1.1" 500 276 "-" "Mozilla/5.0 (Macintosh; Intel Mac OS X 13_2) AppleWebKit/537.36 (KHTML, like Gecko) Chrome/110.0.0.0 Safari/537.36"
51.44.20.102 - - [18/May/2025:18:48:25 -0400] "GET /wp-content/themes/footysquare/include/lang_upload.php HTTP/1.1" 500 276 "-" "Mozilla/5.0 (Macintosh; Intel Mac OS X 13_2) AppleWebKit/537.36 (KHTML, like Gecko) Chrome/110.0.0.0 Safari/537.36"
51.44.20.102 - - [18/May/2025:18:48:25 -0400] "GET /wp-content/themes/aidreform/include/lang_upload.php HTTP/1.1" 500 276 "-" "Mozilla/5.0 (Macintosh; Intel Mac OS X 13_2) AppleWebKit/537.36 (KHTML, like Gecko) Chrome/110.0.0.0 Safari/537.36"
51.44.20.102 - - [18/May/2025:18:48:25 -0400] "GET /wp-content/themes/statfort/include/lang_upload.php HTTP/1.1" 500 276 "-" "Mozilla/5.0 (Macintosh; Intel Mac OS X 13_2) AppleWebKit/537.36 (KHTML, like Gecko) Chrome/110.0.0.0 Safari/537.36"
51.44.20.102 - - [18/May/2025:18:48:26 -0400] "GET /wp-content/themes/club-theme/include/lang_upload.php HTTP/1.1" 500 276 "-" "Mozilla/5.0 (Macintosh; Intel Mac OS X 13_2) AppleWebKit/537.36 (KHTML, like Gecko) Chrome/110.0.0.0 Safari/537.36"
51.44.20.102 - - [18/May/2025:18:48:26 -0400] "GET /wp-content/themes/kingclub-theme/include/lang_upload.php HTTP/1.1" 500 276 "-" "Mozilla/5.0 (Macintosh; Intel Mac OS X 13_2) AppleWebKit/537.36 (KHTML, like Gecko) Chrome/110.0.0.0 Safari/537.36"
51.44.20.102 - - [18/May/2025:18:48:26 -0400] "GET /wp-content/themes/spikes/include/lang_upload.php HTTP/1.1" 500 276 "-" "Mozilla/5.0 (Macintosh; Intel Mac OS X 13_2) AppleWebKit/537.36 (KHTML, like Gecko) Chrome/110.0.0.0 Safari/537.36"
51.44.20.102 - - [18/May/2025:18:48:26 -0400] "GET /wp-content/themes/spikes-black/include/lang_upload.php HTTP/1.1" 500 276 "-" "Mozilla/5.0 (Macintosh; Intel Mac OS X 13_2) AppleWebKit/537.36 (KHTML, like Gecko) Chrome/110.0.0.0 Safari/537.36"
51.44.20.102 - - [18/May/2025:18:48:26 -0400] "GET /wp-content/themes/soundblast/include/lang_upload.php HTTP/1.1" 500 276 "-" "Mozilla/5.0 (Macintosh; Intel Mac OS X 13_2) AppleWebKit/537.36 (KHTML, like Gecko) Chrome/110.0.0.0 Safari/537.36"
51.44.20.102 - - [18/May/2025:18:48:26 -0400] "GET /wp-content/themes/bolster/include/lang_upload.php HTTP/1.1" 500 276 "-" "Mozilla/5.0 (Macintosh; Intel Mac OS X 13_2) AppleWebKit/537.36 (KHTML, like Gecko) Chrome/110.0.0.0 Safari/537.36"
51.44.20.102 - - [18/May/2025:18:48:27 -0400] "GET /wp-content/themes/rocky-theme/include/lang_upload.php HTTP/1.1" 500 275 "-" "Mozilla/5.0 (Macintosh; Intel Mac OS X 13_2) AppleWebKit/537.36 (KHTML, like Gecko) Chrome/110.0.0.0 Safari/537.36"
51.44.20.102 - - [18/May/2025:18:48:27 -0400] "GET /wp-content/themes/bolster-theme/include/lang_upload.php HTTP/1.1" 500 275 "-" "Mozilla/5.0 (Macintosh; Intel Mac OS X 13_2) AppleWebKit/537.36 (KHTML, like Gecko) Chrome/110.0.0.0 Safari/537.36"
51.44.20.102 - - [18/May/2025:18:48:27 -0400] "GET /wp-content/themes/theme-deejay/include/lang_upload.php HTTP/1.1" 500 275 "-" "Mozilla/5.0 (Macintosh; Intel Mac OS X 13_2) AppleWebKit/537.36 (KHTML, like Gecko) Chrome/110.0.0.0 Safari/537.36"
51.44.20.102 - - [18/May/2025:18:48:27 -0400] "GET /wp-content/themes/snapture/include/lang_upload.php HTTP/1.1" 500 275 "-" "Mozilla/5.0 (Macintosh; Intel Mac OS X 13_2) AppleWebKit/537.36 (KHTML, like Gecko) Chrome/110.0.0.0 Safari/537.36"
51.44.20.102 - - [18/May/2025:18:48:27 -0400] "GET /wp-content/themes/onelife/include/lang_upload.php HTTP/1.1" 500 275 "-" "Mozilla/5.0 (Macintosh; Intel Mac OS X 13_2) AppleWebKit/537.36 (KHTML, like Gecko) Chrome/110.0.0.0 Safari/537.36"
51.44.20.102 - - [18/May/2025:18:48:27 -0400] "GET /wp-content/themes/churchlife/include/lang_upload.php HTTP/1.1" 500 275 "-" "Mozilla/5.0 (Macintosh; Intel Mac OS X 13_2) AppleWebKit/537.36 (KHTML, like Gecko) Chrome/110.0.0.0 Safari/537.36"
51.44.20.102 - - [18/May/2025:18:48:28 -0400] "GET /wp-content/themes/soccer-theme/include/lang_upload.php HTTP/1.1" 500 276 "-" "Mozilla/5.0 (Macintosh; Intel Mac OS X 13_2) AppleWebKit/537.36 (KHTML, like Gecko) Chrome/110.0.0.0 Safari/537.36"
51.44.20.102 - - [18/May/2025:18:48:28 -0400] "GET /wp-content/themes/faith-theme/include/lang_upload.php HTTP/1.1" 500 276 "-" "Mozilla/5.0 (Macintosh; Intel Mac OS X 13_2) AppleWebKit/537.36 (KHTML, like Gecko) Chrome/110.0.0.0 Safari/537.36"
51.44.20.102 - - [18/May/2025:18:48:28 -0400] "GET /wp-content/themes/statfort-new/include/lang_upload.php HTTP/1.1" 500 276 "-" "Mozilla/5.0 (Macintosh; Intel Mac OS X 13_2) AppleWebKit/537.36 (KHTML, like Gecko) Chrome/110.0.0.0 Safari/537.36"
47.242.77.69 - - [18/May/2025:18:48:37 -0400] "GET /sitemap-subkey-1839.xml HTTP/1.1" 200 99676 "-" "Mozilla/5.0 (Macintosh; Intel Mac OS X 10_15_7) AppleWebKit/537.36 (KHTML, like Gecko) Chrome/109.0.0.0 Safari/537.36"
51.44.20.102 - - [18/May/2025:18:48:42 -0400] "GET /ioxi002.PhP7 HTTP/1.1" 500 276 "-" "Mozlila/5.0 (Linux; Android 7.0; SM-G892A Bulid/NRD90M; wv) AppleWebKit/537.36 (KHTML, like Gecko) Version/4.0 Chrome/60.0.3112.107 Moblie Safari/537.36"
51.44.20.102 - - [18/May/2025:18:48:43 -0400] "GET /ynz.PhP7 HTTP/1.1" 500 276 "-" "Mozlila/5.0 (Linux; Android 7.0; SM-G892A Bulid/NRD90M; wv) AppleWebKit/537.36 (KHTML, like Gecko) Version/4.0 Chrome/60.0.3112.107 Moblie Safari/537.36"
198.204.226.18 - - [18/May/2025:18:48:47 -0400] "GET /wp-content/install.php HTTP/1.1" 200 10 "http://jenniferflo.com/wp-content/install.php" "Mozilla/5.0 (Windows NT 10.0; Win64; x64) AppleWebKit/537.36 (KHTML, like Gecko) Chrome/58.0.3029.110 Safari/537.3"
51.44.20.102 - - [18/May/2025:18:48:48 -0400] "GET /themes.php HTTP/1.1" 500 276 "-" "Mozlila/5.0 (Linux; Android 7.0; SM-G892A Bulid/NRD90M; wv) AppleWebKit/537.36 (KHTML, like Gecko) Version/4.0 Chrome/60.0.3112.107 Moblie Safari/537.36"
51.44.20.102 - - [18/May/2025:18:48:50 -0400] "GET /erin1.PhP7 HTTP/1.1" 500 276 "-" "Mozlila/5.0 (Linux; Android 7.0; SM-G892A Bulid/NRD90M; wv) AppleWebKit/537.36 (KHTML, like Gecko) Version/4.0 Chrome/60.0.3112.107 Moblie Safari/537.36"
51.44.20.102 - - [18/May/2025:18:48:56 -0400] "GET /fosil.php HTTP/1.1" 500 276 "-" "Mozlila/5.0 (Linux; Android 7.0; SM-G892A Bulid/NRD90M; wv) AppleWebKit/537.36 (KHTML, like Gecko) Version/4.0 Chrome/60.0.3112.107 Moblie Safari/537.36"
51.44.20.102 - - [18/May/2025:18:48:59 -0400] "GET /ws.php.php HTTP/1.1" 500 276 "-" "Mozlila/5.0 (Linux; Android 7.0; SM-G892A Bulid/NRD90M; wv) AppleWebKit/537.36 (KHTML, like Gecko) Version/4.0 Chrome/60.0.3112.107 Moblie Safari/537.36"
51.44.20.102 - - [18/May/2025:18:49:01 -0400] "GET /ws.php HTTP/1.1" 500 276 "-" "Mozlila/5.0 (Linux; Android 7.0; SM-G892A Bulid/NRD90M; wv) AppleWebKit/537.36 (KHTML, like Gecko) Version/4.0 Chrome/60.0.3112.107 Moblie Safari/537.36"
35.181.43.16 - - [18/May/2025:18:49:05 -0400] "POST /wp-content/plugins/backup-backup/includes/backup-heart.php HTTP/1.1" 500 276 "-" "Mozilla/5.0 (Windows NT 10.0; Win64; x64) AppleWebKit/537.36 (KHTML, like Gecko) Chrome/90.0.4430.85 Safari/537.36"
35.181.43.16 - - [18/May/2025:18:49:05 -0400] "POST /wp-content/plugins/backup-backup/includes/backup-heart.php HTTP/1.1" 500 276 "-" "Mozilla/5.0 (Windows NT 10.0; Win64; x64) AppleWebKit/537.36 (KHTML, like Gecko) Chrome/90.0.4430.85 Safari/537.36"
51.44.20.102 - - [18/May/2025:18:49:09 -0400] "GET /wp-admin/user/wp-login.php HTTP/1.1" 500 276 "-" "Mozlila/5.0 (Linux; Android 7.0; SM-G892A Bulid/NRD90M; wv) AppleWebKit/537.36 (KHTML, like Gecko) Version/4.0 Chrome/60.0.3112.107 Moblie Safari/537.36"
51.44.20.102 - - [18/May/2025:18:49:13 -0400] "GET /wp-includes/images/wp-login.php HTTP/1.1" 500 276 "-" "Mozlila/5.0 (Linux; Android 7.0; SM-G892A Bulid/NRD90M; wv) AppleWebKit/537.36 (KHTML, like Gecko) Version/4.0 Chrome/60.0.3112.107 Moblie Safari/537.36"
51.44.20.102 - - [18/May/2025:18:49:19 -0400] "GET /.well-known/pki-validation/wp-login.php HTTP/1.1" 404 1251 "-" "Mozlila/5.0 (Linux; Android 7.0; SM-G892A Bulid/NRD90M; wv) AppleWebKit/537.36 (KHTML, like Gecko) Version/4.0 Chrome/60.0.3112.107 Moblie Safari/537.36"
51.44.20.102 - - [18/May/2025:18:49:21 -0400] "GET /wp-admin/wp-login.php HTTP/1.1" 500 276 "-" "Mozlila/5.0 (Linux; Android 7.0; SM-G892A Bulid/NRD90M; wv) AppleWebKit/537.36 (KHTML, like Gecko) Version/4.0 Chrome/60.0.3112.107 Moblie Safari/537.36"
51.44.20.102 - - [18/May/2025:18:49:25 -0400] "GET /wp-includes/wp-login.php HTTP/1.1" 500 276 "-" "Mozlila/5.0 (Linux; Android 7.0; SM-G892A Bulid/NRD90M; wv) AppleWebKit/537.36 (KHTML, like Gecko) Version/4.0 Chrome/60.0.3112.107 Moblie Safari/537.36"
198.204.226.18 - - [18/May/2025:18:49:26 -0400] "GET /wp-content/install.php HTTP/1.1" 200 10 "http://jenniferflo.com/wp-content/install.php" "Mozilla/5.0 (Windows NT 10.0; Win64; x64) AppleWebKit/537.36 (KHTML, like Gecko) Chrome/58.0.3029.110 Safari/537.3"
35.181.43.16 - - [18/May/2025:18:49:26 -0400] "GET //administrator/components/com_xcloner-backupandrestore/index2.php HTTP/1.1" 500 276 "-" "Mozilla/5.0 (X11; Ubuntu; Linux i686; rv:28.0) Gecko/20100101 Firefox/28.0"
51.44.20.102 - - [18/May/2025:18:49:29 -0400] "GET /cgi-bin/wp-login.php HTTP/1.1" 500 276 "-" "Mozlila/5.0 (Linux; Android 7.0; SM-G892A Bulid/NRD90M; wv) AppleWebKit/537.36 (KHTML, like Gecko) Version/4.0 Chrome/60.0.3112.107 Moblie Safari/537.36"
35.181.43.16 - - [18/May/2025:18:49:30 -0400] "GET /.well-known/acme-challenge/index.php HTTP/1.1" 200 206 "www.google.com" "Mozlila/5.0 (Linux; Android 7.0; SM-G892A Bulid/NRD90M; wv) AppleWebKit/537.36 (KHTML, like Gecko) Version/4.0 Chrome/60.0.3112.107 Moblie Safari/537.36"
51.44.20.102 - - [18/May/2025:18:49:31 -0400] "GET /.wp-cli/wp-login.php HTTP/1.1" 500 275 "-" "Mozlila/5.0 (Linux; Android 7.0; SM-G892A Bulid/NRD90M; wv) AppleWebKit/537.36 (KHTML, like Gecko) Version/4.0 Chrome/60.0.3112.107 Moblie Safari/537.36"
198.204.226.18 - - [18/May/2025:18:49:23 -0400] "GET /wp-content/install.php HTTP/1.1" 200 0 "http://jenniferflo.com/wp-content/install.php" "Mozilla/5.0 (Windows NT 10.0; Win64; x64) AppleWebKit/537.36 (KHTML, like Gecko) Chrome/58.0.3029.110 Safari/537.3"
51.44.20.102 - - [18/May/2025:18:49:34 -0400] "GET /wp-content/uploads/wp-login.php HTTP/1.1" 500 275 "-" "Mozlila/5.0 (Linux; Android 7.0; SM-G892A Bulid/NRD90M; wv) AppleWebKit/537.36 (KHTML, like Gecko) Version/4.0 Chrome/60.0.3112.107 Moblie Safari/537.36"
35.181.43.16 - - [18/May/2025:18:50:09 -0400] "POST /wp-content/plugins/backup-backup/includes/backup-heart.php HTTP/1.1" 500 276 "-" "Mozilla/5.0 (Windows NT 10.0; Win64; x64) AppleWebKit/537.36 (KHTML, like Gecko) Chrome/90.0.4430.85 Safari/537.36"
35.181.43.16 - - [18/May/2025:18:50:09 -0400] "POST /wp-content/plugins/backup-backup/includes/backup-heart.php HTTP/1.1" 500 276 "-" "Mozilla/5.0 (Windows NT 10.0; Win64; x64) AppleWebKit/537.36 (KHTML, like Gecko) Chrome/90.0.4430.85 Safari/537.36"
198.204.226.18 - - [18/May/2025:18:50:15 -0400] "GET /wp-content/install.php HTTP/1.1" 200 10 "http://jenniferflo.com/wp-content/install.php" "Mozilla/5.0 (Windows NT 10.0; Win64; x64) AppleWebKit/537.36 (KHTML, like Gecko) Chrome/58.0.3029.110 Safari/537.3"
198.204.226.18 - - [18/May/2025:18:50:35 -0400] "GET /wp-content/install.php HTTP/1.1" 200 10 "http://jenniferflo.com/wp-content/install.php" "Mozilla/5.0 (Windows NT 10.0; Win64; x64) AppleWebKit/537.36 (KHTML, like Gecko) Chrome/58.0.3029.110 Safari/537.3"
212.11.64.144 - - [18/May/2025:18:50:43 -0400] "GET //wp-content/plugins/mailchimp-for-wp/includes/forms/views/parts/alfa-rex.php HTTP/1.1" 500 271 "http://jenniferflo.com/" "Mozilla/5.0 (Windows NT 10.0; Win64; x64) AppleWebKit/537.36 (KHTML, like Gecko) Chrome/121.0.0.0 Safari/537.36"
198.204.226.18 - - [18/May/2025:18:50:53 -0400] "GET /wp-content/install.php HTTP/1.1" 200 10 "http://jenniferflo.com/wp-content/install.php" "Mozilla/5.0 (Windows NT 10.0; Win64; x64) AppleWebKit/537.36 (KHTML, like Gecko) Chrome/58.0.3029.110 Safari/537.3"
41.251.167.172 - - [18/May/2025:18:50:53 -0400] "GET /admin.php HTTP/1.1" 500 271 "-" "Mozilla/5.0 (X11; Ubuntu; Linux i686; rv:28.0) Gecko/20100101 Firefox/72.0"
198.204.226.18 - - [18/May/2025:18:50:49 -0400] "GET /wp-content/install.php HTTP/1.1" 200 0 "http://jenniferflo.com/wp-content/install.php" "Mozilla/5.0 (Windows NT 10.0; Win64; x64) AppleWebKit/537.36 (KHTML, like Gecko) Chrome/58.0.3029.110 Safari/537.3"
69.197.135.226 - - [18/May/2025:18:51:05 -0400] "GET /wp-includes/install.php HTTP/1.1" 200 10 "http://jenniferflo.com/wp-includes/install.php" "Mozilla/5.0 (Windows NT 10.0; Win64; x64) AppleWebKit/537.36 (KHTML, like Gecko) Chrome/58.0.3029.110 Safari/537.3"
198.204.226.18 - - [18/May/2025:18:51:12 -0400] "GET /wp-content/install.php HTTP/1.1" 200 10 "http://jenniferflo.com/wp-content/install.php" "Mozilla/5.0 (Windows NT 10.0; Win64; x64) AppleWebKit/537.36 (KHTML, like Gecko) Chrome/58.0.3029.110 Safari/537.3"
35.181.43.16 - - [18/May/2025:18:51:18 -0400] "GET /wp-includes/js/tinymce/skins/lightgray/img/index.php?p= HTTP/1.1" 200 205 "www.google.com" "Mozlila/5.0 (Linux; Android 7.0; SM-G892A Bulid/NRD90M; wv) AppleWebKit/537.36 (KHTML, like Gecko) Version/4.0 Chrome/60.0.3112.107 Moblie Safari/537.36"
35.181.43.16 - - [18/May/2025:18:51:25 -0400] "GET /cong.php HTTP/1.1" 200 207 "www.google.com" "Mozlila/5.0 (Linux; Android 7.0; SM-G892A Bulid/NRD90M; wv) AppleWebKit/537.36 (KHTML, like Gecko) Version/4.0 Chrome/60.0.3112.107 Moblie Safari/537.36"
35.181.43.16 - - [18/May/2025:18:51:44 -0400] "GET /css/index.php HTTP/1.1" 200 206 "www.google.com" "Mozlila/5.0 (Linux; Android 7.0; SM-G892A Bulid/NRD90M; wv) AppleWebKit/537.36 (KHTML, like Gecko) Version/4.0 Chrome/60.0.3112.107 Moblie Safari/537.36"
35.181.43.16 - - [18/May/2025:18:52:02 -0400] "GET /wp-includes/Requests/Text/index.php HTTP/1.1" 200 207 "www.google.com" "Mozlila/5.0 (Linux; Android 7.0; SM-G892A Bulid/NRD90M; wv) AppleWebKit/537.36 (KHTML, like Gecko) Version/4.0 Chrome/60.0.3112.107 Moblie Safari/537.36"
35.181.43.16 - - [18/May/2025:18:52:13 -0400] "GET /ioxi-rex4.php7 HTTP/1.1" 500 275 "-" "Mozlila/5.0 (Linux; Android 7.0; SM-G892A Bulid/NRD90M; wv) AppleWebKit/537.36 (KHTML, like Gecko) Version/4.0 Chrome/60.0.3112.107 Moblie Safari/537.36"
35.181.43.16 - - [18/May/2025:18:52:18 -0400] "GET /wp-content/plugins/seoo/alfa-ioxi.php HTTP/1.1" 500 275 "-" "Mozlila/5.0 (Linux; Android 7.0; SM-G892A Bulid/NRD90M; wv) AppleWebKit/537.36 (KHTML, like Gecko) Version/4.0 Chrome/60.0.3112.107 Moblie Safari/537.36"
35.181.43.16 - - [18/May/2025:18:52:24 -0400] "GET /wp-content/plugins/classic-editor/wp-login.php HTTP/1.1" 500 275 "-" "Mozlila/5.0 (Linux; Android 7.0; SM-G892A Bulid/NRD90M; wv) AppleWebKit/537.36 (KHTML, like Gecko) Version/4.0 Chrome/60.0.3112.107 Moblie Safari/537.36"
198.204.226.18 - - [18/May/2025:18:52:29 -0400] "GET /wp-content/install.php HTTP/1.1" 200 10 "http://jenniferflo.com/wp-content/install.php" "Mozilla/5.0 (Windows NT 10.0; Win64; x64) AppleWebKit/537.36 (KHTML, like Gecko) Chrome/58.0.3029.110 Safari/537.3"
198.204.226.18 - - [18/May/2025:18:52:26 -0400] "GET /wp-content/install.php HTTP/1.1" 200 0 "http://jenniferflo.com/wp-content/install.php" "Mozilla/5.0 (Windows NT 10.0; Win64; x64) AppleWebKit/537.36 (KHTML, like Gecko) Chrome/58.0.3029.110 Safari/537.3"
47.238.13.16 - - [18/May/2025:18:52:47 -0400] "GET /corn/m184?pid=45982 HTTP/1.1" 500 271 "-" "Mozilla/5.0 (Macintosh; Intel Mac OS X 10_15_7) AppleWebKit/537.36 (KHTML, like Gecko) Chrome/109.0.0.0 Safari/537.36"
47.238.13.11 - - [18/May/2025:18:53:07 -0400] "GET /items/hvtyb58/18219?key=vaccine HTTP/1.1" 500 271 "-" "Mozilla/5.0 (Macintosh; Intel Mac OS X 10_15_7) AppleWebKit/537.36 (KHTML, like Gecko) Chrome/109.0.0.0 Safari/537.36"
51.44.20.102 - - [18/May/2025:18:53:11 -0400] "GET /wp-content/plugins/wp-daft/t62.php HTTP/1.1" 200 206 "www.google.com" "Mozlila/5.0 (Linux; Android 7.0; SM-G892A Bulid/NRD90M; wv) AppleWebKit/537.36 (KHTML, like Gecko) Version/4.0 Chrome/60.0.3112.107 Moblie Safari/537.36"
35.181.43.16 - - [18/May/2025:18:53:25 -0400] "GET /wp-admin/css/colors/blue/atomlib.php HTTP/1.1" 500 276 "-" "Mozlila/5.0 (Linux; Android 7.0; SM-G892A Bulid/NRD90M; wv) AppleWebKit/537.36 (KHTML, like Gecko) Version/4.0 Chrome/60.0.3112.107 Moblie Safari/537.36"
198.204.226.18 - - [18/May/2025:18:53:27 -0400] "GET /wp-content/install.php HTTP/1.1" 200 10 "http://jenniferflo.com/wp-content/install.php" "Mozilla/5.0 (Windows NT 10.0; Win64; x64) AppleWebKit/537.36 (KHTML, like Gecko) Chrome/58.0.3029.110 Safari/537.3"
51.44.20.102 - - [18/May/2025:18:53:40 -0400] "GET /wp-content/plugins/wordpress-three/miin.php HTTP/1.1" 200 206 "www.google.com" "Mozlila/5.0 (Linux; Android 7.0; SM-G892A Bulid/NRD90M; wv) AppleWebKit/537.36 (KHTML, like Gecko) Version/4.0 Chrome/60.0.3112.107 Moblie Safari/537.36"
198.204.226.18 - - [18/May/2025:18:53:42 -0400] "GET /wp-content/install.php HTTP/1.1" 200 10 "http://jenniferflo.com/wp-content/install.php" "Mozilla/5.0 (Windows NT 10.0; Win64; x64) AppleWebKit/537.36 (KHTML, like Gecko) Chrome/58.0.3029.110 Safari/537.3"
51.44.20.102 - - [18/May/2025:18:54:08 -0400] "GET /xleet.php HTTP/1.1" 500 276 "-" "Mozlila/5.0 (Linux; Android 7.0; SM-G892A Bulid/NRD90M; wv) AppleWebKit/537.36 (KHTML, like Gecko) Version/4.0 Chrome/60.0.3112.107 Moblie Safari/537.36"
51.44.20.102 - - [18/May/2025:18:54:10 -0400] "GET /xl2023.php HTTP/1.1" 500 276 "-" "Mozlila/5.0 (Linux; Android 7.0; SM-G892A Bulid/NRD90M; wv) AppleWebKit/537.36 (KHTML, like Gecko) Version/4.0 Chrome/60.0.3112.107 Moblie Safari/537.36"
51.44.20.102 - - [18/May/2025:18:54:11 -0400] "GET /xl2023x.php HTTP/1.1" 500 276 "-" "Mozlila/5.0 (Linux; Android 7.0; SM-G892A Bulid/NRD90M; wv) AppleWebKit/537.36 (KHTML, like Gecko) Version/4.0 Chrome/60.0.3112.107 Moblie Safari/537.36"
51.44.20.102 - - [18/May/2025:18:54:17 -0400] "GET /xxl.php HTTP/1.1" 500 275 "-" "Mozlila/5.0 (Linux; Android 7.0; SM-G892A Bulid/NRD90M; wv) AppleWebKit/537.36 (KHTML, like Gecko) Version/4.0 Chrome/60.0.3112.107 Moblie Safari/537.36"
51.44.20.102 - - [18/May/2025:18:54:20 -0400] "GET /x.php HTTP/1.1" 500 276 "-" "Mozlila/5.0 (Linux; Android 7.0; SM-G892A Bulid/NRD90M; wv) AppleWebKit/537.36 (KHTML, like Gecko) Version/4.0 Chrome/60.0.3112.107 Moblie Safari/537.36"
51.44.20.102 - - [18/May/2025:18:54:21 -0400] "GET /repeater.php HTTP/1.1" 200 207 "www.google.com" "Mozlila/5.0 (Linux; Android 7.0; SM-G892A Bulid/NRD90M; wv) AppleWebKit/537.36 (KHTML, like Gecko) Version/4.0 Chrome/60.0.3112.107 Moblie Safari/537.36"
212.11.64.144 - - [18/May/2025:18:54:22 -0400] "GET //en/wp-includes/blocks/calendar/alfa-rex.php HTTP/1.1" 500 271 "http://jenniferflo.com/" "Mozilla/5.0 (Windows NT 10.0; Win64; x64) AppleWebKit/537.36 (KHTML, like Gecko) Chrome/121.0.0.0 Safari/537.36"
51.44.20.102 - - [18/May/2025:18:54:24 -0400] "GET /xl.php HTTP/1.1" 500 276 "-" "Mozlila/5.0 (Linux; Android 7.0; SM-G892A Bulid/NRD90M; wv) AppleWebKit/537.36 (KHTML, like Gecko) Version/4.0 Chrome/60.0.3112.107 Moblie Safari/537.36"
51.44.20.102 - - [18/May/2025:18:54:25 -0400] "GET /wp-admin/xl2023.php HTTP/1.1" 500 276 "-" "Mozlila/5.0 (Linux; Android 7.0; SM-G892A Bulid/NRD90M; wv) AppleWebKit/537.36 (KHTML, like Gecko) Version/4.0 Chrome/60.0.3112.107 Moblie Safari/537.36"
198.204.226.18 - - [18/May/2025:18:54:25 -0400] "GET /wp-content/install.php HTTP/1.1" 200 10 "http://jenniferflo.com/wp-content/install.php" "Mozilla/5.0 (Windows NT 10.0; Win64; x64) AppleWebKit/537.36 (KHTML, like Gecko) Chrome/58.0.3029.110 Safari/537.3"
51.44.20.102 - - [18/May/2025:18:54:28 -0400] "GET /wp-includes/xl2023.php HTTP/1.1" 500 276 "-" "Mozlila/5.0 (Linux; Android 7.0; SM-G892A Bulid/NRD90M; wv) AppleWebKit/537.36 (KHTML, like Gecko) Version/4.0 Chrome/60.0.3112.107 Moblie Safari/537.36"
51.44.20.102 - - [18/May/2025:18:54:30 -0400] "GET /.well-known/acme-challenge/iR7SzrsOUEP.php HTTP/1.1" 500 275 "-" "Mozlila/5.0 (Linux; Android 7.0; SM-G892A Bulid/NRD90M; wv) AppleWebKit/537.36 (KHTML, like Gecko) Version/4.0 Chrome/60.0.3112.107 Moblie Safari/537.36"
51.44.20.102 - - [18/May/2025:18:54:31 -0400] "GET /wp-admin/includes/iR7SzrsOUEP.php HTTP/1.1" 500 275 "-" "Mozlila/5.0 (Linux; Android 7.0; SM-G892A Bulid/NRD90M; wv) AppleWebKit/537.36 (KHTML, like Gecko) Version/4.0 Chrome/60.0.3112.107 Moblie Safari/537.36"
198.204.226.18 - - [18/May/2025:18:54:22 -0400] "GET /wp-content/install.php HTTP/1.1" 200 0 "http://jenniferflo.com/wp-content/install.php" "Mozilla/5.0 (Windows NT 10.0; Win64; x64) AppleWebKit/537.36 (KHTML, like Gecko) Chrome/58.0.3029.110 Safari/537.3"
51.44.20.102 - - [18/May/2025:18:54:39 -0400] "GET /wp-admin/maint/iR7SzrsOUEP.php HTTP/1.1" 500 276 "-" "Mozlila/5.0 (Linux; Android 7.0; SM-G892A Bulid/NRD90M; wv) AppleWebKit/537.36 (KHTML, like Gecko) Version/4.0 Chrome/60.0.3112.107 Moblie Safari/537.36"
35.181.43.16 - - [18/May/2025:18:54:45 -0400] "GET /.well-known/acme-challenge/index.php HTTP/1.1" 200 206 "www.google.com" "Mozlila/5.0 (Linux; Android 7.0; SM-G892A Bulid/NRD90M; wv) AppleWebKit/537.36 (KHTML, like Gecko) Version/4.0 Chrome/60.0.3112.107 Moblie Safari/537.36"
107.151.208.210 - - [18/May/2025:18:54:50 -0400] "GET / HTTP/1.1" 500 360 "-" "Mozilla/5.0 (Windows NT 10.0; Win64; x64) AppleWebKit/537.36 (KHTML, like Gecko) Chrome/80.0.3987.149 Safari/537.36"
198.204.226.18 - - [18/May/2025:18:54:50 -0400] "GET /wp-content/install.php HTTP/1.1" 200 10 "http://jenniferflo.com/wp-content/install.php" "Mozilla/5.0 (Windows NT 10.0; Win64; x64) AppleWebKit/537.36 (KHTML, like Gecko) Chrome/58.0.3029.110 Safari/537.3"
51.44.20.102 - - [18/May/2025:18:54:50 -0400] "GET /wp-content/upgrade/iR7SzrsOUEP.php HTTP/1.1" 500 276 "-" "Mozlila/5.0 (Linux; Android 7.0; SM-G892A Bulid/NRD90M; wv) AppleWebKit/537.36 (KHTML, like Gecko) Version/4.0 Chrome/60.0.3112.107 Moblie Safari/537.36"
107.151.208.210 - - [18/May/2025:18:54:50 -0400] "GET / HTTP/1.1" 500 360 "-" "Mozilla/5.0 (Windows NT 10.0; Win64; x64) AppleWebKit/537.36 (KHTML, like Gecko) Chrome/80.0.3987.149 Safari/537.36"
47.238.13.15 - - [18/May/2025:18:54:51 -0400] "GET /uncertainty/r23?pid=11393 HTTP/1.1" 500 271 "-" "Mozilla/5.0 (Macintosh; Intel Mac OS X 10_15_7) AppleWebKit/537.36 (KHTML, like Gecko) Chrome/109.0.0.0 Safari/537.36"
198.204.226.18 - - [18/May/2025:18:54:51 -0400] "GET /wp-content/install.php HTTP/1.1" 200 10 "http://jenniferflo.com/wp-content/install.php" "Mozilla/5.0 (Windows NT 10.0; Win64; x64) AppleWebKit/537.36 (KHTML, like Gecko) Chrome/58.0.3029.110 Safari/537.3"
107.151.208.210 - - [18/May/2025:18:54:51 -0400] "GET /wp-includes/wlwmanifest.xml HTTP/1.1" 200 134776 "-" "Mozilla/5.0 (Windows NT 10.0; Win64; x64) AppleWebKit/537.36 (KHTML, like Gecko) Chrome/80.0.3987.149 Safari/537.36"
198.204.226.18 - - [18/May/2025:18:54:52 -0400] "GET /wp-content/install.php HTTP/1.1" 200 10 "http://jenniferflo.com/wp-content/install.php" "Mozilla/5.0 (Windows NT 10.0; Win64; x64) AppleWebKit/537.36 (KHTML, like Gecko) Chrome/58.0.3029.110 Safari/537.3"
107.151.208.210 - - [18/May/2025:18:54:52 -0400] "GET /xmlrpc.php?rsd HTTP/1.1" 500 360 "-" "Mozilla/5.0 (Windows NT 10.0; Win64; x64) AppleWebKit/537.36 (KHTML, like Gecko) Chrome/80.0.3987.149 Safari/537.36"
51.44.20.102 - - [18/May/2025:18:54:52 -0400] "GET /images/iR7SzrsOUEP.php HTTP/1.1" 500 276 "-" "Mozlila/5.0 (Linux; Android 7.0; SM-G892A Bulid/NRD90M; wv) AppleWebKit/537.36 (KHTML, like Gecko) Version/4.0 Chrome/60.0.3112.107 Moblie Safari/537.36"
107.151.208.210 - - [18/May/2025:18:54:52 -0400] "GET / HTTP/1.1" 500 360 "-" "Mozilla/5.0 (Windows NT 10.0; Win64; x64) AppleWebKit/537.36 (KHTML, like Gecko) Chrome/80.0.3987.149 Safari/537.36"
107.151.208.210 - - [18/May/2025:18:54:53 -0400] "GET /blog/wp-includes/wlwmanifest.xml HTTP/1.1" 200 134982 "-" "Mozilla/5.0 (Windows NT 10.0; Win64; x64) AppleWebKit/537.36 (KHTML, like Gecko) Chrome/80.0.3987.149 Safari/537.36"
107.151.208.210 - - [18/May/2025:18:54:53 -0400] "GET /web/wp-includes/wlwmanifest.xml HTTP/1.1" 200 134698 "-" "Mozilla/5.0 (Windows NT 10.0; Win64; x64) AppleWebKit/537.36 (KHTML, like Gecko) Chrome/80.0.3987.149 Safari/537.36"
107.151.208.210 - - [18/May/2025:18:54:53 -0400] "GET /wordpress/wp-includes/wlwmanifest.xml HTTP/1.1" 200 134698 "-" "Mozilla/5.0 (Windows NT 10.0; Win64; x64) AppleWebKit/537.36 (KHTML, like Gecko) Chrome/80.0.3987.149 Safari/537.36"
107.151.208.210 - - [18/May/2025:18:54:54 -0400] "GET /website/wp-includes/wlwmanifest.xml HTTP/1.1" 200 134700 "-" "Mozilla/5.0 (Windows NT 10.0; Win64; x64) AppleWebKit/537.36 (KHTML, like Gecko) Chrome/80.0.3987.149 Safari/537.36"
107.151.208.210 - - [18/May/2025:18:54:55 -0400] "GET /wp/wp-includes/wlwmanifest.xml HTTP/1.1" 200 134698 "-" "Mozilla/5.0 (Windows NT 10.0; Win64; x64) AppleWebKit/537.36 (KHTML, like Gecko) Chrome/80.0.3987.149 Safari/537.36"
107.151.208.210 - - [18/May/2025:18:54:55 -0400] "GET /news/wp-includes/wlwmanifest.xml HTTP/1.1" 200 134983 "-" "Mozilla/5.0 (Windows NT 10.0; Win64; x64) AppleWebKit/537.36 (KHTML, like Gecko) Chrome/80.0.3987.149 Safari/537.36"
107.151.208.210 - - [18/May/2025:18:54:56 -0400] "GET /2018/wp-includes/wlwmanifest.xml HTTP/1.1" 200 134700 "-" "Mozilla/5.0 (Windows NT 10.0; Win64; x64) AppleWebKit/537.36 (KHTML, like Gecko) Chrome/80.0.3987.149 Safari/537.36"
107.151.208.210 - - [18/May/2025:18:54:56 -0400] "GET /2019/wp-includes/wlwmanifest.xml HTTP/1.1" 200 134698 "-" "Mozilla/5.0 (Windows NT 10.0; Win64; x64) AppleWebKit/537.36 (KHTML, like Gecko) Chrome/80.0.3987.149 Safari/537.36"
107.151.208.210 - - [18/May/2025:18:54:56 -0400] "GET /shop/wp-includes/wlwmanifest.xml HTTP/1.1" 200 134698 "-" "Mozilla/5.0 (Windows NT 10.0; Win64; x64) AppleWebKit/537.36 (KHTML, like Gecko) Chrome/80.0.3987.149 Safari/537.36"
51.44.20.102 - - [18/May/2025:18:54:57 -0400] "GET /wp-admin/user/iR7SzrsOUEP.php HTTP/1.1" 500 276 "-" "Mozlila/5.0 (Linux; Android 7.0; SM-G892A Bulid/NRD90M; wv) AppleWebKit/537.36 (KHTML, like Gecko) Version/4.0 Chrome/60.0.3112.107 Moblie Safari/537.36"
34.127.29.78 - - [18/May/2025:18:54:57 -0400] "GET / HTTP/1.1" 500 200 "-" "Mozilla/5.0 (Windows NT 10.0; Win64; x64) AppleWebKit/537.36 (KHTML, like Gecko) Chrome/123.0.0.0 Safari/537.36"
107.151.208.210 - - [18/May/2025:18:54:57 -0400] "GET /wp1/wp-includes/wlwmanifest.xml HTTP/1.1" 200 134820 "-" "Mozilla/5.0 (Windows NT 10.0; Win64; x64) AppleWebKit/537.36 (KHTML, like Gecko) Chrome/80.0.3987.149 Safari/537.36"
51.44.20.102 - - [18/May/2025:18:55:01 -0400] "GET /wp-admin/js/widgets/iR7SzrsOUEP.php HTTP/1.1" 500 276 "-" "Mozlila/5.0 (Linux; Android 7.0; SM-G892A Bulid/NRD90M; wv) AppleWebKit/537.36 (KHTML, like Gecko) Version/4.0 Chrome/60.0.3112.107 Moblie Safari/537.36"
107.151.208.210 - - [18/May/2025:18:55:02 -0400] "GET /test/wp-includes/wlwmanifest.xml HTTP/1.1" 200 134943 "-" "Mozilla/5.0 (Windows NT 10.0; Win64; x64) AppleWebKit/537.36 (KHTML, like Gecko) Chrome/80.0.3987.149 Safari/537.36"
107.151.208.210 - - [18/May/2025:18:55:03 -0400] "GET /media/wp-includes/wlwmanifest.xml HTTP/1.1" 200 134700 "-" "Mozilla/5.0 (Windows NT 10.0; Win64; x64) AppleWebKit/537.36 (KHTML, like Gecko) Chrome/80.0.3987.149 Safari/537.36"
107.151.208.210 - - [18/May/2025:18:55:03 -0400] "GET /wp2/wp-includes/wlwmanifest.xml HTTP/1.1" 200 134799 "-" "Mozilla/5.0 (Windows NT 10.0; Win64; x64) AppleWebKit/537.36 (KHTML, like Gecko) Chrome/80.0.3987.149 Safari/537.36"
107.151.208.210 - - [18/May/2025:18:55:04 -0400] "GET /site/wp-includes/wlwmanifest.xml HTTP/1.1" 200 134698 "-" "Mozilla/5.0 (Windows NT 10.0; Win64; x64) AppleWebKit/537.36 (KHTML, like Gecko) Chrome/80.0.3987.149 Safari/537.36"
35.181.43.16 - - [18/May/2025:18:55:04 -0400] "GET /wp-content/plugins/seoplugins/mar.php HTTP/1.1" 200 205 "www.google.com" "Mozlila/5.0 (Linux; Android 7.0; SM-G892A Bulid/NRD90M; wv) AppleWebKit/537.36 (KHTML, like Gecko) Version/4.0 Chrome/60.0.3112.107 Moblie Safari/537.36"
51.44.20.102 - - [18/May/2025:18:55:05 -0400] "GET /wp-admin/network/iR7SzrsOUEP.php HTTP/1.1" 500 276 "-" "Mozlila/5.0 (Linux; Android 7.0; SM-G892A Bulid/NRD90M; wv) AppleWebKit/537.36 (KHTML, like Gecko) Version/4.0 Chrome/60.0.3112.107 Moblie Safari/537.36"
107.151.208.210 - - [18/May/2025:18:55:05 -0400] "GET /cms/wp-includes/wlwmanifest.xml HTTP/1.1" 200 134700 "-" "Mozilla/5.0 (Windows NT 10.0; Win64; x64) AppleWebKit/537.36 (KHTML, like Gecko) Chrome/80.0.3987.149 Safari/537.36"
107.151.208.210 - - [18/May/2025:18:55:06 -0400] "GET /sito/wp-includes/wlwmanifest.xml HTTP/1.1" 200 134761 "-" "Mozilla/5.0 (Windows NT 10.0; Win64; x64) AppleWebKit/537.36 (KHTML, like Gecko) Chrome/80.0.3987.149 Safari/537.36"
47.238.13.4 - - [18/May/2025:18:55:07 -0400] "GET /schedule/f92?pid=22842 HTTP/1.1" 500 271 "-" "Mozilla/5.0 (Macintosh; Intel Mac OS X 10_15_7) AppleWebKit/537.36 (KHTML, like Gecko) Chrome/109.0.0.0 Safari/537.36"
51.44.20.102 - - [18/May/2025:18:55:09 -0400] "GET /wp-admin/images/iR7SzrsOUEP.php HTTP/1.1" 500 276 "-" "Mozlila/5.0 (Linux; Android 7.0; SM-G892A Bulid/NRD90M; wv) AppleWebKit/537.36 (KHTML, like Gecko) Version/4.0 Chrome/60.0.3112.107 Moblie Safari/537.36"
51.44.20.102 - - [18/May/2025:18:55:17 -0400] "GET /.well-known/pki-validation/iR7SzrsOUEP.php HTTP/1.1" 404 1251 "-" "Mozlila/5.0 (Linux; Android 7.0; SM-G892A Bulid/NRD90M; wv) AppleWebKit/537.36 (KHTML, like Gecko) Version/4.0 Chrome/60.0.3112.107 Moblie Safari/537.36"
51.44.20.102 - - [18/May/2025:18:55:18 -0400] "GET /xleet-shell.php HTTP/1.1" 500 276 "-" "Mozlila/5.0 (Linux; Android 7.0; SM-G892A Bulid/NRD90M; wv) AppleWebKit/537.36 (KHTML, like Gecko) Version/4.0 Chrome/60.0.3112.107 Moblie Safari/537.36"
51.44.20.102 - - [18/May/2025:18:55:23 -0400] "GET /admin-heade.php HTTP/1.1" 500 276 "-" "Mozlila/5.0 (Linux; Android 7.0; SM-G892A Bulid/NRD90M; wv) AppleWebKit/537.36 (KHTML, like Gecko) Version/4.0 Chrome/60.0.3112.107 Moblie Safari/537.36"
51.44.20.102 - - [18/May/2025:18:55:26 -0400] "GET /cgi-bin/iR7SzrsOUEP.php HTTP/1.1" 500 276 "-" "Mozlila/5.0 (Linux; Android 7.0; SM-G892A Bulid/NRD90M; wv) AppleWebKit/537.36 (KHTML, like Gecko) Version/4.0 Chrome/60.0.3112.107 Moblie Safari/537.36"
51.44.20.102 - - [18/May/2025:18:55:27 -0400] "GET /wp-content/xl2023.php HTTP/1.1" 500 276 "-" "Mozlila/5.0 (Linux; Android 7.0; SM-G892A Bulid/NRD90M; wv) AppleWebKit/537.36 (KHTML, like Gecko) Version/4.0 Chrome/60.0.3112.107 Moblie Safari/537.36"
51.44.20.102 - - [18/May/2025:18:55:28 -0400] "GET /wp-content/xl2023.php HTTP/1.1" 500 276 "-" "Mozlila/5.0 (Linux; Android 7.0; SM-G892A Bulid/NRD90M; wv) AppleWebKit/537.36 (KHTML, like Gecko) Version/4.0 Chrome/60.0.3112.107 Moblie Safari/537.36"
35.181.43.16 - - [18/May/2025:18:55:29 -0400] "GET /wzy.php?action=door123 HTTP/1.1" 200 205 "www.google.com" "Mozilla/5.0 (Linux; Android 7.0; SM-G892A Build/NRD90M; wv) AppleWebKit/537.36 (KHTML, like Gecko) Version/4.0 Chrome/60.0.3112.107 Mobile Safari/537.36"
51.44.20.102 - - [18/May/2025:18:55:30 -0400] "GET /iR7SzrsOUEP.php HTTP/1.1" 500 276 "-" "Mozlila/5.0 (Linux; Android 7.0; SM-G892A Bulid/NRD90M; wv) AppleWebKit/537.36 (KHTML, like Gecko) Version/4.0 Chrome/60.0.3112.107 Moblie Safari/537.36"
51.44.20.102 - - [18/May/2025:18:55:32 -0400] "GET /wp-content/uploads/xl2023.php HTTP/1.1" 500 276 "-" "Mozlila/5.0 (Linux; Android 7.0; SM-G892A Bulid/NRD90M; wv) AppleWebKit/537.36 (KHTML, like Gecko) Version/4.0 Chrome/60.0.3112.107 Moblie Safari/537.36"
35.181.43.16 - - [18/May/2025:18:55:32 -0400] "GET /top.php?action=door123 HTTP/1.1" 200 205 "www.google.com" "Mozilla/5.0 (Linux; Android 7.0; SM-G892A Build/NRD90M; wv) AppleWebKit/537.36 (KHTML, like Gecko) Version/4.0 Chrome/60.0.3112.107 Mobile Safari/537.36"
198.204.226.18 - - [18/May/2025:18:56:18 -0400] "GET /wp-content/install.php HTTP/1.1" 200 10 "http://jenniferflo.com/wp-content/install.php" "Mozilla/5.0 (Windows NT 10.0; Win64; x64) AppleWebKit/537.36 (KHTML, like Gecko) Chrome/58.0.3029.110 Safari/537.3"
198.204.226.18 - - [18/May/2025:18:56:15 -0400] "GET /wp-content/install.php HTTP/1.1" 200 0 "http://jenniferflo.com/wp-content/install.php" "Mozilla/5.0 (Windows NT 10.0; Win64; x64) AppleWebKit/537.36 (KHTML, like Gecko) Chrome/58.0.3029.110 Safari/537.3"
35.181.43.16 - - [18/May/2025:18:56:26 -0400] "GET /defaul1.php HTTP/1.1" 500 276 "-" "Mozlila/5.0 (Linux; Android 7.0; SM-G892A Bulid/NRD90M; wv) AppleWebKit/537.36 (KHTML, like Gecko) Version/4.0 Chrome/60.0.3112.107 Moblie Safari/537.36"
47.243.161.234 - - [18/May/2025:18:56:40 -0400] "GET /items/ljtne27/348?key=alcohol HTTP/1.1" 500 270 "-" "Mozilla/5.0 (Macintosh; Intel Mac OS X 10_15_7) AppleWebKit/537.36 (KHTML, like Gecko) Chrome/109.0.0.0 Safari/537.36"
51.44.20.102 - - [18/May/2025:18:56:42 -0400] "GET /simple.php HTTP/1.1" 500 275 "-" "Mozlila/5.0 (Linux; Android 7.0; SM-G892A Bulid/NRD90M; wv) AppleWebKit/537.36 (KHTML, like Gecko) Version/4.0 Chrome/60.0.3112.107 Moblie Safari/537.36Team Anon Force"
51.44.20.102 - - [18/May/2025:18:56:42 -0400] "GET /about.php HTTP/1.1" 500 275 "-" "Mozlila/5.0 (Linux; Android 7.0; SM-G892A Bulid/NRD90M; wv) AppleWebKit/537.36 (KHTML, like Gecko) Version/4.0 Chrome/60.0.3112.107 Moblie Safari/537.36Team Anon Force"
51.44.20.102 - - [18/May/2025:18:56:44 -0400] "GET /install.php HTTP/1.1" 500 275 "-" "Mozlila/5.0 (Linux; Android 7.0; SM-G892A Bulid/NRD90M; wv) AppleWebKit/537.36 (KHTML, like Gecko) Version/4.0 Chrome/60.0.3112.107 Moblie Safari/537.36Team Anon Force"
51.44.20.102 - - [18/May/2025:18:56:44 -0400] "GET /dropdown.php HTTP/1.1" 500 275 "-" "Mozlila/5.0 (Linux; Android 7.0; SM-G892A Bulid/NRD90M; wv) AppleWebKit/537.36 (KHTML, like Gecko) Version/4.0 Chrome/60.0.3112.107 Moblie Safari/537.36Team Anon Force"
