35.181.43.16 - - [18/May/2025:16:23:19 -0400] "GET /wp-includes///wp-includes/ID3/ HTTP/1.1" 500 275 "-" "Mozlila/5.0 (Linux; Android 7.0; SM-G892A Bulid/NRD90M; wv) AppleWebKit/537.36 (KHTML, like Gecko) Version/4.0 Chrome/60.0.3112.107 Moblie Safari/537.36"
51.44.20.102 - - [18/May/2025:16:23:19 -0400] "GET //wp-includes/pomo/autoload_classmap.php HTTP/1.1" 500 275 "-" "Mozilla/5.0 (Windows NT 10.0; Win64; x64) AppleWebKit/537.36 (KHTML, like Gecko) Chrome/85.0.4183.102 Safari/537.36"
35.181.43.16 - - [18/May/2025:16:23:20 -0400] "GET /wp-includes///wp-includes/ID3/ HTTP/1.1" 500 276 "-" "Mozlila/5.0 (Linux; Android 7.0; SM-G892A Bulid/NRD90M; wv) AppleWebKit/537.36 (KHTML, like Gecko) Version/4.0 Chrome/60.0.3112.107 Moblie Safari/537.36"
51.44.20.102 - - [18/May/2025:16:23:21 -0400] "GET /ynz.PhP7 HTTP/1.1" 500 276 "-" "Mozlila/5.0 (Linux; Android 7.0; SM-G892A Bulid/NRD90M; wv) AppleWebKit/537.36 (KHTML, like Gecko) Version/4.0 Chrome/60.0.3112.107 Moblie Safari/537.36"
35.181.43.16 - - [18/May/2025:16:23:21 -0400] "GET /wp-includes///wp-includes/images/ HTTP/1.1" 500 276 "-" "Mozlila/5.0 (Linux; Android 7.0; SM-G892A Bulid/NRD90M; wv) AppleWebKit/537.36 (KHTML, like Gecko) Version/4.0 Chrome/60.0.3112.107 Moblie Safari/537.36"
35.181.43.16 - - [18/May/2025:16:23:23 -0400] "GET /wp-includes///wp-includes/images/ HTTP/1.1" 500 276 "-" "Mozlila/5.0 (Linux; Android 7.0; SM-G892A Bulid/NRD90M; wv) AppleWebKit/537.36 (KHTML, like Gecko) Version/4.0 Chrome/60.0.3112.107 Moblie Safari/537.36"
35.181.43.16 - - [18/May/2025:16:23:25 -0400] "GET /wp-includes///wp-includes/interactivity-api/ HTTP/1.1" 500 276 "-" "Mozlila/5.0 (Linux; Android 7.0; SM-G892A Bulid/NRD90M; wv) AppleWebKit/537.36 (KHTML, like Gecko) Version/4.0 Chrome/60.0.3112.107 Moblie Safari/537.36"
35.181.43.16 - - [18/May/2025:16:23:26 -0400] "GET /wp-includes///wp-includes/interactivity-api/ HTTP/1.1" 500 276 "-" "Mozlila/5.0 (Linux; Android 7.0; SM-G892A Bulid/NRD90M; wv) AppleWebKit/537.36 (KHTML, like Gecko) Version/4.0 Chrome/60.0.3112.107 Moblie Safari/537.36"
35.181.43.16 - - [18/May/2025:16:23:27 -0400] "GET /wp-includes///wp-includes/IXR/ HTTP/1.1" 500 275 "-" "Mozlila/5.0 (Linux; Android 7.0; SM-G892A Bulid/NRD90M; wv) AppleWebKit/537.36 (KHTML, like Gecko) Version/4.0 Chrome/60.0.3112.107 Moblie Safari/537.36"
51.44.20.102 - - [18/May/2025:16:23:28 -0400] "GET //wp-includes/block-patterns/autoload_classmap.php HTTP/1.1" 500 276 "-" "Mozilla/5.0 (Windows NT 10.0; Win64; x64) AppleWebKit/537.36 (KHTML, like Gecko) Chrome/85.0.4183.102 Safari/537.36"
35.181.43.16 - - [18/May/2025:16:23:29 -0400] "GET /wp-includes///wp-includes/IXR/ HTTP/1.1" 500 275 "-" "Mozlila/5.0 (Linux; Android 7.0; SM-G892A Bulid/NRD90M; wv) AppleWebKit/537.36 (KHTML, like Gecko) Version/4.0 Chrome/60.0.3112.107 Moblie Safari/537.36"
35.181.43.16 - - [18/May/2025:16:23:30 -0400] "GET /wp-includes///wp-includes/js/ HTTP/1.1" 500 276 "-" "Mozlila/5.0 (Linux; Android 7.0; SM-G892A Bulid/NRD90M; wv) AppleWebKit/537.36 (KHTML, like Gecko) Version/4.0 Chrome/60.0.3112.107 Moblie Safari/537.36"
35.181.43.16 - - [18/May/2025:16:23:32 -0400] "GET /wp-includes///wp-includes/js/ HTTP/1.1" 500 276 "-" "Mozlila/5.0 (Linux; Android 7.0; SM-G892A Bulid/NRD90M; wv) AppleWebKit/537.36 (KHTML, like Gecko) Version/4.0 Chrome/60.0.3112.107 Moblie Safari/537.36"
35.181.43.16 - - [18/May/2025:16:23:34 -0400] "GET /wp-includes///wp-includes/l10n/ HTTP/1.1" 500 276 "-" "Mozlila/5.0 (Linux; Android 7.0; SM-G892A Bulid/NRD90M; wv) AppleWebKit/537.36 (KHTML, like Gecko) Version/4.0 Chrome/60.0.3112.107 Moblie Safari/537.36"
35.181.43.16 - - [18/May/2025:16:23:35 -0400] "GET /wp-includes///wp-includes/l10n/ HTTP/1.1" 500 276 "-" "Mozlila/5.0 (Linux; Android 7.0; SM-G892A Bulid/NRD90M; wv) AppleWebKit/537.36 (KHTML, like Gecko) Version/4.0 Chrome/60.0.3112.107 Moblie Safari/537.36"
35.181.43.16 - - [18/May/2025:16:23:37 -0400] "GET /wp-includes///wp-includes/php-compat/ HTTP/1.1" 500 275 "-" "Mozlila/5.0 (Linux; Android 7.0; SM-G892A Bulid/NRD90M; wv) AppleWebKit/537.36 (KHTML, like Gecko) Version/4.0 Chrome/60.0.3112.107 Moblie Safari/537.36"
35.181.43.16 - - [18/May/2025:16:23:39 -0400] "GET /wp-includes///wp-includes/php-compat/ HTTP/1.1" 500 275 "-" "Mozlila/5.0 (Linux; Android 7.0; SM-G892A Bulid/NRD90M; wv) AppleWebKit/537.36 (KHTML, like Gecko) Version/4.0 Chrome/60.0.3112.107 Moblie Safari/537.36"
51.44.20.102 - - [18/May/2025:16:23:39 -0400] "GET //wp-includes/js/autoload_classmap.php HTTP/1.1" 500 275 "-" "Mozilla/5.0 (Windows NT 10.0; Win64; x64) AppleWebKit/537.36 (KHTML, like Gecko) Chrome/85.0.4183.102 Safari/537.36"
51.44.20.102 - - [18/May/2025:16:23:40 -0400] "GET //wp-includes/sitemaps/autoload_classmap.php HTTP/1.1" 500 276 "-" "Mozilla/5.0 (Windows NT 10.0; Win64; x64) AppleWebKit/537.36 (KHTML, like Gecko) Chrome/85.0.4183.102 Safari/537.36"
35.181.43.16 - - [18/May/2025:16:23:40 -0400] "GET /wp-includes///wp-includes/PHPMailer/ HTTP/1.1" 500 276 "-" "Mozlila/5.0 (Linux; Android 7.0; SM-G892A Bulid/NRD90M; wv) AppleWebKit/537.36 (KHTML, like Gecko) Version/4.0 Chrome/60.0.3112.107 Moblie Safari/537.36"
35.181.43.16 - - [18/May/2025:16:23:41 -0400] "GET /wp-includes///wp-includes/PHPMailer/ HTTP/1.1" 500 276 "-" "Mozlila/5.0 (Linux; Android 7.0; SM-G892A Bulid/NRD90M; wv) AppleWebKit/537.36 (KHTML, like Gecko) Version/4.0 Chrome/60.0.3112.107 Moblie Safari/537.36"
51.44.20.102 - - [18/May/2025:16:23:43 -0400] "GET //wp-includes/SimplePie/autoload_classmap.php HTTP/1.1" 500 276 "-" "Mozilla/5.0 (Windows NT 10.0; Win64; x64) AppleWebKit/537.36 (KHTML, like Gecko) Chrome/85.0.4183.102 Safari/537.36"
35.181.43.16 - - [18/May/2025:16:23:43 -0400] "GET /wp-includes///wp-includes/pomo/ HTTP/1.1" 500 276 "-" "Mozlila/5.0 (Linux; Android 7.0; SM-G892A Bulid/NRD90M; wv) AppleWebKit/537.36 (KHTML, like Gecko) Version/4.0 Chrome/60.0.3112.107 Moblie Safari/537.36"
35.181.43.16 - - [18/May/2025:16:23:44 -0400] "GET /wp-includes///wp-includes/pomo/ HTTP/1.1" 500 276 "-" "Mozlila/5.0 (Linux; Android 7.0; SM-G892A Bulid/NRD90M; wv) AppleWebKit/537.36 (KHTML, like Gecko) Version/4.0 Chrome/60.0.3112.107 Moblie Safari/537.36"
51.44.20.102 - - [18/May/2025:16:23:44 -0400] "GET /themes.php HTTP/1.1" 500 276 "-" "Mozlila/5.0 (Linux; Android 7.0; SM-G892A Bulid/NRD90M; wv) AppleWebKit/537.36 (KHTML, like Gecko) Version/4.0 Chrome/60.0.3112.107 Moblie Safari/537.36"
35.181.43.16 - - [18/May/2025:16:23:46 -0400] "GET /wp-includes///wp-includes/Requests/ HTTP/1.1" 500 21 "-" "Mozlila/5.0 (Linux; Android 7.0; SM-G892A Bulid/NRD90M; wv) AppleWebKit/537.36 (KHTML, like Gecko) Version/4.0 Chrome/60.0.3112.107 Moblie Safari/537.36"
35.181.43.16 - - [18/May/2025:16:23:47 -0400] "GET /wp-includes///wp-includes/Requests/ HTTP/1.1" 500 21 "-" "Mozlila/5.0 (Linux; Android 7.0; SM-G892A Bulid/NRD90M; wv) AppleWebKit/537.36 (KHTML, like Gecko) Version/4.0 Chrome/60.0.3112.107 Moblie Safari/537.36"
51.44.20.102 - - [18/May/2025:16:23:48 -0400] "GET //wp-includes/widgets/autoload_classmap.php HTTP/1.1" 500 276 "-" "Mozilla/5.0 (Windows NT 10.0; Win64; x64) AppleWebKit/537.36 (KHTML, like Gecko) Chrome/85.0.4183.102 Safari/537.36"
35.181.43.16 - - [18/May/2025:16:23:48 -0400] "GET /wp-includes///wp-includes/rest-api/ HTTP/1.1" 500 276 "-" "Mozlila/5.0 (Linux; Android 7.0; SM-G892A Bulid/NRD90M; wv) AppleWebKit/537.36 (KHTML, like Gecko) Version/4.0 Chrome/60.0.3112.107 Moblie Safari/537.36"
51.44.20.102 - - [18/May/2025:16:23:50 -0400] "GET //wp-content/uploads/autoload_classmap.php HTTP/1.1" 500 276 "-" "Mozilla/5.0 (Windows NT 10.0; Win64; x64) AppleWebKit/537.36 (KHTML, like Gecko) Chrome/85.0.4183.102 Safari/537.36"
35.181.43.16 - - [18/May/2025:16:23:50 -0400] "GET /wp-includes///wp-includes/rest-api/ HTTP/1.1" 500 276 "-" "Mozlila/5.0 (Linux; Android 7.0; SM-G892A Bulid/NRD90M; wv) AppleWebKit/537.36 (KHTML, like Gecko) Version/4.0 Chrome/60.0.3112.107 Moblie Safari/537.36"
35.181.43.16 - - [18/May/2025:16:23:51 -0400] "GET /wp-includes///wp-includes/SimplePie/ HTTP/1.1" 500 276 "-" "Mozlila/5.0 (Linux; Android 7.0; SM-G892A Bulid/NRD90M; wv) AppleWebKit/537.36 (KHTML, like Gecko) Version/4.0 Chrome/60.0.3112.107 Moblie Safari/537.36"
47.242.77.69 - - [18/May/2025:16:23:51 -0400] "GET /sitemap-subkey-1689.xml HTTP/1.1" 200 99564 "-" "Mozilla/5.0 (Macintosh; Intel Mac OS X 10_15_7) AppleWebKit/537.36 (KHTML, like Gecko) Chrome/109.0.0.0 Safari/537.36"
35.181.43.16 - - [18/May/2025:16:23:53 -0400] "GET /wp-includes///wp-includes/SimplePie/ HTTP/1.1" 500 21 "-" "Mozlila/5.0 (Linux; Android 7.0; SM-G892A Bulid/NRD90M; wv) AppleWebKit/537.36 (KHTML, like Gecko) Version/4.0 Chrome/60.0.3112.107 Moblie Safari/537.36"
35.181.43.16 - - [18/May/2025:16:23:54 -0400] "GET /wp-includes///wp-includes/sitemaps/ HTTP/1.1" 500 276 "-" "Mozlila/5.0 (Linux; Android 7.0; SM-G892A Bulid/NRD90M; wv) AppleWebKit/537.36 (KHTML, like Gecko) Version/4.0 Chrome/60.0.3112.107 Moblie Safari/537.36"
35.181.43.16 - - [18/May/2025:16:23:55 -0400] "GET /wp-includes///wp-includes/sitemaps/ HTTP/1.1" 500 276 "-" "Mozlila/5.0 (Linux; Android 7.0; SM-G892A Bulid/NRD90M; wv) AppleWebKit/537.36 (KHTML, like Gecko) Version/4.0 Chrome/60.0.3112.107 Moblie Safari/537.36"
35.181.43.16 - - [18/May/2025:16:23:57 -0400] "GET /wp-includes///wp-includes/sodium_compat/ HTTP/1.1" 500 21 "-" "Mozlila/5.0 (Linux; Android 7.0; SM-G892A Bulid/NRD90M; wv) AppleWebKit/537.36 (KHTML, like Gecko) Version/4.0 Chrome/60.0.3112.107 Moblie Safari/537.36"
198.204.226.18 - - [18/May/2025:16:23:58 -0400] "GET /wp-content/install.php HTTP/1.1" 200 10 "http://jenniferflo.com/wp-content/install.php" "Mozilla/5.0 (Windows NT 10.0; Win64; x64) AppleWebKit/537.36 (KHTML, like Gecko) Chrome/58.0.3029.110 Safari/537.3"
35.181.43.16 - - [18/May/2025:16:23:58 -0400] "GET /wp-includes///wp-includes/sodium_compat/ HTTP/1.1" 500 276 "-" "Mozlila/5.0 (Linux; Android 7.0; SM-G892A Bulid/NRD90M; wv) AppleWebKit/537.36 (KHTML, like Gecko) Version/4.0 Chrome/60.0.3112.107 Moblie Safari/537.36"
35.181.43.16 - - [18/May/2025:16:23:59 -0400] "GET /wp-includes///wp-includes/style-engine/ HTTP/1.1" 500 276 "-" "Mozlila/5.0 (Linux; Android 7.0; SM-G892A Bulid/NRD90M; wv) AppleWebKit/537.36 (KHTML, like Gecko) Version/4.0 Chrome/60.0.3112.107 Moblie Safari/537.36"
208.110.64.178 - - [18/May/2025:16:24:01 -0400] "GET /wp-includes/install.php HTTP/1.1" 200 10 "http://jenniferflo.com/wp-includes/install.php" "Mozilla/5.0 (Windows NT 10.0; Win64; x64) AppleWebKit/537.36 (KHTML, like Gecko) Chrome/58.0.3029.110 Safari/537.3"
35.181.43.16 - - [18/May/2025:16:24:01 -0400] "GET /wp-includes///wp-includes/style-engine/ HTTP/1.1" 500 276 "-" "Mozlila/5.0 (Linux; Android 7.0; SM-G892A Bulid/NRD90M; wv) AppleWebKit/537.36 (KHTML, like Gecko) Version/4.0 Chrome/60.0.3112.107 Moblie Safari/537.36"
51.44.20.102 - - [18/May/2025:16:24:02 -0400] "GET /erin1.PhP7 HTTP/1.1" 500 276 "-" "Mozlila/5.0 (Linux; Android 7.0; SM-G892A Bulid/NRD90M; wv) AppleWebKit/537.36 (KHTML, like Gecko) Version/4.0 Chrome/60.0.3112.107 Moblie Safari/537.36"
35.181.43.16 - - [18/May/2025:16:24:02 -0400] "GET /wp-includes///wp-includes/Text/ HTTP/1.1" 500 276 "-" "Mozlila/5.0 (Linux; Android 7.0; SM-G892A Bulid/NRD90M; wv) AppleWebKit/537.36 (KHTML, like Gecko) Version/4.0 Chrome/60.0.3112.107 Moblie Safari/537.36"
35.181.43.16 - - [18/May/2025:16:24:04 -0400] "GET /wp-includes///wp-includes/Text/ HTTP/1.1" 500 276 "-" "Mozlila/5.0 (Linux; Android 7.0; SM-G892A Bulid/NRD90M; wv) AppleWebKit/537.36 (KHTML, like Gecko) Version/4.0 Chrome/60.0.3112.107 Moblie Safari/537.36"
51.44.20.102 - - [18/May/2025:16:24:05 -0400] "GET /fosil.php HTTP/1.1" 500 276 "-" "Mozlila/5.0 (Linux; Android 7.0; SM-G892A Bulid/NRD90M; wv) AppleWebKit/537.36 (KHTML, like Gecko) Version/4.0 Chrome/60.0.3112.107 Moblie Safari/537.36"
35.181.43.16 - - [18/May/2025:16:24:05 -0400] "GET /wp-includes///wp-includes/theme-compat/ HTTP/1.1" 500 21 "-" "Mozlila/5.0 (Linux; Android 7.0; SM-G892A Bulid/NRD90M; wv) AppleWebKit/537.36 (KHTML, like Gecko) Version/4.0 Chrome/60.0.3112.107 Moblie Safari/537.36"
35.181.43.16 - - [18/May/2025:16:24:06 -0400] "GET /wp-includes///wp-includes/theme-compat/ HTTP/1.1" 500 276 "-" "Mozlila/5.0 (Linux; Android 7.0; SM-G892A Bulid/NRD90M; wv) AppleWebKit/537.36 (KHTML, like Gecko) Version/4.0 Chrome/60.0.3112.107 Moblie Safari/537.36"
35.181.43.16 - - [18/May/2025:16:24:08 -0400] "GET /wp-includes///wp-includes/widgets/ HTTP/1.1" 500 276 "-" "Mozlila/5.0 (Linux; Android 7.0; SM-G892A Bulid/NRD90M; wv) AppleWebKit/537.36 (KHTML, like Gecko) Version/4.0 Chrome/60.0.3112.107 Moblie Safari/537.36"
47.238.13.11 - - [18/May/2025:16:24:08 -0400] "GET /sitemap-subkey-1879.xml HTTP/1.1" 200 101537 "-" "Mozilla/5.0 (Macintosh; Intel Mac OS X 10_15_7) AppleWebKit/537.36 (KHTML, like Gecko) Chrome/109.0.0.0 Safari/537.36"
35.181.43.16 - - [18/May/2025:16:24:09 -0400] "GET /wp-includes///wp-includes/widgets/ HTTP/1.1" 500 275 "-" "Mozlila/5.0 (Linux; Android 7.0; SM-G892A Bulid/NRD90M; wv) AppleWebKit/537.36 (KHTML, like Gecko) Version/4.0 Chrome/60.0.3112.107 Moblie Safari/537.36"
35.181.43.16 - - [18/May/2025:16:24:10 -0400] "GET /wp-includes///wp-includes/238 HTTP/1.1" 500 276 "-" "Mozlila/5.0 (Linux; Android 7.0; SM-G892A Bulid/NRD90M; wv) AppleWebKit/537.36 (KHTML, like Gecko) Version/4.0 Chrome/60.0.3112.107 Moblie Safari/537.36"
35.181.43.16 - - [18/May/2025:16:24:12 -0400] "GET /wp-includes///wp-includes/238 HTTP/1.1" 500 276 "-" "Mozlila/5.0 (Linux; Android 7.0; SM-G892A Bulid/NRD90M; wv) AppleWebKit/537.36 (KHTML, like Gecko) Version/4.0 Chrome/60.0.3112.107 Moblie Safari/537.36"
35.181.43.16 - - [18/May/2025:16:24:13 -0400] "GET /wp-includes//wp-includes/admin-bar.php HTTP/1.1" 500 276 "-" "Mozlila/5.0 (Linux; Android 7.0; SM-G892A Bulid/NRD90M; wv) AppleWebKit/537.36 (KHTML, like Gecko) Version/4.0 Chrome/60.0.3112.107 Moblie Safari/537.36"
35.181.43.16 - - [18/May/2025:16:24:15 -0400] "GET /wp-includes//wp-includes/admin-bar.php HTTP/1.1" 500 275 "-" "Mozlila/5.0 (Linux; Android 7.0; SM-G892A Bulid/NRD90M; wv) AppleWebKit/537.36 (KHTML, like Gecko) Version/4.0 Chrome/60.0.3112.107 Moblie Safari/537.36"
35.181.43.16 - - [18/May/2025:16:24:16 -0400] "GET /wp-includes//wp-includes/category.php HTTP/1.1" 500 276 "-" "Mozlila/5.0 (Linux; Android 7.0; SM-G892A Bulid/NRD90M; wv) AppleWebKit/537.36 (KHTML, like Gecko) Version/4.0 Chrome/60.0.3112.107 Moblie Safari/537.36"
35.181.43.16 - - [18/May/2025:16:24:17 -0400] "GET /wp-includes//wp-includes/category.php HTTP/1.1" 500 276 "-" "Mozlila/5.0 (Linux; Android 7.0; SM-G892A Bulid/NRD90M; wv) AppleWebKit/537.36 (KHTML, like Gecko) Version/4.0 Chrome/60.0.3112.107 Moblie Safari/537.36"
212.11.64.144 - - [18/May/2025:16:24:18 -0400] "GET //themes/tiagoabrantes/assets/wsoyanzupdate0208.php HTTP/1.1" 500 271 "http://jenniferflo.com/" "Mozilla/5.0 (Windows NT 10.0; Win64; x64) AppleWebKit/537.36 (KHTML, like Gecko) Chrome/121.0.0.0 Safari/537.36"
35.181.43.16 - - [18/May/2025:16:24:19 -0400] "GET /wp-includes//wp-includes/comment.php HTTP/1.1" 500 275 "-" "Mozlila/5.0 (Linux; Android 7.0; SM-G892A Bulid/NRD90M; wv) AppleWebKit/537.36 (KHTML, like Gecko) Version/4.0 Chrome/60.0.3112.107 Moblie Safari/537.36"
51.44.20.102 - - [18/May/2025:16:24:19 -0400] "GET /ws.php.php HTTP/1.1" 500 275 "-" "Mozlila/5.0 (Linux; Android 7.0; SM-G892A Bulid/NRD90M; wv) AppleWebKit/537.36 (KHTML, like Gecko) Version/4.0 Chrome/60.0.3112.107 Moblie Safari/537.36"
35.181.43.16 - - [18/May/2025:16:24:20 -0400] "GET /wp-includes//wp-includes/comment.php HTTP/1.1" 500 276 "-" "Mozlila/5.0 (Linux; Android 7.0; SM-G892A Bulid/NRD90M; wv) AppleWebKit/537.36 (KHTML, like Gecko) Version/4.0 Chrome/60.0.3112.107 Moblie Safari/537.36"
51.44.20.102 - - [18/May/2025:16:24:21 -0400] "GET /ws.php HTTP/1.1" 500 276 "-" "Mozlila/5.0 (Linux; Android 7.0; SM-G892A Bulid/NRD90M; wv) AppleWebKit/537.36 (KHTML, like Gecko) Version/4.0 Chrome/60.0.3112.107 Moblie Safari/537.36"
35.181.43.16 - - [18/May/2025:16:24:22 -0400] "GET /wp-includes//wp-includes/compat.php HTTP/1.1" 500 276 "-" "Mozlila/5.0 (Linux; Android 7.0; SM-G892A Bulid/NRD90M; wv) AppleWebKit/537.36 (KHTML, like Gecko) Version/4.0 Chrome/60.0.3112.107 Moblie Safari/537.36"
35.181.43.16 - - [18/May/2025:16:24:24 -0400] "GET /wp-includes//wp-includes/compat.php HTTP/1.1" 500 276 "-" "Mozlila/5.0 (Linux; Android 7.0; SM-G892A Bulid/NRD90M; wv) AppleWebKit/537.36 (KHTML, like Gecko) Version/4.0 Chrome/60.0.3112.107 Moblie Safari/537.36"
35.181.43.16 - - [18/May/2025:16:24:25 -0400] "GET /wp-includes//wp-includes/cron.php HTTP/1.1" 500 276 "-" "Mozlila/5.0 (Linux; Android 7.0; SM-G892A Bulid/NRD90M; wv) AppleWebKit/537.36 (KHTML, like Gecko) Version/4.0 Chrome/60.0.3112.107 Moblie Safari/537.36"
35.181.43.16 - - [18/May/2025:16:24:26 -0400] "GET /wp-includes//wp-includes/cron.php HTTP/1.1" 500 276 "-" "Mozlila/5.0 (Linux; Android 7.0; SM-G892A Bulid/NRD90M; wv) AppleWebKit/537.36 (KHTML, like Gecko) Version/4.0 Chrome/60.0.3112.107 Moblie Safari/537.36"
35.181.43.16 - - [18/May/2025:16:24:28 -0400] "GET /wp-includes//wp-includes/defaults.php HTTP/1.1" 500 276 "-" "Mozlila/5.0 (Linux; Android 7.0; SM-G892A Bulid/NRD90M; wv) AppleWebKit/537.36 (KHTML, like Gecko) Version/4.0 Chrome/60.0.3112.107 Moblie Safari/537.36"
51.44.20.102 - - [18/May/2025:16:24:28 -0400] "GET /wp-admin/user/wp-login.php HTTP/1.1" 500 276 "-" "Mozlila/5.0 (Linux; Android 7.0; SM-G892A Bulid/NRD90M; wv) AppleWebKit/537.36 (KHTML, like Gecko) Version/4.0 Chrome/60.0.3112.107 Moblie Safari/537.36"
35.181.43.16 - - [18/May/2025:16:24:29 -0400] "GET /wp-includes//wp-includes/defaults.php HTTP/1.1" 500 276 "-" "Mozlila/5.0 (Linux; Android 7.0; SM-G892A Bulid/NRD90M; wv) AppleWebKit/537.36 (KHTML, like Gecko) Version/4.0 Chrome/60.0.3112.107 Moblie Safari/537.36"
35.181.43.16 - - [18/May/2025:16:24:30 -0400] "GET /wp-includes//wp-includes/edit.php HTTP/1.1" 500 275 "-" "Mozlila/5.0 (Linux; Android 7.0; SM-G892A Bulid/NRD90M; wv) AppleWebKit/537.36 (KHTML, like Gecko) Version/4.0 Chrome/60.0.3112.107 Moblie Safari/537.36"
35.181.43.16 - - [18/May/2025:16:24:31 -0400] "GET /wp-includes//wp-includes/edit.php HTTP/1.1" 500 275 "-" "Mozlila/5.0 (Linux; Android 7.0; SM-G892A Bulid/NRD90M; wv) AppleWebKit/537.36 (KHTML, like Gecko) Version/4.0 Chrome/60.0.3112.107 Moblie Safari/537.36"
47.238.14.12 - - [18/May/2025:16:24:30 -0400] "GET /sitemap-subkey-1765.xml HTTP/1.1" 200 100790 "-" "Mozilla/5.0 (Macintosh; Intel Mac OS X 10_15_7) AppleWebKit/537.36 (KHTML, like Gecko) Chrome/109.0.0.0 Safari/537.36"
51.44.20.102 - - [18/May/2025:16:24:32 -0400] "GET /wp-includes/images/wp-login.php HTTP/1.1" 500 276 "-" "Mozlila/5.0 (Linux; Android 7.0; SM-G892A Bulid/NRD90M; wv) AppleWebKit/537.36 (KHTML, like Gecko) Version/4.0 Chrome/60.0.3112.107 Moblie Safari/537.36"
35.181.43.16 - - [18/May/2025:16:24:33 -0400] "GET /wp-includes///wp-includes/error_log HTTP/1.1" 500 276 "-" "Mozlila/5.0 (Linux; Android 7.0; SM-G892A Bulid/NRD90M; wv) AppleWebKit/537.36 (KHTML, like Gecko) Version/4.0 Chrome/60.0.3112.107 Moblie Safari/537.36"
35.181.43.16 - - [18/May/2025:16:24:34 -0400] "GET /wp-includes///wp-includes/error_log HTTP/1.1" 500 276 "-" "Mozlila/5.0 (Linux; Android 7.0; SM-G892A Bulid/NRD90M; wv) AppleWebKit/537.36 (KHTML, like Gecko) Version/4.0 Chrome/60.0.3112.107 Moblie Safari/537.36"
35.181.43.16 - - [18/May/2025:16:24:35 -0400] "GET /wp-includes//wp-includes/feed.php HTTP/1.1" 500 276 "-" "Mozlila/5.0 (Linux; Android 7.0; SM-G892A Bulid/NRD90M; wv) AppleWebKit/537.36 (KHTML, like Gecko) Version/4.0 Chrome/60.0.3112.107 Moblie Safari/537.36"
35.181.43.16 - - [18/May/2025:16:24:36 -0400] "GET /wp-includes//wp-includes/feed.php HTTP/1.1" 500 276 "-" "Mozlila/5.0 (Linux; Android 7.0; SM-G892A Bulid/NRD90M; wv) AppleWebKit/537.36 (KHTML, like Gecko) Version/4.0 Chrome/60.0.3112.107 Moblie Safari/537.36"
51.44.20.102 - - [18/May/2025:16:24:36 -0400] "GET /.well-known/pki-validation/wp-login.php HTTP/1.1" 404 1251 "-" "Mozlila/5.0 (Linux; Android 7.0; SM-G892A Bulid/NRD90M; wv) AppleWebKit/537.36 (KHTML, like Gecko) Version/4.0 Chrome/60.0.3112.107 Moblie Safari/537.36"
35.181.43.16 - - [18/May/2025:16:24:38 -0400] "GET /wp-includes//wp-includes/fonts.php HTTP/1.1" 500 275 "-" "Mozlila/5.0 (Linux; Android 7.0; SM-G892A Bulid/NRD90M; wv) AppleWebKit/537.36 (KHTML, like Gecko) Version/4.0 Chrome/60.0.3112.107 Moblie Safari/537.36"
51.44.20.102 - - [18/May/2025:16:24:38 -0400] "GET /wp-admin/wp-login.php HTTP/1.1" 500 275 "-" "Mozlila/5.0 (Linux; Android 7.0; SM-G892A Bulid/NRD90M; wv) AppleWebKit/537.36 (KHTML, like Gecko) Version/4.0 Chrome/60.0.3112.107 Moblie Safari/537.36"
35.181.43.16 - - [18/May/2025:16:24:39 -0400] "GET /wp-includes//wp-includes/fonts.php HTTP/1.1" 500 276 "-" "Mozlila/5.0 (Linux; Android 7.0; SM-G892A Bulid/NRD90M; wv) AppleWebKit/537.36 (KHTML, like Gecko) Version/4.0 Chrome/60.0.3112.107 Moblie Safari/537.36"
35.181.43.16 - - [18/May/2025:16:24:41 -0400] "GET /wp-includes//wp-includes/formatting.php HTTP/1.1" 500 276 "-" "Mozlila/5.0 (Linux; Android 7.0; SM-G892A Bulid/NRD90M; wv) AppleWebKit/537.36 (KHTML, like Gecko) Version/4.0 Chrome/60.0.3112.107 Moblie Safari/537.36"
51.44.20.102 - - [18/May/2025:16:24:42 -0400] "GET /wp-includes/wp-login.php HTTP/1.1" 500 276 "-" "Mozlila/5.0 (Linux; Android 7.0; SM-G892A Bulid/NRD90M; wv) AppleWebKit/537.36 (KHTML, like Gecko) Version/4.0 Chrome/60.0.3112.107 Moblie Safari/537.36"
35.181.43.16 - - [18/May/2025:16:24:42 -0400] "GET /wp-includes//wp-includes/formatting.php HTTP/1.1" 500 276 "-" "Mozlila/5.0 (Linux; Android 7.0; SM-G892A Bulid/NRD90M; wv) AppleWebKit/537.36 (KHTML, like Gecko) Version/4.0 Chrome/60.0.3112.107 Moblie Safari/537.36"
35.181.43.16 - - [18/May/2025:16:24:44 -0400] "GET /wp-includes//wp-includes/functions.php HTTP/1.1" 500 276 "-" "Mozlila/5.0 (Linux; Android 7.0; SM-G892A Bulid/NRD90M; wv) AppleWebKit/537.36 (KHTML, like Gecko) Version/4.0 Chrome/60.0.3112.107 Moblie Safari/537.36"
51.44.20.102 - - [18/May/2025:16:24:44 -0400] "GET /cgi-bin/wp-login.php HTTP/1.1" 500 276 "-" "Mozlila/5.0 (Linux; Android 7.0; SM-G892A Bulid/NRD90M; wv) AppleWebKit/537.36 (KHTML, like Gecko) Version/4.0 Chrome/60.0.3112.107 Moblie Safari/537.36"
35.181.43.16 - - [18/May/2025:16:24:45 -0400] "GET /wp-includes//wp-includes/functions.php HTTP/1.1" 500 276 "-" "Mozlila/5.0 (Linux; Android 7.0; SM-G892A Bulid/NRD90M; wv) AppleWebKit/537.36 (KHTML, like Gecko) Version/4.0 Chrome/60.0.3112.107 Moblie Safari/537.36"
35.181.43.16 - - [18/May/2025:16:24:47 -0400] "GET /wp-includes//wp-includes/general-template.php HTTP/1.1" 500 275 "-" "Mozlila/5.0 (Linux; Android 7.0; SM-G892A Bulid/NRD90M; wv) AppleWebKit/537.36 (KHTML, like Gecko) Version/4.0 Chrome/60.0.3112.107 Moblie Safari/537.36"
35.181.43.16 - - [18/May/2025:16:24:48 -0400] "GET /wp-includes//wp-includes/general-template.php HTTP/1.1" 500 275 "-" "Mozlila/5.0 (Linux; Android 7.0; SM-G892A Bulid/NRD90M; wv) AppleWebKit/537.36 (KHTML, like Gecko) Version/4.0 Chrome/60.0.3112.107 Moblie Safari/537.36"
51.44.20.102 - - [18/May/2025:16:24:48 -0400] "GET /.wp-cli/wp-login.php HTTP/1.1" 500 275 "-" "Mozlila/5.0 (Linux; Android 7.0; SM-G892A Bulid/NRD90M; wv) AppleWebKit/537.36 (KHTML, like Gecko) Version/4.0 Chrome/60.0.3112.107 Moblie Safari/537.36"
35.181.43.16 - - [18/May/2025:16:24:49 -0400] "GET /wp-includes//wp-includes/http.php HTTP/1.1" 500 275 "-" "Mozlila/5.0 (Linux; Android 7.0; SM-G892A Bulid/NRD90M; wv) AppleWebKit/537.36 (KHTML, like Gecko) Version/4.0 Chrome/60.0.3112.107 Moblie Safari/537.36"
35.181.43.16 - - [18/May/2025:16:24:50 -0400] "GET /wp-includes//wp-includes/http.php HTTP/1.1" 500 275 "-" "Mozlila/5.0 (Linux; Android 7.0; SM-G892A Bulid/NRD90M; wv) AppleWebKit/537.36 (KHTML, like Gecko) Version/4.0 Chrome/60.0.3112.107 Moblie Safari/537.36"
51.44.20.102 - - [18/May/2025:16:24:51 -0400] "GET /wp-content/uploads/wp-login.php HTTP/1.1" 500 275 "-" "Mozlila/5.0 (Linux; Android 7.0; SM-G892A Bulid/NRD90M; wv) AppleWebKit/537.36 (KHTML, like Gecko) Version/4.0 Chrome/60.0.3112.107 Moblie Safari/537.36"
35.181.43.16 - - [18/May/2025:16:24:52 -0400] "GET /wp-includes//wp-includes/install.php HTTP/1.1" 500 276 "-" "Mozlila/5.0 (Linux; Android 7.0; SM-G892A Bulid/NRD90M; wv) AppleWebKit/537.36 (KHTML, like Gecko) Version/4.0 Chrome/60.0.3112.107 Moblie Safari/537.36"
35.181.43.16 - - [18/May/2025:16:24:53 -0400] "GET /wp-includes//wp-includes/install.php HTTP/1.1" 500 276 "-" "Mozlila/5.0 (Linux; Android 7.0; SM-G892A Bulid/NRD90M; wv) AppleWebKit/537.36 (KHTML, like Gecko) Version/4.0 Chrome/60.0.3112.107 Moblie Safari/537.36"
35.181.43.16 - - [18/May/2025:16:24:54 -0400] "GET /wp-includes//wp-includes/item.php HTTP/1.1" 500 275 "-" "Mozlila/5.0 (Linux; Android 7.0; SM-G892A Bulid/NRD90M; wv) AppleWebKit/537.36 (KHTML, like Gecko) Version/4.0 Chrome/60.0.3112.107 Moblie Safari/537.36"
35.181.43.16 - - [18/May/2025:16:24:55 -0400] "GET /wp-includes//wp-includes/item.php HTTP/1.1" 500 275 "-" "Mozlila/5.0 (Linux; Android 7.0; SM-G892A Bulid/NRD90M; wv) AppleWebKit/537.36 (KHTML, like Gecko) Version/4.0 Chrome/60.0.3112.107 Moblie Safari/537.36"
35.181.43.16 - - [18/May/2025:16:24:56 -0400] "GET /wp-includes//wp-includes/l10n.php HTTP/1.1" 500 276 "-" "Mozlila/5.0 (Linux; Android 7.0; SM-G892A Bulid/NRD90M; wv) AppleWebKit/537.36 (KHTML, like Gecko) Version/4.0 Chrome/60.0.3112.107 Moblie Safari/537.36"
35.181.43.16 - - [18/May/2025:16:24:58 -0400] "GET /wp-includes//wp-includes/l10n.php HTTP/1.1" 500 275 "-" "Mozlila/5.0 (Linux; Android 7.0; SM-G892A Bulid/NRD90M; wv) AppleWebKit/537.36 (KHTML, like Gecko) Version/4.0 Chrome/60.0.3112.107 Moblie Safari/537.36"
35.181.43.16 - - [18/May/2025:16:24:59 -0400] "GET /wp-includes//wp-includes/load.php HTTP/1.1" 500 275 "-" "Mozlila/5.0 (Linux; Android 7.0; SM-G892A Bulid/NRD90M; wv) AppleWebKit/537.36 (KHTML, like Gecko) Version/4.0 Chrome/60.0.3112.107 Moblie Safari/537.36"
35.181.43.16 - - [18/May/2025:16:25:00 -0400] "GET /wp-includes//wp-includes/load.php HTTP/1.1" 500 275 "-" "Mozlila/5.0 (Linux; Android 7.0; SM-G892A Bulid/NRD90M; wv) AppleWebKit/537.36 (KHTML, like Gecko) Version/4.0 Chrome/60.0.3112.107 Moblie Safari/537.36"
35.181.43.16 - - [18/May/2025:16:25:01 -0400] "GET /wp-includes//wp-includes/mah.php HTTP/1.1" 500 275 "-" "Mozlila/5.0 (Linux; Android 7.0; SM-G892A Bulid/NRD90M; wv) AppleWebKit/537.36 (KHTML, like Gecko) Version/4.0 Chrome/60.0.3112.107 Moblie Safari/537.36"
35.181.43.16 - - [18/May/2025:16:25:02 -0400] "GET /wp-includes//wp-includes/mah.php HTTP/1.1" 500 275 "-" "Mozlila/5.0 (Linux; Android 7.0; SM-G892A Bulid/NRD90M; wv) AppleWebKit/537.36 (KHTML, like Gecko) Version/4.0 Chrome/60.0.3112.107 Moblie Safari/537.36"
35.181.43.16 - - [18/May/2025:16:25:03 -0400] "GET /wp-includes//wp-includes/media.php HTTP/1.1" 500 275 "-" "Mozlila/5.0 (Linux; Android 7.0; SM-G892A Bulid/NRD90M; wv) AppleWebKit/537.36 (KHTML, like Gecko) Version/4.0 Chrome/60.0.3112.107 Moblie Safari/537.36"
35.181.43.16 - - [18/May/2025:16:25:04 -0400] "GET /wp-includes//wp-includes/media.php HTTP/1.1" 500 276 "-" "Mozlila/5.0 (Linux; Android 7.0; SM-G892A Bulid/NRD90M; wv) AppleWebKit/537.36 (KHTML, like Gecko) Version/4.0 Chrome/60.0.3112.107 Moblie Safari/537.36"
35.181.43.16 - - [18/May/2025:16:25:05 -0400] "GET /wp-includes//wp-includes/nav-menu.php HTTP/1.1" 500 276 "-" "Mozlila/5.0 (Linux; Android 7.0; SM-G892A Bulid/NRD90M; wv) AppleWebKit/537.36 (KHTML, like Gecko) Version/4.0 Chrome/60.0.3112.107 Moblie Safari/537.36"
35.181.43.16 - - [18/May/2025:16:25:06 -0400] "GET /wp-includes//wp-includes/nav-menu.php HTTP/1.1" 500 275 "-" "Mozlila/5.0 (Linux; Android 7.0; SM-G892A Bulid/NRD90M; wv) AppleWebKit/537.36 (KHTML, like Gecko) Version/4.0 Chrome/60.0.3112.107 Moblie Safari/537.36"
35.181.43.16 - - [18/May/2025:16:25:08 -0400] "GET /wp-includes//wp-includes/networks.php HTTP/1.1" 500 275 "-" "Mozlila/5.0 (Linux; Android 7.0; SM-G892A Bulid/NRD90M; wv) AppleWebKit/537.36 (KHTML, like Gecko) Version/4.0 Chrome/60.0.3112.107 Moblie Safari/537.36"
35.181.43.16 - - [18/May/2025:16:25:08 -0400] "GET /wp-includes//wp-includes/networks.php HTTP/1.1" 500 275 "-" "Mozlila/5.0 (Linux; Android 7.0; SM-G892A Bulid/NRD90M; wv) AppleWebKit/537.36 (KHTML, like Gecko) Version/4.0 Chrome/60.0.3112.107 Moblie Safari/537.36"
35.181.43.16 - - [18/May/2025:16:25:10 -0400] "GET /wp-includes//wp-includes/pluggable.php HTTP/1.1" 500 275 "-" "Mozlila/5.0 (Linux; Android 7.0; SM-G892A Bulid/NRD90M; wv) AppleWebKit/537.36 (KHTML, like Gecko) Version/4.0 Chrome/60.0.3112.107 Moblie Safari/537.36"
35.181.43.16 - - [18/May/2025:16:25:10 -0400] "GET /wp-includes//wp-includes/pluggable.php HTTP/1.1" 500 275 "-" "Mozlila/5.0 (Linux; Android 7.0; SM-G892A Bulid/NRD90M; wv) AppleWebKit/537.36 (KHTML, like Gecko) Version/4.0 Chrome/60.0.3112.107 Moblie Safari/537.36"
35.181.43.16 - - [18/May/2025:16:25:12 -0400] "GET /wp-includes//wp-includes/plugin.php HTTP/1.1" 500 275 "-" "Mozlila/5.0 (Linux; Android 7.0; SM-G892A Bulid/NRD90M; wv) AppleWebKit/537.36 (KHTML, like Gecko) Version/4.0 Chrome/60.0.3112.107 Moblie Safari/537.36"
35.181.43.16 - - [18/May/2025:16:25:12 -0400] "GET /wp-includes//wp-includes/plugin.php HTTP/1.1" 500 21 "-" "Mozlila/5.0 (Linux; Android 7.0; SM-G892A Bulid/NRD90M; wv) AppleWebKit/537.36 (KHTML, like Gecko) Version/4.0 Chrome/60.0.3112.107 Moblie Safari/537.36"
35.181.43.16 - - [18/May/2025:16:25:13 -0400] "GET /wp-includes/rest-api/about.php HTTP/1.1" 500 275 "-" "Mozlila/5.0 (Linux; Android 7.0; SM-G892A Bulid/NRD90M; wv) AppleWebKit/537.36 (KHTML, like Gecko) Version/4.0 Chrome/60.0.3112.107 Moblie Safari/537.36"
35.181.43.16 - - [18/May/2025:16:25:13 -0400] "GET /wp-includes//wp-includes/plugins.php HTTP/1.1" 500 275 "-" "Mozlila/5.0 (Linux; Android 7.0; SM-G892A Bulid/NRD90M; wv) AppleWebKit/537.36 (KHTML, like Gecko) Version/4.0 Chrome/60.0.3112.107 Moblie Safari/537.36"
35.181.43.16 - - [18/May/2025:16:25:14 -0400] "GET /wp-content/languages/about.php HTTP/1.1" 500 275 "-" "Mozlila/5.0 (Linux; Android 7.0; SM-G892A Bulid/NRD90M; wv) AppleWebKit/537.36 (KHTML, like Gecko) Version/4.0 Chrome/60.0.3112.107 Moblie Safari/537.36"
35.181.43.16 - - [18/May/2025:16:25:14 -0400] "GET /wp-content/banners/about.php HTTP/1.1" 500 275 "-" "Mozlila/5.0 (Linux; Android 7.0; SM-G892A Bulid/NRD90M; wv) AppleWebKit/537.36 (KHTML, like Gecko) Version/4.0 Chrome/60.0.3112.107 Moblie Safari/537.36"
35.181.43.16 - - [18/May/2025:16:25:14 -0400] "GET /wp-includes/Text/about.php HTTP/1.1" 500 275 "-" "Mozlila/5.0 (Linux; Android 7.0; SM-G892A Bulid/NRD90M; wv) AppleWebKit/537.36 (KHTML, like Gecko) Version/4.0 Chrome/60.0.3112.107 Moblie Safari/537.36"
35.181.43.16 - - [18/May/2025:16:25:14 -0400] "GET /wp-includes/css/dist/niil.php HTTP/1.1" 500 275 "-" "Mozlila/5.0 (Linux; Android 7.0; SM-G892A Bulid/NRD90M; wv) AppleWebKit/537.36 (KHTML, like Gecko) Version/4.0 Chrome/60.0.3112.107 Moblie Safari/537.36"
35.181.43.16 - - [18/May/2025:16:25:14 -0400] "GET /asd.php HTTP/1.1" 500 275 "-" "Mozlila/5.0 (Linux; Android 7.0; SM-G892A Bulid/NRD90M; wv) AppleWebKit/537.36 (KHTML, like Gecko) Version/4.0 Chrome/60.0.3112.107 Moblie Safari/537.36"
35.181.43.16 - - [18/May/2025:16:25:14 -0400] "GET /wp-includes//wp-includes/plugins.php HTTP/1.1" 500 21 "-" "Mozlila/5.0 (Linux; Android 7.0; SM-G892A Bulid/NRD90M; wv) AppleWebKit/537.36 (KHTML, like Gecko) Version/4.0 Chrome/60.0.3112.107 Moblie Safari/537.36"
35.181.43.16 - - [18/May/2025:16:25:15 -0400] "GET /1.php HTTP/1.1" 500 275 "-" "Mozlila/5.0 (Linux; Android 7.0; SM-G892A Bulid/NRD90M; wv) AppleWebKit/537.36 (KHTML, like Gecko) Version/4.0 Chrome/60.0.3112.107 Moblie Safari/537.36"
35.181.43.16 - - [18/May/2025:16:25:15 -0400] "GET /ws.php HTTP/1.1" 500 275 "-" "Mozlila/5.0 (Linux; Android 7.0; SM-G892A Bulid/NRD90M; wv) AppleWebKit/537.36 (KHTML, like Gecko) Version/4.0 Chrome/60.0.3112.107 Moblie Safari/537.36"
35.181.43.16 - - [18/May/2025:16:25:15 -0400] "GET /wp-includes/css/index.php HTTP/1.1" 500 275 "-" "Mozlila/5.0 (Linux; Android 7.0; SM-G892A Bulid/NRD90M; wv) AppleWebKit/537.36 (KHTML, like Gecko) Version/4.0 Chrome/60.0.3112.107 Moblie Safari/537.36"
35.181.43.16 - - [18/May/2025:16:25:15 -0400] "GET /cgi-bin/wp-login.php HTTP/1.1" 500 275 "-" "Mozlila/5.0 (Linux; Android 7.0; SM-G892A Bulid/NRD90M; wv) AppleWebKit/537.36 (KHTML, like Gecko) Version/4.0 Chrome/60.0.3112.107 Moblie Safari/537.36"
35.181.43.16 - - [18/May/2025:16:25:15 -0400] "GET /wp-content/cong.php HTTP/1.1" 500 275 "-" "Mozlila/5.0 (Linux; Android 7.0; SM-G892A Bulid/NRD90M; wv) AppleWebKit/537.36 (KHTML, like Gecko) Version/4.0 Chrome/60.0.3112.107 Moblie Safari/537.36"
35.181.43.16 - - [18/May/2025:16:25:15 -0400] "GET /wp-includes//wp-includes/post.php HTTP/1.1" 500 275 "-" "Mozlila/5.0 (Linux; Android 7.0; SM-G892A Bulid/NRD90M; wv) AppleWebKit/537.36 (KHTML, like Gecko) Version/4.0 Chrome/60.0.3112.107 Moblie Safari/537.36"
35.181.43.16 - - [18/May/2025:16:25:16 -0400] "GET /wp-admin/classwithtostring.php HTTP/1.1" 500 275 "-" "Mozlila/5.0 (Linux; Android 7.0; SM-G892A Bulid/NRD90M; wv) AppleWebKit/537.36 (KHTML, like Gecko) Version/4.0 Chrome/60.0.3112.107 Moblie Safari/537.36"
35.181.43.16 - - [18/May/2025:16:25:16 -0400] "GET /wp-includes/images/wp-login.php HTTP/1.1" 500 275 "-" "Mozlila/5.0 (Linux; Android 7.0; SM-G892A Bulid/NRD90M; wv) AppleWebKit/537.36 (KHTML, like Gecko) Version/4.0 Chrome/60.0.3112.107 Moblie Safari/537.36"
35.181.43.16 - - [18/May/2025:16:25:16 -0400] "GET /wp-includes/Requests/network.php HTTP/1.1" 500 275 "-" "Mozlila/5.0 (Linux; Android 7.0; SM-G892A Bulid/NRD90M; wv) AppleWebKit/537.36 (KHTML, like Gecko) Version/4.0 Chrome/60.0.3112.107 Moblie Safari/537.36"
35.181.43.16 - - [18/May/2025:16:25:16 -0400] "GET /wp-content/radio.php HTTP/1.1" 500 275 "-" "Mozlila/5.0 (Linux; Android 7.0; SM-G892A Bulid/NRD90M; wv) AppleWebKit/537.36 (KHTML, like Gecko) Version/4.0 Chrome/60.0.3112.107 Moblie Safari/537.36"
35.181.43.16 - - [18/May/2025:16:25:16 -0400] "GET /wp-includes//wp-includes/post.php HTTP/1.1" 500 21 "-" "Mozlila/5.0 (Linux; Android 7.0; SM-G892A Bulid/NRD90M; wv) AppleWebKit/537.36 (KHTML, like Gecko) Version/4.0 Chrome/60.0.3112.107 Moblie Safari/537.36"
35.181.43.16 - - [18/May/2025:16:25:16 -0400] "GET /wp-admin/dropdown.php HTTP/1.1" 500 275 "-" "Mozlila/5.0 (Linux; Android 7.0; SM-G892A Bulid/NRD90M; wv) AppleWebKit/537.36 (KHTML, like Gecko) Version/4.0 Chrome/60.0.3112.107 Moblie Safari/537.36"
35.181.43.16 - - [18/May/2025:16:25:17 -0400] "GET /login.php HTTP/1.1" 500 276 "-" "Mozlila/5.0 (Linux; Android 7.0; SM-G892A Bulid/NRD90M; wv) AppleWebKit/537.36 (KHTML, like Gecko) Version/4.0 Chrome/60.0.3112.107 Moblie Safari/537.36"
35.181.43.16 - - [18/May/2025:16:25:17 -0400] "GET /hehehehe.php HTTP/1.1" 500 276 "-" "Mozlila/5.0 (Linux; Android 7.0; SM-G892A Bulid/NRD90M; wv) AppleWebKit/537.36 (KHTML, like Gecko) Version/4.0 Chrome/60.0.3112.107 Moblie Safari/537.36"
35.181.43.16 - - [18/May/2025:16:25:17 -0400] "GET /simple.php HTTP/1.1" 500 276 "-" "Mozlila/5.0 (Linux; Android 7.0; SM-G892A Bulid/NRD90M; wv) AppleWebKit/537.36 (KHTML, like Gecko) Version/4.0 Chrome/60.0.3112.107 Moblie Safari/537.36"
35.181.43.16 - - [18/May/2025:16:25:17 -0400] "GET /wp-includes/fonts/about.php HTTP/1.1" 500 21 "-" "Mozlila/5.0 (Linux; Android 7.0; SM-G892A Bulid/NRD90M; wv) AppleWebKit/537.36 (KHTML, like Gecko) Version/4.0 Chrome/60.0.3112.107 Moblie Safari/537.36"
35.181.43.16 - - [18/May/2025:16:25:17 -0400] "GET /wp-includes//wp-includes/product.php HTTP/1.1" 500 21 "-" "Mozlila/5.0 (Linux; Android 7.0; SM-G892A Bulid/NRD90M; wv) AppleWebKit/537.36 (KHTML, like Gecko) Version/4.0 Chrome/60.0.3112.107 Moblie Safari/537.36"
35.181.43.16 - - [18/May/2025:16:25:17 -0400] "GET /wp-content/admin.php HTTP/1.1" 500 276 "-" "Mozlila/5.0 (Linux; Android 7.0; SM-G892A Bulid/NRD90M; wv) AppleWebKit/537.36 (KHTML, like Gecko) Version/4.0 Chrome/60.0.3112.107 Moblie Safari/537.36"
35.181.43.16 - - [18/May/2025:16:25:18 -0400] "GET /xmlrpc.php HTTP/1.1" 500 275 "-" "Mozlila/5.0 (Linux; Android 7.0; SM-G892A Bulid/NRD90M; wv) AppleWebKit/537.36 (KHTML, like Gecko) Version/4.0 Chrome/60.0.3112.107 Moblie Safari/537.36"
35.181.43.16 - - [18/May/2025:16:25:18 -0400] "GET /atomlib.php HTTP/1.1" 500 21 "-" "Mozlila/5.0 (Linux; Android 7.0; SM-G892A Bulid/NRD90M; wv) AppleWebKit/537.36 (KHTML, like Gecko) Version/4.0 Chrome/60.0.3112.107 Moblie Safari/537.36"
35.181.43.16 - - [18/May/2025:16:25:18 -0400] "GET /wp-includes//wp-includes/product.php HTTP/1.1" 500 275 "-" "Mozlila/5.0 (Linux; Android 7.0; SM-G892A Bulid/NRD90M; wv) AppleWebKit/537.36 (KHTML, like Gecko) Version/4.0 Chrome/60.0.3112.107 Moblie Safari/537.36"
35.181.43.16 - - [18/May/2025:16:25:18 -0400] "GET /lv.php HTTP/1.1" 500 275 "-" "Mozlila/5.0 (Linux; Android 7.0; SM-G892A Bulid/NRD90M; wv) AppleWebKit/537.36 (KHTML, like Gecko) Version/4.0 Chrome/60.0.3112.107 Moblie Safari/537.36"
35.181.43.16 - - [18/May/2025:16:25:18 -0400] "GET /wp-includes/Text/index.php HTTP/1.1" 500 275 "-" "Mozlila/5.0 (Linux; Android 7.0; SM-G892A Bulid/NRD90M; wv) AppleWebKit/537.36 (KHTML, like Gecko) Version/4.0 Chrome/60.0.3112.107 Moblie Safari/537.36"
35.181.43.16 - - [18/May/2025:16:25:18 -0400] "GET /content.php HTTP/1.1" 500 275 "-" "Mozlila/5.0 (Linux; Android 7.0; SM-G892A Bulid/NRD90M; wv) AppleWebKit/537.36 (KHTML, like Gecko) Version/4.0 Chrome/60.0.3112.107 Moblie Safari/537.36"
35.181.43.16 - - [18/May/2025:16:25:19 -0400] "GET /.well-known/acme-challenge/about.php HTTP/1.1" 500 275 "-" "Mozlila/5.0 (Linux; Android 7.0; SM-G892A Bulid/NRD90M; wv) AppleWebKit/537.36 (KHTML, like Gecko) Version/4.0 Chrome/60.0.3112.107 Moblie Safari/537.36"
35.181.43.16 - - [18/May/2025:16:25:19 -0400] "GET /goat.php HTTP/1.1" 500 275 "-" "Mozlila/5.0 (Linux; Android 7.0; SM-G892A Bulid/NRD90M; wv) AppleWebKit/537.36 (KHTML, like Gecko) Version/4.0 Chrome/60.0.3112.107 Moblie Safari/537.36"
35.181.43.16 - - [18/May/2025:16:25:19 -0400] "GET /wp-includes//wp-includes/query.php HTTP/1.1" 500 275 "-" "Mozlila/5.0 (Linux; Android 7.0; SM-G892A Bulid/NRD90M; wv) AppleWebKit/537.36 (KHTML, like Gecko) Version/4.0 Chrome/60.0.3112.107 Moblie Safari/537.36"
35.181.43.16 - - [18/May/2025:16:25:19 -0400] "GET /.well-known/acme-challenge/admin.php HTTP/1.1" 500 275 "-" "Mozlila/5.0 (Linux; Android 7.0; SM-G892A Bulid/NRD90M; wv) AppleWebKit/537.36 (KHTML, like Gecko) Version/4.0 Chrome/60.0.3112.107 Moblie Safari/537.36"
35.181.43.16 - - [18/May/2025:16:25:19 -0400] "GET /wp-content/uploads/about.php HTTP/1.1" 500 275 "-" "Mozlila/5.0 (Linux; Android 7.0; SM-G892A Bulid/NRD90M; wv) AppleWebKit/537.36 (KHTML, like Gecko) Version/4.0 Chrome/60.0.3112.107 Moblie Safari/537.36"
35.181.43.16 - - [18/May/2025:16:25:19 -0400] "GET /wp-admin/maint/index.php HTTP/1.1" 500 275 "-" "Mozlila/5.0 (Linux; Android 7.0; SM-G892A Bulid/NRD90M; wv) AppleWebKit/537.36 (KHTML, like Gecko) Version/4.0 Chrome/60.0.3112.107 Moblie Safari/537.36"
35.181.43.16 - - [18/May/2025:16:25:20 -0400] "GET /dropdown.php HTTP/1.1" 500 275 "-" "Mozlila/5.0 (Linux; Android 7.0; SM-G892A Bulid/NRD90M; wv) AppleWebKit/537.36 (KHTML, like Gecko) Version/4.0 Chrome/60.0.3112.107 Moblie Safari/537.36"
35.181.43.16 - - [18/May/2025:16:25:20 -0400] "GET /wp-includes//wp-includes/query.php HTTP/1.1" 500 275 "-" "Mozlila/5.0 (Linux; Android 7.0; SM-G892A Bulid/NRD90M; wv) AppleWebKit/537.36 (KHTML, like Gecko) Version/4.0 Chrome/60.0.3112.107 Moblie Safari/537.36"
35.181.43.16 - - [18/May/2025:16:25:20 -0400] "GET /sad/about.php HTTP/1.1" 500 21 "-" "Mozlila/5.0 (Linux; Android 7.0; SM-G892A Bulid/NRD90M; wv) AppleWebKit/537.36 (KHTML, like Gecko) Version/4.0 Chrome/60.0.3112.107 Moblie Safari/537.36"
35.181.43.16 - - [18/May/2025:16:25:20 -0400] "GET /radio.php HTTP/1.1" 500 275 "-" "Mozlila/5.0 (Linux; Android 7.0; SM-G892A Bulid/NRD90M; wv) AppleWebKit/537.36 (KHTML, like Gecko) Version/4.0 Chrome/60.0.3112.107 Moblie Safari/537.36"
35.181.43.16 - - [18/May/2025:16:25:20 -0400] "GET /wp-admin/admin.php HTTP/1.1" 500 21 "-" "Mozlila/5.0 (Linux; Android 7.0; SM-G892A Bulid/NRD90M; wv) AppleWebKit/537.36 (KHTML, like Gecko) Version/4.0 Chrome/60.0.3112.107 Moblie Safari/537.36"
35.181.43.16 - - [18/May/2025:16:25:20 -0400] "GET /wp-includes/IXR/index.php HTTP/1.1" 500 275 "-" "Mozlila/5.0 (Linux; Android 7.0; SM-G892A Bulid/NRD90M; wv) AppleWebKit/537.36 (KHTML, like Gecko) Version/4.0 Chrome/60.0.3112.107 Moblie Safari/537.36"
35.181.43.16 - - [18/May/2025:16:25:21 -0400] "GET /classwithtostring.php HTTP/1.1" 500 275 "-" "Mozlila/5.0 (Linux; Android 7.0; SM-G892A Bulid/NRD90M; wv) AppleWebKit/537.36 (KHTML, like Gecko) Version/4.0 Chrome/60.0.3112.107 Moblie Safari/537.36"
35.181.43.16 - - [18/May/2025:16:25:21 -0400] "GET /wp-includes//wp-includes/rest-api.php HTTP/1.1" 500 21 "-" "Mozlila/5.0 (Linux; Android 7.0; SM-G892A Bulid/NRD90M; wv) AppleWebKit/537.36 (KHTML, like Gecko) Version/4.0 Chrome/60.0.3112.107 Moblie Safari/537.36"
35.181.43.16 - - [18/May/2025:16:25:21 -0400] "GET /install.php HTTP/1.1" 500 275 "-" "Mozlila/5.0 (Linux; Android 7.0; SM-G892A Bulid/NRD90M; wv) AppleWebKit/537.36 (KHTML, like Gecko) Version/4.0 Chrome/60.0.3112.107 Moblie Safari/537.36"
35.181.43.16 - - [18/May/2025:16:25:21 -0400] "GET /wp-content/x/index.php HTTP/1.1" 500 275 "-" "Mozlila/5.0 (Linux; Android 7.0; SM-G892A Bulid/NRD90M; wv) AppleWebKit/537.36 (KHTML, like Gecko) Version/4.0 Chrome/60.0.3112.107 Moblie Safari/537.36"
35.181.43.16 - - [18/May/2025:16:25:21 -0400] "GET /wp-includes/Requests/about.php HTTP/1.1" 500 275 "-" "Mozlila/5.0 (Linux; Android 7.0; SM-G892A Bulid/NRD90M; wv) AppleWebKit/537.36 (KHTML, like Gecko) Version/4.0 Chrome/60.0.3112.107 Moblie Safari/537.36"
35.181.43.16 - - [18/May/2025:16:25:21 -0400] "GET /wp-admin/includes/index.php HTTP/1.1" 500 275 "-" "Mozlila/5.0 (Linux; Android 7.0; SM-G892A Bulid/NRD90M; wv) AppleWebKit/537.36 (KHTML, like Gecko) Version/4.0 Chrome/60.0.3112.107 Moblie Safari/537.36"
35.181.43.16 - - [18/May/2025:16:25:22 -0400] "GET /wp-includes//wp-includes/rest-api.php HTTP/1.1" 500 276 "-" "Mozlila/5.0 (Linux; Android 7.0; SM-G892A Bulid/NRD90M; wv) AppleWebKit/537.36 (KHTML, like Gecko) Version/4.0 Chrome/60.0.3112.107 Moblie Safari/537.36"
35.181.43.16 - - [18/May/2025:16:25:22 -0400] "GET /wp-login.php HTTP/1.1" 500 276 "-" "Mozlila/5.0 (Linux; Android 7.0; SM-G892A Bulid/NRD90M; wv) AppleWebKit/537.36 (KHTML, like Gecko) Version/4.0 Chrome/60.0.3112.107 Moblie Safari/537.36"
35.181.43.16 - - [18/May/2025:16:25:22 -0400] "GET /wp-includes/js/jcrop/Jcrop.php HTTP/1.1" 500 276 "-" "Mozlila/5.0 (Linux; Android 7.0; SM-G892A Bulid/NRD90M; wv) AppleWebKit/537.36 (KHTML, like Gecko) Version/4.0 Chrome/60.0.3112.107 Moblie Safari/537.36"
35.181.43.16 - - [18/May/2025:16:25:22 -0400] "GET /wp-admin/images/about.php HTTP/1.1" 500 276 "-" "Mozlila/5.0 (Linux; Android 7.0; SM-G892A Bulid/NRD90M; wv) AppleWebKit/537.36 (KHTML, like Gecko) Version/4.0 Chrome/60.0.3112.107 Moblie Safari/537.36"
35.181.43.16 - - [18/May/2025:16:25:22 -0400] "GET /wp-includes/ID3/index.php HTTP/1.1" 200 276 "-" "Mozlila/5.0 (Linux; Android 7.0; SM-G892A Bulid/NRD90M; wv) AppleWebKit/537.36 (KHTML, like Gecko) Version/4.0 Chrome/60.0.3112.107 Moblie Safari/537.36"
35.181.43.16 - - [18/May/2025:16:25:22 -0400] "GET /wp-admin.php HTTP/1.1" 500 21 "-" "Mozlila/5.0 (Linux; Android 7.0; SM-G892A Bulid/NRD90M; wv) AppleWebKit/537.36 (KHTML, like Gecko) Version/4.0 Chrome/60.0.3112.107 Moblie Safari/537.36"
35.181.43.16 - - [18/May/2025:16:25:23 -0400] "GET /wp-includes//wp-includes/revision.php HTTP/1.1" 500 21 "-" "Mozlila/5.0 (Linux; Android 7.0; SM-G892A Bulid/NRD90M; wv) AppleWebKit/537.36 (KHTML, like Gecko) Version/4.0 Chrome/60.0.3112.107 Moblie Safari/537.36"
35.181.43.16 - - [18/May/2025:16:25:24 -0400] "GET /wp-includes/assets/index.php HTTP/1.1" 500 276 "-" "Mozlila/5.0 (Linux; Android 7.0; SM-G892A Bulid/NRD90M; wv) AppleWebKit/537.36 (KHTML, like Gecko) Version/4.0 Chrome/60.0.3112.107 Moblie Safari/537.36"
35.181.43.16 - - [18/May/2025:16:25:24 -0400] "GET /lock.php HTTP/1.1" 500 276 "-" "Mozlila/5.0 (Linux; Android 7.0; SM-G892A Bulid/NRD90M; wv) AppleWebKit/537.36 (KHTML, like Gecko) Version/4.0 Chrome/60.0.3112.107 Moblie Safari/537.36"
35.181.43.16 - - [18/May/2025:16:25:24 -0400] "GET /index/function.php HTTP/1.1" 500 276 "-" "Mozlila/5.0 (Linux; Android 7.0; SM-G892A Bulid/NRD90M; wv) AppleWebKit/537.36 (KHTML, like Gecko) Version/4.0 Chrome/60.0.3112.107 Moblie Safari/537.36"
35.181.43.16 - - [18/May/2025:16:25:24 -0400] "GET /.well-known/content.php HTTP/1.1" 500 276 "-" "Mozlila/5.0 (Linux; Android 7.0; SM-G892A Bulid/NRD90M; wv) AppleWebKit/537.36 (KHTML, like Gecko) Version/4.0 Chrome/60.0.3112.107 Moblie Safari/537.36"
35.181.43.16 - - [18/May/2025:16:25:24 -0400] "GET /cong.php HTTP/1.1" 500 276 "-" "Mozlila/5.0 (Linux; Android 7.0; SM-G892A Bulid/NRD90M; wv) AppleWebKit/537.36 (KHTML, like Gecko) Version/4.0 Chrome/60.0.3112.107 Moblie Safari/537.36"
35.181.43.16 - - [18/May/2025:16:25:25 -0400] "GET /wp-includes/js/index.php HTTP/1.1" 500 275 "-" "Mozlila/5.0 (Linux; Android 7.0; SM-G892A Bulid/NRD90M; wv) AppleWebKit/537.36 (KHTML, like Gecko) Version/4.0 Chrome/60.0.3112.107 Moblie Safari/537.36"
35.181.43.16 - - [18/May/2025:16:25:25 -0400] "GET /wp-content/plugins/index.php HTTP/1.1" 200 276 "-" "Mozlila/5.0 (Linux; Android 7.0; SM-G892A Bulid/NRD90M; wv) AppleWebKit/537.36 (KHTML, like Gecko) Version/4.0 Chrome/60.0.3112.107 Moblie Safari/537.36"
35.181.43.16 - - [18/May/2025:16:25:25 -0400] "GET /wp-content/index.php HTTP/1.1" 500 275 "-" "Mozlila/5.0 (Linux; Android 7.0; SM-G892A Bulid/NRD90M; wv) AppleWebKit/537.36 (KHTML, like Gecko) Version/4.0 Chrome/60.0.3112.107 Moblie Safari/537.36"
35.181.43.16 - - [18/May/2025:16:25:25 -0400] "GET /about/function.php HTTP/1.1" 500 275 "-" "Mozlila/5.0 (Linux; Android 7.0; SM-G892A Bulid/NRD90M; wv) AppleWebKit/537.36 (KHTML, like Gecko) Version/4.0 Chrome/60.0.3112.107 Moblie Safari/537.36"
35.181.43.16 - - [18/May/2025:16:25:25 -0400] "GET /wp-includes/customize/index.php HTTP/1.1" 200 21 "-" "Mozlila/5.0 (Linux; Android 7.0; SM-G892A Bulid/NRD90M; wv) AppleWebKit/537.36 (KHTML, like Gecko) Version/4.0 Chrome/60.0.3112.107 Moblie Safari/537.36"
35.181.43.16 - - [18/May/2025:16:25:26 -0400] "GET /wp-admin/index.php HTTP/1.1" 500 276 "-" "Mozlila/5.0 (Linux; Android 7.0; SM-G892A Bulid/NRD90M; wv) AppleWebKit/537.36 (KHTML, like Gecko) Version/4.0 Chrome/60.0.3112.107 Moblie Safari/537.36"
35.181.43.16 - - [18/May/2025:16:25:26 -0400] "GET /wp-content/themes/index.php HTTP/1.1" 200 0 "-" "Mozlila/5.0 (Linux; Android 7.0; SM-G892A Bulid/NRD90M; wv) AppleWebKit/537.36 (KHTML, like Gecko) Version/4.0 Chrome/60.0.3112.107 Moblie Safari/537.36"
35.181.43.16 - - [18/May/2025:16:25:26 -0400] "GET /about.php HTTP/1.1" 500 276 "-" "Mozlila/5.0 (Linux; Android 7.0; SM-G892A Bulid/NRD90M; wv) AppleWebKit/537.36 (KHTML, like Gecko) Version/4.0 Chrome/60.0.3112.107 Moblie Safari/537.36"
35.181.43.16 - - [18/May/2025:16:25:26 -0400] "GET /wp-includes/autoload_classmap.php HTTP/1.1" 500 276 "-" "Mozlila/5.0 (Linux; Android 7.0; SM-G892A Bulid/NRD90M; wv) AppleWebKit/537.36 (KHTML, like Gecko) Version/4.0 Chrome/60.0.3112.107 Moblie Safari/537.36"
35.181.43.16 - - [18/May/2025:16:25:26 -0400] "GET /themes.php HTTP/1.1" 500 276 "-" "Mozlila/5.0 (Linux; Android 7.0; SM-G892A Bulid/NRD90M; wv) AppleWebKit/537.36 (KHTML, like Gecko) Version/4.0 Chrome/60.0.3112.107 Moblie Safari/537.36"
35.181.43.16 - - [18/May/2025:16:25:27 -0400] "GET /wp-mail.php HTTP/1.1" 500 276 "-" "Mozlila/5.0 (Linux; Android 7.0; SM-G892A Bulid/NRD90M; wv) AppleWebKit/537.36 (KHTML, like Gecko) Version/4.0 Chrome/60.0.3112.107 Moblie Safari/537.36"
35.181.43.16 - - [18/May/2025:16:25:27 -0400] "GET /cgi-bin/index.php HTTP/1.1" 404 1251 "-" "Mozlila/5.0 (Linux; Android 7.0; SM-G892A Bulid/NRD90M; wv) AppleWebKit/537.36 (KHTML, like Gecko) Version/4.0 Chrome/60.0.3112.107 Moblie Safari/537.36"
35.181.43.16 - - [18/May/2025:16:25:27 -0400] "GET /wp-content/plugins/admin.php HTTP/1.1" 500 276 "-" "Mozlila/5.0 (Linux; Android 7.0; SM-G892A Bulid/NRD90M; wv) AppleWebKit/537.36 (KHTML, like Gecko) Version/4.0 Chrome/60.0.3112.107 Moblie Safari/537.36"
35.181.43.16 - - [18/May/2025:16:25:27 -0400] "GET /admin.php HTTP/1.1" 500 276 "-" "Mozlila/5.0 (Linux; Android 7.0; SM-G892A Bulid/NRD90M; wv) AppleWebKit/537.36 (KHTML, like Gecko) Version/4.0 Chrome/60.0.3112.107 Moblie Safari/537.36"
35.181.43.16 - - [18/May/2025:16:25:27 -0400] "GET /wp-includes/content.php HTTP/1.1" 500 276 "-" "Mozlila/5.0 (Linux; Android 7.0; SM-G892A Bulid/NRD90M; wv) AppleWebKit/537.36 (KHTML, like Gecko) Version/4.0 Chrome/60.0.3112.107 Moblie Safari/537.36"
35.181.43.16 - - [18/May/2025:16:25:28 -0400] "GET /wp-admin/css/index.php HTTP/1.1" 500 276 "-" "Mozlila/5.0 (Linux; Android 7.0; SM-G892A Bulid/NRD90M; wv) AppleWebKit/537.36 (KHTML, like Gecko) Version/4.0 Chrome/60.0.3112.107 Moblie Safari/537.36"
35.181.43.16 - - [18/May/2025:16:25:28 -0400] "GET /wp-admin/images/index.php HTTP/1.1" 200 276 "-" "Mozlila/5.0 (Linux; Android 7.0; SM-G892A Bulid/NRD90M; wv) AppleWebKit/537.36 (KHTML, like Gecko) Version/4.0 Chrome/60.0.3112.107 Moblie Safari/537.36"
35.181.43.16 - - [18/May/2025:16:25:28 -0400] "GET /wp-includes/index.php HTTP/1.1" 500 21 "-" "Mozlila/5.0 (Linux; Android 7.0; SM-G892A Bulid/NRD90M; wv) AppleWebKit/537.36 (KHTML, like Gecko) Version/4.0 Chrome/60.0.3112.107 Moblie Safari/537.36"
35.181.43.16 - - [18/May/2025:16:25:28 -0400] "GET /wp-content/uploads/index.php HTTP/1.1" 500 276 "-" "Mozlila/5.0 (Linux; Android 7.0; SM-G892A Bulid/NRD90M; wv) AppleWebKit/537.36 (KHTML, like Gecko) Version/4.0 Chrome/60.0.3112.107 Moblie Safari/537.36"
